-- Table structure for table `ps_layered_product_attribute`
--

CREATE TABLE `ps_layered_product_attribute` (
  `id_attribute` int(10) unsigned NOT NULL,
  `id_product` int(10) unsigned NOT NULL,
  `id_attribute_group` int(10) unsigned NOT NULL DEFAULT '0',
  `id_shop` int(10) unsigned NOT NULL DEFAULT '1',
  PRIMARY KEY (`id_attribute`,`id_product`,`id_shop`),
  UNIQUE KEY `id_attribute_group` (`id_attribute_group`,`id_attribute`,`id_product`,`id_shop`)
) ENGINE=InnoDB DEFAULT CHARSET=utf8;

--
-- Dumping data for table `ps_layered_product_attribute`
--


--
-- Table structure for table `ps_leftbannerinfo`
--

CREATE TABLE `ps_leftbannerinfo` (
  `id_leftbannerinfo` int(10) unsigned NOT NULL AUTO_INCREMENT,
  `id_shop` int(10) unsigned DEFAULT NULL,
  PRIMARY KEY (`id_leftbannerinfo`)
) ENGINE=InnoDB DEFAULT CHARSET=utf8;

--
-- Dumping data for table `ps_leftbannerinfo`
--


--
-- Table structure for table `ps_leftbannerinfo_lang`
--

CREATE TABLE `ps_leftbannerinfo_lang` (
  `id_leftbannerinfo` int(10) unsigned NOT NULL,
  `id_lang` int(10) unsigned NOT NULL,
  `text` text NOT NULL,
  PRIMARY KEY (`id_leftbannerinfo`,`id_lang`)
) ENGINE=InnoDB DEFAULT CHARSET=utf8;

--
-- Dumping data for table `ps_leftbannerinfo_lang`
--


--
-- Table structure for table `ps_link_block`
--

CREATE TABLE `ps_link_block` (
  `id_link_block` int(10) unsigned NOT NULL AUTO_INCREMENT,
  `id_hook` int(1) unsigned DEFAULT NULL,
  `position` int(10) unsigned NOT NULL DEFAULT '0',
  `content` text,
  PRIMARY KEY (`id_link_block`)
) ENGINE=InnoDB AUTO_INCREMENT=4 DEFAULT CHARSET=utf8;

--
-- Dumping data for table `ps_link_block`
--

INSERT INTO `ps_link_block` VALUES (1,35,1,'{\"cms\":[false],\"product\":[\"prices-drop\",\"new-products\",\"best-sales\"],\"static\":[false]}'),(2,35,2,'{\"cms\":[\"5\"],\"product\":[false],\"static\":[\"contact\",\"my-account\"]}'),(3,35,3,'{\"cms\":[\"2\",\"3\"],\"product\":[false],\"static\":[false]}');

--
-- Table structure for table `ps_link_block_lang`
--

CREATE TABLE `ps_link_block_lang` (
  `id_link_block` int(10) unsigned NOT NULL,
  `id_lang` int(10) unsigned NOT NULL,
  `name` varchar(40) NOT NULL DEFAULT '',
  `custom_content` text,
  PRIMARY KEY (`id_link_block`,`id_lang`)
) ENGINE=InnoDB DEFAULT CHARSET=utf8;

--
-- Dumping data for table `ps_link_block_lang`
--

INSERT INTO `ps_link_block_lang` VALUES (1,1,'Products','[]'),(1,2,'Produkte','[]'),(1,3,'Produits','[]'),(1,4,'Prodotti','[]'),(2,1,'Customer Service','[]'),(2,2,'Kundendienst','[]'),(2,3,'Service à la clientèle','[]'),(2,4,'Servizio Clienti','[]'),(3,1,'Information','[]'),(3,2,'Informationen','[]'),(3,3,'Information','[]'),(3,4,'Informazioni','[]');

--
-- Table structure for table `ps_link_block_shop`
--

CREATE TABLE `ps_link_block_shop` (
  `id_link_block` int(10) unsigned NOT NULL AUTO_INCREMENT,
  `id_shop` int(10) unsigned NOT NULL,
  PRIMARY KEY (`id_link_block`,`id_shop`)
) ENGINE=InnoDB DEFAULT CHARSET=utf8;

--
-- Dumping data for table `ps_link_block_shop`
--


--
-- Table structure for table `ps_linksmenutop`
--

CREATE TABLE `ps_linksmenutop` (
  `id_linksmenutop` int(10) unsigned NOT NULL AUTO_INCREMENT,
  `id_shop` int(11) unsigned NOT NULL,
  `new_window` tinyint(1) NOT NULL,
  PRIMARY KEY (`id_linksmenutop`),
  KEY `id_shop` (`id_shop`)
) ENGINE=InnoDB AUTO_INCREMENT=7 DEFAULT CHARSET=utf8;

--
-- Dumping data for table `ps_linksmenutop`
--

INSERT INTO `ps_linksmenutop` VALUES (1,1,0),(3,4,1),(4,9,0),(5,12,1),(6,9,0);

--
-- Table structure for table `ps_linksmenutop_lang`
--

CREATE TABLE `ps_linksmenutop_lang` (
  `id_linksmenutop` int(11) unsigned NOT NULL,
  `id_lang` int(11) unsigned NOT NULL,
  `id_shop` int(11) unsigned NOT NULL,
  `label` varchar(128) NOT NULL,
  `link` varchar(128) NOT NULL,
  KEY `id_linksmenutop` (`id_linksmenutop`,`id_lang`,`id_shop`)
) ENGINE=InnoDB DEFAULT CHARSET=utf8;

--
-- Dumping data for table `ps_linksmenutop_lang`
--

INSERT INTO `ps_linksmenutop_lang` VALUES (1,1,1,'Home','https://tandg.quicklysa.ch/en/'),(1,2,1,'Home','https://tandg.quicklysa.ch/de/'),(1,3,1,'Home','https://tandg.quicklysa.ch/fr/'),(1,4,1,'Home','https://tandg.quicklysa.ch/it/'),(3,1,4,'Pixelart Photo Guide Creator','https://www.quercettiart.it/en/'),(3,2,4,'Pixelart Photo Guide Creator','https://www.quercettiart.it/en/'),(3,3,4,'Pixelart Photo Guide Creator','https://www.quercettiart.it/en/'),(3,4,4,'Pixelart Photo Guide Creator','https://www.quercettiart.it'),(4,1,9,'0','0'),(4,2,9,'0','0'),(4,3,9,'0','0'),(4,4,9,'0','0'),(5,1,12,'0','0'),(5,2,12,'0','0'),(5,3,12,'0','0'),(5,4,12,'0','0'),(6,1,9,'Home','http://eu.toys-and-games.com'),(6,2,9,'','http://'),(6,3,9,'','http://'),(6,4,9,'','http://');

--
-- Table structure for table `ps_log`
--

CREATE TABLE `ps_log` (
  `id_log` int(10) unsigned NOT NULL AUTO_INCREMENT,
  `severity` tinyint(1) NOT NULL,
  `error_code` int(11) DEFAULT NULL,
  `message` text NOT NULL,
  `object_type` varchar(32) DEFAULT NULL,
  `object_id` int(10) unsigned DEFAULT NULL,
  `id_employee` int(10) unsigned DEFAULT NULL,
  `date_add` datetime NOT NULL,
  `date_upd` datetime NOT NULL,
  PRIMARY KEY (`id_log`)
) ENGINE=InnoDB AUTO_INCREMENT=987 DEFAULT CHARSET=utf8;

--
-- Dumping data for table `ps_log`
--

INSERT INTO `ps_log` VALUES (1,1,0,'Back office connection from 31.44.38.2','',0,1,'2018-05-11 14:42:00','2018-05-11 14:42:00'),(2,1,0,'Product catalog filters stored.','',0,1,'2018-05-11 14:43:31','2018-05-11 14:43:31'),(3,1,0,'Products deleted: (19).','',0,1,'2018-05-11 14:44:20','2018-05-11 14:44:20'),(4,1,0,'Products deleted: (18).','',0,1,'2018-05-11 14:44:21','2018-05-11 14:44:21'),(5,1,0,'Products deleted: (17).','',0,1,'2018-05-11 14:44:22','2018-05-11 14:44:22'),(6,1,0,'Products deleted: (16).','',0,1,'2018-05-11 14:44:23','2018-05-11 14:44:23'),(7,1,0,'Products deleted: (15).','',0,1,'2018-05-11 14:44:24','2018-05-11 14:44:24'),(8,1,0,'Products deleted: (14).','',0,1,'2018-05-11 14:44:24','2018-05-11 14:44:24'),(9,1,0,'Products deleted: (13).','',0,1,'2018-05-11 14:44:25','2018-05-11 14:44:25'),(10,1,0,'Products deleted: (12).','',0,1,'2018-05-11 14:44:26','2018-05-11 14:44:26'),(11,1,0,'Products deleted: (11).','',0,1,'2018-05-11 14:44:27','2018-05-11 14:44:27'),(12,1,0,'Category deletion','Category',3,1,'2018-05-11 14:47:24','2018-05-11 14:47:24'),(13,1,0,'Category deletion','Category',6,1,'2018-05-11 14:47:24','2018-05-11 14:47:24'),(14,1,0,'Category deletion','Category',9,1,'2018-05-11 14:47:24','2018-05-11 14:47:24'),(15,1,0,'Products deleted: (10).','',0,1,'2018-05-11 14:54:55','2018-05-11 14:54:55'),(16,1,0,'Products deleted: (9).','',0,1,'2018-05-11 14:54:56','2018-05-11 14:54:56'),(17,1,0,'Products deleted: (8).','',0,1,'2018-05-11 14:54:57','2018-05-11 14:54:57'),(18,1,0,'Products deleted: (7).','',0,1,'2018-05-11 14:54:57','2018-05-11 14:54:57'),(19,1,0,'Products deleted: (6).','',0,1,'2018-05-11 14:54:58','2018-05-11 14:54:58'),(20,1,0,'Products deleted: (5).','',0,1,'2018-05-11 14:54:59','2018-05-11 14:54:59'),(21,1,0,'Products deleted: (4).','',0,1,'2018-05-11 14:55:00','2018-05-11 14:55:00'),(22,1,0,'Products deleted: (3).','',0,1,'2018-05-11 14:55:01','2018-05-11 14:55:01'),(23,1,0,'Products deleted: (2).','',0,1,'2018-05-11 14:55:02','2018-05-11 14:55:02'),(24,1,0,'Products deleted: (1).','',0,1,'2018-05-11 14:55:03','2018-05-11 14:55:03'),(25,1,0,'ShopGroup addition','ShopGroup',2,1,'2018-05-11 15:01:29','2018-05-11 15:01:29'),(26,1,0,'ShopGroup deletion','ShopGroup',2,1,'2018-05-11 15:02:07','2018-05-11 15:02:07'),(27,1,0,'ShopGroup addition','ShopGroup',3,1,'2018-05-11 15:02:36','2018-05-11 15:02:36'),(28,1,0,'Shop modification','Shop',1,1,'2018-05-11 15:03:28','2018-05-11 15:03:28'),(29,1,0,'Shop deletion','Shop',2,1,'2018-05-11 15:04:09','2018-05-11 15:04:09'),(30,1,0,'ShopGroup modification','ShopGroup',3,1,'2018-05-11 15:04:33','2018-05-11 15:04:33'),(31,1,0,'ShopUrl addition','ShopUrl',2,1,'2018-05-11 15:06:08','2018-05-11 15:06:08'),(32,1,0,'ShopUrl addition','ShopUrl',3,1,'2018-05-11 15:07:06','2018-05-11 15:07:06'),(33,1,0,'ShopUrl addition','ShopUrl',4,1,'2018-05-11 15:07:11','2018-05-11 15:07:11'),(34,1,0,'ShopUrl addition','ShopUrl',5,1,'2018-05-11 15:07:18','2018-05-11 15:07:18'),(35,1,0,'ShopUrl addition','ShopUrl',6,1,'2018-05-11 15:07:29','2018-05-11 15:07:29'),(36,1,0,'Shop modification','Shop',7,1,'2018-05-11 15:14:16','2018-05-11 15:14:16'),(37,1,0,'Back office connection from 31.44.38.2','',0,1,'2018-05-11 16:08:19','2018-05-11 16:08:19'),(38,1,0,'Back office connection from 31.44.38.2','',0,1,'2018-05-11 16:08:21','2018-05-11 16:08:21'),(39,1,0,'Back office connection from 31.44.38.2','',0,1,'2018-05-14 18:30:18','2018-05-14 18:30:18'),(40,1,0,'Back office connection from 31.44.38.2','',0,1,'2018-05-15 10:22:54','2018-05-15 10:22:54'),(41,1,0,'TaxRulesGroup modification','TaxRulesGroup',1,1,'2018-05-15 10:36:13','2018-05-15 10:36:13'),(42,1,0,'Feature deletion','Feature',1,1,'2018-05-15 10:45:22','2018-05-15 10:45:22'),(43,1,0,'Feature deletion','Feature',2,1,'2018-05-15 10:45:22','2018-05-15 10:45:22'),(44,1,0,'Feature deletion','Feature',3,1,'2018-05-15 10:45:22','2018-05-15 10:45:22'),(45,1,0,'Feature deletion','Feature',4,1,'2018-05-15 10:45:22','2018-05-15 10:45:22'),(46,1,0,'Feature deletion','Feature',5,1,'2018-05-15 10:45:22','2018-05-15 10:45:22'),(47,1,0,'Feature addition','Feature',6,1,'2018-05-15 10:46:29','2018-05-15 10:46:29'),(48,1,0,'FeatureValue addition','FeatureValue',19,1,'2018-05-15 10:47:38','2018-05-15 10:47:38'),(49,1,0,'FeatureValue addition','FeatureValue',20,1,'2018-05-15 10:47:53','2018-05-15 10:47:53'),(50,1,0,'FeatureValue addition','FeatureValue',21,1,'2018-05-15 10:47:59','2018-05-15 10:47:59'),(51,1,0,'FeatureValue addition','FeatureValue',22,1,'2018-05-15 10:48:06','2018-05-15 10:48:06'),(52,1,0,'FeatureValue addition','FeatureValue',23,1,'2018-05-15 10:48:17','2018-05-15 10:48:17'),(53,1,0,'FeatureValue addition','FeatureValue',24,1,'2018-05-15 10:48:29','2018-05-15 10:48:29'),(54,1,0,'FeatureValue addition','FeatureValue',25,1,'2018-05-15 10:48:34','2018-05-15 10:48:34'),(55,1,0,'FeatureValue addition','FeatureValue',26,1,'2018-05-15 10:48:42','2018-05-15 10:48:42'),(56,1,0,'FeatureValue addition','FeatureValue',27,1,'2018-05-15 10:48:47','2018-05-15 10:48:47'),(57,1,0,'FeatureValue addition','FeatureValue',28,1,'2018-05-15 10:48:55','2018-05-15 10:48:55'),(58,1,0,'FeatureValue addition','FeatureValue',29,1,'2018-05-15 10:49:07','2018-05-15 10:49:07'),(59,1,0,'FeatureValue deletion','FeatureValue',22,1,'2018-05-15 10:49:27','2018-05-15 10:49:27'),(60,1,0,'FeatureValue deletion','FeatureValue',25,1,'2018-05-15 10:49:27','2018-05-15 10:49:27'),(61,1,0,'FeatureValue deletion','FeatureValue',27,1,'2018-05-15 10:49:27','2018-05-15 10:49:27'),(62,1,0,'Products import (from 0 to 5)','',0,1,'2018-05-15 10:55:49','2018-05-15 10:55:49'),(63,3,0,'Data from PrestaShop Addons is invalid, and cannot fallback on cache. ','',0,1,'2018-05-15 11:10:03','2018-05-15 11:10:03'),(64,1,0,'Products import (from 0 to 5)','',0,1,'2018-05-15 11:13:56','2018-05-15 11:13:56'),(65,1,0,'Products import (from 5 to 20)','',0,1,'2018-05-15 11:13:57','2018-05-15 11:13:57'),(66,1,0,'Products import (from 25 to 80)','',0,1,'2018-05-15 11:13:58','2018-05-15 11:13:58'),(67,1,0,'Products import (from 0 to 5)','',0,1,'2018-05-15 11:16:54','2018-05-15 11:16:54'),(68,1,0,'Products import (from 5 to 20)','',0,1,'2018-05-15 11:16:55','2018-05-15 11:16:55'),(69,1,0,'Products import (from 25 to 80)','',0,1,'2018-05-15 11:16:56','2018-05-15 11:16:56'),(70,1,0,'Back office connection from 31.44.38.2','',0,1,'2018-05-15 13:27:14','2018-05-15 13:27:14'),(71,1,0,'CMS deletion','CMS',6,1,'2018-05-15 13:47:16','2018-05-15 13:47:16'),(72,1,0,'CMS deletion','CMS',7,1,'2018-05-15 13:47:16','2018-05-15 13:47:16'),(73,1,0,'CMS deletion','CMS',8,1,'2018-05-15 13:47:16','2018-05-15 13:47:16'),(74,1,0,'CMS deletion','CMS',9,1,'2018-05-15 13:47:16','2018-05-15 13:47:16'),(75,1,0,'Back office connection from 31.44.38.2','',0,1,'2018-05-15 14:25:55','2018-05-15 14:25:55'),(76,1,0,'Products deleted: (20).','',0,1,'2018-05-15 14:26:06','2018-05-15 14:26:06'),(77,1,0,'Back office connection from 31.44.38.2','',0,1,'2018-05-15 14:48:07','2018-05-15 14:48:07'),(78,1,0,'Feature addition','Feature',7,1,'2018-05-15 15:07:08','2018-05-15 15:07:08'),(79,1,0,'FeatureValue addition','FeatureValue',30,1,'2018-05-15 15:07:24','2018-05-15 15:07:24'),(80,1,0,'FeatureValue addition','FeatureValue',31,1,'2018-05-15 15:07:27','2018-05-15 15:07:27'),(81,1,0,'Back office connection from 31.44.38.2','',0,1,'2018-05-15 16:15:38','2018-05-15 16:15:38'),(82,1,0,'Product modification','Product',25,1,'2018-05-15 16:18:28','2018-05-15 16:18:28'),(83,1,0,'Product modification','Product',25,1,'2018-05-15 16:19:06','2018-05-15 16:19:06'),(84,1,0,'Products import (from 0 to 5)','',0,1,'2018-05-15 16:23:20','2018-05-15 16:23:20'),(85,1,0,'Products import (from 5 to 20)','',0,1,'2018-05-15 16:23:21','2018-05-15 16:23:21'),(86,1,0,'Products import (from 0 to 5)','',0,1,'2018-05-15 16:23:22','2018-05-15 16:23:22'),(87,1,0,'Products import (from 5 to 15)','',0,1,'2018-05-15 16:23:23','2018-05-15 16:23:23'),(88,1,0,'Products import (from 0 to 5)','',0,1,'2018-05-15 16:23:23','2018-05-15 16:23:23'),(89,1,0,'Back office connection from 31.44.38.2','',0,1,'2018-05-15 17:05:50','2018-05-15 17:05:50'),(90,1,0,'Product modification','Product',25,1,'2018-05-15 17:16:44','2018-05-15 17:16:44'),(91,1,0,'Product modification','Product',25,1,'2018-05-15 17:17:17','2018-05-15 17:17:17'),(92,1,0,'Product modification','Product',25,1,'2018-05-15 17:17:19','2018-05-15 17:17:19'),(93,1,0,'Product modification','Product',25,1,'2018-05-15 17:17:21','2018-05-15 17:17:21'),(94,1,0,'Products import (from 0 to 5)','',0,1,'2018-05-15 17:27:39','2018-05-15 17:27:39'),(95,1,0,'Products import (from 5 to 20)','',0,1,'2018-05-15 17:27:40','2018-05-15 17:27:40'),(96,1,0,'Products import (from 0 to 5)','',0,1,'2018-05-15 17:27:42','2018-05-15 17:27:42'),(97,1,0,'Products import (from 5 to 11)','',0,1,'2018-05-15 17:27:44','2018-05-15 17:27:44'),(98,1,0,'Products import (from 0 to 5)','',0,1,'2018-05-15 17:27:44','2018-05-15 17:27:44'),(99,1,0,'Products deleted: (32).','',0,1,'2018-05-15 17:29:08','2018-05-15 17:29:08'),(100,1,0,'Products deleted: (33).','',0,1,'2018-05-15 17:29:09','2018-05-15 17:29:09'),(101,1,0,'Products deleted: (34).','',0,1,'2018-05-15 17:29:10','2018-05-15 17:29:10'),(102,1,0,'Products deleted: (35).','',0,1,'2018-05-15 17:29:11','2018-05-15 17:29:11'),(103,1,0,'Products deleted: (36).','',0,1,'2018-05-15 17:29:12','2018-05-15 17:29:12'),(104,1,0,'Products deleted: (37).','',0,1,'2018-05-15 17:29:13','2018-05-15 17:29:13'),(105,1,0,'Products deleted: (38).','',0,1,'2018-05-15 17:29:13','2018-05-15 17:29:13'),(106,1,0,'Product modification','Product',26,1,'2018-05-15 17:57:19','2018-05-15 17:57:19'),(107,1,0,'Back office connection from 31.44.38.2','',0,1,'2018-05-16 09:47:31','2018-05-16 09:47:31'),(108,1,0,'Products import (from 0 to 5)','',0,1,'2018-05-16 09:57:01','2018-05-16 09:57:01'),(109,1,0,'Products import (from 5 to 20)','',0,1,'2018-05-16 09:57:02','2018-05-16 09:57:02'),(110,1,0,'Products import (from 0 to 5)','',0,1,'2018-05-16 09:57:04','2018-05-16 09:57:04'),(111,1,0,'Products import (from 5 to 12)','',0,1,'2018-05-16 09:57:06','2018-05-16 09:57:06'),(112,1,0,'Products import (from 0 to 5)','',0,1,'2018-05-16 09:57:06','2018-05-16 09:57:06'),(113,1,0,'Products import (from 0 to 5)','',0,1,'2018-05-16 10:00:07','2018-05-16 10:00:07'),(114,1,0,'Products import (from 5 to 20)','',0,1,'2018-05-16 10:00:07','2018-05-16 10:00:07'),(115,1,0,'Products import (from 0 to 5)','',0,1,'2018-05-16 10:00:09','2018-05-16 10:00:09'),(116,1,0,'Products import (from 5 to 13)','',0,1,'2018-05-16 10:00:11','2018-05-16 10:00:11'),(117,1,0,'Products import (from 0 to 5)','',0,1,'2018-05-16 10:00:12','2018-05-16 10:00:12'),(118,1,0,'Products import (from 0 to 5)','',0,1,'2018-05-16 10:01:59','2018-05-16 10:01:59'),(119,1,0,'Products import (from 5 to 20)','',0,1,'2018-05-16 10:02:00','2018-05-16 10:02:00'),(120,1,0,'Products import (from 0 to 5)','',0,1,'2018-05-16 10:02:01','2018-05-16 10:02:01'),(121,1,0,'Products import (from 5 to 14)','',0,1,'2018-05-16 10:02:03','2018-05-16 10:02:03'),(122,1,0,'Products import (from 0 to 5)','',0,1,'2018-05-16 10:02:03','2018-05-16 10:02:03'),(123,1,0,'Products import (from 0 to 5)','',0,1,'2018-05-16 10:02:56','2018-05-16 10:02:56'),(124,1,0,'Products import (from 5 to 20)','',0,1,'2018-05-16 10:02:57','2018-05-16 10:02:57'),(125,1,0,'Products import (from 0 to 5)','',0,1,'2018-05-16 10:02:58','2018-05-16 10:02:58'),(126,1,0,'Products import (from 5 to 13)','',0,1,'2018-05-16 10:03:00','2018-05-16 10:03:00'),(127,1,0,'Products import (from 0 to 5)','',0,1,'2018-05-16 10:03:01','2018-05-16 10:03:01'),(128,1,0,'Product modification','Product',48,1,'2018-05-16 10:06:44','2018-05-16 10:06:44'),(129,1,0,'ImageType modification','ImageType',6,1,'2018-05-16 10:18:58','2018-05-16 10:18:58'),(130,1,0,'Back office connection from 31.44.38.2','',0,1,'2018-05-16 10:37:36','2018-05-16 10:37:36'),(131,1,0,'Back office connection from 31.44.38.2','',0,1,'2018-05-16 10:57:47','2018-05-16 10:57:47'),(132,1,0,'Back office connection from 31.44.38.2','',0,1,'2018-05-16 11:04:27','2018-05-16 11:04:27'),(133,1,0,'Back office connection from 31.44.38.2','',0,1,'2018-05-16 17:36:56','2018-05-16 17:36:56'),(134,1,0,'Products import (from 0 to 5)','',0,1,'2018-05-16 17:42:13','2018-05-16 17:42:13'),(135,1,0,'Products import (from 5 to 20)','',0,1,'2018-05-16 17:42:14','2018-05-16 17:42:14'),(136,1,0,'Products import (from 0 to 5)','',0,1,'2018-05-16 17:42:17','2018-05-16 17:42:17'),(137,1,0,'Products import (from 5 to 9)','',0,1,'2018-05-16 17:42:18','2018-05-16 17:42:18'),(138,1,0,'Products import (from 0 to 5)','',0,1,'2018-05-16 17:42:19','2018-05-16 17:42:19'),(139,1,0,'Products import (from 0 to 5)','',0,1,'2018-05-16 17:42:40','2018-05-16 17:42:40'),(140,1,0,'Products import (from 5 to 20)','',0,1,'2018-05-16 17:42:41','2018-05-16 17:42:41'),(141,1,0,'Products import (from 0 to 5)','',0,1,'2018-05-16 17:42:43','2018-05-16 17:42:43'),(142,1,0,'Products import (from 5 to 9)','',0,1,'2018-05-16 17:42:45','2018-05-16 17:42:45'),(143,1,0,'Products import (from 0 to 5)','',0,1,'2018-05-16 17:42:46','2018-05-16 17:42:46'),(144,1,0,'Products import (from 0 to 5)','',0,1,'2018-05-16 17:43:06','2018-05-16 17:43:06'),(145,1,0,'Products import (from 5 to 20)','',0,1,'2018-05-16 17:43:07','2018-05-16 17:43:07'),(146,1,0,'Products import (from 0 to 5)','',0,1,'2018-05-16 17:43:10','2018-05-16 17:43:10'),(147,1,0,'Products import (from 5 to 9)','',0,1,'2018-05-16 17:43:12','2018-05-16 17:43:12'),(148,1,0,'Products import (from 0 to 5)','',0,1,'2018-05-16 17:43:12','2018-05-16 17:43:12'),(149,1,0,'Products import (from 0 to 5)','',0,1,'2018-05-16 17:43:32','2018-05-16 17:43:32'),(150,1,0,'Products import (from 5 to 20)','',0,1,'2018-05-16 17:43:33','2018-05-16 17:43:33'),(151,1,0,'Products import (from 0 to 5)','',0,1,'2018-05-16 17:43:36','2018-05-16 17:43:36'),(152,1,0,'Products import (from 5 to 8)','',0,1,'2018-05-16 17:43:38','2018-05-16 17:43:38'),(153,1,0,'Products import (from 0 to 5)','',0,1,'2018-05-16 17:43:39','2018-05-16 17:43:39'),(154,1,0,'Products import (from 0 to 5)','',0,1,'2018-05-16 17:48:57','2018-05-16 17:48:57'),(155,1,0,'Products import (from 5 to 20)','',0,1,'2018-05-16 17:48:58','2018-05-16 17:48:58'),(156,1,0,'Products import (from 25 to 80)','',0,1,'2018-05-16 17:48:59','2018-05-16 17:48:59'),(157,1,0,'Products import (from 0 to 5)','',0,1,'2018-05-16 17:49:01','2018-05-16 17:49:01'),(158,1,0,'Products import (from 5 to 10)','',0,1,'2018-05-16 17:49:05','2018-05-16 17:49:05'),(159,1,0,'Products import (from 15 to 15)','',0,1,'2018-05-16 17:49:09','2018-05-16 17:49:09'),(160,1,0,'Products import (from 0 to 5)','',0,1,'2018-05-16 17:49:10','2018-05-16 17:49:10'),(161,1,0,'Products import (from 0 to 5)','',0,1,'2018-05-16 17:54:15','2018-05-16 17:54:15'),(162,1,0,'Products import (from 5 to 20)','',0,1,'2018-05-16 17:54:16','2018-05-16 17:54:16'),(163,1,0,'Products import (from 25 to 71)','',0,1,'2018-05-16 17:54:17','2018-05-16 17:54:17'),(164,1,0,'Products import (from 0 to 5)','',0,1,'2018-05-16 17:54:20','2018-05-16 17:54:20'),(165,1,0,'Products import (from 5 to 9)','',0,1,'2018-05-16 17:54:24','2018-05-16 17:54:24'),(166,1,0,'Products import (from 14 to 11)','',0,1,'2018-05-16 17:54:28','2018-05-16 17:54:28'),(167,1,0,'Products import (from 25 to 12)','',0,1,'2018-05-16 17:54:30','2018-05-16 17:54:30'),(168,1,0,'Products import (from 0 to 5)','',0,1,'2018-05-16 17:54:31','2018-05-16 17:54:31'),(169,1,0,'Products import (from 0 to 5)','',0,1,'2018-05-16 17:54:55','2018-05-16 17:54:55'),(170,1,0,'Products import (from 5 to 20)','',0,1,'2018-05-16 17:54:56','2018-05-16 17:54:56'),(171,1,0,'Products import (from 25 to 80)','',0,1,'2018-05-16 17:54:57','2018-05-16 17:54:57'),(172,1,0,'Products import (from 0 to 5)','',0,1,'2018-05-16 17:55:00','2018-05-16 17:55:00'),(173,1,0,'Products import (from 5 to 9)','',0,1,'2018-05-16 17:55:03','2018-05-16 17:55:03'),(174,1,0,'Products import (from 14 to 12)','',0,1,'2018-05-16 17:55:08','2018-05-16 17:55:08'),(175,1,0,'Products import (from 26 to 12)','',0,1,'2018-05-16 17:55:10','2018-05-16 17:55:10'),(176,1,0,'Products import (from 0 to 5)','',0,1,'2018-05-16 17:55:11','2018-05-16 17:55:11'),(177,1,0,'Products import (from 0 to 5)','',0,1,'2018-05-16 17:55:48','2018-05-16 17:55:48'),(178,1,0,'Products import (from 5 to 20)','',0,1,'2018-05-16 17:55:50','2018-05-16 17:55:50'),(179,1,0,'Products import (from 25 to 79)','',0,1,'2018-05-16 17:55:51','2018-05-16 17:55:51'),(180,1,0,'Products import (from 0 to 5)','',0,1,'2018-05-16 17:55:53','2018-05-16 17:55:53'),(181,1,0,'Products import (from 5 to 9)','',0,1,'2018-05-16 17:55:57','2018-05-16 17:55:57'),(182,1,0,'Products import (from 14 to 12)','',0,1,'2018-05-16 17:56:01','2018-05-16 17:56:01'),(183,1,0,'Products import (from 26 to 13)','',0,1,'2018-05-16 17:56:03','2018-05-16 17:56:03'),(184,1,0,'Products import (from 0 to 5)','',0,1,'2018-05-16 17:56:04','2018-05-16 17:56:04'),(185,1,0,'Products import (from 0 to 5)','',0,1,'2018-05-16 17:59:47','2018-05-16 17:59:47'),(186,1,0,'Products import (from 5 to 20)','',0,1,'2018-05-16 17:59:48','2018-05-16 17:59:48'),(187,1,0,'Products import (from 25 to 80)','',0,1,'2018-05-16 17:59:49','2018-05-16 17:59:49'),(188,1,0,'Products import (from 0 to 5)','',0,1,'2018-05-16 17:59:51','2018-05-16 17:59:51'),(189,1,0,'Products import (from 5 to 10)','',0,1,'2018-05-16 17:59:55','2018-05-16 17:59:55'),(190,1,0,'Products import (from 15 to 14)','',0,1,'2018-05-16 17:59:59','2018-05-16 17:59:59'),(191,1,0,'Products import (from 29 to 16)','',0,1,'2018-05-16 18:00:05','2018-05-16 18:00:05'),(192,1,0,'Products import (from 45 to 14)','',0,1,'2018-05-16 18:00:08','2018-05-16 18:00:08'),(193,1,0,'Products import (from 0 to 5)','',0,1,'2018-05-16 18:00:09','2018-05-16 18:00:09'),(194,1,0,'Products import (from 0 to 5)','',0,1,'2018-05-16 18:04:08','2018-05-16 18:04:08'),(195,1,0,'Products import (from 5 to 20)','',0,1,'2018-05-16 18:04:09','2018-05-16 18:04:09'),(196,1,0,'Products import (from 25 to 80)','',0,1,'2018-05-16 18:04:11','2018-05-16 18:04:11'),(197,1,0,'Products import (from 0 to 5)','',0,1,'2018-05-16 18:04:13','2018-05-16 18:04:13'),(198,1,0,'Products import (from 5 to 9)','',0,1,'2018-05-16 18:04:17','2018-05-16 18:04:17'),(199,1,0,'Products import (from 14 to 12)','',0,1,'2018-05-16 18:04:21','2018-05-16 18:04:21'),(200,1,0,'Products import (from 26 to 13)','',0,1,'2018-05-16 18:04:26','2018-05-16 18:04:26'),(201,1,0,'Products import (from 39 to 13)','',0,1,'2018-05-16 18:04:31','2018-05-16 18:04:31'),(202,1,0,'Products import (from 52 to 13)','',0,1,'2018-05-16 18:04:32','2018-05-16 18:04:32'),(203,1,0,'Products import (from 0 to 5)','',0,1,'2018-05-16 18:04:33','2018-05-16 18:04:33'),(204,1,0,'Products import (from 0 to 5)','',0,1,'2018-05-16 18:04:53','2018-05-16 18:04:53'),(205,1,0,'Products import (from 5 to 20)','',0,1,'2018-05-16 18:04:54','2018-05-16 18:04:54'),(206,1,0,'Products import (from 25 to 80)','',0,1,'2018-05-16 18:04:55','2018-05-16 18:04:55'),(207,1,0,'Products import (from 0 to 5)','',0,1,'2018-05-16 18:04:58','2018-05-16 18:04:58'),(208,1,0,'Products import (from 5 to 10)','',0,1,'2018-05-16 18:05:02','2018-05-16 18:05:02'),(209,1,0,'Products import (from 15 to 13)','',0,1,'2018-05-16 18:05:07','2018-05-16 18:05:07'),(210,1,0,'Products import (from 28 to 12)','',0,1,'2018-05-16 18:05:12','2018-05-16 18:05:12'),(211,1,0,'Products import (from 40 to 12)','',0,1,'2018-05-16 18:05:16','2018-05-16 18:05:16'),(212,1,0,'Products import (from 52 to 12)','',0,1,'2018-05-16 18:05:17','2018-05-16 18:05:17'),(213,1,0,'Products import (from 0 to 5)','',0,1,'2018-05-16 18:05:19','2018-05-16 18:05:19'),(214,1,0,'Products import (from 0 to 5)','',0,1,'2018-05-16 18:05:47','2018-05-16 18:05:47'),(215,1,0,'Products import (from 5 to 20)','',0,1,'2018-05-16 18:05:48','2018-05-16 18:05:48'),(216,1,0,'Products import (from 25 to 79)','',0,1,'2018-05-16 18:05:50','2018-05-16 18:05:50'),(217,1,0,'Products import (from 0 to 5)','',0,1,'2018-05-16 18:05:52','2018-05-16 18:05:52'),(218,1,0,'Products import (from 5 to 9)','',0,1,'2018-05-16 18:05:56','2018-05-16 18:05:56'),(219,1,0,'Products import (from 14 to 12)','',0,1,'2018-05-16 18:06:00','2018-05-16 18:06:00'),(220,1,0,'Products import (from 26 to 13)','',0,1,'2018-05-16 18:06:05','2018-05-16 18:06:05'),(221,1,0,'Products import (from 39 to 13)','',0,1,'2018-05-16 18:06:10','2018-05-16 18:06:10'),(222,1,0,'Products import (from 52 to 12)','',0,1,'2018-05-16 18:06:12','2018-05-16 18:06:12'),(223,1,0,'Products import (from 0 to 5)','',0,1,'2018-05-16 18:06:12','2018-05-16 18:06:12'),(224,1,0,'Products import (from 0 to 5)','',0,1,'2018-05-16 18:06:40','2018-05-16 18:06:40'),(225,1,0,'Products import (from 5 to 20)','',0,1,'2018-05-16 18:06:42','2018-05-16 18:06:42'),(226,1,0,'Products import (from 25 to 74)','',0,1,'2018-05-16 18:06:43','2018-05-16 18:06:43'),(227,1,0,'Products import (from 0 to 5)','',0,1,'2018-05-16 18:06:46','2018-05-16 18:06:46'),(228,1,0,'Products import (from 5 to 9)','',0,1,'2018-05-16 18:06:50','2018-05-16 18:06:50'),(229,1,0,'Products import (from 14 to 10)','',0,1,'2018-05-16 18:06:54','2018-05-16 18:06:54'),(230,1,0,'Products import (from 24 to 12)','',0,1,'2018-05-16 18:06:59','2018-05-16 18:06:59'),(231,1,0,'Products import (from 36 to 13)','',0,1,'2018-05-16 18:07:04','2018-05-16 18:07:04'),(232,1,0,'Products import (from 49 to 13)','',0,1,'2018-05-16 18:07:06','2018-05-16 18:07:06'),(233,1,0,'Products import (from 0 to 5)','',0,1,'2018-05-16 18:07:07','2018-05-16 18:07:07'),(234,1,0,'Back office connection from 31.44.38.2','',0,1,'2018-05-16 18:07:34','2018-05-16 18:07:34'),(235,1,0,'Back office connection from 31.44.38.2','',0,1,'2018-05-16 18:07:35','2018-05-16 18:07:35'),(236,1,0,'Back office connection from 31.44.38.2','',0,1,'2018-05-16 18:07:36','2018-05-16 18:07:36'),(237,1,0,'Back office connection from 31.44.38.2','',0,1,'2018-05-16 18:07:37','2018-05-16 18:07:37'),(238,1,0,'Back office connection from 31.44.38.2','',0,1,'2018-05-16 18:08:05','2018-05-16 18:08:05'),(239,1,0,'Back office connection from 31.44.38.2','',0,1,'2018-05-16 18:09:01','2018-05-16 18:09:01'),(240,1,0,'Products import (from 0 to 5)','',0,1,'2018-05-16 18:12:40','2018-05-16 18:12:40'),(241,1,0,'Products import (from 5 to 20)','',0,1,'2018-05-16 18:12:41','2018-05-16 18:12:41'),(242,1,0,'Products import (from 25 to 77)','',0,1,'2018-05-16 18:12:42','2018-05-16 18:12:42'),(243,1,0,'Products import (from 0 to 5)','',0,1,'2018-05-16 18:12:45','2018-05-16 18:12:45'),(244,1,0,'Products import (from 5 to 9)','',0,1,'2018-05-16 18:12:48','2018-05-16 18:12:48'),(245,1,0,'Products import (from 14 to 11)','',0,1,'2018-05-16 18:12:54','2018-05-16 18:12:54'),(246,1,0,'Products import (from 25 to 10)','',0,1,'2018-05-16 18:12:58','2018-05-16 18:12:58'),(247,1,0,'Products import (from 0 to 5)','',0,1,'2018-05-16 18:13:00','2018-05-16 18:13:00'),(248,1,0,'Products import (from 0 to 5)','',0,1,'2018-05-16 18:13:19','2018-05-16 18:13:19'),(249,1,0,'Products import (from 5 to 20)','',0,1,'2018-05-16 18:13:21','2018-05-16 18:13:21'),(250,1,0,'Products import (from 25 to 68)','',0,1,'2018-05-16 18:13:22','2018-05-16 18:13:22'),(251,1,0,'Products import (from 0 to 5)','',0,1,'2018-05-16 18:13:24','2018-05-16 18:13:24'),(252,1,0,'Products import (from 5 to 10)','',0,1,'2018-05-16 18:13:28','2018-05-16 18:13:28'),(253,1,0,'Products import (from 15 to 13)','',0,1,'2018-05-16 18:13:35','2018-05-16 18:13:35'),(254,1,0,'Products import (from 28 to 9)','',0,1,'2018-05-16 18:13:39','2018-05-16 18:13:39'),(255,1,0,'Products import (from 0 to 5)','',0,1,'2018-05-16 18:13:39','2018-05-16 18:13:39'),(256,1,0,'Products import (from 0 to 5)','',0,1,'2018-05-16 18:13:59','2018-05-16 18:13:59'),(257,1,0,'Products import (from 5 to 20)','',0,1,'2018-05-16 18:14:00','2018-05-16 18:14:00'),(258,1,0,'Products import (from 25 to 80)','',0,1,'2018-05-16 18:14:01','2018-05-16 18:14:01'),(259,1,0,'Products import (from 0 to 5)','',0,1,'2018-05-16 18:14:04','2018-05-16 18:14:04'),(260,1,0,'Products import (from 5 to 9)','',0,1,'2018-05-16 18:14:08','2018-05-16 18:14:08'),(261,1,0,'Products import (from 14 to 11)','',0,1,'2018-05-16 18:14:13','2018-05-16 18:14:13'),(262,1,0,'Products import (from 25 to 11)','',0,1,'2018-05-16 18:14:15','2018-05-16 18:14:15'),(263,1,0,'Products import (from 0 to 5)','',0,1,'2018-05-16 18:14:15','2018-05-16 18:14:15'),(264,1,0,'Back office connection from 31.44.38.2','',0,1,'2018-05-16 18:16:05','2018-05-16 18:16:05'),(265,1,0,'Back office connection from 31.44.38.2','',0,1,'2018-05-16 19:09:56','2018-05-16 19:09:56'),(266,1,0,'Product modification','Product',49,1,'2018-05-16 19:10:49','2018-05-16 19:10:49'),(267,1,0,'Product modification','Product',50,1,'2018-05-16 19:11:03','2018-05-16 19:11:03'),(268,1,0,'Products import (from 0 to 5)','',0,1,'2018-05-16 19:30:13','2018-05-16 19:30:13'),(269,1,0,'Products import (from 5 to 20)','',0,1,'2018-05-16 19:30:14','2018-05-16 19:30:14'),(270,1,0,'Products import (from 25 to 80)','',0,1,'2018-05-16 19:30:14','2018-05-16 19:30:14'),(271,1,0,'Products import (from 0 to 5)','',0,1,'2018-05-16 19:31:19','2018-05-16 19:31:19'),(272,1,0,'Products import (from 5 to 5)','',0,1,'2018-05-16 19:32:52','2018-05-16 19:32:52'),(273,1,0,'Products import (from 10 to 5)','',0,1,'2018-05-16 19:33:46','2018-05-16 19:33:46'),(274,1,0,'Category addition','Category',10,1,'2018-05-16 19:36:20','2018-05-16 19:36:20'),(275,1,0,'Category modification','Category',10,1,'2018-05-16 19:36:44','2018-05-16 19:36:44'),(276,1,0,'Category addition','Category',11,1,'2018-05-16 19:37:10','2018-05-16 19:37:10'),(277,1,0,'Category addition','Category',12,1,'2018-05-16 19:37:22','2018-05-16 19:37:22'),(278,1,0,'Category addition','Category',13,1,'2018-05-16 19:37:31','2018-05-16 19:37:31'),(279,1,0,'Category addition','Category',14,1,'2018-05-16 19:37:51','2018-05-16 19:37:51'),(280,1,0,'Categories import (from 0 to 5)','',0,1,'2018-05-16 19:48:46','2018-05-16 19:48:46'),(281,1,0,'Categories import (from 5 to 20)','',0,1,'2018-05-16 19:48:46','2018-05-16 19:48:46'),(282,1,0,'Categories import (from 0 to 5)','',0,1,'2018-05-16 19:48:47','2018-05-16 19:48:47'),(283,1,0,'Categories import (from 5 to 20)','',0,1,'2018-05-16 19:48:49','2018-05-16 19:48:49'),(284,1,0,'Product modification','Product',129,1,'2018-05-16 19:49:53','2018-05-16 19:49:53'),(285,1,0,'Product modification','Product',128,1,'2018-05-16 19:50:06','2018-05-16 19:50:06'),(286,1,0,'Product modification','Product',127,1,'2018-05-16 19:50:22','2018-05-16 19:50:22'),(287,1,0,'Product modification','Product',126,1,'2018-05-16 19:50:33','2018-05-16 19:50:33'),(288,1,0,'Product modification','Product',126,1,'2018-05-16 19:50:42','2018-05-16 19:50:42'),(289,1,0,'Product modification','Product',125,1,'2018-05-16 19:50:58','2018-05-16 19:50:58'),(290,1,0,'Product modification','Product',124,1,'2018-05-16 19:51:07','2018-05-16 19:51:07'),(291,1,0,'Product modification','Product',114,1,'2018-05-16 19:51:16','2018-05-16 19:51:16'),(292,1,0,'Product modification','Product',113,1,'2018-05-16 19:51:27','2018-05-16 19:51:27'),(293,1,0,'Product modification','Product',112,1,'2018-05-16 19:51:36','2018-05-16 19:51:36'),(294,1,0,'Product modification','Product',123,1,'2018-05-16 19:53:01','2018-05-16 19:53:01'),(295,1,0,'Product modification','Product',122,1,'2018-05-16 19:53:52','2018-05-16 19:53:52'),(296,1,0,'Product modification','Product',121,1,'2018-05-16 19:54:16','2018-05-16 19:54:16'),(297,1,0,'Product modification','Product',120,1,'2018-05-16 19:54:38','2018-05-16 19:54:38'),(298,1,0,'Product modification','Product',118,1,'2018-05-16 19:55:37','2018-05-16 19:55:37'),(299,1,0,'Product modification','Product',117,1,'2018-05-16 19:56:05','2018-05-16 19:56:05'),(300,1,0,'Product modification','Product',116,1,'2018-05-16 19:56:35','2018-05-16 19:56:35'),(301,1,0,'Product modification','Product',116,1,'2018-05-16 19:56:41','2018-05-16 19:56:41'),(302,1,0,'Product modification','Product',115,1,'2018-05-16 19:57:04','2018-05-16 19:57:04'),(303,1,0,'Back office connection from 31.44.38.2','',0,1,'2018-05-16 20:05:55','2018-05-16 20:05:55'),(304,1,0,'Product modification','Product',111,1,'2018-05-16 20:07:28','2018-05-16 20:07:28'),(305,1,0,'Product modification','Product',110,1,'2018-05-16 20:08:03','2018-05-16 20:08:03'),(306,1,0,'Product modification','Product',109,1,'2018-05-16 20:08:57','2018-05-16 20:08:57'),(307,1,0,'Product modification','Product',108,1,'2018-05-16 20:09:45','2018-05-16 20:09:45'),(308,1,0,'Product modification','Product',107,1,'2018-05-16 20:10:27','2018-05-16 20:10:27'),(309,1,0,'Product modification','Product',106,1,'2018-05-16 20:10:58','2018-05-16 20:10:58'),(310,1,0,'Product modification','Product',105,1,'2018-05-16 20:12:12','2018-05-16 20:12:12'),(311,1,0,'Product modification','Product',105,1,'2018-05-16 20:12:28','2018-05-16 20:12:28'),(312,1,0,'Product modification','Product',104,1,'2018-05-16 20:15:10','2018-05-16 20:15:10'),(313,1,0,'Product modification','Product',103,1,'2018-05-16 20:15:28','2018-05-16 20:15:28'),(314,1,0,'Product modification','Product',102,1,'2018-05-16 20:15:35','2018-05-16 20:15:35'),(315,1,0,'Product modification','Product',101,1,'2018-05-16 20:15:41','2018-05-16 20:15:41'),(316,1,0,'Product modification','Product',99,1,'2018-05-16 20:17:01','2018-05-16 20:17:01'),(317,1,0,'Product modification','Product',98,1,'2018-05-16 20:17:09','2018-05-16 20:17:09'),(318,1,0,'Product modification','Product',97,1,'2018-05-16 20:17:26','2018-05-16 20:17:26'),(319,1,0,'Product modification','Product',121,1,'2018-05-16 20:29:23','2018-05-16 20:29:23'),(320,1,0,'Product modification','Product',113,1,'2018-05-16 20:30:23','2018-05-16 20:30:23'),(321,1,0,'Products import (from 0 to 5)','',0,1,'2018-05-16 20:38:51','2018-05-16 20:38:51'),(322,1,0,'Products import (from 5 to 20)','',0,1,'2018-05-16 20:38:52','2018-05-16 20:38:52'),(323,1,0,'Products import (from 25 to 80)','',0,1,'2018-05-16 20:38:53','2018-05-16 20:38:53'),(324,1,0,'Products import (from 0 to 5)','',0,1,'2018-05-16 20:38:55','2018-05-16 20:38:55'),(325,1,0,'Products import (from 5 to 13)','',0,1,'2018-05-16 20:38:59','2018-05-16 20:38:59'),(326,1,0,'Products import (from 18 to 14)','',0,1,'2018-05-16 20:39:03','2018-05-16 20:39:03'),(327,1,0,'Products import (from 32 to 16)','',0,1,'2018-05-16 20:39:08','2018-05-16 20:39:08'),(328,1,0,'Products import (from 48 to 16)','',0,1,'2018-05-16 20:39:10','2018-05-16 20:39:10'),(329,1,0,'Products import (from 0 to 5)','',0,1,'2018-05-16 20:39:11','2018-05-16 20:39:11'),(330,1,0,'Products import (from 0 to 5)','',0,1,'2018-05-16 20:41:02','2018-05-16 20:41:02'),(331,1,0,'Products import (from 5 to 20)','',0,1,'2018-05-16 20:41:03','2018-05-16 20:41:03'),(332,1,0,'Products import (from 25 to 80)','',0,1,'2018-05-16 20:41:04','2018-05-16 20:41:04'),(333,1,0,'Products import (from 0 to 5)','',0,1,'2018-05-16 20:41:06','2018-05-16 20:41:06'),(334,1,0,'Products import (from 5 to 12)','',0,1,'2018-05-16 20:41:10','2018-05-16 20:41:10'),(335,1,0,'Products import (from 17 to 14)','',0,1,'2018-05-16 20:41:14','2018-05-16 20:41:14'),(336,1,0,'Products import (from 31 to 15)','',0,1,'2018-05-16 20:41:19','2018-05-16 20:41:19'),(337,1,0,'Products import (from 46 to 15)','',0,1,'2018-05-16 20:41:23','2018-05-16 20:41:23'),(338,1,0,'Products import (from 0 to 5)','',0,1,'2018-05-16 20:41:23','2018-05-16 20:41:23'),(339,1,0,'Products import (from 0 to 5)','',0,1,'2018-05-16 20:46:24','2018-05-16 20:46:24'),(340,1,0,'Products import (from 5 to 20)','',0,1,'2018-05-16 20:46:25','2018-05-16 20:46:25'),(341,1,0,'Products import (from 25 to 80)','',0,1,'2018-05-16 20:46:25','2018-05-16 20:46:25'),(342,1,0,'Products import (from 0 to 5)','',0,1,'2018-05-16 20:46:28','2018-05-16 20:46:28'),(343,1,0,'Products import (from 5 to 11)','',0,1,'2018-05-16 20:46:32','2018-05-16 20:46:32'),(344,1,0,'Products import (from 16 to 13)','',0,1,'2018-05-16 20:46:35','2018-05-16 20:46:35'),(345,1,0,'Products import (from 0 to 5)','',0,1,'2018-05-16 20:46:35','2018-05-16 20:46:35'),(346,1,0,'Product modification','Product',93,1,'2018-05-16 20:46:42','2018-05-16 20:46:42'),(347,1,0,'Product modification','Product',92,1,'2018-05-16 20:46:51','2018-05-16 20:46:51'),(348,1,0,'Product modification','Product',91,1,'2018-05-16 20:46:57','2018-05-16 20:46:57'),(349,1,0,'Product modification','Product',90,1,'2018-05-16 20:47:04','2018-05-16 20:47:04'),(350,1,0,'Back office connection from 31.44.38.2','',0,1,'2018-05-17 08:40:01','2018-05-17 08:40:01'),(351,1,0,'Back office connection from 178.174.43.210','',0,1,'2018-05-17 11:29:36','2018-05-17 11:29:36'),(352,1,0,'Back office connection from 62.2.137.140','',0,1,'2018-05-17 12:43:23','2018-05-17 12:43:23'),(353,1,0,'Back office connection from 31.44.38.2','',0,1,'2018-05-18 09:43:48','2018-05-18 09:43:48'),(354,1,0,'Back office connection from 31.44.38.2','',0,1,'2018-05-18 10:24:42','2018-05-18 10:24:42'),(355,1,0,'Back office connection from 31.44.38.2','',0,1,'2018-05-18 11:20:02','2018-05-18 11:20:02'),(356,1,0,'Back office connection from 31.44.38.2','',0,1,'2018-05-18 12:49:42','2018-05-18 12:49:42'),(357,1,0,'CartRule addition','CartRule',1,1,'2018-05-18 13:24:10','2018-05-18 13:24:10'),(358,1,0,'Product modification','Product',89,1,'2018-05-18 13:49:21','2018-05-18 13:49:21'),(359,1,0,'Product modification','Product',88,1,'2018-05-18 13:49:23','2018-05-18 13:49:23'),(360,1,0,'Product modification','Product',87,1,'2018-05-18 13:49:26','2018-05-18 13:49:26'),(361,1,0,'Product modification','Product',86,1,'2018-05-18 13:49:30','2018-05-18 13:49:30'),(362,1,0,'Product modification','Product',85,1,'2018-05-18 13:49:33','2018-05-18 13:49:33'),(363,1,0,'Product modification','Product',84,1,'2018-05-18 13:49:39','2018-05-18 13:49:39'),(364,1,0,'Product modification','Product',83,1,'2018-05-18 13:49:42','2018-05-18 13:49:42'),(365,1,0,'Product modification','Product',82,1,'2018-05-18 13:49:45','2018-05-18 13:49:45'),(366,1,0,'Product modification','Product',82,1,'2018-05-18 13:49:48','2018-05-18 13:49:48'),(367,1,0,'Product modification','Product',119,1,'2018-05-18 13:50:32','2018-05-18 13:50:32'),(368,1,0,'Product modification','Product',100,1,'2018-05-18 13:50:39','2018-05-18 13:50:39'),(369,1,0,'Product modification','Product',96,1,'2018-05-18 13:50:56','2018-05-18 13:50:56'),(370,1,0,'Product modification','Product',95,1,'2018-05-18 13:51:01','2018-05-18 13:51:01'),(371,1,0,'Product modification','Product',94,1,'2018-05-18 13:51:06','2018-05-18 13:51:06'),(372,1,0,'Product modification','Product',81,1,'2018-05-18 13:51:42','2018-05-18 13:51:42'),(373,1,0,'Product modification','Product',80,1,'2018-05-18 13:51:47','2018-05-18 13:51:47'),(374,1,0,'Product modification','Product',79,1,'2018-05-18 13:51:51','2018-05-18 13:51:51'),(375,1,0,'Product modification','Product',78,1,'2018-05-18 13:51:53','2018-05-18 13:51:53'),(376,1,0,'Product modification','Product',77,1,'2018-05-18 13:51:56','2018-05-18 13:51:56'),(377,1,0,'Product modification','Product',89,1,'2018-05-18 13:52:40','2018-05-18 13:52:40'),(378,1,0,'Product modification','Product',88,1,'2018-05-18 13:52:53','2018-05-18 13:52:53'),(379,1,0,'Product modification','Product',89,1,'2018-05-18 13:53:15','2018-05-18 13:53:15'),(380,1,0,'Product modification','Product',88,1,'2018-05-18 13:53:22','2018-05-18 13:53:22'),(381,1,0,'Product modification','Product',87,1,'2018-05-18 13:53:41','2018-05-18 13:53:41'),(382,1,0,'Product modification','Product',86,1,'2018-05-18 13:53:55','2018-05-18 13:53:55'),(383,1,0,'Product modification','Product',85,1,'2018-05-18 13:54:11','2018-05-18 13:54:11'),(384,1,0,'Product modification','Product',84,1,'2018-05-18 13:54:32','2018-05-18 13:54:32'),(385,1,0,'Product modification','Product',83,1,'2018-05-18 13:54:53','2018-05-18 13:54:53'),(386,1,0,'Product modification','Product',82,1,'2018-05-18 13:55:04','2018-05-18 13:55:04'),(387,1,0,'Back office connection from 31.44.38.2','',0,1,'2018-05-18 14:40:56','2018-05-18 14:40:56'),(388,1,0,'Product modification','Product',93,1,'2018-05-18 14:42:06','2018-05-18 14:42:06'),(389,1,0,'Product modification','Product',92,1,'2018-05-18 14:42:16','2018-05-18 14:42:16'),(390,1,0,'Product modification','Product',91,1,'2018-05-18 14:42:56','2018-05-18 14:42:56'),(391,1,0,'Product modification','Product',90,1,'2018-05-18 14:43:04','2018-05-18 14:43:04'),(392,1,0,'Product modification','Product',96,1,'2018-05-18 14:43:17','2018-05-18 14:43:17'),(393,1,0,'Product modification','Product',95,1,'2018-05-18 14:43:28','2018-05-18 14:43:28'),(394,1,0,'Product modification','Product',94,1,'2018-05-18 14:43:41','2018-05-18 14:43:41'),(395,1,0,'Product modification','Product',99,1,'2018-05-18 14:43:53','2018-05-18 14:43:53'),(396,1,0,'Product modification','Product',98,1,'2018-05-18 14:44:02','2018-05-18 14:44:02'),(397,1,0,'Product modification','Product',97,1,'2018-05-18 14:44:11','2018-05-18 14:44:11'),(398,1,0,'Product modification','Product',105,1,'2018-05-18 14:44:20','2018-05-18 14:44:20'),(399,1,0,'Product modification','Product',104,1,'2018-05-18 14:44:28','2018-05-18 14:44:28'),(400,1,0,'Products import (from 0 to 5)','',0,1,'2018-05-18 14:47:35','2018-05-18 14:47:35'),(401,1,0,'Products import (from 0 to 5)','',0,1,'2018-05-18 14:47:36','2018-05-18 14:47:36'),(402,1,0,'Products import (from 0 to 5)','',0,1,'2018-05-18 14:47:37','2018-05-18 14:47:37'),(403,1,0,'Products import (from 0 to 5)','',0,1,'2018-05-18 14:49:16','2018-05-18 14:49:16'),(404,1,0,'Products import (from 0 to 5)','',0,1,'2018-05-18 14:49:17','2018-05-18 14:49:17'),(405,1,0,'Products import (from 0 to 5)','',0,1,'2018-05-18 14:49:17','2018-05-18 14:49:17'),(406,1,0,'Products import (from 0 to 5)','',0,1,'2018-05-18 14:50:17','2018-05-18 14:50:17'),(407,1,0,'Products import (from 5 to 20)','',0,1,'2018-05-18 14:50:18','2018-05-18 14:50:18'),(408,1,0,'Products import (from 25 to 80)','',0,1,'2018-05-18 14:50:18','2018-05-18 14:50:18'),(409,1,0,'Products import (from 0 to 5)','',0,1,'2018-05-18 14:50:20','2018-05-18 14:50:20'),(410,1,0,'Products import (from 5 to 13)','',0,1,'2018-05-18 14:50:24','2018-05-18 14:50:24'),(411,1,0,'Products import (from 0 to 5)','',0,1,'2018-05-18 14:51:51','2018-05-18 14:51:51'),(412,1,0,'Products import (from 5 to 20)','',0,1,'2018-05-18 14:51:51','2018-05-18 14:51:51'),(413,1,0,'Products import (from 25 to 80)','',0,1,'2018-05-18 14:51:52','2018-05-18 14:51:52'),(414,1,0,'Products import (from 0 to 5)','',0,1,'2018-05-18 14:51:54','2018-05-18 14:51:54'),(415,1,0,'Products import (from 5 to 13)','',0,1,'2018-05-18 14:51:58','2018-05-18 14:51:58'),(416,1,0,'Products import (from 18 to 15)','',0,1,'2018-05-18 14:52:03','2018-05-18 14:52:03'),(417,1,0,'Products import (from 33 to 16)','',0,1,'2018-05-18 14:52:07','2018-05-18 14:52:07'),(418,1,0,'Products import (from 49 to 16)','',0,1,'2018-05-18 14:52:09','2018-05-18 14:52:09'),(419,1,0,'Products import (from 0 to 5)','',0,1,'2018-05-18 14:52:09','2018-05-18 14:52:09'),(420,1,0,'Products import (from 0 to 5)','',0,1,'2018-05-18 14:52:41','2018-05-18 14:52:41'),(421,1,0,'Products import (from 5 to 20)','',0,1,'2018-05-18 14:52:41','2018-05-18 14:52:41'),(422,1,0,'Products import (from 25 to 80)','',0,1,'2018-05-18 14:52:42','2018-05-18 14:52:42'),(423,1,0,'Products import (from 0 to 5)','',0,1,'2018-05-18 14:52:44','2018-05-18 14:52:44'),(424,1,0,'Products import (from 5 to 15)','',0,1,'2018-05-18 14:52:49','2018-05-18 14:52:49'),(425,1,0,'Products import (from 20 to 15)','',0,1,'2018-05-18 14:52:53','2018-05-18 14:52:53'),(426,1,0,'Products import (from 35 to 15)','',0,1,'2018-05-18 14:52:58','2018-05-18 14:52:58'),(427,1,0,'Feature deletion','Feature',8,1,'2018-05-18 14:52:58','2018-05-18 14:52:58'),(428,1,0,'Products import (from 50 to 15)','',0,1,'2018-05-18 14:53:00','2018-05-18 14:53:00'),(429,1,0,'Products import (from 0 to 5)','',0,1,'2018-05-18 14:53:00','2018-05-18 14:53:00'),(430,1,0,'Products import (from 0 to 5)','',0,1,'2018-05-18 14:54:35','2018-05-18 14:54:35'),(431,1,0,'Products import (from 5 to 20)','',0,1,'2018-05-18 14:54:35','2018-05-18 14:54:35'),(432,1,0,'Products import (from 25 to 80)','',0,1,'2018-05-18 14:54:36','2018-05-18 14:54:36'),(433,1,0,'Products import (from 0 to 5)','',0,1,'2018-05-18 14:54:38','2018-05-18 14:54:38'),(434,1,0,'Products import (from 5 to 13)','',0,1,'2018-05-18 14:54:42','2018-05-18 14:54:42'),(435,1,0,'Products import (from 18 to 15)','',0,1,'2018-05-18 14:54:47','2018-05-18 14:54:47'),(436,1,0,'Products import (from 33 to 14)','',0,1,'2018-05-18 14:54:52','2018-05-18 14:54:52'),(437,1,0,'Products import (from 47 to 16)','',0,1,'2018-05-18 14:54:54','2018-05-18 14:54:54'),(438,1,0,'Products import (from 0 to 5)','',0,1,'2018-05-18 14:54:55','2018-05-18 14:54:55'),(439,1,0,'Product modification','Product',83,1,'2018-05-18 14:55:03','2018-05-18 14:55:03'),(440,1,0,'Product modification','Product',104,1,'2018-05-18 14:58:01','2018-05-18 14:58:01'),(441,1,0,'Product modification','Product',98,1,'2018-05-18 14:58:38','2018-05-18 14:58:38'),(442,1,0,'Product modification','Product',97,1,'2018-05-18 14:58:44','2018-05-18 14:58:44'),(443,1,0,'Product modification','Product',96,1,'2018-05-18 14:58:54','2018-05-18 14:58:54'),(444,1,0,'Product modification','Product',95,1,'2018-05-18 14:59:00','2018-05-18 14:59:00'),(445,1,0,'Product modification','Product',94,1,'2018-05-18 14:59:07','2018-05-18 14:59:07'),(446,1,0,'Product modification','Product',93,1,'2018-05-18 14:59:13','2018-05-18 14:59:13'),(447,1,0,'Product modification','Product',92,1,'2018-05-18 14:59:20','2018-05-18 14:59:20'),(448,1,0,'Product modification','Product',91,1,'2018-05-18 14:59:26','2018-05-18 14:59:26'),(449,1,0,'Product modification','Product',90,1,'2018-05-18 14:59:36','2018-05-18 14:59:36'),(450,1,0,'Product modification','Product',90,1,'2018-05-18 14:59:43','2018-05-18 14:59:43'),(451,1,0,'Product modification','Product',89,1,'2018-05-18 14:59:48','2018-05-18 14:59:48'),(452,1,0,'Product modification','Product',88,1,'2018-05-18 14:59:53','2018-05-18 14:59:53'),(453,1,0,'Product modification','Product',87,1,'2018-05-18 14:59:59','2018-05-18 14:59:59'),(454,1,0,'Product modification','Product',86,1,'2018-05-18 15:00:05','2018-05-18 15:00:05'),(455,1,0,'Product modification','Product',85,1,'2018-05-18 15:00:24','2018-05-18 15:00:24'),(456,1,0,'Product modification','Product',84,1,'2018-05-18 15:00:35','2018-05-18 15:00:35'),(457,1,0,'Product modification','Product',82,1,'2018-05-18 15:00:56','2018-05-18 15:00:56'),(458,1,0,'Product modification','Product',83,1,'2018-05-18 15:01:48','2018-05-18 15:01:48'),(459,1,0,'Product modification','Product',117,1,'2018-05-18 15:02:03','2018-05-18 15:02:03'),(460,1,0,'Product modification','Product',116,1,'2018-05-18 15:02:06','2018-05-18 15:02:06'),(461,1,0,'Products import (from 0 to 5)','',0,1,'2018-05-18 15:05:10','2018-05-18 15:05:10'),(462,1,0,'Products import (from 5 to 20)','',0,1,'2018-05-18 15:05:11','2018-05-18 15:05:11'),(463,1,0,'Products import (from 25 to 80)','',0,1,'2018-05-18 15:05:12','2018-05-18 15:05:12'),(464,1,0,'Products import (from 0 to 5)','',0,1,'2018-05-18 15:05:14','2018-05-18 15:05:14'),(465,1,0,'Products import (from 5 to 13)','',0,1,'2018-05-18 15:05:18','2018-05-18 15:05:18'),(466,1,0,'Products import (from 18 to 14)','',0,1,'2018-05-18 15:05:22','2018-05-18 15:05:22'),(467,1,0,'Products import (from 32 to 16)','',0,1,'2018-05-18 15:05:29','2018-05-18 15:05:29'),(468,1,0,'Products import (from 48 to 12)','',0,1,'2018-05-18 15:05:33','2018-05-18 15:05:33'),(469,1,0,'Products import (from 60 to 14)','',0,1,'2018-05-18 15:05:39','2018-05-18 15:05:39'),(470,1,0,'Products import (from 74 to 12)','',0,1,'2018-05-18 15:05:43','2018-05-18 15:05:43'),(471,1,0,'Product modification','Product',84,1,'2018-05-18 15:05:44','2018-05-18 15:05:44'),(472,1,0,'Products import (from 86 to 13)','',0,1,'2018-05-18 15:05:49','2018-05-18 15:05:49'),(473,1,0,'Products import (from 99 to 11)','',0,1,'2018-05-18 15:05:51','2018-05-18 15:05:51'),(474,1,0,'Products import (from 0 to 5)','',0,1,'2018-05-18 15:05:51','2018-05-18 15:05:51'),(475,1,0,'Feature deletion','Feature',6,1,'2018-05-18 15:06:33','2018-05-18 15:06:33'),(476,1,0,'Feature deletion','Feature',7,1,'2018-05-18 15:06:33','2018-05-18 15:06:33'),(477,1,0,'Back office connection from 31.44.38.2','',0,1,'2018-05-18 16:33:56','2018-05-18 16:33:56'),(478,1,0,'Products import (from 0 to 5)','',0,1,'2018-05-18 16:35:26','2018-05-18 16:35:26'),(479,1,0,'Products import (from 5 to 20)','',0,1,'2018-05-18 16:35:26','2018-05-18 16:35:26'),(480,1,0,'Products import (from 25 to 80)','',0,1,'2018-05-18 16:35:28','2018-05-18 16:35:28'),(481,1,0,'Products import (from 0 to 5)','',0,1,'2018-05-18 16:35:31','2018-05-18 16:35:31'),(482,1,0,'Products import (from 5 to 8)','',0,1,'2018-05-18 16:35:35','2018-05-18 16:35:35'),(483,1,0,'Products import (from 13 to 9)','',0,1,'2018-05-18 16:35:40','2018-05-18 16:35:40'),(484,1,0,'Products import (from 22 to 9)','',0,1,'2018-05-18 16:35:45','2018-05-18 16:35:45'),(485,1,0,'Products import (from 31 to 7)','',0,1,'2018-05-18 16:35:49','2018-05-18 16:35:49'),(486,1,0,'Products import (from 38 to 8)','',0,1,'2018-05-18 16:35:54','2018-05-18 16:35:54'),(487,1,0,'Products import (from 46 to 8)','',0,1,'2018-05-18 16:35:58','2018-05-18 16:35:58'),(488,1,0,'Products import (from 54 to 9)','',0,1,'2018-05-18 16:36:04','2018-05-18 16:36:04'),(489,1,0,'Products import (from 63 to 8)','',0,1,'2018-05-18 16:36:08','2018-05-18 16:36:08'),(490,1,0,'Products import (from 71 to 9)','',0,1,'2018-05-18 16:36:13','2018-05-18 16:36:13'),(491,1,0,'Products import (from 80 to 8)','',0,1,'2018-05-18 16:36:18','2018-05-18 16:36:18'),(492,1,0,'Products import (from 88 to 8)','',0,1,'2018-05-18 16:36:22','2018-05-18 16:36:22'),(493,1,0,'Products import (from 96 to 9)','',0,1,'2018-05-18 16:36:26','2018-05-18 16:36:26'),(494,1,0,'Products import (from 0 to 5)','',0,1,'2018-05-18 16:36:26','2018-05-18 16:36:26'),(495,1,0,'FeatureValue deletion','FeatureValue',9,1,'2018-05-18 16:38:04','2018-05-18 16:38:04'),(496,1,0,'FeatureValue deletion','FeatureValue',10,1,'2018-05-18 16:38:04','2018-05-18 16:38:04'),(497,1,0,'FeatureValue deletion','FeatureValue',88,1,'2018-05-18 16:38:04','2018-05-18 16:38:04'),(498,1,0,'FeatureValue deletion','FeatureValue',89,1,'2018-05-18 16:38:04','2018-05-18 16:38:04'),(499,1,0,'FeatureValue deletion','FeatureValue',90,1,'2018-05-18 16:38:04','2018-05-18 16:38:04'),(500,1,0,'FeatureValue deletion','FeatureValue',91,1,'2018-05-18 16:38:04','2018-05-18 16:38:04'),(501,1,0,'FeatureValue deletion','FeatureValue',92,1,'2018-05-18 16:38:04','2018-05-18 16:38:04'),(502,1,0,'FeatureValue deletion','FeatureValue',11,1,'2018-05-18 16:38:17','2018-05-18 16:38:17'),(503,1,0,'FeatureValue deletion','FeatureValue',12,1,'2018-05-18 16:38:17','2018-05-18 16:38:17'),(504,1,0,'FeatureValue deletion','FeatureValue',13,1,'2018-05-18 16:38:17','2018-05-18 16:38:17'),(505,1,0,'FeatureValue deletion','FeatureValue',14,1,'2018-05-18 16:38:17','2018-05-18 16:38:17'),(506,1,0,'FeatureValue deletion','FeatureValue',93,1,'2018-05-18 16:38:17','2018-05-18 16:38:17'),(507,1,0,'FeatureValue deletion','FeatureValue',94,1,'2018-05-18 16:38:17','2018-05-18 16:38:17'),(508,1,0,'FeatureValue deletion','FeatureValue',95,1,'2018-05-18 16:38:17','2018-05-18 16:38:17'),(509,1,0,'FeatureValue deletion','FeatureValue',96,1,'2018-05-18 16:38:17','2018-05-18 16:38:17'),(510,1,0,'FeatureValue deletion','FeatureValue',97,1,'2018-05-18 16:38:17','2018-05-18 16:38:17'),(511,1,0,'FeatureValue deletion','FeatureValue',98,1,'2018-05-18 16:38:17','2018-05-18 16:38:17'),(512,1,0,'FeatureValue deletion','FeatureValue',99,1,'2018-05-18 16:38:17','2018-05-18 16:38:17'),(513,1,0,'FeatureValue deletion','FeatureValue',100,1,'2018-05-18 16:38:17','2018-05-18 16:38:17'),(514,1,0,'FeatureValue deletion','FeatureValue',101,1,'2018-05-18 16:38:17','2018-05-18 16:38:17'),(515,1,0,'FeatureValue deletion','FeatureValue',102,1,'2018-05-18 16:38:17','2018-05-18 16:38:17'),(516,1,0,'FeatureValue deletion','FeatureValue',103,1,'2018-05-18 16:38:17','2018-05-18 16:38:17'),(517,1,0,'FeatureValue deletion','FeatureValue',104,1,'2018-05-18 16:38:17','2018-05-18 16:38:17'),(518,1,0,'FeatureValue deletion','FeatureValue',105,1,'2018-05-18 16:38:17','2018-05-18 16:38:17'),(519,1,0,'FeatureValue deletion','FeatureValue',106,1,'2018-05-18 16:38:17','2018-05-18 16:38:17'),(520,1,0,'FeatureValue deletion','FeatureValue',107,1,'2018-05-18 16:38:17','2018-05-18 16:38:17'),(521,1,0,'FeatureValue deletion','FeatureValue',108,1,'2018-05-18 16:38:17','2018-05-18 16:38:17'),(522,1,0,'FeatureValue deletion','FeatureValue',109,1,'2018-05-18 16:38:17','2018-05-18 16:38:17'),(523,1,0,'FeatureValue deletion','FeatureValue',110,1,'2018-05-18 16:38:17','2018-05-18 16:38:17'),(524,1,0,'FeatureValue deletion','FeatureValue',111,1,'2018-05-18 16:38:17','2018-05-18 16:38:17'),(525,1,0,'FeatureValue deletion','FeatureValue',112,1,'2018-05-18 16:38:17','2018-05-18 16:38:17'),(526,1,0,'FeatureValue deletion','FeatureValue',113,1,'2018-05-18 16:38:17','2018-05-18 16:38:17'),(527,1,0,'FeatureValue deletion','FeatureValue',114,1,'2018-05-18 16:38:18','2018-05-18 16:38:18'),(528,1,0,'FeatureValue deletion','FeatureValue',115,1,'2018-05-18 16:38:18','2018-05-18 16:38:18'),(529,1,0,'FeatureValue deletion','FeatureValue',116,1,'2018-05-18 16:38:18','2018-05-18 16:38:18'),(530,1,0,'FeatureValue deletion','FeatureValue',117,1,'2018-05-18 16:38:18','2018-05-18 16:38:18'),(531,1,0,'FeatureValue deletion','FeatureValue',118,1,'2018-05-18 16:38:18','2018-05-18 16:38:18'),(532,1,0,'FeatureValue deletion','FeatureValue',119,1,'2018-05-18 16:38:18','2018-05-18 16:38:18'),(533,1,0,'FeatureValue deletion','FeatureValue',120,1,'2018-05-18 16:38:18','2018-05-18 16:38:18'),(534,1,0,'FeatureValue deletion','FeatureValue',121,1,'2018-05-18 16:38:18','2018-05-18 16:38:18'),(535,1,0,'FeatureValue deletion','FeatureValue',122,1,'2018-05-18 16:38:18','2018-05-18 16:38:18'),(536,1,0,'FeatureValue deletion','FeatureValue',123,1,'2018-05-18 16:38:18','2018-05-18 16:38:18'),(537,1,0,'Products import (from 0 to 5)','',0,1,'2018-05-18 16:47:12','2018-05-18 16:47:12'),(538,1,0,'Products import (from 5 to 20)','',0,1,'2018-05-18 16:47:12','2018-05-18 16:47:12'),(539,1,0,'Products import (from 25 to 80)','',0,1,'2018-05-18 16:47:14','2018-05-18 16:47:14'),(540,1,0,'Products import (from 105 to 100)','',0,1,'2018-05-18 16:47:15','2018-05-18 16:47:15'),(541,1,0,'Products import (from 0 to 5)','',0,1,'2018-05-18 16:47:18','2018-05-18 16:47:18'),(542,1,0,'Products import (from 5 to 8)','',0,1,'2018-05-18 16:47:22','2018-05-18 16:47:22'),(543,1,0,'Products import (from 13 to 9)','',0,1,'2018-05-18 16:47:27','2018-05-18 16:47:27'),(544,1,0,'Products import (from 22 to 9)','',0,1,'2018-05-18 16:47:31','2018-05-18 16:47:31'),(545,1,0,'Products import (from 31 to 9)','',0,1,'2018-05-18 16:47:36','2018-05-18 16:47:36'),(546,1,0,'Products import (from 40 to 10)','',0,1,'2018-05-18 16:47:42','2018-05-18 16:47:42'),(547,1,0,'Products import (from 50 to 8)','',0,1,'2018-05-18 16:47:46','2018-05-18 16:47:46'),(548,1,0,'Products import (from 58 to 8)','',0,1,'2018-05-18 16:47:51','2018-05-18 16:47:51'),(549,1,0,'Products import (from 66 to 8)','',0,1,'2018-05-18 16:47:56','2018-05-18 16:47:56'),(550,1,0,'Products import (from 74 to 7)','',0,1,'2018-05-18 16:48:01','2018-05-18 16:48:01'),(551,1,0,'Products import (from 81 to 8)','',0,1,'2018-05-18 16:48:05','2018-05-18 16:48:05'),(552,1,0,'Products import (from 89 to 9)','',0,1,'2018-05-18 16:48:11','2018-05-18 16:48:11'),(553,1,0,'Products import (from 98 to 7)','',0,1,'2018-05-18 16:48:15','2018-05-18 16:48:15'),(554,1,0,'Products import (from 105 to 7)','',0,1,'2018-05-18 16:48:20','2018-05-18 16:48:20'),(555,1,0,'Products import (from 112 to 7)','',0,1,'2018-05-18 16:48:23','2018-05-18 16:48:23'),(556,1,0,'Products import (from 119 to 9)','',0,1,'2018-05-18 16:48:28','2018-05-18 16:48:28'),(557,1,0,'Products import (from 128 to 8)','',0,1,'2018-05-18 16:48:33','2018-05-18 16:48:33'),(558,1,0,'Products import (from 136 to 9)','',0,1,'2018-05-18 16:48:37','2018-05-18 16:48:37'),(559,1,0,'Products import (from 145 to 9)','',0,1,'2018-05-18 16:48:42','2018-05-18 16:48:42'),(560,1,0,'Products import (from 154 to 8)','',0,1,'2018-05-18 16:48:47','2018-05-18 16:48:47'),(561,1,0,'Products import (from 162 to 8)','',0,1,'2018-05-18 16:48:51','2018-05-18 16:48:51'),(562,1,0,'Products import (from 170 to 9)','',0,1,'2018-05-18 16:48:56','2018-05-18 16:48:56'),(563,1,0,'Products import (from 179 to 9)','',0,1,'2018-05-18 16:49:01','2018-05-18 16:49:01'),(564,1,0,'Products import (from 188 to 9)','',0,1,'2018-05-18 16:49:03','2018-05-18 16:49:03'),(565,1,0,'Products import (from 0 to 5)','',0,1,'2018-05-18 16:49:04','2018-05-18 16:49:04'),(566,1,0,'Products import (from 0 to 5)','',0,1,'2018-05-18 16:49:47','2018-05-18 16:49:47'),(567,1,0,'Products import (from 5 to 20)','',0,1,'2018-05-18 16:49:47','2018-05-18 16:49:47'),(568,1,0,'Products import (from 25 to 80)','',0,1,'2018-05-18 16:49:48','2018-05-18 16:49:48'),(569,1,0,'Products import (from 0 to 5)','',0,1,'2018-05-18 16:49:50','2018-05-18 16:49:50'),(570,1,0,'Products import (from 5 to 13)','',0,1,'2018-05-18 16:49:54','2018-05-18 16:49:54'),(571,1,0,'Products import (from 18 to 15)','',0,1,'2018-05-18 16:49:59','2018-05-18 16:49:59'),(572,1,0,'Products import (from 33 to 15)','',0,1,'2018-05-18 16:50:04','2018-05-18 16:50:04'),(573,1,0,'Products import (from 48 to 16)','',0,1,'2018-05-18 16:50:05','2018-05-18 16:50:05'),(574,1,0,'Products import (from 0 to 5)','',0,1,'2018-05-18 16:50:06','2018-05-18 16:50:06'),(575,1,0,'Products import (from 0 to 5)','',0,1,'2018-05-18 16:50:42','2018-05-18 16:50:42'),(576,1,0,'Products import (from 5 to 20)','',0,1,'2018-05-18 16:50:43','2018-05-18 16:50:43'),(577,1,0,'Products import (from 25 to 80)','',0,1,'2018-05-18 16:50:44','2018-05-18 16:50:44'),(578,1,0,'Products import (from 0 to 5)','',0,1,'2018-05-18 16:50:45','2018-05-18 16:50:45'),(579,1,0,'Products import (from 5 to 13)','',0,1,'2018-05-18 16:50:50','2018-05-18 16:50:50'),(580,1,0,'Products import (from 18 to 13)','',0,1,'2018-05-18 16:50:55','2018-05-18 16:50:55'),(581,1,0,'Products import (from 31 to 13)','',0,1,'2018-05-18 16:50:59','2018-05-18 16:50:59'),(582,1,0,'Products import (from 44 to 14)','',0,1,'2018-05-18 16:51:03','2018-05-18 16:51:03'),(583,1,0,'Products import (from 0 to 5)','',0,1,'2018-05-18 16:51:03','2018-05-18 16:51:03'),(584,1,0,'Products import (from 0 to 5)','',0,1,'2018-05-18 16:52:39','2018-05-18 16:52:39'),(585,1,0,'Products import (from 5 to 20)','',0,1,'2018-05-18 16:52:40','2018-05-18 16:52:40'),(586,1,0,'Products import (from 25 to 80)','',0,1,'2018-05-18 16:52:41','2018-05-18 16:52:41'),(587,1,0,'Products import (from 0 to 5)','',0,1,'2018-05-18 16:52:43','2018-05-18 16:52:43'),(588,1,0,'Products import (from 5 to 12)','',0,1,'2018-05-18 16:52:47','2018-05-18 16:52:47'),(589,1,0,'Products import (from 17 to 14)','',0,1,'2018-05-18 16:52:52','2018-05-18 16:52:52'),(590,1,0,'Products import (from 31 to 15)','',0,1,'2018-05-18 16:52:57','2018-05-18 16:52:57'),(591,1,0,'Products import (from 46 to 15)','',0,1,'2018-05-18 16:52:59','2018-05-18 16:52:59'),(592,1,0,'Products import (from 0 to 5)','',0,1,'2018-05-18 16:52:59','2018-05-18 16:52:59'),(593,1,0,'Products import (from 0 to 5)','',0,1,'2018-05-18 16:59:16','2018-05-18 16:59:16'),(594,1,0,'Products import (from 5 to 20)','',0,1,'2018-05-18 16:59:17','2018-05-18 16:59:17'),(595,1,0,'Products import (from 25 to 80)','',0,1,'2018-05-18 16:59:17','2018-05-18 16:59:17'),(596,1,0,'Products import (from 0 to 5)','',0,1,'2018-05-18 16:59:19','2018-05-18 16:59:19'),(597,1,0,'Products import (from 5 to 13)','',0,1,'2018-05-18 16:59:24','2018-05-18 16:59:24'),(598,1,0,'Products import (from 18 to 14)','',0,1,'2018-05-18 16:59:28','2018-05-18 16:59:28'),(599,1,0,'Products import (from 32 to 15)','',0,1,'2018-05-18 16:59:33','2018-05-18 16:59:33'),(600,1,0,'Products import (from 47 to 15)','',0,1,'2018-05-18 16:59:35','2018-05-18 16:59:35'),(601,1,0,'Products import (from 0 to 5)','',0,1,'2018-05-18 16:59:36','2018-05-18 16:59:36'),(602,1,0,'Products import (from 0 to 5)','',0,1,'2018-05-18 17:00:33','2018-05-18 17:00:33'),(603,1,0,'Products import (from 5 to 20)','',0,1,'2018-05-18 17:00:33','2018-05-18 17:00:33'),(604,1,0,'Products import (from 0 to 5)','',0,1,'2018-05-18 17:00:35','2018-05-18 17:00:35'),(605,1,0,'Products import (from 5 to 12)','',0,1,'2018-05-18 17:00:36','2018-05-18 17:00:36'),(606,1,0,'Products import (from 0 to 5)','',0,1,'2018-05-18 17:00:37','2018-05-18 17:00:37'),(607,1,0,'Products import (from 0 to 5)','',0,1,'2018-05-18 17:00:51','2018-05-18 17:00:51'),(608,1,0,'Products import (from 5 to 20)','',0,1,'2018-05-18 17:00:52','2018-05-18 17:00:52'),(609,1,0,'Products import (from 0 to 5)','',0,1,'2018-05-18 17:00:54','2018-05-18 17:00:54'),(610,1,0,'Products import (from 5 to 12)','',0,1,'2018-05-18 17:00:55','2018-05-18 17:00:55'),(611,1,0,'Products import (from 0 to 5)','',0,1,'2018-05-18 17:00:55','2018-05-18 17:00:55'),(612,1,0,'Products import (from 0 to 5)','',0,1,'2018-05-18 17:01:08','2018-05-18 17:01:08'),(613,1,0,'Products import (from 5 to 20)','',0,1,'2018-05-18 17:01:09','2018-05-18 17:01:09'),(614,1,0,'Products import (from 0 to 5)','',0,1,'2018-05-18 17:01:11','2018-05-18 17:01:11'),(615,1,0,'Products import (from 5 to 13)','',0,1,'2018-05-18 17:01:12','2018-05-18 17:01:12'),(616,1,0,'Products import (from 0 to 5)','',0,1,'2018-05-18 17:01:12','2018-05-18 17:01:12'),(617,1,0,'Products import (from 0 to 5)','',0,1,'2018-05-18 17:01:31','2018-05-18 17:01:31'),(618,1,0,'Products import (from 5 to 20)','',0,1,'2018-05-18 17:01:31','2018-05-18 17:01:31'),(619,1,0,'Products import (from 0 to 5)','',0,1,'2018-05-18 17:01:33','2018-05-18 17:01:33'),(620,1,0,'Products import (from 5 to 14)','',0,1,'2018-05-18 17:01:34','2018-05-18 17:01:34'),(621,1,0,'Products import (from 0 to 5)','',0,1,'2018-05-18 17:01:34','2018-05-18 17:01:34'),(622,1,0,'Products import (from 0 to 5)','',0,1,'2018-05-18 17:01:56','2018-05-18 17:01:56'),(623,1,0,'Products import (from 5 to 20)','',0,1,'2018-05-18 17:01:57','2018-05-18 17:01:57'),(624,1,0,'Products import (from 25 to 80)','',0,1,'2018-05-18 17:01:57','2018-05-18 17:01:57'),(625,1,0,'Products import (from 0 to 5)','',0,1,'2018-05-18 17:01:59','2018-05-18 17:01:59'),(626,1,0,'Products import (from 5 to 14)','',0,1,'2018-05-18 17:02:03','2018-05-18 17:02:03'),(627,1,0,'Products import (from 19 to 15)','',0,1,'2018-05-18 17:02:06','2018-05-18 17:02:06'),(628,1,0,'Products import (from 0 to 5)','',0,1,'2018-05-18 17:02:07','2018-05-18 17:02:07'),(629,1,0,'Products import (from 0 to 5)','',0,1,'2018-05-18 17:02:30','2018-05-18 17:02:30'),(630,1,0,'Products import (from 5 to 20)','',0,1,'2018-05-18 17:02:31','2018-05-18 17:02:31'),(631,1,0,'Products import (from 25 to 80)','',0,1,'2018-05-18 17:02:31','2018-05-18 17:02:31'),(632,1,0,'Products import (from 0 to 5)','',0,1,'2018-05-18 17:02:33','2018-05-18 17:02:33'),(633,1,0,'Products import (from 5 to 13)','',0,1,'2018-05-18 17:02:37','2018-05-18 17:02:37'),(634,1,0,'Products import (from 18 to 15)','',0,1,'2018-05-18 17:02:41','2018-05-18 17:02:41'),(635,1,0,'Products import (from 0 to 5)','',0,1,'2018-05-18 17:02:41','2018-05-18 17:02:41'),(636,1,0,'Products import (from 0 to 5)','',0,1,'2018-05-18 17:02:58','2018-05-18 17:02:58'),(637,1,0,'Products import (from 5 to 20)','',0,1,'2018-05-18 17:02:58','2018-05-18 17:02:58'),(638,1,0,'Products import (from 25 to 80)','',0,1,'2018-05-18 17:02:59','2018-05-18 17:02:59'),(639,1,0,'Products import (from 0 to 5)','',0,1,'2018-05-18 17:03:01','2018-05-18 17:03:01'),(640,1,0,'Products import (from 5 to 12)','',0,1,'2018-05-18 17:03:05','2018-05-18 17:03:05'),(641,1,0,'Products import (from 17 to 15)','',0,1,'2018-05-18 17:03:08','2018-05-18 17:03:08'),(642,1,0,'Products import (from 0 to 5)','',0,1,'2018-05-18 17:03:08','2018-05-18 17:03:08'),(643,1,0,'Products import (from 0 to 5)','',0,1,'2018-05-18 17:03:22','2018-05-18 17:03:22'),(644,1,0,'Products import (from 5 to 20)','',0,1,'2018-05-18 17:03:23','2018-05-18 17:03:23'),(645,1,0,'Products import (from 25 to 80)','',0,1,'2018-05-18 17:03:24','2018-05-18 17:03:24'),(646,1,0,'Products import (from 0 to 5)','',0,1,'2018-05-18 17:03:25','2018-05-18 17:03:25'),(647,1,0,'Products import (from 5 to 14)','',0,1,'2018-05-18 17:03:30','2018-05-18 17:03:30'),(648,1,0,'Products import (from 19 to 15)','',0,1,'2018-05-18 17:03:33','2018-05-18 17:03:33'),(649,1,0,'Products import (from 0 to 5)','',0,1,'2018-05-18 17:03:33','2018-05-18 17:03:33'),(650,1,0,'Products import (from 0 to 5)','',0,1,'2018-05-18 17:07:18','2018-05-18 17:07:18'),(651,1,0,'Products import (from 5 to 20)','',0,1,'2018-05-18 17:07:19','2018-05-18 17:07:19'),(652,1,0,'Products import (from 0 to 5)','',0,1,'2018-05-18 17:07:21','2018-05-18 17:07:21'),(653,1,0,'Products import (from 5 to 11)','',0,1,'2018-05-18 17:07:23','2018-05-18 17:07:23'),(654,1,0,'Products import (from 0 to 5)','',0,1,'2018-05-18 17:07:23','2018-05-18 17:07:23'),(655,1,0,'Products import (from 0 to 5)','',0,1,'2018-05-18 17:07:38','2018-05-18 17:07:38'),(656,1,0,'Products import (from 5 to 20)','',0,1,'2018-05-18 17:07:39','2018-05-18 17:07:39'),(657,1,0,'Products import (from 0 to 5)','',0,1,'2018-05-18 17:07:41','2018-05-18 17:07:41'),(658,1,0,'Products import (from 5 to 14)','',0,1,'2018-05-18 17:07:42','2018-05-18 17:07:42'),(659,1,0,'Products import (from 0 to 5)','',0,1,'2018-05-18 17:07:43','2018-05-18 17:07:43'),(660,1,0,'Products import (from 0 to 5)','',0,1,'2018-05-18 17:09:04','2018-05-18 17:09:04'),(661,1,0,'Products import (from 5 to 20)','',0,1,'2018-05-18 17:09:05','2018-05-18 17:09:05'),(662,1,0,'Products import (from 0 to 5)','',0,1,'2018-05-18 17:09:07','2018-05-18 17:09:07'),(663,1,0,'Products import (from 5 to 13)','',0,1,'2018-05-18 17:09:08','2018-05-18 17:09:08'),(664,1,0,'Products import (from 0 to 5)','',0,1,'2018-05-18 17:09:09','2018-05-18 17:09:09'),(665,1,0,'Products import (from 0 to 5)','',0,1,'2018-05-18 17:09:25','2018-05-18 17:09:25'),(666,1,0,'Products import (from 5 to 20)','',0,1,'2018-05-18 17:09:25','2018-05-18 17:09:25'),(667,1,0,'Products import (from 0 to 5)','',0,1,'2018-05-18 17:09:27','2018-05-18 17:09:27'),(668,1,0,'Products import (from 5 to 12)','',0,1,'2018-05-18 17:09:29','2018-05-18 17:09:29'),(669,1,0,'Products import (from 0 to 5)','',0,1,'2018-05-18 17:09:29','2018-05-18 17:09:29'),(670,1,0,'Products import (from 0 to 5)','',0,1,'2018-05-18 17:09:56','2018-05-18 17:09:56'),(671,1,0,'Products import (from 5 to 20)','',0,1,'2018-05-18 17:09:57','2018-05-18 17:09:57'),(672,1,0,'Products import (from 0 to 5)','',0,1,'2018-05-18 17:09:58','2018-05-18 17:09:58'),(673,1,0,'Products import (from 5 to 12)','',0,1,'2018-05-18 17:10:00','2018-05-18 17:10:00'),(674,1,0,'Products import (from 0 to 5)','',0,1,'2018-05-18 17:10:01','2018-05-18 17:10:01'),(675,1,0,'Feature modification','Feature',9,1,'2018-05-18 17:11:57','2018-05-18 17:11:57'),(676,1,0,'Back office connection from 31.44.38.2','',0,1,'2018-05-30 16:07:53','2018-05-30 16:07:53'),(677,1,0,'Back office connection from 31.44.38.2','',0,1,'2018-05-30 18:04:56','2018-05-30 18:04:56'),(678,1,0,'Back office connection from 31.44.38.2','',0,1,'2018-06-05 14:40:16','2018-06-05 14:40:16'),(679,1,0,'Product modification','Product',69,1,'2018-06-05 14:42:27','2018-06-05 14:42:27'),(680,1,0,'Product modification','Product',76,1,'2018-06-05 14:42:43','2018-06-05 14:42:43'),(681,1,0,'Product modification','Product',114,1,'2018-06-05 14:44:01','2018-06-05 14:44:01'),(682,1,0,'Product modification','Product',112,1,'2018-06-05 14:44:42','2018-06-05 14:44:42'),(683,1,0,'Product modification','Product',113,1,'2018-06-05 14:44:46','2018-06-05 14:44:46'),(684,1,0,'Product modification','Product',110,1,'2018-06-05 14:45:44','2018-06-05 14:45:44'),(685,1,0,'Product modification','Product',119,1,'2018-06-05 14:45:46','2018-06-05 14:45:46'),(686,1,0,'Product modification','Product',97,1,'2018-06-05 14:46:34','2018-06-05 14:46:34'),(687,1,0,'Product modification','Product',99,1,'2018-06-05 14:46:44','2018-06-05 14:46:44'),(688,1,0,'Product modification','Product',129,1,'2018-06-05 14:47:04','2018-06-05 14:47:04'),(689,1,0,'Product modification','Product',102,1,'2018-06-05 14:48:24','2018-06-05 14:48:24'),(690,1,0,'Back office connection from 31.44.38.2','',0,1,'2018-06-05 16:01:37','2018-06-05 16:01:37'),(691,1,0,'Back office connection from 31.44.38.2','',0,1,'2018-06-05 17:00:35','2018-06-05 17:00:35'),(692,1,0,'Back office connection from 31.44.38.2','',0,1,'2018-06-12 15:57:23','2018-06-12 15:57:23'),(693,1,0,'Back office connection from 31.44.38.2','',0,1,'2018-06-12 17:30:15','2018-06-12 17:30:15'),(694,1,0,'Category addition','Category',26,1,'2018-06-12 17:31:59','2018-06-12 17:31:59'),(695,1,0,'Category addition','Category',27,1,'2018-06-12 17:32:17','2018-06-12 17:32:17'),(696,1,0,'Product modification','Product',28,1,'2018-06-12 17:34:05','2018-06-12 17:34:05'),(697,1,0,'Product modification','Product',25,1,'2018-06-12 17:34:23','2018-06-12 17:34:23'),(698,1,0,'Product modification','Product',26,1,'2018-06-12 17:34:34','2018-06-12 17:34:34'),(699,1,0,'Product modification','Product',27,1,'2018-06-12 17:34:42','2018-06-12 17:34:42'),(700,1,0,'Product modification','Product',28,1,'2018-06-12 17:34:49','2018-06-12 17:34:49'),(701,1,0,'Product modification','Product',29,1,'2018-06-12 17:34:54','2018-06-12 17:34:54'),(702,1,0,'Product modification','Product',30,1,'2018-06-12 17:35:00','2018-06-12 17:35:00'),(703,1,0,'Product modification','Product',31,1,'2018-06-12 17:35:05','2018-06-12 17:35:05'),(704,1,0,'Category addition','Category',28,1,'2018-06-12 17:37:59','2018-06-12 17:37:59'),(705,1,0,'Category addition','Category',29,1,'2018-06-12 17:39:14','2018-06-12 17:39:14'),(706,1,0,'Category addition','Category',30,1,'2018-06-12 17:40:38','2018-06-12 17:40:38'),(707,1,0,'Product modification','Product',49,1,'2018-06-12 17:41:32','2018-06-12 17:41:32'),(708,1,0,'Product modification','Product',50,1,'2018-06-12 17:41:43','2018-06-12 17:41:43'),(709,1,0,'Product modification','Product',51,1,'2018-06-12 17:41:50','2018-06-12 17:41:50'),(710,1,0,'Product modification','Product',52,1,'2018-06-12 17:42:19','2018-06-12 17:42:19'),(711,1,0,'Product modification','Product',52,1,'2018-06-12 17:42:23','2018-06-12 17:42:23'),(712,1,0,'Product modification','Product',53,1,'2018-06-12 17:42:32','2018-06-12 17:42:32'),(713,1,0,'Product modification','Product',54,1,'2018-06-12 17:42:39','2018-06-12 17:42:39'),(714,1,0,'Product modification','Product',55,1,'2018-06-12 17:42:51','2018-06-12 17:42:51'),(715,1,0,'Product modification','Product',56,1,'2018-06-12 17:42:58','2018-06-12 17:42:58'),(716,1,0,'Product modification','Product',57,1,'2018-06-12 17:43:14','2018-06-12 17:43:14'),(717,1,0,'Product modification','Product',58,1,'2018-06-12 17:43:21','2018-06-12 17:43:21'),(718,1,0,'Product modification','Product',59,1,'2018-06-12 17:44:00','2018-06-12 17:44:00'),(719,1,0,'Product modification','Product',60,1,'2018-06-12 17:44:04','2018-06-12 17:44:04'),(720,1,0,'Product modification','Product',61,1,'2018-06-12 17:44:16','2018-06-12 17:44:16'),(721,1,0,'Product modification','Product',62,1,'2018-06-12 17:44:28','2018-06-12 17:44:28'),(722,1,0,'Product modification','Product',63,1,'2018-06-12 17:44:33','2018-06-12 17:44:33'),(723,1,0,'Product modification','Product',64,1,'2018-06-12 17:44:41','2018-06-12 17:44:41'),(724,1,0,'Product modification','Product',65,1,'2018-06-12 17:44:47','2018-06-12 17:44:47'),(725,1,0,'Product modification','Product',66,1,'2018-06-12 17:44:53','2018-06-12 17:44:53'),(726,1,0,'Product modification','Product',67,1,'2018-06-12 17:44:57','2018-06-12 17:44:57'),(727,1,0,'Product modification','Product',68,1,'2018-06-12 17:45:05','2018-06-12 17:45:05'),(728,1,0,'Product modification','Product',69,1,'2018-06-12 17:45:12','2018-06-12 17:45:12'),(729,1,0,'Product modification','Product',70,1,'2018-06-12 17:45:18','2018-06-12 17:45:18'),(730,1,0,'Product modification','Product',71,1,'2018-06-12 17:45:25','2018-06-12 17:45:25'),(731,1,0,'Product modification','Product',72,1,'2018-06-12 17:45:37','2018-06-12 17:45:37'),(732,1,0,'Product modification','Product',73,1,'2018-06-12 17:45:42','2018-06-12 17:45:42'),(733,1,0,'Product modification','Product',74,1,'2018-06-12 17:45:49','2018-06-12 17:45:49'),(734,1,0,'Product modification','Product',75,1,'2018-06-12 17:45:55','2018-06-12 17:45:55'),(735,1,0,'Product modification','Product',76,1,'2018-06-12 17:45:59','2018-06-12 17:45:59'),(736,1,0,'Product modification','Product',81,1,'2018-06-12 18:03:48','2018-06-12 18:03:48'),(737,1,0,'Category addition','Category',31,1,'2018-06-12 18:09:01','2018-06-12 18:09:01'),(738,1,0,'Product modification','Product',39,1,'2018-06-12 18:09:26','2018-06-12 18:09:26'),(739,1,0,'Product modification','Product',40,1,'2018-06-12 18:09:28','2018-06-12 18:09:28'),(740,1,0,'Product modification','Product',41,1,'2018-06-12 18:09:34','2018-06-12 18:09:34'),(741,1,0,'Product modification','Product',42,1,'2018-06-12 18:09:42','2018-06-12 18:09:42'),(742,1,0,'Product modification','Product',43,1,'2018-06-12 18:09:46','2018-06-12 18:09:46'),(743,1,0,'Product modification','Product',44,1,'2018-06-12 18:09:51','2018-06-12 18:09:51'),(744,1,0,'Product modification','Product',45,1,'2018-06-12 18:09:58','2018-06-12 18:09:58'),(745,1,0,'Product modification','Product',46,1,'2018-06-12 18:10:02','2018-06-12 18:10:02'),(746,1,0,'Product modification','Product',47,1,'2018-06-12 18:10:07','2018-06-12 18:10:07'),(747,1,0,'Product modification','Product',48,1,'2018-06-12 18:10:11','2018-06-12 18:10:11'),(748,1,0,'Product modification','Product',44,1,'2018-06-12 18:14:04','2018-06-12 18:14:04'),(749,1,0,'Product modification','Product',43,1,'2018-06-12 18:14:40','2018-06-12 18:14:40'),(750,1,0,'Product modification','Product',130,1,'2018-06-12 18:57:00','2018-06-12 18:57:00'),(751,1,0,'Product modification','Product',130,1,'2018-06-12 18:57:15','2018-06-12 18:57:15'),(752,1,0,'Product modification','Product',130,1,'2018-06-12 18:57:23','2018-06-12 18:57:23'),(753,1,0,'Product modification','Product',130,1,'2018-06-12 18:58:04','2018-06-12 18:58:04'),(754,1,0,'Product modification','Product',130,1,'2018-06-12 18:58:15','2018-06-12 18:58:15'),(755,1,0,'Product modification','Product',130,1,'2018-06-12 18:58:46','2018-06-12 18:58:46'),(756,1,0,'Product modification','Product',130,1,'2018-06-12 19:00:58','2018-06-12 19:00:58'),(757,1,0,'Product modification','Product',130,1,'2018-06-12 19:02:55','2018-06-12 19:02:55'),(758,1,0,'Product modification','Product',130,1,'2018-06-12 19:04:36','2018-06-12 19:04:36'),(759,1,0,'Product modification','Product',130,1,'2018-06-12 19:06:40','2018-06-12 19:06:40'),(760,1,0,'Product modification','Product',130,1,'2018-06-12 19:08:13','2018-06-12 19:08:13'),(761,1,0,'Product modification','Product',130,1,'2018-06-12 19:08:41','2018-06-12 19:08:41'),(762,1,0,'Product modification','Product',130,1,'2018-06-12 19:09:35','2018-06-12 19:09:35'),(763,1,0,'Product modification','Product',130,1,'2018-06-12 19:12:48','2018-06-12 19:12:48'),(764,1,0,'Product modification','Product',130,1,'2018-06-12 19:13:02','2018-06-12 19:13:02'),(765,1,0,'Product modification','Product',130,1,'2018-06-12 19:15:16','2018-06-12 19:15:16'),(766,1,0,'Category addition','Category',32,1,'2018-06-13 16:04:48','2018-06-13 16:04:48'),(767,1,0,'Category addition','Category',33,1,'2018-06-14 12:46:26','2018-06-14 12:46:26'),(768,1,0,'Category addition','Category',34,1,'2018-06-14 12:47:24','2018-06-14 12:47:24'),(769,1,0,'Category addition','Category',35,1,'2018-06-14 12:47:51','2018-06-14 12:47:51'),(770,1,0,'Category modification','Category',34,1,'2018-06-14 12:48:55','2018-06-14 12:48:55'),(771,1,0,'Category addition','Category',36,1,'2018-06-14 12:49:32','2018-06-14 12:49:32'),(772,1,0,'Category modification','Category',2,1,'2018-06-21 17:38:44','2018-06-21 17:38:44'),(773,1,0,'Category modification','Category',2,1,'2018-06-21 17:39:31','2018-06-21 17:39:31'),(774,1,0,'Product modification','Product',49,1,'2018-06-21 17:42:53','2018-06-21 17:42:53'),(775,1,0,'Product modification','Product',25,1,'2018-06-21 18:14:01','2018-06-21 18:14:01'),(776,1,0,'Product modification','Product',129,1,'2018-06-21 18:15:38','2018-06-21 18:15:38'),(777,1,0,'Product modification','Product',128,1,'2018-06-21 18:15:42','2018-06-21 18:15:42'),(778,1,0,'Product modification','Product',127,1,'2018-06-21 18:15:46','2018-06-21 18:15:46'),(779,1,0,'Product modification','Product',126,1,'2018-06-21 18:15:55','2018-06-21 18:15:55'),(780,1,0,'Product modification','Product',125,1,'2018-06-21 18:16:00','2018-06-21 18:16:00'),(781,1,0,'Products import (from 0 to 5)','',0,1,'2018-06-21 18:18:12','2018-06-21 18:18:12'),(782,1,0,'Products import (from 5 to 20)','',0,1,'2018-06-21 18:18:13','2018-06-21 18:18:13'),(783,1,0,'Products import (from 25 to 80)','',0,1,'2018-06-21 18:18:14','2018-06-21 18:18:14'),(784,1,0,'Products import (from 0 to 5)','',0,1,'2018-06-21 18:18:16','2018-06-21 18:18:16'),(785,1,0,'Products import (from 5 to 13)','',0,1,'2018-06-21 18:18:20','2018-06-21 18:18:20'),(786,1,0,'Products import (from 18 to 15)','',0,1,'2018-06-21 18:18:24','2018-06-21 18:18:24'),(787,1,0,'Products import (from 33 to 16)','',0,1,'2018-06-21 18:18:30','2018-06-21 18:18:30'),(788,1,0,'Products import (from 49 to 15)','',0,1,'2018-06-21 18:18:31','2018-06-21 18:18:31'),(789,1,0,'Products import (from 0 to 5)','',0,1,'2018-06-21 18:18:32','2018-06-21 18:18:32'),(790,1,0,'Products import (from 0 to 5)','',0,1,'2018-06-21 18:19:32','2018-06-21 18:19:32'),(791,1,0,'Products import (from 5 to 20)','',0,1,'2018-06-21 18:19:33','2018-06-21 18:19:33'),(792,1,0,'Products import (from 25 to 80)','',0,1,'2018-06-21 18:19:34','2018-06-21 18:19:34'),(793,1,0,'Products import (from 0 to 5)','',0,1,'2018-06-21 18:19:37','2018-06-21 18:19:37'),(794,1,0,'Back office connection from 31.44.38.2','',0,1,'2018-06-26 13:56:26','2018-06-26 13:56:26'),(795,1,0,'Products import (from 0 to 5)','',0,1,'2018-06-26 13:57:40','2018-06-26 13:57:40'),(796,1,0,'Products import (from 5 to 20)','',0,1,'2018-06-26 13:57:40','2018-06-26 13:57:40'),(797,1,0,'Products import (from 0 to 5)','',0,1,'2018-06-26 13:57:42','2018-06-26 13:57:42'),(798,1,0,'Products import (from 5 to 15)','',0,1,'2018-06-26 13:57:43','2018-06-26 13:57:43'),(799,1,0,'Products import (from 0 to 5)','',0,1,'2018-06-26 13:57:43','2018-06-26 13:57:43'),(800,1,0,'Products import (from 0 to 5)','',0,1,'2018-06-26 13:58:01','2018-06-26 13:58:01'),(801,1,0,'Products import (from 5 to 20)','',0,1,'2018-06-26 13:58:02','2018-06-26 13:58:02'),(802,1,0,'Products import (from 0 to 5)','',0,1,'2018-06-26 13:58:04','2018-06-26 13:58:04'),(803,1,0,'Products import (from 5 to 13)','',0,1,'2018-06-26 13:58:05','2018-06-26 13:58:05'),(804,1,0,'Products import (from 0 to 5)','',0,1,'2018-06-26 13:58:05','2018-06-26 13:58:05'),(805,1,0,'Products import (from 0 to 5)','',0,1,'2018-06-26 13:58:18','2018-06-26 13:58:18'),(806,1,0,'Products import (from 5 to 20)','',0,1,'2018-06-26 13:58:19','2018-06-26 13:58:19'),(807,1,0,'Products import (from 0 to 5)','',0,1,'2018-06-26 13:58:20','2018-06-26 13:58:20'),(808,1,0,'Products import (from 5 to 14)','',0,1,'2018-06-26 13:58:21','2018-06-26 13:58:21'),(809,1,0,'Products import (from 0 to 5)','',0,1,'2018-06-26 13:58:22','2018-06-26 13:58:22'),(810,1,0,'Products import (from 0 to 5)','',0,1,'2018-06-26 13:58:35','2018-06-26 13:58:35'),(811,1,0,'Products import (from 5 to 20)','',0,1,'2018-06-26 13:58:35','2018-06-26 13:58:35'),(812,1,0,'Products import (from 0 to 5)','',0,1,'2018-06-26 13:58:37','2018-06-26 13:58:37'),(813,1,0,'Products import (from 5 to 14)','',0,1,'2018-06-26 13:58:38','2018-06-26 13:58:38'),(814,1,0,'Products import (from 0 to 5)','',0,1,'2018-06-26 13:58:38','2018-06-26 13:58:38'),(815,1,0,'Products import (from 0 to 5)','',0,1,'2018-06-26 14:01:27','2018-06-26 14:01:27'),(816,1,0,'Products import (from 5 to 20)','',0,1,'2018-06-26 14:01:28','2018-06-26 14:01:28'),(817,1,0,'Products import (from 25 to 80)','',0,1,'2018-06-26 14:01:29','2018-06-26 14:01:29'),(818,1,0,'Products import (from 0 to 5)','',0,1,'2018-06-26 14:01:32','2018-06-26 14:01:32'),(819,1,0,'Products import (from 5 to 9)','',0,1,'2018-06-26 14:01:36','2018-06-26 14:01:36'),(820,1,0,'Products import (from 14 to 9)','',0,1,'2018-06-26 14:01:40','2018-06-26 14:01:40'),(821,1,0,'Products import (from 23 to 10)','',0,1,'2018-06-26 14:01:45','2018-06-26 14:01:45'),(822,1,0,'Products import (from 33 to 10)','',0,1,'2018-06-26 14:01:50','2018-06-26 14:01:50'),(823,1,0,'Products import (from 43 to 11)','',0,1,'2018-06-26 14:01:55','2018-06-26 14:01:55'),(824,1,0,'Products import (from 54 to 11)','',0,1,'2018-06-26 14:02:00','2018-06-26 14:02:00'),(825,1,0,'Products import (from 65 to 11)','',0,1,'2018-06-26 14:02:05','2018-06-26 14:02:05'),(826,1,0,'Products import (from 76 to 10)','',0,1,'2018-06-26 14:02:09','2018-06-26 14:02:09'),(827,1,0,'Products import (from 86 to 10)','',0,1,'2018-06-26 14:02:14','2018-06-26 14:02:14'),(828,1,0,'Products import (from 96 to 10)','',0,1,'2018-06-26 14:02:15','2018-06-26 14:02:15'),(829,1,0,'Products import (from 0 to 5)','',0,1,'2018-06-26 14:02:16','2018-06-26 14:02:16'),(830,1,0,'Products import (from 0 to 5)','',0,1,'2018-06-26 14:04:25','2018-06-26 14:04:25'),(831,1,0,'Products import (from 5 to 20)','',0,1,'2018-06-26 14:04:26','2018-06-26 14:04:26'),(832,1,0,'Products import (from 25 to 80)','',0,1,'2018-06-26 14:04:27','2018-06-26 14:04:27'),(833,1,0,'Products import (from 0 to 5)','',0,1,'2018-06-26 14:04:30','2018-06-26 14:04:30'),(834,1,0,'Products import (from 5 to 10)','',0,1,'2018-06-26 14:04:34','2018-06-26 14:04:34'),(835,1,0,'Products import (from 15 to 10)','',0,1,'2018-06-26 14:04:40','2018-06-26 14:04:40'),(836,1,0,'Products import (from 25 to 9)','',0,1,'2018-06-26 14:04:44','2018-06-26 14:04:44'),(837,1,0,'Products import (from 34 to 10)','',0,1,'2018-06-26 14:04:49','2018-06-26 14:04:49'),(838,1,0,'Products import (from 44 to 10)','',0,1,'2018-06-26 14:04:54','2018-06-26 14:04:54'),(839,1,0,'Products import (from 54 to 10)','',0,1,'2018-06-26 14:04:59','2018-06-26 14:04:59'),(840,1,0,'Products import (from 64 to 10)','',0,1,'2018-06-26 14:05:04','2018-06-26 14:05:04'),(841,1,0,'Products import (from 74 to 9)','',0,1,'2018-06-26 14:05:08','2018-06-26 14:05:08'),(842,1,0,'Products import (from 83 to 10)','',0,1,'2018-06-26 14:05:13','2018-06-26 14:05:13'),(843,1,0,'Products import (from 93 to 10)','',0,1,'2018-06-26 14:05:16','2018-06-26 14:05:16'),(844,1,0,'Products import (from 0 to 5)','',0,1,'2018-06-26 14:05:16','2018-06-26 14:05:16'),(845,1,0,'Products import (from 0 to 5)','',0,1,'2018-06-26 14:05:37','2018-06-26 14:05:37'),(846,1,0,'Products import (from 5 to 20)','',0,1,'2018-06-26 14:05:38','2018-06-26 14:05:38'),(847,1,0,'Products import (from 25 to 80)','',0,1,'2018-06-26 14:05:39','2018-06-26 14:05:39'),(848,1,0,'Products import (from 0 to 5)','',0,1,'2018-06-26 14:05:42','2018-06-26 14:05:42'),(849,1,0,'Products import (from 5 to 9)','',0,1,'2018-06-26 14:05:46','2018-06-26 14:05:46'),(850,1,0,'Products import (from 14 to 10)','',0,1,'2018-06-26 14:05:52','2018-06-26 14:05:52'),(851,1,0,'Products import (from 24 to 9)','',0,1,'2018-06-26 14:05:56','2018-06-26 14:05:56'),(852,1,0,'Products import (from 33 to 10)','',0,1,'2018-06-26 14:06:01','2018-06-26 14:06:01'),(853,1,0,'Products import (from 43 to 10)','',0,1,'2018-06-26 14:06:06','2018-06-26 14:06:06'),(854,1,0,'Products import (from 53 to 9)','',0,1,'2018-06-26 14:06:11','2018-06-26 14:06:11'),(855,1,0,'Products import (from 62 to 9)','',0,1,'2018-06-26 14:06:15','2018-06-26 14:06:15'),(856,1,0,'Products import (from 71 to 10)','',0,1,'2018-06-26 14:06:19','2018-06-26 14:06:19'),(857,1,0,'Products import (from 81 to 11)','',0,1,'2018-06-26 14:06:24','2018-06-26 14:06:24'),(858,1,0,'Products import (from 92 to 10)','',0,1,'2018-06-26 14:06:27','2018-06-26 14:06:27'),(859,1,0,'Products import (from 0 to 5)','',0,1,'2018-06-26 14:06:28','2018-06-26 14:06:28'),(860,1,0,'Products import (from 0 to 5)','',0,1,'2018-06-26 14:21:38','2018-06-26 14:21:38'),(861,1,0,'Products import (from 5 to 20)','',0,1,'2018-06-26 14:21:39','2018-06-26 14:21:39'),(862,1,0,'Products import (from 0 to 5)','',0,1,'2018-06-26 14:21:41','2018-06-26 14:21:41'),(863,1,0,'Products import (from 5 to 9)','',0,1,'2018-06-26 14:21:42','2018-06-26 14:21:42'),(864,1,0,'Products import (from 0 to 5)','',0,1,'2018-06-26 14:21:43','2018-06-26 14:21:43'),(865,1,0,'Products import (from 0 to 5)','',0,1,'2018-06-26 14:24:59','2018-06-26 14:24:59'),(866,1,0,'Products import (from 5 to 20)','',0,1,'2018-06-26 14:25:00','2018-06-26 14:25:00'),(867,1,0,'Products import (from 25 to 80)','',0,1,'2018-06-26 14:25:01','2018-06-26 14:25:01'),(868,1,0,'Products import (from 0 to 5)','',0,1,'2018-06-26 14:25:04','2018-06-26 14:25:04'),(869,1,0,'Products import (from 5 to 9)','',0,1,'2018-06-26 14:25:08','2018-06-26 14:25:08'),(870,1,0,'Products import (from 14 to 11)','',0,1,'2018-06-26 14:25:13','2018-06-26 14:25:13'),(871,1,0,'Products import (from 25 to 11)','',0,1,'2018-06-26 14:25:18','2018-06-26 14:25:18'),(872,1,0,'Products import (from 36 to 10)','',0,1,'2018-06-26 14:25:23','2018-06-26 14:25:23'),(873,1,0,'Products import (from 46 to 11)','',0,1,'2018-06-26 14:25:28','2018-06-26 14:25:28'),(874,1,0,'Products import (from 57 to 10)','',0,1,'2018-06-26 14:25:32','2018-06-26 14:25:32'),(875,1,0,'Products import (from 67 to 10)','',0,1,'2018-06-26 14:25:37','2018-06-26 14:25:37'),(876,1,0,'Products import (from 77 to 10)','',0,1,'2018-06-26 14:25:42','2018-06-26 14:25:42'),(877,1,0,'Products import (from 87 to 10)','',0,1,'2018-06-26 14:25:46','2018-06-26 14:25:46'),(878,1,0,'Products import (from 97 to 10)','',0,1,'2018-06-26 14:25:47','2018-06-26 14:25:47'),(879,1,0,'Products import (from 0 to 5)','',0,1,'2018-06-26 14:25:48','2018-06-26 14:25:48'),(880,1,0,'Contact deletion','Contact',1,1,'2018-06-26 17:24:48','2018-06-26 17:24:48'),(881,1,0,'Store deletion','Store',2,1,'2018-06-26 17:25:00','2018-06-26 17:25:00'),(882,1,0,'Store deletion','Store',3,1,'2018-06-26 17:25:00','2018-06-26 17:25:00'),(883,1,0,'Store deletion','Store',4,1,'2018-06-26 17:25:00','2018-06-26 17:25:00'),(884,1,0,'Store deletion','Store',5,1,'2018-06-26 17:25:00','2018-06-26 17:25:00'),(885,1,0,'Store deletion','Store',2,1,'2018-06-26 17:44:57','2018-06-26 17:44:57'),(886,1,0,'Store deletion','Store',3,1,'2018-06-26 17:44:57','2018-06-26 17:44:57'),(887,1,0,'Store deletion','Store',4,1,'2018-06-26 17:44:57','2018-06-26 17:44:57'),(888,1,0,'Store deletion','Store',5,1,'2018-06-26 17:44:57','2018-06-26 17:44:57'),(889,1,0,'Store modification','Store',1,1,'2018-06-26 18:15:59','2018-06-26 18:15:59'),(890,1,0,'Product duplicated: (from 130 to 131).','',0,1,'2018-07-05 09:02:35','2018-07-05 09:02:35'),(891,1,0,'Product modification','Product',131,1,'2018-07-05 09:03:36','2018-07-05 09:03:36'),(892,1,0,'Product modification','Product',131,1,'2018-07-05 09:03:38','2018-07-05 09:03:38'),(893,1,0,'Product modification','Product',131,1,'2018-07-05 09:03:55','2018-07-05 09:03:55'),(894,1,0,'Product modification','Product',131,1,'2018-07-05 09:06:52','2018-07-05 09:06:52'),(895,1,0,'Product modification','Product',131,1,'2018-07-05 09:07:21','2018-07-05 09:07:21'),(896,1,0,'Product modification','Product',131,1,'2018-07-05 09:07:47','2018-07-05 09:07:47'),(897,1,0,'Product modification','Product',131,1,'2018-07-05 09:09:43','2018-07-05 09:09:43'),(898,1,0,'Product modification','Product',131,1,'2018-07-05 09:11:40','2018-07-05 09:11:40'),(899,1,0,'Product modification','Product',131,1,'2018-07-05 09:11:58','2018-07-05 09:11:58'),(900,1,0,'Contact deletion','Contact',1,1,'2018-07-05 09:58:05','2018-07-05 09:58:05'),(901,1,0,'Contact modification','Contact',2,1,'2018-07-05 09:58:21','2018-07-05 09:58:21'),(902,3,0,'You must specify as many arguments (%d, %s ...) as the original string.','',0,1,'2018-07-05 10:30:06','2018-07-05 10:30:06'),(903,1,0,'Category addition','Category',37,1,'2018-07-05 11:50:29','2018-07-05 11:50:29'),(904,1,0,'Product modification','Product',131,1,'2018-07-05 11:51:22','2018-07-05 11:51:22'),(905,1,0,'Product modification','Product',130,1,'2018-07-05 11:51:28','2018-07-05 11:51:28'),(906,1,0,'Back office connection from 31.44.38.2','',0,1,'2018-07-10 16:54:52','2018-07-10 16:54:52'),(907,1,0,'Back office connection from 31.44.38.2','',0,1,'2018-07-10 17:12:56','2018-07-10 17:12:56'),(908,1,0,'Back office connection from 31.44.38.2','',0,1,'2018-07-11 10:17:46','2018-07-11 10:17:46'),(909,1,0,'Back office connection from 31.44.38.2','',0,1,'2018-07-12 14:16:35','2018-07-12 14:16:35'),(910,1,0,'Back office connection from 31.44.38.2','',0,1,'2018-07-12 14:55:49','2018-07-12 14:55:49'),(911,1,0,'Back office connection from 31.44.38.2','',0,1,'2018-07-16 09:06:11','2018-07-16 09:06:11'),(912,1,0,'Back office connection from 31.44.38.2','',0,1,'2018-07-16 11:13:41','2018-07-16 11:13:41'),(913,1,0,'Back office connection from 31.44.38.2','',0,1,'2018-07-16 11:49:57','2018-07-16 11:49:57'),(914,1,0,'Product modification','Product',48,1,'2018-07-16 11:52:37','2018-07-16 11:52:37'),(915,1,0,'Product modification','Product',48,1,'2018-07-16 11:53:23','2018-07-16 11:53:23'),(916,1,0,'Back office connection from 31.44.38.2','',0,1,'2018-07-16 12:28:15','2018-07-16 12:28:15'),(917,1,0,'Meta modification','Meta',2,1,'2018-07-16 17:59:07','2018-07-16 17:59:07'),(918,1,0,'Meta modification','Meta',2,1,'2018-07-16 17:59:32','2018-07-16 17:59:32'),(919,1,0,'Meta modification','Meta',2,1,'2018-07-16 17:59:43','2018-07-16 17:59:43'),(920,1,0,'Alias deletion','Alias',1,1,'2018-07-16 18:05:53','2018-07-16 18:05:53'),(921,1,0,'Alias deletion','Alias',2,1,'2018-07-16 18:05:53','2018-07-16 18:05:53'),(922,1,0,'Meta modification','Meta',2,1,'2018-07-16 18:06:46','2018-07-16 18:06:46'),(923,1,0,'Meta modification','Meta',2,1,'2018-07-16 18:07:00','2018-07-16 18:07:00'),(924,1,0,'Meta modification','Meta',2,1,'2018-07-16 18:07:12','2018-07-16 18:07:12'),(925,1,0,'Meta modification','Meta',2,1,'2018-07-16 18:07:26','2018-07-16 18:07:26'),(926,1,0,'Meta modification','Meta',2,1,'2018-07-16 18:07:36','2018-07-16 18:07:36'),(927,1,0,'ShopGroup modification','ShopGroup',3,1,'2018-07-16 18:10:05','2018-07-16 18:10:05'),(928,1,0,'ShopGroup modification','ShopGroup',3,1,'2018-07-16 18:10:09','2018-07-16 18:10:09'),(929,1,0,'ShopGroup modification','ShopGroup',3,1,'2018-07-16 18:14:33','2018-07-16 18:14:33'),(930,1,0,'Back office connection from 31.44.38.2','',0,1,'2018-07-17 11:18:30','2018-07-17 11:18:30'),(931,1,0,'Back office connection from 31.44.38.2','',0,1,'2018-07-17 12:52:53','2018-07-17 12:52:53'),(932,1,0,'ImageType addition','ImageType',9,1,'2018-07-17 12:53:31','2018-07-17 12:53:31'),(933,1,0,'ImageType modification','ImageType',9,1,'2018-07-17 12:53:44','2018-07-17 12:53:44'),(934,1,0,'Back office connection from 31.44.38.2','',0,1,'2018-07-20 11:09:09','2018-07-20 11:09:09'),(935,1,0,'Back office connection from 31.44.38.2','',0,1,'2018-07-20 11:36:13','2018-07-20 11:36:13'),(936,1,0,'Meta modification','Meta',8,1,'2018-07-20 11:38:48','2018-07-20 11:38:48'),(937,1,0,'Meta modification','Meta',8,1,'2018-07-20 11:39:04','2018-07-20 11:39:04'),(938,1,0,'Meta modification','Meta',8,1,'2018-07-20 11:39:17','2018-07-20 11:39:17'),(939,1,0,'Meta modification','Meta',8,1,'2018-07-20 11:39:28','2018-07-20 11:39:28'),(940,1,0,'Meta modification','Meta',8,1,'2018-07-20 11:39:44','2018-07-20 11:39:44'),(941,1,0,'Meta modification','Meta',8,1,'2018-07-20 11:39:56','2018-07-20 11:39:56'),(942,1,0,'Back office connection from 31.44.38.2','',0,1,'2018-07-20 12:51:02','2018-07-20 12:51:02'),(943,1,0,'CartRule addition','CartRule',2,1,'2018-08-03 11:45:07','2018-08-03 11:45:07'),(944,1,0,'CartRule modification','CartRule',2,1,'2018-08-03 11:51:57','2018-08-03 11:51:57'),(945,1,0,'Back office connection from 88.149.151.169','',0,1,'2018-09-11 10:25:35','2018-09-11 10:25:35'),(946,1,0,'Back office connection from 88.149.151.169','',0,1,'2018-09-26 14:28:09','2018-09-26 14:28:09'),(947,1,0,'Back office connection from 88.149.151.169','',0,1,'2018-09-26 14:33:12','2018-09-26 14:33:12'),(948,1,0,'Back office connection from 85.18.167.41','',0,1,'2018-09-26 23:24:21','2018-09-26 23:24:21'),(949,1,0,'ShopGroup modification','ShopGroup',3,1,'2018-09-26 23:24:42','2018-09-26 23:24:42'),(950,1,0,'ShopGroup addition','ShopGroup',4,1,'2018-09-26 23:24:56','2018-09-26 23:24:56'),(951,1,0,'ShopUrl modification','ShopUrl',1,1,'2018-09-26 23:26:51','2018-09-26 23:26:51'),(952,1,0,'ShopUrl modification','ShopUrl',5,1,'2018-09-26 23:27:40','2018-09-26 23:27:40'),(953,1,0,'ShopUrl modification','ShopUrl',2,1,'2018-09-26 23:28:06','2018-09-26 23:28:06'),(954,1,0,'ShopUrl modification','ShopUrl',3,1,'2018-09-26 23:28:11','2018-09-26 23:28:11'),(955,1,0,'ShopUrl modification','ShopUrl',4,1,'2018-09-26 23:28:16','2018-09-26 23:28:16'),(956,1,0,'ShopUrl modification','ShopUrl',6,1,'2018-09-26 23:28:22','2018-09-26 23:28:22'),(957,1,0,'ShopUrl addition','ShopUrl',7,1,'2018-09-26 23:29:07','2018-09-26 23:29:07'),(958,1,0,'ShopUrl addition','ShopUrl',8,1,'2018-09-26 23:32:15','2018-09-26 23:32:15'),(959,1,0,'ShopUrl addition','ShopUrl',9,1,'2018-09-26 23:32:43','2018-09-26 23:32:43'),(960,1,0,'ShopUrl addition','ShopUrl',10,1,'2018-09-26 23:33:04','2018-09-26 23:33:04'),(961,1,0,'ShopUrl addition','ShopUrl',11,1,'2018-09-26 23:33:15','2018-09-26 23:33:15'),(962,1,0,'ShopUrl addition','ShopUrl',12,1,'2018-09-26 23:33:26','2018-09-26 23:33:26'),(963,1,0,'ShopUrl modification','ShopUrl',10,1,'2018-09-27 00:13:44','2018-09-27 00:13:44'),(964,1,0,'ShopUrl modification','ShopUrl',9,1,'2018-09-27 00:13:59','2018-09-27 00:13:59'),(965,1,0,'ShopUrl modification','ShopUrl',8,1,'2018-09-27 00:14:08','2018-09-27 00:14:08'),(966,1,0,'ShopUrl modification','ShopUrl',7,1,'2018-09-27 00:14:20','2018-09-27 00:14:20'),(967,1,0,'ShopUrl modification','ShopUrl',6,1,'2018-09-27 00:14:38','2018-09-27 00:14:38'),(968,1,0,'ShopUrl modification','ShopUrl',5,1,'2018-09-27 00:14:51','2018-09-27 00:14:51'),(969,1,0,'ShopUrl modification','ShopUrl',4,1,'2018-09-27 00:15:03','2018-09-27 00:15:03'),(970,1,0,'ShopUrl modification','ShopUrl',3,1,'2018-09-27 00:15:12','2018-09-27 00:15:12'),(971,1,0,'ShopUrl modification','ShopUrl',2,1,'2018-09-27 00:15:21','2018-09-27 00:15:21'),(972,1,0,'ShopUrl modification','ShopUrl',1,1,'2018-09-27 00:15:28','2018-09-27 00:15:28'),(973,1,0,'Back office connection from 85.18.167.41','',0,1,'2018-09-27 00:16:27','2018-09-27 00:16:27'),(974,1,0,'ShopUrl modification','ShopUrl',12,1,'2018-09-27 00:17:02','2018-09-27 00:17:02'),(975,1,0,'ShopUrl modification','ShopUrl',11,1,'2018-09-27 00:17:13','2018-09-27 00:17:13'),(976,1,0,'ShopGroup deletion','ShopGroup',1,1,'2018-09-27 00:21:05','2018-09-27 00:21:05'),(977,1,0,'Back office connection from 85.18.167.41','',0,1,'2018-09-27 00:27:28','2018-09-27 00:27:28'),(978,1,0,'Currency addition','Currency',2,1,'2018-09-27 00:29:56','2018-09-27 00:29:56'),(979,1,0,'Currency modification','Currency',1,1,'2018-09-27 00:30:11','2018-09-27 00:30:11'),(980,1,0,'ShopUrl modification','ShopUrl',5,1,'2018-09-27 00:55:49','2018-09-27 00:55:49'),(981,1,0,'ShopUrl modification','ShopUrl',8,1,'2018-09-27 00:56:10','2018-09-27 00:56:10'),(982,1,0,'ShopUrl modification','ShopUrl',8,1,'2018-09-27 00:56:23','2018-09-27 00:56:23'),(983,1,0,'ShopUrl modification','ShopUrl',8,1,'2018-09-27 00:59:59','2018-09-27 00:59:59'),(984,1,0,'Back office connection from 88.149.151.169','',0,1,'2018-09-27 08:17:54','2018-09-27 08:17:54'),(985,1,0,'Back office connection from 88.149.151.169','',0,1,'2018-09-27 08:55:58','2018-09-27 08:55:58'),(986,1,0,'Back office connection from 88.149.151.169','',0,1,'2018-09-27 09:48:44','2018-09-27 09:48:44');

--
-- Table structure for table `ps_mail`
--

CREATE TABLE `ps_mail` (
  `id_mail` int(11) unsigned NOT NULL AUTO_INCREMENT,
  `recipient` varchar(126) NOT NULL,
  `template` varchar(62) NOT NULL,
  `subject` varchar(254) NOT NULL,
  `id_lang` int(11) unsigned NOT NULL,
  `date_add` timestamp NOT NULL DEFAULT CURRENT_TIMESTAMP,
  PRIMARY KEY (`id_mail`),
  KEY `recipient` (`recipient`(10))
) ENGINE=InnoDB AUTO_INCREMENT=55 DEFAULT CHARSET=utf8;

--
-- Dumping data for table `ps_mail`
--

INSERT INTO `ps_mail` VALUES (1,'jacopo.briccola@quicklysa.ch','account','[Toys And Games] Welcome!',1,'2018-05-15 09:58:54'),(2,'jacopo.briccola@quicklysa.ch','import','[Toys And Games] Import complete',1,'2018-05-15 14:23:24'),(3,'jacopo.briccola@quicklysa.ch','import','[Toys And Games] Import complete',1,'2018-05-15 15:27:45'),(4,'jacopo.briccola@quicklysa.ch','import','[Toys And Games] Import complete',1,'2018-05-16 07:57:06'),(5,'jacopo.briccola@quicklysa.ch','import','[Toys And Games] Import complete',1,'2018-05-16 08:00:12'),(6,'jacopo.briccola@quicklysa.ch','import','[Toys And Games] Import complete',1,'2018-05-16 08:02:03'),(7,'jacopo.briccola@quicklysa.ch','import','[Toys And Games] Import complete',1,'2018-05-16 08:03:01'),(8,'jacopo.briccola@quicklysa.ch','import','[Toys And Games] Import complete',1,'2018-05-16 15:42:19'),(9,'jacopo.briccola@quicklysa.ch','import','[Toys And Games] Import complete',1,'2018-05-16 15:42:46'),(10,'jacopo.briccola@quicklysa.ch','import','[Toys And Games] Import complete',1,'2018-05-16 15:43:13'),(11,'jacopo.briccola@quicklysa.ch','import','[Toys And Games] Import complete',1,'2018-05-16 15:43:39'),(12,'jacopo.briccola@quicklysa.ch','import','[Toys And Games] Import complete',1,'2018-05-16 15:49:10'),(13,'jacopo.briccola@quicklysa.ch','import','[Toys And Games] Import complete',1,'2018-05-16 15:54:31'),(14,'jacopo.briccola@quicklysa.ch','import','[Toys And Games] Import complete',1,'2018-05-16 15:55:11'),(15,'jacopo.briccola@quicklysa.ch','import','[Toys And Games] Import complete',1,'2018-05-16 15:56:04'),(16,'jacopo.briccola@quicklysa.ch','import','[Toys And Games] Import complete',1,'2018-05-16 16:00:09'),(17,'jacopo.briccola@quicklysa.ch','import','[Toys And Games] Import complete',1,'2018-05-16 16:04:34'),(18,'jacopo.briccola@quicklysa.ch','import','[Toys And Games] Import complete',1,'2018-05-16 16:05:19'),(19,'jacopo.briccola@quicklysa.ch','import','[Toys And Games] Import complete',1,'2018-05-16 16:06:13'),(20,'jacopo.briccola@quicklysa.ch','import','[Toys And Games] Import complete',1,'2018-05-16 16:07:07'),(21,'jacopo.briccola@quicklysa.ch','import','[Toys And Games] Import complete',1,'2018-05-16 16:13:01'),(22,'jacopo.briccola@quicklysa.ch','import','[Toys And Games] Import complete',1,'2018-05-16 16:13:40'),(23,'jacopo.briccola@quicklysa.ch','import','[Toys And Games] Import complete',1,'2018-05-16 16:14:16'),(24,'jacopo.briccola@quicklysa.ch','import','[Toys And Games] Import complete',1,'2018-05-16 17:48:49'),(25,'jacopo.briccola@quicklysa.ch','import','[Toys And Games] Import complete',1,'2018-05-16 18:39:11'),(26,'jacopo.briccola@quicklysa.ch','import','[Toys And Games] Import complete',1,'2018-05-16 18:41:23'),(27,'jacopo.briccola@quicklysa.ch','import','[Toys And Games] Import complete',1,'2018-05-16 18:46:35'),(28,'jmb@jacopobriccola.com','newsletter_voucher','[Toys And Games] Newsletter voucher',1,'2018-05-18 11:19:22'),(29,'jmb@jacopobriccola.com','newsletter_conf','[Toys And Games] Newsletter confirmation',1,'2018-05-18 11:19:22'),(30,'jacopo.briccola@quicklysa.ch','import','[Toys And Games] Import complete',1,'2018-05-18 12:47:37'),(31,'jacopo.briccola@quicklysa.ch','import','[Toys And Games] Import complete',1,'2018-05-18 12:49:17'),(32,'jacopo.briccola@quicklysa.ch','import','[Toys And Games] Import complete',1,'2018-05-18 12:52:09'),(33,'jacopo.briccola@quicklysa.ch','import','[Toys And Games] Import complete',1,'2018-05-18 12:53:00'),(34,'jacopo.briccola@quicklysa.ch','import','[Toys And Games] Import complete',1,'2018-05-18 13:05:51'),(35,'jacopo.briccola@quicklysa.ch','import','[Toys And Games] Import complete',1,'2018-05-18 14:36:26'),(36,'jacopo.briccola@quicklysa.ch','import','[Toys And Games] Import complete',1,'2018-05-18 14:49:04'),(37,'jacopo.briccola@quicklysa.ch','import','[Toys And Games] Import complete',1,'2018-05-18 14:50:06'),(38,'jacopo.briccola@quicklysa.ch','import','[Toys And Games] Import complete',1,'2018-05-18 14:51:03'),(39,'jacopo.briccola@quicklysa.ch','import','[Toys And Games] Import complete',1,'2018-05-18 14:53:00'),(40,'jacopo.briccola@quicklysa.ch','import','[Toys And Games] Import complete',1,'2018-05-18 14:59:36'),(41,'jacopo.briccola@quicklysa.ch','import','[Toys And Games] Import complete',1,'2018-05-18 15:00:37'),(42,'jacopo.briccola@quicklysa.ch','import','[Toys And Games] Import complete',1,'2018-05-18 15:00:55'),(43,'jacopo.briccola@quicklysa.ch','import','[Toys And Games] Import complete',1,'2018-05-18 15:01:12'),(44,'jacopo.briccola@quicklysa.ch','import','[Toys And Games] Import complete',1,'2018-05-18 15:01:34'),(45,'jacopo.briccola@quicklysa.ch','import','[Toys And Games] Import complete',1,'2018-05-18 15:02:07'),(46,'jacopo.briccola@quicklysa.ch','import','[Toys And Games] Import complete',1,'2018-05-18 15:02:41'),(47,'jacopo.briccola@quicklysa.ch','import','[Toys And Games] Import complete',1,'2018-05-18 15:03:09'),(48,'jacopo.briccola@quicklysa.ch','import','[Toys And Games] Import complete',1,'2018-05-18 15:03:33'),(49,'jacopo.briccola@quicklysa.ch','import','[Toys And Games] Import complete',1,'2018-05-18 15:07:23'),(50,'jacopo.briccola@quicklysa.ch','import','[Toys And Games] Import complete',1,'2018-05-18 15:07:43'),(51,'jacopo.briccola@quicklysa.ch','import','[Toys And Games] Import complete',1,'2018-05-18 15:09:09'),(52,'jacopo.briccola@quicklysa.ch','import','[Toys And Games] Import complete',1,'2018-05-18 15:09:30'),(53,'jacopo.briccola@quicklysa.ch','import','[Toys And Games] Import complete',1,'2018-05-18 15:10:01'),(54,'jacopo.briccola@quicklysa.ch','import','[Toys And Games] Import complete',1,'2018-06-26 11:57:43');

--
-- Table structure for table `ps_manufacturer`
--

CREATE TABLE `ps_manufacturer` (
  `id_manufacturer` int(10) unsigned NOT NULL AUTO_INCREMENT,
  `name` varchar(64) NOT NULL,
  `date_add` datetime NOT NULL,
  `date_upd` datetime NOT NULL,
  `active` tinyint(1) NOT NULL DEFAULT '0',
  PRIMARY KEY (`id_manufacturer`)
) ENGINE=InnoDB AUTO_INCREMENT=7 DEFAULT CHARSET=utf8;

--
-- Dumping data for table `ps_manufacturer`
--

INSERT INTO `ps_manufacturer` VALUES (1,'Studio Design','2018-05-11 14:38:13','2018-05-11 14:38:13',1),(2,'Graphic Corner','2018-05-11 14:38:13','2018-05-11 14:38:13',1),(3,'Carioca','2018-05-15 11:13:58','2018-05-15 11:13:58',1),(4,'Quercetti','2018-05-16 09:57:02','2018-05-16 09:57:02',1),(5,'NanoBlock','2018-05-16 17:49:00','2018-05-16 17:49:00',1),(6,'Geomag','2018-05-16 17:59:50','2018-05-16 17:59:50',1);

--
-- Table structure for table `ps_manufacturer_lang`
--

CREATE TABLE `ps_manufacturer_lang` (
  `id_manufacturer` int(10) unsigned NOT NULL,
  `id_lang` int(10) unsigned NOT NULL,
  `description` text,
  `short_description` text,
  `meta_title` varchar(128) DEFAULT NULL,
  `meta_keywords` varchar(255) DEFAULT NULL,
  `meta_description` varchar(255) DEFAULT NULL,
  PRIMARY KEY (`id_manufacturer`,`id_lang`)
) ENGINE=InnoDB DEFAULT CHARSET=utf8;

--
-- Dumping data for table `ps_manufacturer_lang`
--

INSERT INTO `ps_manufacturer_lang` VALUES (1,1,'<p><span style=\"font-size:10pt;font-family:Arial;font-style:normal;\">Studio Design offers a range of items from ready-to-wear collections to contemporary objects. The brand has been presenting new ideas and trends since its creation in 2012.</span></p>','','','',''),(1,2,'<p><span style=\"font-size:10pt;font-family:Arial;font-style:normal;\">Studio Design offers a range of items from ready-to-wear collections to contemporary objects. The brand has been presenting new ideas and trends since its creation in 2012.</span></p>','','','',''),(1,3,'<p><span style=\"font-size:10pt;font-family:Arial;font-style:normal;\">Studio Design propose une gamme de produits variée : prêt-à-porter, objets de décoration, accessoires de maison... Depuis sa création en 2012, la marque apporte des idées et des tendances nouvelles à travers ses collections. </span></p>','','','',''),(1,4,'<p><span style=\"font-size:10pt;font-family:Arial;font-style:normal;\">Studio Design offers a range of items from ready-to-wear collections to contemporary objects. The brand has been presenting new ideas and trends since its creation in 2012.</span></p>','','','',''),(2,1,'<p><span style=\"font-size:10pt;font-family:Arial;font-style:normal;\">Since 2010, Graphic Corner offers a large choice of quality posters, available on paper and many other formats. </span></p>','','','',''),(2,2,'<p><span style=\"font-size:10pt;font-family:Arial;font-style:normal;\">Since 2010, Graphic Corner offers a large choice of quality posters, available on paper and many other formats. </span></p>','','','',''),(2,3,'<p><span style=\"font-size:10pt;font-family:Arial;font-style:normal;\">Graphic Corner propose depuis 2010 un large choix d\'affiches et de posters disponibles en version papier et sur de nombreux supports. </span></p>','','','',''),(2,4,'<p><span style=\"font-size:10pt;font-family:Arial;font-style:normal;\">Since 2010, Graphic Corner offers a large choice of quality posters, available on paper and many other formats. </span></p>','','','',''),(3,1,'','','','',''),(3,2,'','','','',''),(3,3,'','','','',''),(3,4,'','','','',''),(4,1,'','','','',''),(4,2,'','','','',''),(4,3,'','','','',''),(4,4,'','','','',''),(5,1,'','','','',''),(5,2,'','','','',''),(5,3,'','','','',''),(5,4,'','','','',''),(6,1,'','','','',''),(6,2,'','','','',''),(6,3,'','','','',''),(6,4,'','','','','');

--
-- Table structure for table `ps_manufacturer_shop`
--

CREATE TABLE `ps_manufacturer_shop` (
  `id_manufacturer` int(11) unsigned NOT NULL,
  `id_shop` int(11) unsigned NOT NULL,
  PRIMARY KEY (`id_manufacturer`,`id_shop`),
  KEY `id_shop` (`id_shop`)
) ENGINE=InnoDB DEFAULT CHARSET=utf8;

--
-- Dumping data for table `ps_manufacturer_shop`
--

INSERT INTO `ps_manufacturer_shop` VALUES (1,1),(2,1),(3,1),(1,3),(2,3),(3,3),(6,3),(1,4),(2,4),(3,4),(4,4),(1,5),(2,5),(3,5),(1,6),(2,6),(3,6),(5,6),(1,7),(2,7),(3,7),(1,8),(2,8),(3,8),(1,9),(2,9),(3,9),(1,10),(2,10),(3,10),(6,10),(1,11),(2,11),(3,11),(5,11),(1,12),(2,12),(3,12),(4,12),(1,13),(2,13),(3,13);

--
-- Table structure for table `ps_memcached_servers`
--

CREATE TABLE `ps_memcached_servers` (
  `id_memcached_server` int(11) unsigned NOT NULL AUTO_INCREMENT,
  `ip` varchar(254) NOT NULL,
  `port` int(11) unsigned NOT NULL,
  `weight` int(11) unsigned NOT NULL,
  PRIMARY KEY (`id_memcached_server`)
) ENGINE=InnoDB DEFAULT CHARSET=utf8;

--
-- Dumping data for table `ps_memcached_servers`
--


--
-- Table structure for table `ps_message`
--

CREATE TABLE `ps_message` (
  `id_message` int(10) unsigned NOT NULL AUTO_INCREMENT,
  `id_cart` int(10) unsigned DEFAULT NULL,
  `id_customer` int(10) unsigned NOT NULL,
  `id_employee` int(10) unsigned DEFAULT NULL,
  `id_order` int(10) unsigned NOT NULL,
  `message` text NOT NULL,
  `private` tinyint(1) unsigned NOT NULL DEFAULT '1',
  `date_add` datetime NOT NULL,
  PRIMARY KEY (`id_message`),
  KEY `message_order` (`id_order`),
  KEY `id_cart` (`id_cart`),
  KEY `id_customer` (`id_customer`),
  KEY `id_employee` (`id_employee`)
) ENGINE=InnoDB DEFAULT CHARSET=utf8;

--
-- Dumping data for table `ps_message`
--


--
-- Table structure for table `ps_message_readed`
--

CREATE TABLE `ps_message_readed` (
  `id_message` int(10) unsigned NOT NULL,
  `id_employee` int(10) unsigned NOT NULL,
  `date_add` datetime NOT NULL,
  PRIMARY KEY (`id_message`,`id_employee`)
) ENGINE=InnoDB DEFAULT CHARSET=utf8;

--
-- Dumping data for table `ps_message_readed`
--


--
-- Table structure for table `ps_meta`
--

CREATE TABLE `ps_meta` (
  `id_meta` int(10) unsigned NOT NULL AUTO_INCREMENT,
  `page` varchar(64) NOT NULL,
  `configurable` tinyint(1) unsigned NOT NULL DEFAULT '1',
  PRIMARY KEY (`id_meta`),
  UNIQUE KEY `page` (`page`)
) ENGINE=InnoDB AUTO_INCREMENT=48 DEFAULT CHARSET=utf8;

--
-- Dumping data for table `ps_meta`
--

INSERT INTO `ps_meta` VALUES (1,'pagenotfound',1),(2,'best-sales',1),(3,'contact',1),(4,'index',1),(5,'manufacturer',1),(6,'new-products',1),(7,'password',1),(8,'prices-drop',1),(9,'sitemap',1),(10,'supplier',1),(11,'address',1),(12,'addresses',1),(13,'authentication',1),(14,'cart',1),(15,'discount',1),(16,'history',1),(17,'identity',1),(18,'my-account',1),(19,'order-follow',1),(20,'order-slip',1),(21,'order',1),(22,'search',1),(23,'stores',1),(24,'guest-tracking',1),(25,'order-confirmation',1),(26,'product',0),(27,'category',0),(28,'cms',0),(29,'module-cheque-payment',0),(30,'module-cheque-validation',0),(31,'module-bankwire-validation',0),(32,'module-bankwire-payment',0),(33,'module-cashondelivery-validation',0),(34,'module-ps_checkpayment-payment',1),(35,'module-ps_checkpayment-validation',1),(36,'module-ps_emailsubscription-verification',1),(37,'module-ps_emailsubscription-subscription',1),(38,'module-ps_shoppingcart-ajax',1),(39,'module-ps_wirepayment-payment',1),(40,'module-ps_wirepayment-validation',1),(41,'module-cronjobs-callback',1),(42,'module-paypal-payment',1),(43,'module-paypal-validation',1),(44,'module-psgdpr-AdminAjaxPsgdpr',1),(45,'module-psgdpr-AdminDownloadInvoicesPsgdpr',1),(46,'module-advansedwishlist-mywishlist',1),(47,'module-advansedwishlist-view',1);

--
-- Table structure for table `ps_meta_lang`
--

CREATE TABLE `ps_meta_lang` (
  `id_meta` int(10) unsigned NOT NULL,
  `id_shop` int(11) unsigned NOT NULL DEFAULT '1',
  `id_lang` int(10) unsigned NOT NULL,
  `title` varchar(128) DEFAULT NULL,
  `description` varchar(255) DEFAULT NULL,
  `keywords` varchar(255) DEFAULT NULL,
  `url_rewrite` varchar(254) NOT NULL,
  PRIMARY KEY (`id_meta`,`id_shop`,`id_lang`),
  KEY `id_shop` (`id_shop`),
  KEY `id_lang` (`id_lang`)
) ENGINE=InnoDB DEFAULT CHARSET=utf8;

--
-- Dumping data for table `ps_meta_lang`
--

INSERT INTO `ps_meta_lang` VALUES (1,1,1,'404 error','This page cannot be found','','page-not-found'),(1,1,2,'Fehler 404','Seite wurde nicht gefunden','','seite-nicht-gefunden'),(1,1,3,'Erreur 404','Impossible de trouver la page','','page-introuvable'),(1,1,4,'errore 404','Impossibile trovare la pagina','','pagina-non-trovata'),(1,3,1,'404 error','This page cannot be found','','page-not-found'),(1,3,2,'Fehler 404','Seite wurde nicht gefunden','','seite-nicht-gefunden'),(1,3,3,'Erreur 404','Impossible de trouver la page','','page-introuvable'),(1,3,4,'errore 404','Impossibile trovare la pagina','','pagina-non-trovata'),(1,4,1,'404 error','This page cannot be found','','page-not-found'),(1,4,2,'Fehler 404','Seite wurde nicht gefunden','','seite-nicht-gefunden'),(1,4,3,'Erreur 404','Impossible de trouver la page','','page-introuvable'),(1,4,4,'errore 404','Impossibile trovare la pagina','','pagina-non-trovata'),(1,5,1,'404 error','This page cannot be found','','page-not-found'),(1,5,2,'Fehler 404','Seite wurde nicht gefunden','','seite-nicht-gefunden'),(1,5,3,'Erreur 404','Impossible de trouver la page','','page-introuvable'),(1,5,4,'errore 404','Impossibile trovare la pagina','','pagina-non-trovata'),(1,6,1,'404 error','This page cannot be found','','page-not-found'),(1,6,2,'Fehler 404','Seite wurde nicht gefunden','','seite-nicht-gefunden'),(1,6,3,'Erreur 404','Impossible de trouver la page','','page-introuvable'),(1,6,4,'errore 404','Impossibile trovare la pagina','','pagina-non-trovata'),(1,7,1,'404 error','This page cannot be found','','page-not-found'),(1,7,2,'Fehler 404','Seite wurde nicht gefunden','','seite-nicht-gefunden'),(1,7,3,'Erreur 404','Impossible de trouver la page','','page-introuvable'),(1,7,4,'errore 404','Impossibile trovare la pagina','','pagina-non-trovata'),(1,8,1,'404 error','This page cannot be found','','page-not-found'),(1,8,2,'Fehler 404','Seite wurde nicht gefunden','','seite-nicht-gefunden'),(1,8,3,'Erreur 404','Impossible de trouver la page','','page-introuvable'),(1,8,4,'errore 404','Impossibile trovare la pagina','','pagina-non-trovata'),(1,9,1,'404 error','This page cannot be found','','page-not-found'),(1,9,2,'Fehler 404','Seite wurde nicht gefunden','','seite-nicht-gefunden'),(1,9,3,'Erreur 404','Impossible de trouver la page','','page-introuvable'),(1,9,4,'errore 404','Impossibile trovare la pagina','','pagina-non-trovata'),(1,10,1,'404 error','This page cannot be found','','page-not-found'),(1,10,2,'Fehler 404','Seite wurde nicht gefunden','','seite-nicht-gefunden'),(1,10,3,'Erreur 404','Impossible de trouver la page','','page-introuvable'),(1,10,4,'errore 404','Impossibile trovare la pagina','','pagina-non-trovata'),(1,11,1,'404 error','This page cannot be found','','page-not-found'),(1,11,2,'Fehler 404','Seite wurde nicht gefunden','','seite-nicht-gefunden'),(1,11,3,'Erreur 404','Impossible de trouver la page','','page-introuvable'),(1,11,4,'errore 404','Impossibile trovare la pagina','','pagina-non-trovata'),(1,12,1,'404 error','This page cannot be found','','page-not-found'),(1,12,2,'Fehler 404','Seite wurde nicht gefunden','','seite-nicht-gefunden'),(1,12,3,'Erreur 404','Impossible de trouver la page','','page-introuvable'),(1,12,4,'errore 404','Impossibile trovare la pagina','','pagina-non-trovata'),(1,13,1,'404 error','This page cannot be found','','page-not-found'),(1,13,2,'Fehler 404','Seite wurde nicht gefunden','','seite-nicht-gefunden'),(1,13,3,'Erreur 404','Impossible de trouver la page','','page-introuvable'),(1,13,4,'errore 404','Impossibile trovare la pagina','','pagina-non-trovata'),(2,1,1,'Best sellers','Our best sales','','best-sellers'),(2,1,2,'Verkaufshits','Verkaufshits','','verkaufshits'),(2,1,3,'Meilleures ventes','Nos meilleures ventes','','meilleures-ventes'),(2,1,4,'Più venduti','I nostri prodotti più venduti','','piu-venduti'),(2,3,1,'Best Sellers','Our best sales','','best-sellers'),(2,3,2,'Verkaufshits','Verkaufshits','','verkaufshits'),(2,3,3,'Meilleures ventes','Nos meilleures ventes','','meilleures-ventes'),(2,3,4,'Più venduti','I nostri prodotti più venduti','','piu-venduti'),(2,4,1,'Best Sellers','Our best sales','','best-sellers'),(2,4,2,'Verkaufshits','Verkaufshits','','verkaufshits'),(2,4,3,'Meilleures ventes','Nos meilleures ventes','','meilleures-ventes'),(2,4,4,'Più venduti','I nostri prodotti più venduti','','piu-venduti'),(2,5,1,'Best Sellers','Our best sales','','best-sellers'),(2,5,2,'Verkaufshits','Verkaufshits','','verkaufshits'),(2,5,3,'Meilleures ventes','Nos meilleures ventes','','meilleures-ventes'),(2,5,4,'Più venduti','I nostri prodotti più venduti','','piu-venduti'),(2,6,1,'Best Sellers','Our best sales','','best-sellers'),(2,6,2,'Verkaufshits','Verkaufshits','','verkaufshits'),(2,6,3,'Meilleures ventes','Nos meilleures ventes','','meilleures-ventes'),(2,6,4,'Più venduti','I nostri prodotti più venduti','','piu-venduti'),(2,7,1,'Best Sellers','Our best sales','','best-sellers'),(2,7,2,'Verkaufshits','Verkaufshits','','verkaufshits'),(2,7,3,'Meilleures ventes','Nos meilleures ventes','','meilleures-ventes'),(2,7,4,'Più venduti','I nostri prodotti più venduti','','piu-venduti'),(2,8,1,'Best Sellers','Our best sales','','best-sellers'),(2,8,2,'Verkaufshits','Verkaufshits','','verkaufshits'),(2,8,3,'Meilleures ventes','Nos meilleures ventes','','meilleures-ventes'),(2,8,4,'Più venduti','I nostri prodotti più venduti','','piu-venduti'),(2,9,1,'Best sellers','Our best sales','','best-sellers'),(2,9,2,'Verkaufshits','Verkaufshits','','verkaufshits'),(2,9,3,'Meilleures ventes','Nos meilleures ventes','','meilleures-ventes'),(2,9,4,'Più venduti','I nostri prodotti più venduti','','piu-venduti'),(2,10,1,'Best Sellers','Our best sales','','best-sellers'),(2,10,2,'Verkaufshits','Verkaufshits','','verkaufshits'),(2,10,3,'Meilleures ventes','Nos meilleures ventes','','meilleures-ventes'),(2,10,4,'Più venduti','I nostri prodotti più venduti','','piu-venduti'),(2,11,1,'Best Sellers','Our best sales','','best-sellers'),(2,11,2,'Verkaufshits','Verkaufshits','','verkaufshits'),(2,11,3,'Meilleures ventes','Nos meilleures ventes','','meilleures-ventes'),(2,11,4,'Più venduti','I nostri prodotti più venduti','','piu-venduti'),(2,12,1,'Best Sellers','Our best sales','','best-sellers'),(2,12,2,'Verkaufshits','Verkaufshits','','verkaufshits'),(2,12,3,'Meilleures ventes','Nos meilleures ventes','','meilleures-ventes'),(2,12,4,'Più venduti','I nostri prodotti più venduti','','piu-venduti'),(2,13,1,'Best Sellers','Our best sales','','best-sellers'),(2,13,2,'Verkaufshits','Verkaufshits','','verkaufshits'),(2,13,3,'Meilleures ventes','Nos meilleures ventes','','meilleures-ventes'),(2,13,4,'Più venduti','I nostri prodotti più venduti','','piu-venduti'),(3,1,1,'Contact us','Use our form to contact us','','contact-us'),(3,1,2,'Kontakt','Nutzen Sie unser Kontaktformular','','kontakt'),(3,1,3,'Contactez-nous','Utiliser le formulaire pour nous contacter','','nous-contacter'),(3,1,4,'Contattaci','Si può usare il nostro modulo per contattarci','','contattaci'),(3,3,1,'Contact us','Use our form to contact us','','contact-us'),(3,3,2,'Kontakt','Nutzen Sie unser Kontaktformular','','kontakt'),(3,3,3,'Contactez-nous','Utiliser le formulaire pour nous contacter','','nous-contacter'),(3,3,4,'Contattaci','Si può usare il nostro modulo per contattarci','','contattaci'),(3,4,1,'Contact us','Use our form to contact us','','contact-us'),(3,4,2,'Kontakt','Nutzen Sie unser Kontaktformular','','kontakt'),(3,4,3,'Contactez-nous','Utiliser le formulaire pour nous contacter','','nous-contacter'),(3,4,4,'Contattaci','Si può usare il nostro modulo per contattarci','','contattaci'),(3,5,1,'Contact us','Use our form to contact us','','contact-us'),(3,5,2,'Kontakt','Nutzen Sie unser Kontaktformular','','kontakt'),(3,5,3,'Contactez-nous','Utiliser le formulaire pour nous contacter','','nous-contacter'),(3,5,4,'Contattaci','Si può usare il nostro modulo per contattarci','','contattaci'),(3,6,1,'Contact us','Use our form to contact us','','contact-us'),(3,6,2,'Kontakt','Nutzen Sie unser Kontaktformular','','kontakt'),(3,6,3,'Contactez-nous','Utiliser le formulaire pour nous contacter','','nous-contacter'),(3,6,4,'Contattaci','Si può usare il nostro modulo per contattarci','','contattaci'),(3,7,1,'Contact us','Use our form to contact us','','contact-us'),(3,7,2,'Kontakt','Nutzen Sie unser Kontaktformular','','kontakt'),(3,7,3,'Contactez-nous','Utiliser le formulaire pour nous contacter','','nous-contacter'),(3,7,4,'Contattaci','Si può usare il nostro modulo per contattarci','','contattaci'),(3,8,1,'Contact us','Use our form to contact us','','contact-us'),(3,8,2,'Kontakt','Nutzen Sie unser Kontaktformular','','kontakt'),(3,8,3,'Contactez-nous','Utiliser le formulaire pour nous contacter','','nous-contacter'),(3,8,4,'Contattaci','Si può usare il nostro modulo per contattarci','','contattaci'),(3,9,1,'Contact us','Use our form to contact us','','contact-us'),(3,9,2,'Kontakt','Nutzen Sie unser Kontaktformular','','kontakt'),(3,9,3,'Contactez-nous','Utiliser le formulaire pour nous contacter','','nous-contacter'),(3,9,4,'Contattaci','Si può usare il nostro modulo per contattarci','','contattaci'),(3,10,1,'Contact us','Use our form to contact us','','contact-us'),(3,10,2,'Kontakt','Nutzen Sie unser Kontaktformular','','kontakt'),(3,10,3,'Contactez-nous','Utiliser le formulaire pour nous contacter','','nous-contacter'),(3,10,4,'Contattaci','Si può usare il nostro modulo per contattarci','','contattaci'),(3,11,1,'Contact us','Use our form to contact us','','contact-us'),(3,11,2,'Kontakt','Nutzen Sie unser Kontaktformular','','kontakt'),(3,11,3,'Contactez-nous','Utiliser le formulaire pour nous contacter','','nous-contacter'),(3,11,4,'Contattaci','Si può usare il nostro modulo per contattarci','','contattaci'),(3,12,1,'Contact us','Use our form to contact us','','contact-us'),(3,12,2,'Kontakt','Nutzen Sie unser Kontaktformular','','kontakt'),(3,12,3,'Contactez-nous','Utiliser le formulaire pour nous contacter','','nous-contacter'),(3,12,4,'Contattaci','Si può usare il nostro modulo per contattarci','','contattaci'),(3,13,1,'Contact us','Use our form to contact us','','contact-us'),(3,13,2,'Kontakt','Nutzen Sie unser Kontaktformular','','kontakt'),(3,13,3,'Contactez-nous','Utiliser le formulaire pour nous contacter','','nous-contacter'),(3,13,4,'Contattaci','Si può usare il nostro modulo per contattarci','','contattaci'),(4,1,1,'','Shop powered by PrestaShop','',''),(4,1,2,'','Powered by PrestaShop','',''),(4,1,3,'','Boutique propulsée par PrestaShop','',''),(4,1,4,'','Negozio creato usando PrestaShop','',''),(4,3,1,'','Shop powered by PrestaShop','',''),(4,3,2,'','Powered by PrestaShop','',''),(4,3,3,'','Boutique propulsée par PrestaShop','',''),(4,3,4,'','Negozio creato usando PrestaShop','',''),(4,4,1,'','Shop powered by PrestaShop','',''),(4,4,2,'','Powered by PrestaShop','',''),(4,4,3,'','Boutique propulsée par PrestaShop','',''),(4,4,4,'','Negozio creato usando PrestaShop','',''),(4,5,1,'','Shop powered by PrestaShop','',''),(4,5,2,'','Powered by PrestaShop','',''),(4,5,3,'','Boutique propulsée par PrestaShop','',''),(4,5,4,'','Negozio creato usando PrestaShop','',''),(4,6,1,'','Shop powered by PrestaShop','',''),(4,6,2,'','Powered by PrestaShop','',''),(4,6,3,'','Boutique propulsée par PrestaShop','',''),(4,6,4,'','Negozio creato usando PrestaShop','',''),(4,7,1,'','Shop powered by PrestaShop','',''),(4,7,2,'','Powered by PrestaShop','',''),(4,7,3,'','Boutique propulsée par PrestaShop','',''),(4,7,4,'','Negozio creato usando PrestaShop','',''),(4,8,1,'','Shop powered by PrestaShop','',''),(4,8,2,'','Powered by PrestaShop','',''),(4,8,3,'','Boutique propulsée par PrestaShop','',''),(4,8,4,'','Negozio creato usando PrestaShop','',''),(4,9,1,'','Shop powered by PrestaShop','',''),(4,9,2,'','Powered by PrestaShop','',''),(4,9,3,'','Boutique propulsée par PrestaShop','',''),(4,9,4,'','Negozio creato usando PrestaShop','',''),(4,10,1,'','Shop powered by PrestaShop','',''),(4,10,2,'','Powered by PrestaShop','',''),(4,10,3,'','Boutique propulsée par PrestaShop','',''),(4,10,4,'','Negozio creato usando PrestaShop','',''),(4,11,1,'','Shop powered by PrestaShop','',''),(4,11,2,'','Powered by PrestaShop','',''),(4,11,3,'','Boutique propulsée par PrestaShop','',''),(4,11,4,'','Negozio creato usando PrestaShop','',''),(4,12,1,'','Shop powered by PrestaShop','',''),(4,12,2,'','Powered by PrestaShop','',''),(4,12,3,'','Boutique propulsée par PrestaShop','',''),(4,12,4,'','Negozio creato usando PrestaShop','',''),(4,13,1,'','Shop powered by PrestaShop','',''),(4,13,2,'','Powered by PrestaShop','',''),(4,13,3,'','Boutique propulsée par PrestaShop','',''),(4,13,4,'','Negozio creato usando PrestaShop','',''),(5,1,1,'Brands','Brands list','','brands'),(5,1,2,'Brands','Brands list','','brands'),(5,1,3,'Brands','Brands list','','brands'),(5,1,4,'Brands','Brands list','','brands'),(5,3,1,'Brands','Brands list','','brands'),(5,3,2,'Brands','Brands list','','brands'),(5,3,3,'Brands','Brands list','','brands'),(5,3,4,'Brands','Brands list','','brands'),(5,4,1,'Brands','Brands list','','brands'),(5,4,2,'Brands','Brands list','','brands'),(5,4,3,'Brands','Brands list','','brands'),(5,4,4,'Brands','Brands list','','brands'),(5,5,1,'Brands','Brands list','','brands'),(5,5,2,'Brands','Brands list','','brands'),(5,5,3,'Brands','Brands list','','brands'),(5,5,4,'Brands','Brands list','','brands'),(5,6,1,'Brands','Brands list','','brands'),(5,6,2,'Brands','Brands list','','brands'),(5,6,3,'Brands','Brands list','','brands'),(5,6,4,'Brands','Brands list','','brands'),(5,7,1,'Brands','Brands list','','brands'),(5,7,2,'Brands','Brands list','','brands'),(5,7,3,'Brands','Brands list','','brands'),(5,7,4,'Brands','Brands list','','brands'),(5,8,1,'Brands','Brands list','','brands'),(5,8,2,'Brands','Brands list','','brands'),(5,8,3,'Brands','Brands list','','brands'),(5,8,4,'Brands','Brands list','','brands'),(5,9,1,'Brands','Brands list','','brands'),(5,9,2,'Brands','Brands list','','brands'),(5,9,3,'Brands','Brands list','','brands'),(5,9,4,'Brands','Brands list','','brands'),(5,10,1,'Brands','Brands list','','brands'),(5,10,2,'Brands','Brands list','','brands'),(5,10,3,'Brands','Brands list','','brands'),(5,10,4,'Brands','Brands list','','brands'),(5,11,1,'Brands','Brands list','','brands'),(5,11,2,'Brands','Brands list','','brands'),(5,11,3,'Brands','Brands list','','brands'),(5,11,4,'Brands','Brands list','','brands'),(5,12,1,'Brands','Brands list','','brands'),(5,12,2,'Brands','Brands list','','brands'),(5,12,3,'Brands','Brands list','','brands'),(5,12,4,'Brands','Brands list','','brands'),(5,13,1,'Brands','Brands list','','brands'),(5,13,2,'Brands','Brands list','','brands'),(5,13,3,'Brands','Brands list','','brands'),(5,13,4,'Brands','Brands list','','brands'),(6,1,1,'New products','Our new products','','new-products'),(6,1,2,'Neue Artikel','Neue Artikel','','neue-artikel'),(6,1,3,'Nouveaux produits','Nos nouveaux produits','','nouveaux-produits'),(6,1,4,'Nuovi prodotti','I nostri nuovi prodotti, gli ultimi arrivi','','nuovi-prodotti'),(6,3,1,'New products','Our new products','','new-products'),(6,3,2,'Neue Artikel','Neue Artikel','','neue-artikel'),(6,3,3,'Nouveaux produits','Nos nouveaux produits','','nouveaux-produits'),(6,3,4,'Nuovi prodotti','I nostri nuovi prodotti, gli ultimi arrivi','','nuovi-prodotti'),(6,4,1,'New products','Our new products','','new-products'),(6,4,2,'Neue Artikel','Neue Artikel','','neue-artikel'),(6,4,3,'Nouveaux produits','Nos nouveaux produits','','nouveaux-produits'),(6,4,4,'Nuovi prodotti','I nostri nuovi prodotti, gli ultimi arrivi','','nuovi-prodotti'),(6,5,1,'New products','Our new products','','new-products'),(6,5,2,'Neue Artikel','Neue Artikel','','neue-artikel'),(6,5,3,'Nouveaux produits','Nos nouveaux produits','','nouveaux-produits'),(6,5,4,'Nuovi prodotti','I nostri nuovi prodotti, gli ultimi arrivi','','nuovi-prodotti'),(6,6,1,'New products','Our new products','','new-products'),(6,6,2,'Neue Artikel','Neue Artikel','','neue-artikel'),(6,6,3,'Nouveaux produits','Nos nouveaux produits','','nouveaux-produits'),(6,6,4,'Nuovi prodotti','I nostri nuovi prodotti, gli ultimi arrivi','','nuovi-prodotti'),(6,7,1,'New products','Our new products','','new-products'),(6,7,2,'Neue Artikel','Neue Artikel','','neue-artikel'),(6,7,3,'Nouveaux produits','Nos nouveaux produits','','nouveaux-produits'),(6,7,4,'Nuovi prodotti','I nostri nuovi prodotti, gli ultimi arrivi','','nuovi-prodotti'),(6,8,1,'New products','Our new products','','new-products'),(6,8,2,'Neue Artikel','Neue Artikel','','neue-artikel'),(6,8,3,'Nouveaux produits','Nos nouveaux produits','','nouveaux-produits'),(6,8,4,'Nuovi prodotti','I nostri nuovi prodotti, gli ultimi arrivi','','nuovi-prodotti'),(6,9,1,'New products','Our new products','','new-products'),(6,9,2,'Neue Artikel','Neue Artikel','','neue-artikel'),(6,9,3,'Nouveaux produits','Nos nouveaux produits','','nouveaux-produits'),(6,9,4,'Nuovi prodotti','I nostri nuovi prodotti, gli ultimi arrivi','','nuovi-prodotti'),(6,10,1,'New products','Our new products','','new-products'),(6,10,2,'Neue Artikel','Neue Artikel','','neue-artikel'),(6,10,3,'Nouveaux produits','Nos nouveaux produits','','nouveaux-produits'),(6,10,4,'Nuovi prodotti','I nostri nuovi prodotti, gli ultimi arrivi','','nuovi-prodotti'),(6,11,1,'New products','Our new products','','new-products'),(6,11,2,'Neue Artikel','Neue Artikel','','neue-artikel'),(6,11,3,'Nouveaux produits','Nos nouveaux produits','','nouveaux-produits'),(6,11,4,'Nuovi prodotti','I nostri nuovi prodotti, gli ultimi arrivi','','nuovi-prodotti'),(6,12,1,'New products','Our new products','','new-products'),(6,12,2,'Neue Artikel','Neue Artikel','','neue-artikel'),(6,12,3,'Nouveaux produits','Nos nouveaux produits','','nouveaux-produits'),(6,12,4,'Nuovi prodotti','I nostri nuovi prodotti, gli ultimi arrivi','','nuovi-prodotti'),(6,13,1,'New products','Our new products','','new-products'),(6,13,2,'Neue Artikel','Neue Artikel','','neue-artikel'),(6,13,3,'Nouveaux produits','Nos nouveaux produits','','nouveaux-produits'),(6,13,4,'Nuovi prodotti','I nostri nuovi prodotti, gli ultimi arrivi','','nuovi-prodotti'),(7,1,1,'Forgot your password','Enter the e-mail address you use to sign in to receive an e-mail with a new password','','password-recovery'),(7,1,2,'Passwort vergessen?','Geben Sie hier die E-Mail ein, unter der Sie sich angemeldet haben. Sie erhalten dann ein neues Passwort.','','passwort-zuruecksetzen'),(7,1,3,'Mot de passe oublié','Entrez l\'adresse e-mail que vous utilisez pour vous connecter afin de recevoir un e-mail avec un nouveau mot de passe','','recuperation-mot-de-passe'),(7,1,4,'Hai dimenticato la password','Inserisci l\'indirizzo e-mail che usi per accedere, per ricevere un\'e-mail con una nuova password','','recupero-password'),(7,3,1,'Forgot your password','Enter the e-mail address you use to sign in to receive an e-mail with a new password','','password-recovery'),(7,3,2,'Passwort vergessen?','Geben Sie hier die E-Mail ein, unter der Sie sich angemeldet haben. Sie erhalten dann ein neues Passwort.','','passwort-zuruecksetzen'),(7,3,3,'Mot de passe oublié','Entrez l\'adresse e-mail que vous utilisez pour vous connecter afin de recevoir un e-mail avec un nouveau mot de passe','','recuperation-mot-de-passe'),(7,3,4,'Hai dimenticato la password','Inserisci l\'indirizzo e-mail che usi per accedere, per ricevere un\'e-mail con una nuova password','','recupero-password'),(7,4,1,'Forgot your password','Enter the e-mail address you use to sign in to receive an e-mail with a new password','','password-recovery'),(7,4,2,'Passwort vergessen?','Geben Sie hier die E-Mail ein, unter der Sie sich angemeldet haben. Sie erhalten dann ein neues Passwort.','','passwort-zuruecksetzen'),(7,4,3,'Mot de passe oublié','Entrez l\'adresse e-mail que vous utilisez pour vous connecter afin de recevoir un e-mail avec un nouveau mot de passe','','recuperation-mot-de-passe'),(7,4,4,'Hai dimenticato la password','Inserisci l\'indirizzo e-mail che usi per accedere, per ricevere un\'e-mail con una nuova password','','recupero-password'),(7,5,1,'Forgot your password','Enter the e-mail address you use to sign in to receive an e-mail with a new password','','password-recovery'),(7,5,2,'Passwort vergessen?','Geben Sie hier die E-Mail ein, unter der Sie sich angemeldet haben. Sie erhalten dann ein neues Passwort.','','passwort-zuruecksetzen'),(7,5,3,'Mot de passe oublié','Entrez l\'adresse e-mail que vous utilisez pour vous connecter afin de recevoir un e-mail avec un nouveau mot de passe','','recuperation-mot-de-passe'),(7,5,4,'Hai dimenticato la password','Inserisci l\'indirizzo e-mail che usi per accedere, per ricevere un\'e-mail con una nuova password','','recupero-password'),(7,6,1,'Forgot your password','Enter the e-mail address you use to sign in to receive an e-mail with a new password','','password-recovery'),(7,6,2,'Passwort vergessen?','Geben Sie hier die E-Mail ein, unter der Sie sich angemeldet haben. Sie erhalten dann ein neues Passwort.','','passwort-zuruecksetzen'),(7,6,3,'Mot de passe oublié','Entrez l\'adresse e-mail que vous utilisez pour vous connecter afin de recevoir un e-mail avec un nouveau mot de passe','','recuperation-mot-de-passe'),(7,6,4,'Hai dimenticato la password','Inserisci l\'indirizzo e-mail che usi per accedere, per ricevere un\'e-mail con una nuova password','','recupero-password'),(7,7,1,'Forgot your password','Enter the e-mail address you use to sign in to receive an e-mail with a new password','','password-recovery'),(7,7,2,'Passwort vergessen?','Geben Sie hier die E-Mail ein, unter der Sie sich angemeldet haben. Sie erhalten dann ein neues Passwort.','','passwort-zuruecksetzen'),(7,7,3,'Mot de passe oublié','Entrez l\'adresse e-mail que vous utilisez pour vous connecter afin de recevoir un e-mail avec un nouveau mot de passe','','recuperation-mot-de-passe'),(7,7,4,'Hai dimenticato la password','Inserisci l\'indirizzo e-mail che usi per accedere, per ricevere un\'e-mail con una nuova password','','recupero-password'),(7,8,1,'Forgot your password','Enter the e-mail address you use to sign in to receive an e-mail with a new password','','password-recovery'),(7,8,2,'Passwort vergessen?','Geben Sie hier die E-Mail ein, unter der Sie sich angemeldet haben. Sie erhalten dann ein neues Passwort.','','passwort-zuruecksetzen'),(7,8,3,'Mot de passe oublié','Entrez l\'adresse e-mail que vous utilisez pour vous connecter afin de recevoir un e-mail avec un nouveau mot de passe','','recuperation-mot-de-passe'),(7,8,4,'Hai dimenticato la password','Inserisci l\'indirizzo e-mail che usi per accedere, per ricevere un\'e-mail con una nuova password','','recupero-password'),(7,9,1,'Forgot your password','Enter the e-mail address you use to sign in to receive an e-mail with a new password','','password-recovery'),(7,9,2,'Passwort vergessen?','Geben Sie hier die E-Mail ein, unter der Sie sich angemeldet haben. Sie erhalten dann ein neues Passwort.','','passwort-zuruecksetzen'),(7,9,3,'Mot de passe oublié','Entrez l\'adresse e-mail que vous utilisez pour vous connecter afin de recevoir un e-mail avec un nouveau mot de passe','','recuperation-mot-de-passe'),(7,9,4,'Hai dimenticato la password','Inserisci l\'indirizzo e-mail che usi per accedere, per ricevere un\'e-mail con una nuova password','','recupero-password'),(7,10,1,'Forgot your password','Enter the e-mail address you use to sign in to receive an e-mail with a new password','','password-recovery'),(7,10,2,'Passwort vergessen?','Geben Sie hier die E-Mail ein, unter der Sie sich angemeldet haben. Sie erhalten dann ein neues Passwort.','','passwort-zuruecksetzen'),(7,10,3,'Mot de passe oublié','Entrez l\'adresse e-mail que vous utilisez pour vous connecter afin de recevoir un e-mail avec un nouveau mot de passe','','recuperation-mot-de-passe'),(7,10,4,'Hai dimenticato la password','Inserisci l\'indirizzo e-mail che usi per accedere, per ricevere un\'e-mail con una nuova password','','recupero-password'),(7,11,1,'Forgot your password','Enter the e-mail address you use to sign in to receive an e-mail with a new password','','password-recovery'),(7,11,2,'Passwort vergessen?','Geben Sie hier die E-Mail ein, unter der Sie sich angemeldet haben. Sie erhalten dann ein neues Passwort.','','passwort-zuruecksetzen'),(7,11,3,'Mot de passe oublié','Entrez l\'adresse e-mail que vous utilisez pour vous connecter afin de recevoir un e-mail avec un nouveau mot de passe','','recuperation-mot-de-passe'),(7,11,4,'Hai dimenticato la password','Inserisci l\'indirizzo e-mail che usi per accedere, per ricevere un\'e-mail con una nuova password','','recupero-password'),(7,12,1,'Forgot your password','Enter the e-mail address you use to sign in to receive an e-mail with a new password','','password-recovery'),(7,12,2,'Passwort vergessen?','Geben Sie hier die E-Mail ein, unter der Sie sich angemeldet haben. Sie erhalten dann ein neues Passwort.','','passwort-zuruecksetzen'),(7,12,3,'Mot de passe oublié','Entrez l\'adresse e-mail que vous utilisez pour vous connecter afin de recevoir un e-mail avec un nouveau mot de passe','','recuperation-mot-de-passe'),(7,12,4,'Hai dimenticato la password','Inserisci l\'indirizzo e-mail che usi per accedere, per ricevere un\'e-mail con una nuova password','','recupero-password'),(7,13,1,'Forgot your password','Enter the e-mail address you use to sign in to receive an e-mail with a new password','','password-recovery'),(7,13,2,'Passwort vergessen?','Geben Sie hier die E-Mail ein, unter der Sie sich angemeldet haben. Sie erhalten dann ein neues Passwort.','','passwort-zuruecksetzen'),(7,13,3,'Mot de passe oublié','Entrez l\'adresse e-mail que vous utilisez pour vous connecter afin de recevoir un e-mail avec un nouveau mot de passe','','recuperation-mot-de-passe'),(7,13,4,'Hai dimenticato la password','Inserisci l\'indirizzo e-mail che usi per accedere, per ricevere un\'e-mail con una nuova password','','recupero-password'),(8,1,1,'On sale','Our special offers','','on-sale'),(8,1,2,'Angebote','Our special products','','angebote'),(8,1,3,'Promotions','Our special products','','promotions'),(8,1,4,'Offerte','Our special products','','offerte'),(8,3,1,'On sale','Our special offers','','on-sale'),(8,3,2,'Angebote','Our special products','','angebote'),(8,3,3,'Promotions','Our special products','','promotions'),(8,3,4,'Offerte','Our special products','','offerte'),(8,4,1,'On sale','Our special offers','','on-sale'),(8,4,2,'Angebote','Our special products','','angebote'),(8,4,3,'Promotions','Our special products','','promotions'),(8,4,4,'Offerte','Our special products','','offerte'),(8,5,1,'On sale','Our special offers','','on-sale'),(8,5,2,'Angebote','Our special products','','angebote'),(8,5,3,'Promotions','Our special products','','promotions'),(8,5,4,'Offerte','Our special products','','offerte'),(8,6,1,'On sale','Our special offers','','on-sale'),(8,6,2,'Angebote','Our special products','','angebote'),(8,6,3,'Promotions','Our special products','','promotions'),(8,6,4,'Offerte','Our special products','','offerte'),(8,7,1,'On sale','Our special offers','','on-sale'),(8,7,2,'Angebote','Our special products','','angebote'),(8,7,3,'Promotions','Our special products','','promotions'),(8,7,4,'Offerte','Our special products','','offerte'),(8,8,1,'On sale','Our special offers','','on-sale'),(8,8,2,'Angebote','Our special products','','angebote'),(8,8,3,'Promotions','Our special products','','promotions'),(8,8,4,'Offerte','Our special products','','offerte'),(8,9,1,'On sale','Our special offers','','on-sale'),(8,9,2,'Angebote','Our special products','','angebote'),(8,9,3,'Promotions','Our special products','','promotions'),(8,9,4,'Offerte','Our special products','','offerte'),(8,10,1,'On sale','Our special offers','','on-sale'),(8,10,2,'Angebote','Our special products','','angebote'),(8,10,3,'Promotions','Our special products','','promotions'),(8,10,4,'Offerte','Our special products','','offerte'),(8,11,1,'On sale','Our special offers','','on-sale'),(8,11,2,'Angebote','Our special products','','angebote'),(8,11,3,'Promotions','Our special products','','promotions'),(8,11,4,'Offerte','Our special products','','offerte'),(8,12,1,'On sale','Our special offers','','on-sale'),(8,12,2,'Angebote','Our special products','','angebote'),(8,12,3,'Promotions','Our special products','','promotions'),(8,12,4,'Offerte','Our special products','','offerte'),(8,13,1,'On sale','Our special offers','','on-sale'),(8,13,2,'Angebote','Our special products','','angebote'),(8,13,3,'Promotions','Our special products','','promotions'),(8,13,4,'Offerte','Our special products','','offerte'),(9,1,1,'Sitemap','Lost ? Find what your are looking for','','sitemap'),(9,1,2,'Sitemap','Wissen Sie nicht weiter? Vielleicht finden Sie es hier','','Sitemap'),(9,1,3,'sitemap','Vous êtes perdu ? Trouvez ce que vous cherchez','','plan du site'),(9,1,4,'Mappa del sito','Vi siete persi? Qui potete trovate quello che state cercando','','Mappa del sito'),(9,3,1,'Sitemap','Lost ? Find what your are looking for','','sitemap'),(9,3,2,'Sitemap','Wissen Sie nicht weiter? Vielleicht finden Sie es hier','','Sitemap'),(9,3,3,'sitemap','Vous êtes perdu ? Trouvez ce que vous cherchez','','plan du site'),(9,3,4,'Mappa del sito','Vi siete persi? Qui potete trovate quello che state cercando','','Mappa del sito'),(9,4,1,'Sitemap','Lost ? Find what your are looking for','','sitemap'),(9,4,2,'Sitemap','Wissen Sie nicht weiter? Vielleicht finden Sie es hier','','Sitemap'),(9,4,3,'sitemap','Vous êtes perdu ? Trouvez ce que vous cherchez','','plan du site'),(9,4,4,'Mappa del sito','Vi siete persi? Qui potete trovate quello che state cercando','','Mappa del sito'),(9,5,1,'Sitemap','Lost ? Find what your are looking for','','sitemap'),(9,5,2,'Sitemap','Wissen Sie nicht weiter? Vielleicht finden Sie es hier','','Sitemap'),(9,5,3,'sitemap','Vous êtes perdu ? Trouvez ce que vous cherchez','','plan du site'),(9,5,4,'Mappa del sito','Vi siete persi? Qui potete trovate quello che state cercando','','Mappa del sito'),(9,6,1,'Sitemap','Lost ? Find what your are looking for','','sitemap'),(9,6,2,'Sitemap','Wissen Sie nicht weiter? Vielleicht finden Sie es hier','','Sitemap'),(9,6,3,'sitemap','Vous êtes perdu ? Trouvez ce que vous cherchez','','plan du site'),(9,6,4,'Mappa del sito','Vi siete persi? Qui potete trovate quello che state cercando','','Mappa del sito'),(9,7,1,'Sitemap','Lost ? Find what your are looking for','','sitemap'),(9,7,2,'Sitemap','Wissen Sie nicht weiter? Vielleicht finden Sie es hier','','Sitemap'),(9,7,3,'sitemap','Vous êtes perdu ? Trouvez ce que vous cherchez','','plan du site'),(9,7,4,'Mappa del sito','Vi siete persi? Qui potete trovate quello che state cercando','','Mappa del sito'),(9,8,1,'Sitemap','Lost ? Find what your are looking for','','sitemap'),(9,8,2,'Sitemap','Wissen Sie nicht weiter? Vielleicht finden Sie es hier','','Sitemap'),(9,8,3,'sitemap','Vous êtes perdu ? Trouvez ce que vous cherchez','','plan du site'),(9,8,4,'Mappa del sito','Vi siete persi? Qui potete trovate quello che state cercando','','Mappa del sito'),(9,9,1,'Sitemap','Lost ? Find what your are looking for','','sitemap'),(9,9,2,'Sitemap','Wissen Sie nicht weiter? Vielleicht finden Sie es hier','','Sitemap'),(9,9,3,'sitemap','Vous êtes perdu ? Trouvez ce que vous cherchez','','plan du site'),(9,9,4,'Mappa del sito','Vi siete persi? Qui potete trovate quello che state cercando','','Mappa del sito'),(9,10,1,'Sitemap','Lost ? Find what your are looking for','','sitemap'),(9,10,2,'Sitemap','Wissen Sie nicht weiter? Vielleicht finden Sie es hier','','Sitemap'),(9,10,3,'sitemap','Vous êtes perdu ? Trouvez ce que vous cherchez','','plan du site'),(9,10,4,'Mappa del sito','Vi siete persi? Qui potete trovate quello che state cercando','','Mappa del sito'),(9,11,1,'Sitemap','Lost ? Find what your are looking for','','sitemap'),(9,11,2,'Sitemap','Wissen Sie nicht weiter? Vielleicht finden Sie es hier','','Sitemap'),(9,11,3,'sitemap','Vous êtes perdu ? Trouvez ce que vous cherchez','','plan du site'),(9,11,4,'Mappa del sito','Vi siete persi? Qui potete trovate quello che state cercando','','Mappa del sito'),(9,12,1,'Sitemap','Lost ? Find what your are looking for','','sitemap'),(9,12,2,'Sitemap','Wissen Sie nicht weiter? Vielleicht finden Sie es hier','','Sitemap'),(9,12,3,'sitemap','Vous êtes perdu ? Trouvez ce que vous cherchez','','plan du site'),(9,12,4,'Mappa del sito','Vi siete persi? Qui potete trovate quello che state cercando','','Mappa del sito'),(9,13,1,'Sitemap','Lost ? Find what your are looking for','','sitemap'),(9,13,2,'Sitemap','Wissen Sie nicht weiter? Vielleicht finden Sie es hier','','Sitemap'),(9,13,3,'sitemap','Vous êtes perdu ? Trouvez ce que vous cherchez','','plan du site'),(9,13,4,'Mappa del sito','Vi siete persi? Qui potete trovate quello che state cercando','','Mappa del sito'),(10,1,1,'Suppliers','Suppliers list','','supplier'),(10,1,2,'Lieferanten','Lieferanten-Liste','','lieferant'),(10,1,3,'Fournisseurs','Liste des fournisseurs','','fournisseur'),(10,1,4,'Fornitori','Elenco dei fornitori','','fornitori'),(10,3,1,'Suppliers','Suppliers list','','supplier'),(10,3,2,'Lieferanten','Lieferanten-Liste','','lieferant'),(10,3,3,'Fournisseurs','Liste des fournisseurs','','fournisseur'),(10,3,4,'Fornitori','Elenco dei fornitori','','fornitori'),(10,4,1,'Suppliers','Suppliers list','','supplier'),(10,4,2,'Lieferanten','Lieferanten-Liste','','lieferant'),(10,4,3,'Fournisseurs','Liste des fournisseurs','','fournisseur'),(10,4,4,'Fornitori','Elenco dei fornitori','','fornitori'),(10,5,1,'Suppliers','Suppliers list','','supplier'),(10,5,2,'Lieferanten','Lieferanten-Liste','','lieferant'),(10,5,3,'Fournisseurs','Liste des fournisseurs','','fournisseur'),(10,5,4,'Fornitori','Elenco dei fornitori','','fornitori'),(10,6,1,'Suppliers','Suppliers list','','supplier'),(10,6,2,'Lieferanten','Lieferanten-Liste','','lieferant'),(10,6,3,'Fournisseurs','Liste des fournisseurs','','fournisseur'),(10,6,4,'Fornitori','Elenco dei fornitori','','fornitori'),(10,7,1,'Suppliers','Suppliers list','','supplier'),(10,7,2,'Lieferanten','Lieferanten-Liste','','lieferant'),(10,7,3,'Fournisseurs','Liste des fournisseurs','','fournisseur'),(10,7,4,'Fornitori','Elenco dei fornitori','','fornitori'),(10,8,1,'Suppliers','Suppliers list','','supplier'),(10,8,2,'Lieferanten','Lieferanten-Liste','','lieferant'),(10,8,3,'Fournisseurs','Liste des fournisseurs','','fournisseur'),(10,8,4,'Fornitori','Elenco dei fornitori','','fornitori'),(10,9,1,'Suppliers','Suppliers list','','supplier'),(10,9,2,'Lieferanten','Lieferanten-Liste','','lieferant'),(10,9,3,'Fournisseurs','Liste des fournisseurs','','fournisseur'),(10,9,4,'Fornitori','Elenco dei fornitori','','fornitori'),(10,10,1,'Suppliers','Suppliers list','','supplier'),(10,10,2,'Lieferanten','Lieferanten-Liste','','lieferant'),(10,10,3,'Fournisseurs','Liste des fournisseurs','','fournisseur'),(10,10,4,'Fornitori','Elenco dei fornitori','','fornitori'),(10,11,1,'Suppliers','Suppliers list','','supplier'),(10,11,2,'Lieferanten','Lieferanten-Liste','','lieferant'),(10,11,3,'Fournisseurs','Liste des fournisseurs','','fournisseur'),(10,11,4,'Fornitori','Elenco dei fornitori','','fornitori'),(10,12,1,'Suppliers','Suppliers list','','supplier'),(10,12,2,'Lieferanten','Lieferanten-Liste','','lieferant'),(10,12,3,'Fournisseurs','Liste des fournisseurs','','fournisseur'),(10,12,4,'Fornitori','Elenco dei fornitori','','fornitori'),(10,13,1,'Suppliers','Suppliers list','','supplier'),(10,13,2,'Lieferanten','Lieferanten-Liste','','lieferant'),(10,13,3,'Fournisseurs','Liste des fournisseurs','','fournisseur'),(10,13,4,'Fornitori','Elenco dei fornitori','','fornitori'),(11,1,1,'Address','','','address'),(11,1,2,'Adresse','','','adresse'),(11,1,3,'Adresse','','','adresse'),(11,1,4,'Indirizzo','','','indirizzo'),(11,3,1,'Address','','','address'),(11,3,2,'Adresse','','','adresse'),(11,3,3,'Adresse','','','adresse'),(11,3,4,'Indirizzo','','','indirizzo'),(11,4,1,'Address','','','address'),(11,4,2,'Adresse','','','adresse'),(11,4,3,'Adresse','','','adresse'),(11,4,4,'Indirizzo','','','indirizzo'),(11,5,1,'Address','','','address'),(11,5,2,'Adresse','','','adresse'),(11,5,3,'Adresse','','','adresse'),(11,5,4,'Indirizzo','','','indirizzo'),(11,6,1,'Address','','','address'),(11,6,2,'Adresse','','','adresse'),(11,6,3,'Adresse','','','adresse'),(11,6,4,'Indirizzo','','','indirizzo'),(11,7,1,'Address','','','address'),(11,7,2,'Adresse','','','adresse'),(11,7,3,'Adresse','','','adresse'),(11,7,4,'Indirizzo','','','indirizzo'),(11,8,1,'Address','','','address'),(11,8,2,'Adresse','','','adresse'),(11,8,3,'Adresse','','','adresse'),(11,8,4,'Indirizzo','','','indirizzo'),(11,9,1,'Address','','','address'),(11,9,2,'Adresse','','','adresse'),(11,9,3,'Adresse','','','adresse'),(11,9,4,'Indirizzo','','','indirizzo'),(11,10,1,'Address','','','address'),(11,10,2,'Adresse','','','adresse'),(11,10,3,'Adresse','','','adresse'),(11,10,4,'Indirizzo','','','indirizzo'),(11,11,1,'Address','','','address'),(11,11,2,'Adresse','','','adresse'),(11,11,3,'Adresse','','','adresse'),(11,11,4,'Indirizzo','','','indirizzo'),(11,12,1,'Address','','','address'),(11,12,2,'Adresse','','','adresse'),(11,12,3,'Adresse','','','adresse'),(11,12,4,'Indirizzo','','','indirizzo'),(11,13,1,'Address','','','address'),(11,13,2,'Adresse','','','adresse'),(11,13,3,'Adresse','','','adresse'),(11,13,4,'Indirizzo','','','indirizzo'),(12,1,1,'Addresses','','','addresses'),(12,1,2,'Adressen','','','adressen'),(12,1,3,'Adresses','','','adresses'),(12,1,4,'Indirizzi','','','indirizzi'),(12,3,1,'Addresses','','','addresses'),(12,3,2,'Adressen','','','adressen'),(12,3,3,'Adresses','','','adresses'),(12,3,4,'Indirizzi','','','indirizzi'),(12,4,1,'Addresses','','','addresses'),(12,4,2,'Adressen','','','adressen'),(12,4,3,'Adresses','','','adresses'),(12,4,4,'Indirizzi','','','indirizzi'),(12,5,1,'Addresses','','','addresses'),(12,5,2,'Adressen','','','adressen'),(12,5,3,'Adresses','','','adresses'),(12,5,4,'Indirizzi','','','indirizzi'),(12,6,1,'Addresses','','','addresses'),(12,6,2,'Adressen','','','adressen'),(12,6,3,'Adresses','','','adresses'),(12,6,4,'Indirizzi','','','indirizzi'),(12,7,1,'Addresses','','','addresses'),(12,7,2,'Adressen','','','adressen'),(12,7,3,'Adresses','','','adresses'),(12,7,4,'Indirizzi','','','indirizzi'),(12,8,1,'Addresses','','','addresses'),(12,8,2,'Adressen','','','adressen'),(12,8,3,'Adresses','','','adresses'),(12,8,4,'Indirizzi','','','indirizzi'),(12,9,1,'Addresses','','','addresses'),(12,9,2,'Adressen','','','adressen'),(12,9,3,'Adresses','','','adresses'),(12,9,4,'Indirizzi','','','indirizzi'),(12,10,1,'Addresses','','','addresses'),(12,10,2,'Adressen','','','adressen'),(12,10,3,'Adresses','','','adresses'),(12,10,4,'Indirizzi','','','indirizzi'),(12,11,1,'Addresses','','','addresses'),(12,11,2,'Adressen','','','adressen'),(12,11,3,'Adresses','','','adresses'),(12,11,4,'Indirizzi','','','indirizzi'),(12,12,1,'Addresses','','','addresses'),(12,12,2,'Adressen','','','adressen'),(12,12,3,'Adresses','','','adresses'),(12,12,4,'Indirizzi','','','indirizzi'),(12,13,1,'Addresses','','','addresses'),(12,13,2,'Adressen','','','adressen'),(12,13,3,'Adresses','','','adresses'),(12,13,4,'Indirizzi','','','indirizzi'),(13,1,1,'Login','','','login'),(13,1,2,'Anmelden','','','anmeldung'),(13,1,3,'Identifiant','','','connexion'),(13,1,4,'Entra','','','login'),(13,3,1,'Login','','','login'),(13,3,2,'Anmelden','','','anmeldung'),(13,3,3,'Identifiant','','','connexion'),(13,3,4,'Entra','','','login'),(13,4,1,'Login','','','login'),(13,4,2,'Anmelden','','','anmeldung'),(13,4,3,'Identifiant','','','connexion'),(13,4,4,'Entra','','','login'),(13,5,1,'Login','','','login'),(13,5,2,'Anmelden','','','anmeldung'),(13,5,3,'Identifiant','','','connexion'),(13,5,4,'Entra','','','login'),(13,6,1,'Login','','','login'),(13,6,2,'Anmelden','','','anmeldung'),(13,6,3,'Identifiant','','','connexion'),(13,6,4,'Entra','','','login'),(13,7,1,'Login','','','login'),(13,7,2,'Anmelden','','','anmeldung'),(13,7,3,'Identifiant','','','connexion'),(13,7,4,'Entra','','','login'),(13,8,1,'Login','','','login'),(13,8,2,'Anmelden','','','anmeldung'),(13,8,3,'Identifiant','','','connexion'),(13,8,4,'Entra','','','login'),(13,9,1,'Login','','','login'),(13,9,2,'Anmelden','','','anmeldung'),(13,9,3,'Identifiant','','','connexion'),(13,9,4,'Entra','','','login'),(13,10,1,'Login','','','login'),(13,10,2,'Anmelden','','','anmeldung'),(13,10,3,'Identifiant','','','connexion'),(13,10,4,'Entra','','','login'),(13,11,1,'Login','','','login'),(13,11,2,'Anmelden','','','anmeldung'),(13,11,3,'Identifiant','','','connexion'),(13,11,4,'Entra','','','login'),(13,12,1,'Login','','','login'),(13,12,2,'Anmelden','','','anmeldung'),(13,12,3,'Identifiant','','','connexion'),(13,12,4,'Entra','','','login'),(13,13,1,'Login','','','login'),(13,13,2,'Anmelden','','','anmeldung'),(13,13,3,'Identifiant','','','connexion'),(13,13,4,'Entra','','','login'),(14,1,1,'Cart','','','cart'),(14,1,2,'Warenkorb','','','warenkorb'),(14,1,3,'Panier','','','panier'),(14,1,4,'Carrello','','','carrello'),(14,3,1,'Cart','','','cart'),(14,3,2,'Warenkorb','','','warenkorb'),(14,3,3,'Panier','','','panier'),(14,3,4,'Carrello','','','carrello'),(14,4,1,'Cart','','','cart'),(14,4,2,'Warenkorb','','','warenkorb'),(14,4,3,'Panier','','','panier'),(14,4,4,'Carrello','','','carrello'),(14,5,1,'Cart','','','cart'),(14,5,2,'Warenkorb','','','warenkorb'),(14,5,3,'Panier','','','panier'),(14,5,4,'Carrello','','','carrello'),(14,6,1,'Cart','','','cart'),(14,6,2,'Warenkorb','','','warenkorb'),(14,6,3,'Panier','','','panier'),(14,6,4,'Carrello','','','carrello'),(14,7,1,'Cart','','','cart'),(14,7,2,'Warenkorb','','','warenkorb'),(14,7,3,'Panier','','','panier'),(14,7,4,'Carrello','','','carrello'),(14,8,1,'Cart','','','cart'),(14,8,2,'Warenkorb','','','warenkorb'),(14,8,3,'Panier','','','panier'),(14,8,4,'Carrello','','','carrello'),(14,9,1,'Cart','','','cart'),(14,9,2,'Warenkorb','','','warenkorb'),(14,9,3,'Panier','','','panier'),(14,9,4,'Carrello','','','carrello'),(14,10,1,'Cart','','','cart'),(14,10,2,'Warenkorb','','','warenkorb'),(14,10,3,'Panier','','','panier'),(14,10,4,'Carrello','','','carrello'),(14,11,1,'Cart','','','cart'),(14,11,2,'Warenkorb','','','warenkorb'),(14,11,3,'Panier','','','panier'),(14,11,4,'Carrello','','','carrello'),(14,12,1,'Cart','','','cart'),(14,12,2,'Warenkorb','','','warenkorb'),(14,12,3,'Panier','','','panier'),(14,12,4,'Carrello','','','carrello'),(14,13,1,'Cart','','','cart'),(14,13,2,'Warenkorb','','','warenkorb'),(14,13,3,'Panier','','','panier'),(14,13,4,'Carrello','','','carrello'),(15,1,1,'Discount','','','discount'),(15,1,2,'Rabatt','','','Rabatt'),(15,1,3,'Remise','','','reduction'),(15,1,4,'Sconto','','','buoni-sconto'),(15,3,1,'Discount','','','discount'),(15,3,2,'Rabatt','','','Rabatt'),(15,3,3,'Remise','','','reduction'),(15,3,4,'Sconto','','','buoni-sconto'),(15,4,1,'Discount','','','discount'),(15,4,2,'Rabatt','','','Rabatt'),(15,4,3,'Remise','','','reduction'),(15,4,4,'Sconto','','','buoni-sconto'),(15,5,1,'Discount','','','discount'),(15,5,2,'Rabatt','','','Rabatt'),(15,5,3,'Remise','','','reduction'),(15,5,4,'Sconto','','','buoni-sconto'),(15,6,1,'Discount','','','discount'),(15,6,2,'Rabatt','','','Rabatt'),(15,6,3,'Remise','','','reduction'),(15,6,4,'Sconto','','','buoni-sconto'),(15,7,1,'Discount','','','discount'),(15,7,2,'Rabatt','','','Rabatt'),(15,7,3,'Remise','','','reduction'),(15,7,4,'Sconto','','','buoni-sconto'),(15,8,1,'Discount','','','discount'),(15,8,2,'Rabatt','','','Rabatt'),(15,8,3,'Remise','','','reduction'),(15,8,4,'Sconto','','','buoni-sconto'),(15,9,1,'Discount','','','discount'),(15,9,2,'Rabatt','','','Rabatt'),(15,9,3,'Remise','','','reduction'),(15,9,4,'Sconto','','','buoni-sconto'),(15,10,1,'Discount','','','discount'),(15,10,2,'Rabatt','','','Rabatt'),(15,10,3,'Remise','','','reduction'),(15,10,4,'Sconto','','','buoni-sconto'),(15,11,1,'Discount','','','discount'),(15,11,2,'Rabatt','','','Rabatt'),(15,11,3,'Remise','','','reduction'),(15,11,4,'Sconto','','','buoni-sconto'),(15,12,1,'Discount','','','discount'),(15,12,2,'Rabatt','','','Rabatt'),(15,12,3,'Remise','','','reduction'),(15,12,4,'Sconto','','','buoni-sconto'),(15,13,1,'Discount','','','discount'),(15,13,2,'Rabatt','','','Rabatt'),(15,13,3,'Remise','','','reduction'),(15,13,4,'Sconto','','','buoni-sconto'),(16,1,1,'Order history','','','order-history'),(16,1,2,'Bestellverlauf','','','bestellungsverlauf'),(16,1,3,'Historique de vos commandes','','','historique-commandes'),(16,1,4,'Storico ordini','','','cronologia-ordini'),(16,3,1,'Order history','','','order-history'),(16,3,2,'Bestellverlauf','','','bestellungsverlauf'),(16,3,3,'Historique de vos commandes','','','historique-commandes'),(16,3,4,'Storico ordini','','','cronologia-ordini'),(16,4,1,'Order history','','','order-history'),(16,4,2,'Bestellverlauf','','','bestellungsverlauf'),(16,4,3,'Historique de vos commandes','','','historique-commandes'),(16,4,4,'Storico ordini','','','cronologia-ordini'),(16,5,1,'Order history','','','order-history'),(16,5,2,'Bestellverlauf','','','bestellungsverlauf'),(16,5,3,'Historique de vos commandes','','','historique-commandes'),(16,5,4,'Storico ordini','','','cronologia-ordini'),(16,6,1,'Order history','','','order-history'),(16,6,2,'Bestellverlauf','','','bestellungsverlauf'),(16,6,3,'Historique de vos commandes','','','historique-commandes'),(16,6,4,'Storico ordini','','','cronologia-ordini'),(16,7,1,'Order history','','','order-history'),(16,7,2,'Bestellverlauf','','','bestellungsverlauf'),(16,7,3,'Historique de vos commandes','','','historique-commandes'),(16,7,4,'Storico ordini','','','cronologia-ordini'),(16,8,1,'Order history','','','order-history'),(16,8,2,'Bestellverlauf','','','bestellungsverlauf'),(16,8,3,'Historique de vos commandes','','','historique-commandes'),(16,8,4,'Storico ordini','','','cronologia-ordini'),(16,9,1,'Order history','','','order-history'),(16,9,2,'Bestellverlauf','','','bestellungsverlauf'),(16,9,3,'Historique de vos commandes','','','historique-commandes'),(16,9,4,'Storico ordini','','','cronologia-ordini'),(16,10,1,'Order history','','','order-history'),(16,10,2,'Bestellverlauf','','','bestellungsverlauf'),(16,10,3,'Historique de vos commandes','','','historique-commandes'),(16,10,4,'Storico ordini','','','cronologia-ordini'),(16,11,1,'Order history','','','order-history'),(16,11,2,'Bestellverlauf','','','bestellungsverlauf'),(16,11,3,'Historique de vos commandes','','','historique-commandes'),(16,11,4,'Storico ordini','','','cronologia-ordini'),(16,12,1,'Order history','','','order-history'),(16,12,2,'Bestellverlauf','','','bestellungsverlauf'),(16,12,3,'Historique de vos commandes','','','historique-commandes'),(16,12,4,'Storico ordini','','','cronologia-ordini'),(16,13,1,'Order history','','','order-history'),(16,13,2,'Bestellverlauf','','','bestellungsverlauf'),(16,13,3,'Historique de vos commandes','','','historique-commandes'),(16,13,4,'Storico ordini','','','cronologia-ordini'),(17,1,1,'Identity','','','identity'),(17,1,2,'Profil','','','profil'),(17,1,3,'Identité','','','identite'),(17,1,4,'Dati personali','','','dati-personali'),(17,3,1,'Identity','','','identity'),(17,3,2,'Profil','','','profil'),(17,3,3,'Identité','','','identite'),(17,3,4,'Dati personali','','','dati-personali'),(17,4,1,'Identity','','','identity'),(17,4,2,'Profil','','','profil'),(17,4,3,'Identité','','','identite'),(17,4,4,'Dati personali','','','dati-personali'),(17,5,1,'Identity','','','identity'),(17,5,2,'Profil','','','profil'),(17,5,3,'Identité','','','identite'),(17,5,4,'Dati personali','','','dati-personali'),(17,6,1,'Identity','','','identity'),(17,6,2,'Profil','','','profil'),(17,6,3,'Identité','','','identite'),(17,6,4,'Dati personali','','','dati-personali'),(17,7,1,'Identity','','','identity'),(17,7,2,'Profil','','','profil'),(17,7,3,'Identité','','','identite'),(17,7,4,'Dati personali','','','dati-personali'),(17,8,1,'Identity','','','identity'),(17,8,2,'Profil','','','profil'),(17,8,3,'Identité','','','identite'),(17,8,4,'Dati personali','','','dati-personali'),(17,9,1,'Identity','','','identity'),(17,9,2,'Profil','','','profil'),(17,9,3,'Identité','','','identite'),(17,9,4,'Dati personali','','','dati-personali'),(17,10,1,'Identity','','','identity'),(17,10,2,'Profil','','','profil'),(17,10,3,'Identité','','','identite'),(17,10,4,'Dati personali','','','dati-personali'),(17,11,1,'Identity','','','identity'),(17,11,2,'Profil','','','profil'),(17,11,3,'Identité','','','identite'),(17,11,4,'Dati personali','','','dati-personali'),(17,12,1,'Identity','','','identity'),(17,12,2,'Profil','','','profil'),(17,12,3,'Identité','','','identite'),(17,12,4,'Dati personali','','','dati-personali'),(17,13,1,'Identity','','','identity'),(17,13,2,'Profil','','','profil'),(17,13,3,'Identité','','','identite'),(17,13,4,'Dati personali','','','dati-personali'),(18,1,1,'My account','','','my-account'),(18,1,2,'Ihr Kundenbereich','','','mein-Konto'),(18,1,3,'Mon compte','','','mon-compte'),(18,1,4,'Il mio account','','','account'),(18,3,1,'My account','','','my-account'),(18,3,2,'Ihr Kundenbereich','','','mein-Konto'),(18,3,3,'Mon compte','','','mon-compte'),(18,3,4,'Il mio account','','','account'),(18,4,1,'My account','','','my-account'),(18,4,2,'Ihr Kundenbereich','','','mein-Konto'),(18,4,3,'Mon compte','','','mon-compte'),(18,4,4,'Il mio account','','','account'),(18,5,1,'My account','','','my-account'),(18,5,2,'Ihr Kundenbereich','','','mein-Konto'),(18,5,3,'Mon compte','','','mon-compte'),(18,5,4,'Il mio account','','','account'),(18,6,1,'My account','','','my-account'),(18,6,2,'Ihr Kundenbereich','','','mein-Konto'),(18,6,3,'Mon compte','','','mon-compte'),(18,6,4,'Il mio account','','','account'),(18,7,1,'My account','','','my-account'),(18,7,2,'Ihr Kundenbereich','','','mein-Konto'),(18,7,3,'Mon compte','','','mon-compte'),(18,7,4,'Il mio account','','','account'),(18,8,1,'My account','','','my-account'),(18,8,2,'Ihr Kundenbereich','','','mein-Konto'),(18,8,3,'Mon compte','','','mon-compte'),(18,8,4,'Il mio account','','','account'),(18,9,1,'My account','','','my-account'),(18,9,2,'Ihr Kundenbereich','','','mein-Konto'),(18,9,3,'Mon compte','','','mon-compte'),(18,9,4,'Il mio account','','','account'),(18,10,1,'My account','','','my-account'),(18,10,2,'Ihr Kundenbereich','','','mein-Konto'),(18,10,3,'Mon compte','','','mon-compte'),(18,10,4,'Il mio account','','','account'),(18,11,1,'My account','','','my-account'),(18,11,2,'Ihr Kundenbereich','','','mein-Konto'),(18,11,3,'Mon compte','','','mon-compte'),(18,11,4,'Il mio account','','','account'),(18,12,1,'My account','','','my-account'),(18,12,2,'Ihr Kundenbereich','','','mein-Konto'),(18,12,3,'Mon compte','','','mon-compte'),(18,12,4,'Il mio account','','','account'),(18,13,1,'My account','','','my-account'),(18,13,2,'Ihr Kundenbereich','','','mein-Konto'),(18,13,3,'Mon compte','','','mon-compte'),(18,13,4,'Il mio account','','','account'),(19,1,1,'Order follow','','','order-follow'),(19,1,2,'Bestellung verfolgen','','','bestellverfolgung'),(19,1,3,'Suivi de commande','','','suivi-commande'),(19,1,4,'Segui l\'ordine','','','segui-ordine'),(19,3,1,'Order follow','','','order-follow'),(19,3,2,'Bestellung verfolgen','','','bestellverfolgung'),(19,3,3,'Suivi de commande','','','suivi-commande'),(19,3,4,'Segui l\'ordine','','','segui-ordine'),(19,4,1,'Order follow','','','order-follow'),(19,4,2,'Bestellung verfolgen','','','bestellverfolgung'),(19,4,3,'Suivi de commande','','','suivi-commande'),(19,4,4,'Segui l\'ordine','','','segui-ordine'),(19,5,1,'Order follow','','','order-follow'),(19,5,2,'Bestellung verfolgen','','','bestellverfolgung'),(19,5,3,'Suivi de commande','','','suivi-commande'),(19,5,4,'Segui l\'ordine','','','segui-ordine'),(19,6,1,'Order follow','','','order-follow'),(19,6,2,'Bestellung verfolgen','','','bestellverfolgung'),(19,6,3,'Suivi de commande','','','suivi-commande'),(19,6,4,'Segui l\'ordine','','','segui-ordine'),(19,7,1,'Order follow','','','order-follow'),(19,7,2,'Bestellung verfolgen','','','bestellverfolgung'),(19,7,3,'Suivi de commande','','','suivi-commande'),(19,7,4,'Segui l\'ordine','','','segui-ordine'),(19,8,1,'Order follow','','','order-follow'),(19,8,2,'Bestellung verfolgen','','','bestellverfolgung'),(19,8,3,'Suivi de commande','','','suivi-commande'),(19,8,4,'Segui l\'ordine','','','segui-ordine'),(19,9,1,'Order follow','','','order-follow'),(19,9,2,'Bestellung verfolgen','','','bestellverfolgung'),(19,9,3,'Suivi de commande','','','suivi-commande'),(19,9,4,'Segui l\'ordine','','','segui-ordine'),(19,10,1,'Order follow','','','order-follow'),(19,10,2,'Bestellung verfolgen','','','bestellverfolgung'),(19,10,3,'Suivi de commande','','','suivi-commande'),(19,10,4,'Segui l\'ordine','','','segui-ordine'),(19,11,1,'Order follow','','','order-follow'),(19,11,2,'Bestellung verfolgen','','','bestellverfolgung'),(19,11,3,'Suivi de commande','','','suivi-commande'),(19,11,4,'Segui l\'ordine','','','segui-ordine'),(19,12,1,'Order follow','','','order-follow'),(19,12,2,'Bestellung verfolgen','','','bestellverfolgung'),(19,12,3,'Suivi de commande','','','suivi-commande'),(19,12,4,'Segui l\'ordine','','','segui-ordine'),(19,13,1,'Order follow','','','order-follow'),(19,13,2,'Bestellung verfolgen','','','bestellverfolgung'),(19,13,3,'Suivi de commande','','','suivi-commande'),(19,13,4,'Segui l\'ordine','','','segui-ordine'),(20,1,1,'Credit slip','','','credit-slip'),(20,1,2,'Rückvergütungen','','','bestellschein'),(20,1,3,'Avoir','','','avoirs'),(20,1,4,'Nota di credito','','','buono-ordine'),(20,3,1,'Credit slip','','','credit-slip'),(20,3,2,'Rückvergütungen','','','bestellschein'),(20,3,3,'Avoir','','','avoirs'),(20,3,4,'Nota di credito','','','buono-ordine'),(20,4,1,'Credit slip','','','credit-slip'),(20,4,2,'Rückvergütungen','','','bestellschein'),(20,4,3,'Avoir','','','avoirs'),(20,4,4,'Nota di credito','','','buono-ordine'),(20,5,1,'Credit slip','','','credit-slip'),(20,5,2,'Rückvergütungen','','','bestellschein'),(20,5,3,'Avoir','','','avoirs'),(20,5,4,'Nota di credito','','','buono-ordine'),(20,6,1,'Credit slip','','','credit-slip'),(20,6,2,'Rückvergütungen','','','bestellschein'),(20,6,3,'Avoir','','','avoirs'),(20,6,4,'Nota di credito','','','buono-ordine'),(20,7,1,'Credit slip','','','credit-slip'),(20,7,2,'Rückvergütungen','','','bestellschein'),(20,7,3,'Avoir','','','avoirs'),(20,7,4,'Nota di credito','','','buono-ordine'),(20,8,1,'Credit slip','','','credit-slip'),(20,8,2,'Rückvergütungen','','','bestellschein'),(20,8,3,'Avoir','','','avoirs'),(20,8,4,'Nota di credito','','','buono-ordine'),(20,9,1,'Credit slip','','','credit-slip'),(20,9,2,'Rückvergütungen','','','bestellschein'),(20,9,3,'Avoir','','','avoirs'),(20,9,4,'Nota di credito','','','buono-ordine'),(20,10,1,'Credit slip','','','credit-slip'),(20,10,2,'Rückvergütungen','','','bestellschein'),(20,10,3,'Avoir','','','avoirs'),(20,10,4,'Nota di credito','','','buono-ordine'),(20,11,1,'Credit slip','','','credit-slip'),(20,11,2,'Rückvergütungen','','','bestellschein'),(20,11,3,'Avoir','','','avoirs'),(20,11,4,'Nota di credito','','','buono-ordine'),(20,12,1,'Credit slip','','','credit-slip'),(20,12,2,'Rückvergütungen','','','bestellschein'),(20,12,3,'Avoir','','','avoirs'),(20,12,4,'Nota di credito','','','buono-ordine'),(20,13,1,'Credit slip','','','credit-slip'),(20,13,2,'Rückvergütungen','','','bestellschein'),(20,13,3,'Avoir','','','avoirs'),(20,13,4,'Nota di credito','','','buono-ordine'),(21,1,1,'Order','','','order'),(21,1,2,'Bestellung','','','Bestellung'),(21,1,3,'Commande','','','commande'),(21,1,4,'Ordine','','','ordine'),(21,3,1,'Order','','','order'),(21,3,2,'Bestellung','','','Bestellung'),(21,3,3,'Commande','','','commande'),(21,3,4,'Ordine','','','ordine'),(21,4,1,'Order','','','order'),(21,4,2,'Bestellung','','','Bestellung'),(21,4,3,'Commande','','','commande'),(21,4,4,'Ordine','','','ordine'),(21,5,1,'Order','','','order'),(21,5,2,'Bestellung','','','Bestellung'),(21,5,3,'Commande','','','commande'),(21,5,4,'Ordine','','','ordine'),(21,6,1,'Order','','','order'),(21,6,2,'Bestellung','','','Bestellung'),(21,6,3,'Commande','','','commande'),(21,6,4,'Ordine','','','ordine'),(21,7,1,'Order','','','order'),(21,7,2,'Bestellung','','','Bestellung'),(21,7,3,'Commande','','','commande'),(21,7,4,'Ordine','','','ordine'),(21,8,1,'Order','','','order'),(21,8,2,'Bestellung','','','Bestellung'),(21,8,3,'Commande','','','commande'),(21,8,4,'Ordine','','','ordine'),(21,9,1,'Order','','','order'),(21,9,2,'Bestellung','','','Bestellung'),(21,9,3,'Commande','','','commande'),(21,9,4,'Ordine','','','ordine'),(21,10,1,'Order','','','order'),(21,10,2,'Bestellung','','','Bestellung'),(21,10,3,'Commande','','','commande'),(21,10,4,'Ordine','','','ordine'),(21,11,1,'Order','','','order'),(21,11,2,'Bestellung','','','Bestellung'),(21,11,3,'Commande','','','commande'),(21,11,4,'Ordine','','','ordine'),(21,12,1,'Order','','','order'),(21,12,2,'Bestellung','','','Bestellung'),(21,12,3,'Commande','','','commande'),(21,12,4,'Ordine','','','ordine'),(21,13,1,'Order','','','order'),(21,13,2,'Bestellung','','','Bestellung'),(21,13,3,'Commande','','','commande'),(21,13,4,'Ordine','','','ordine'),(22,1,1,'Search','','','search'),(22,1,2,'Suche','','','suche'),(22,1,3,'Rechercher','','','recherche'),(22,1,4,'Cerca','','','ricerca'),(22,3,1,'Search','','','search'),(22,3,2,'Suche','','','suche'),(22,3,3,'Rechercher','','','recherche'),(22,3,4,'Cerca','','','ricerca'),(22,4,1,'Search','','','search'),(22,4,2,'Suche','','','suche'),(22,4,3,'Rechercher','','','recherche'),(22,4,4,'Cerca','','','ricerca'),(22,5,1,'Search','','','search'),(22,5,2,'Suche','','','suche'),(22,5,3,'Rechercher','','','recherche'),(22,5,4,'Cerca','','','ricerca'),(22,6,1,'Search','','','search'),(22,6,2,'Suche','','','suche'),(22,6,3,'Rechercher','','','recherche'),(22,6,4,'Cerca','','','ricerca'),(22,7,1,'Search','','','search'),(22,7,2,'Suche','','','suche'),(22,7,3,'Rechercher','','','recherche'),(22,7,4,'Cerca','','','ricerca'),(22,8,1,'Search','','','search'),(22,8,2,'Suche','','','suche'),(22,8,3,'Rechercher','','','recherche'),(22,8,4,'Cerca','','','ricerca'),(22,9,1,'Search','','','search'),(22,9,2,'Suche','','','suche'),(22,9,3,'Rechercher','','','recherche'),(22,9,4,'Cerca','','','ricerca'),(22,10,1,'Search','','','search'),(22,10,2,'Suche','','','suche'),(22,10,3,'Rechercher','','','recherche'),(22,10,4,'Cerca','','','ricerca'),(22,11,1,'Search','','','search'),(22,11,2,'Suche','','','suche'),(22,11,3,'Rechercher','','','recherche'),(22,11,4,'Cerca','','','ricerca'),(22,12,1,'Search','','','search'),(22,12,2,'Suche','','','suche'),(22,12,3,'Rechercher','','','recherche'),(22,12,4,'Cerca','','','ricerca'),(22,13,1,'Search','','','search'),(22,13,2,'Suche','','','suche'),(22,13,3,'Rechercher','','','recherche'),(22,13,4,'Cerca','','','ricerca'),(23,1,1,'Stores','','','stores'),(23,1,2,'Shops','','','shops'),(23,1,3,'Magasins','','','magasins'),(23,1,4,'Negozi','','','negozi'),(23,3,1,'Stores','','','stores'),(23,3,2,'Shops','','','shops'),(23,3,3,'Magasins','','','magasins'),(23,3,4,'Negozi','','','negozi'),(23,4,1,'Stores','','','stores'),(23,4,2,'Shops','','','shops'),(23,4,3,'Magasins','','','magasins'),(23,4,4,'Negozi','','','negozi'),(23,5,1,'Stores','','','stores'),(23,5,2,'Shops','','','shops'),(23,5,3,'Magasins','','','magasins'),(23,5,4,'Negozi','','','negozi'),(23,6,1,'Stores','','','stores'),(23,6,2,'Shops','','','shops'),(23,6,3,'Magasins','','','magasins'),(23,6,4,'Negozi','','','negozi'),(23,7,1,'Stores','','','stores'),(23,7,2,'Shops','','','shops'),(23,7,3,'Magasins','','','magasins'),(23,7,4,'Negozi','','','negozi'),(23,8,1,'Stores','','','stores'),(23,8,2,'Shops','','','shops'),(23,8,3,'Magasins','','','magasins'),(23,8,4,'Negozi','','','negozi'),(23,9,1,'Stores','','','stores'),(23,9,2,'Shops','','','shops'),(23,9,3,'Magasins','','','magasins'),(23,9,4,'Negozi','','','negozi'),(23,10,1,'Stores','','','stores'),(23,10,2,'Shops','','','shops'),(23,10,3,'Magasins','','','magasins'),(23,10,4,'Negozi','','','negozi'),(23,11,1,'Stores','','','stores'),(23,11,2,'Shops','','','shops'),(23,11,3,'Magasins','','','magasins'),(23,11,4,'Negozi','','','negozi'),(23,12,1,'Stores','','','stores'),(23,12,2,'Shops','','','shops'),(23,12,3,'Magasins','','','magasins'),(23,12,4,'Negozi','','','negozi'),(23,13,1,'Stores','','','stores'),(23,13,2,'Shops','','','shops'),(23,13,3,'Magasins','','','magasins'),(23,13,4,'Negozi','','','negozi'),(24,1,1,'Guest tracking','','','guest-tracking'),(24,1,2,'Auftragsverfolgung Gast','','','auftragsverfolgung-gast'),(24,1,3,'Suivi de commande invité','','','suivi-commande-invite'),(24,1,4,'Tracciatura ospite','','','tracciatura-ospite'),(24,3,1,'Guest tracking','','','guest-tracking'),(24,3,2,'Auftragsverfolgung Gast','','','auftragsverfolgung-gast'),(24,3,3,'Suivi de commande invité','','','suivi-commande-invite'),(24,3,4,'Tracciatura ospite','','','tracciatura-ospite'),(24,4,1,'Guest tracking','','','guest-tracking'),(24,4,2,'Auftragsverfolgung Gast','','','auftragsverfolgung-gast'),(24,4,3,'Suivi de commande invité','','','suivi-commande-invite'),(24,4,4,'Tracciatura ospite','','','tracciatura-ospite'),(24,5,1,'Guest tracking','','','guest-tracking'),(24,5,2,'Auftragsverfolgung Gast','','','auftragsverfolgung-gast'),(24,5,3,'Suivi de commande invité','','','suivi-commande-invite'),(24,5,4,'Tracciatura ospite','','','tracciatura-ospite'),(24,6,1,'Guest tracking','','','guest-tracking'),(24,6,2,'Auftragsverfolgung Gast','','','auftragsverfolgung-gast'),(24,6,3,'Suivi de commande invité','','','suivi-commande-invite'),(24,6,4,'Tracciatura ospite','','','tracciatura-ospite'),(24,7,1,'Guest tracking','','','guest-tracking'),(24,7,2,'Auftragsverfolgung Gast','','','auftragsverfolgung-gast'),(24,7,3,'Suivi de commande invité','','','suivi-commande-invite'),(24,7,4,'Tracciatura ospite','','','tracciatura-ospite'),(24,8,1,'Guest tracking','','','guest-tracking'),(24,8,2,'Auftragsverfolgung Gast','','','auftragsverfolgung-gast'),(24,8,3,'Suivi de commande invité','','','suivi-commande-invite'),(24,8,4,'Tracciatura ospite','','','tracciatura-ospite'),(24,9,1,'Guest tracking','','','guest-tracking'),(24,9,2,'Auftragsverfolgung Gast','','','auftragsverfolgung-gast'),(24,9,3,'Suivi de commande invité','','','suivi-commande-invite'),(24,9,4,'Tracciatura ospite','','','tracciatura-ospite'),(24,10,1,'Guest tracking','','','guest-tracking'),(24,10,2,'Auftragsverfolgung Gast','','','auftragsverfolgung-gast'),(24,10,3,'Suivi de commande invité','','','suivi-commande-invite'),(24,10,4,'Tracciatura ospite','','','tracciatura-ospite'),(24,11,1,'Guest tracking','','','guest-tracking'),(24,11,2,'Auftragsverfolgung Gast','','','auftragsverfolgung-gast'),(24,11,3,'Suivi de commande invité','','','suivi-commande-invite'),(24,11,4,'Tracciatura ospite','','','tracciatura-ospite'),(24,12,1,'Guest tracking','','','guest-tracking'),(24,12,2,'Auftragsverfolgung Gast','','','auftragsverfolgung-gast'),(24,12,3,'Suivi de commande invité','','','suivi-commande-invite'),(24,12,4,'Tracciatura ospite','','','tracciatura-ospite'),(24,13,1,'Guest tracking','','','guest-tracking'),(24,13,2,'Auftragsverfolgung Gast','','','auftragsverfolgung-gast'),(24,13,3,'Suivi de commande invité','','','suivi-commande-invite'),(24,13,4,'Tracciatura ospite','','','tracciatura-ospite'),(25,1,1,'Order confirmation','','','order-confirmation'),(25,1,2,'Bestätigung der Bestellung','','','bestellbestatigung'),(25,1,3,'Confirmation de commande','','','confirmation-commande'),(25,1,4,'Conferma ordine','','','conferma-ordine'),(25,3,1,'Order confirmation','','','order-confirmation'),(25,3,2,'Bestätigung der Bestellung','','','bestellbestatigung'),(25,3,3,'Confirmation de commande','','','confirmation-commande'),(25,3,4,'Conferma ordine','','','conferma-ordine'),(25,4,1,'Order confirmation','','','order-confirmation'),(25,4,2,'Bestätigung der Bestellung','','','bestellbestatigung'),(25,4,3,'Confirmation de commande','','','confirmation-commande'),(25,4,4,'Conferma ordine','','','conferma-ordine'),(25,5,1,'Order confirmation','','','order-confirmation'),(25,5,2,'Bestätigung der Bestellung','','','bestellbestatigung'),(25,5,3,'Confirmation de commande','','','confirmation-commande'),(25,5,4,'Conferma ordine','','','conferma-ordine'),(25,6,1,'Order confirmation','','','order-confirmation'),(25,6,2,'Bestätigung der Bestellung','','','bestellbestatigung'),(25,6,3,'Confirmation de commande','','','confirmation-commande'),(25,6,4,'Conferma ordine','','','conferma-ordine'),(25,7,1,'Order confirmation','','','order-confirmation'),(25,7,2,'Bestätigung der Bestellung','','','bestellbestatigung'),(25,7,3,'Confirmation de commande','','','confirmation-commande'),(25,7,4,'Conferma ordine','','','conferma-ordine'),(25,8,1,'Order confirmation','','','order-confirmation'),(25,8,2,'Bestätigung der Bestellung','','','bestellbestatigung'),(25,8,3,'Confirmation de commande','','','confirmation-commande'),(25,8,4,'Conferma ordine','','','conferma-ordine'),(25,9,1,'Order confirmation','','','order-confirmation'),(25,9,2,'Bestätigung der Bestellung','','','bestellbestatigung'),(25,9,3,'Confirmation de commande','','','confirmation-commande'),(25,9,4,'Conferma ordine','','','conferma-ordine'),(25,10,1,'Order confirmation','','','order-confirmation'),(25,10,2,'Bestätigung der Bestellung','','','bestellbestatigung'),(25,10,3,'Confirmation de commande','','','confirmation-commande'),(25,10,4,'Conferma ordine','','','conferma-ordine'),(25,11,1,'Order confirmation','','','order-confirmation'),(25,11,2,'Bestätigung der Bestellung','','','bestellbestatigung'),(25,11,3,'Confirmation de commande','','','confirmation-commande'),(25,11,4,'Conferma ordine','','','conferma-ordine'),(25,12,1,'Order confirmation','','','order-confirmation'),(25,12,2,'Bestätigung der Bestellung','','','bestellbestatigung'),(25,12,3,'Confirmation de commande','','','confirmation-commande'),(25,12,4,'Conferma ordine','','','conferma-ordine'),(25,13,1,'Order confirmation','','','order-confirmation'),(25,13,2,'Bestätigung der Bestellung','','','bestellbestatigung'),(25,13,3,'Confirmation de commande','','','confirmation-commande'),(25,13,4,'Conferma ordine','','','conferma-ordine'),(34,1,1,'','','',''),(34,1,2,'','','',''),(34,1,3,'','','',''),(34,1,4,'','','',''),(34,3,1,'','','',''),(34,3,2,'','','',''),(34,3,3,'','','',''),(34,3,4,'','','',''),(34,4,1,'','','',''),(34,4,2,'','','',''),(34,4,3,'','','',''),(34,4,4,'','','',''),(34,5,1,'','','',''),(34,5,2,'','','',''),(34,5,3,'','','',''),(34,5,4,'','','',''),(34,6,1,'','','',''),(34,6,2,'','','',''),(34,6,3,'','','',''),(34,6,4,'','','',''),(34,7,1,'','','',''),(34,7,2,'','','',''),(34,7,3,'','','',''),(34,7,4,'','','',''),(34,8,1,'','','',''),(34,8,2,'','','',''),(34,8,3,'','','',''),(34,8,4,'','','',''),(34,9,1,'','','',''),(34,9,2,'','','',''),(34,9,3,'','','',''),(34,9,4,'','','',''),(34,10,1,'','','',''),(34,10,2,'','','',''),(34,10,3,'','','',''),(34,10,4,'','','',''),(34,11,1,'','','',''),(34,11,2,'','','',''),(34,11,3,'','','',''),(34,11,4,'','','',''),(34,12,1,'','','',''),(34,12,2,'','','',''),(34,12,3,'','','',''),(34,12,4,'','','',''),(34,13,1,'','','',''),(34,13,2,'','','',''),(34,13,3,'','','',''),(34,13,4,'','','',''),(35,1,1,'','','',''),(35,1,2,'','','',''),(35,1,3,'','','',''),(35,1,4,'','','',''),(35,3,1,'','','',''),(35,3,2,'','','',''),(35,3,3,'','','',''),(35,3,4,'','','',''),(35,4,1,'','','',''),(35,4,2,'','','',''),(35,4,3,'','','',''),(35,4,4,'','','',''),(35,5,1,'','','',''),(35,5,2,'','','',''),(35,5,3,'','','',''),(35,5,4,'','','',''),(35,6,1,'','','',''),(35,6,2,'','','',''),(35,6,3,'','','',''),(35,6,4,'','','',''),(35,7,1,'','','',''),(35,7,2,'','','',''),(35,7,3,'','','',''),(35,7,4,'','','',''),(35,8,1,'','','',''),(35,8,2,'','','',''),(35,8,3,'','','',''),(35,8,4,'','','',''),(35,9,1,'','','',''),(35,9,2,'','','',''),(35,9,3,'','','',''),(35,9,4,'','','',''),(35,10,1,'','','',''),(35,10,2,'','','',''),(35,10,3,'','','',''),(35,10,4,'','','',''),(35,11,1,'','','',''),(35,11,2,'','','',''),(35,11,3,'','','',''),(35,11,4,'','','',''),(35,12,1,'','','',''),(35,12,2,'','','',''),(35,12,3,'','','',''),(35,12,4,'','','',''),(35,13,1,'','','',''),(35,13,2,'','','',''),(35,13,3,'','','',''),(35,13,4,'','','',''),(36,1,1,'','','',''),(36,1,2,'','','',''),(36,1,3,'','','',''),(36,1,4,'','','',''),(36,3,1,'','','',''),(36,3,2,'','','',''),(36,3,3,'','','',''),(36,3,4,'','','',''),(36,4,1,'','','',''),(36,4,2,'','','',''),(36,4,3,'','','',''),(36,4,4,'','','',''),(36,5,1,'','','',''),(36,5,2,'','','',''),(36,5,3,'','','',''),(36,5,4,'','','',''),(36,6,1,'','','',''),(36,6,2,'','','',''),(36,6,3,'','','',''),(36,6,4,'','','',''),(36,7,1,'','','',''),(36,7,2,'','','',''),(36,7,3,'','','',''),(36,7,4,'','','',''),(36,8,1,'','','',''),(36,8,2,'','','',''),(36,8,3,'','','',''),(36,8,4,'','','',''),(36,9,1,'','','',''),(36,9,2,'','','',''),(36,9,3,'','','',''),(36,9,4,'','','',''),(36,10,1,'','','',''),(36,10,2,'','','',''),(36,10,3,'','','',''),(36,10,4,'','','',''),(36,11,1,'','','',''),(36,11,2,'','','',''),(36,11,3,'','','',''),(36,11,4,'','','',''),(36,12,1,'','','',''),(36,12,2,'','','',''),(36,12,3,'','','',''),(36,12,4,'','','',''),(36,13,1,'','','',''),(36,13,2,'','','',''),(36,13,3,'','','',''),(36,13,4,'','','',''),(37,1,1,'','','',''),(37,1,2,'','','',''),(37,1,3,'','','',''),(37,1,4,'','','',''),(37,3,1,'','','',''),(37,3,2,'','','',''),(37,3,3,'','','',''),(37,3,4,'','','',''),(37,4,1,'','','',''),(37,4,2,'','','',''),(37,4,3,'','','',''),(37,4,4,'','','',''),(37,5,1,'','','',''),(37,5,2,'','','',''),(37,5,3,'','','',''),(37,5,4,'','','',''),(37,6,1,'','','',''),(37,6,2,'','','',''),(37,6,3,'','','',''),(37,6,4,'','','',''),(37,7,1,'','','',''),(37,7,2,'','','',''),(37,7,3,'','','',''),(37,7,4,'','','',''),(37,8,1,'','','',''),(37,8,2,'','','',''),(37,8,3,'','','',''),(37,8,4,'','','',''),(37,9,1,'','','',''),(37,9,2,'','','',''),(37,9,3,'','','',''),(37,9,4,'','','',''),(37,10,1,'','','',''),(37,10,2,'','','',''),(37,10,3,'','','',''),(37,10,4,'','','',''),(37,11,1,'','','',''),(37,11,2,'','','',''),(37,11,3,'','','',''),(37,11,4,'','','',''),(37,12,1,'','','',''),(37,12,2,'','','',''),(37,12,3,'','','',''),(37,12,4,'','','',''),(37,13,1,'','','',''),(37,13,2,'','','',''),(37,13,3,'','','',''),(37,13,4,'','','',''),(38,1,1,'','','',''),(38,1,2,'','','',''),(38,1,3,'','','',''),(38,1,4,'','','',''),(38,3,1,'','','',''),(38,3,2,'','','',''),(38,3,3,'','','',''),(38,3,4,'','','',''),(38,4,1,'','','',''),(38,4,2,'','','',''),(38,4,3,'','','',''),(38,4,4,'','','',''),(38,5,1,'','','',''),(38,5,2,'','','',''),(38,5,3,'','','',''),(38,5,4,'','','',''),(38,6,1,'','','',''),(38,6,2,'','','',''),(38,6,3,'','','',''),(38,6,4,'','','',''),(38,7,1,'','','',''),(38,7,2,'','','',''),(38,7,3,'','','',''),(38,7,4,'','','',''),(38,8,1,'','','',''),(38,8,2,'','','',''),(38,8,3,'','','',''),(38,8,4,'','','',''),(38,9,1,'','','',''),(38,9,2,'','','',''),(38,9,3,'','','',''),(38,9,4,'','','',''),(38,10,1,'','','',''),(38,10,2,'','','',''),(38,10,3,'','','',''),(38,10,4,'','','',''),(38,11,1,'','','',''),(38,11,2,'','','',''),(38,11,3,'','','',''),(38,11,4,'','','',''),(38,12,1,'','','',''),(38,12,2,'','','',''),(38,12,3,'','','',''),(38,12,4,'','','',''),(38,13,1,'','','',''),(38,13,2,'','','',''),(38,13,3,'','','',''),(38,13,4,'','','',''),(39,1,1,'','','',''),(39,1,2,'','','',''),(39,1,3,'','','',''),(39,1,4,'','','',''),(39,3,1,'','','',''),(39,3,2,'','','',''),(39,3,3,'','','',''),(39,3,4,'','','',''),(39,4,1,'','','',''),(39,4,2,'','','',''),(39,4,3,'','','',''),(39,4,4,'','','',''),(39,5,1,'','','',''),(39,5,2,'','','',''),(39,5,3,'','','',''),(39,5,4,'','','',''),(39,6,1,'','','',''),(39,6,2,'','','',''),(39,6,3,'','','',''),(39,6,4,'','','',''),(39,7,1,'','','',''),(39,7,2,'','','',''),(39,7,3,'','','',''),(39,7,4,'','','',''),(39,8,1,'','','',''),(39,8,2,'','','',''),(39,8,3,'','','',''),(39,8,4,'','','',''),(39,9,1,'','','',''),(39,9,2,'','','',''),(39,9,3,'','','',''),(39,9,4,'','','',''),(39,10,1,'','','',''),(39,10,2,'','','',''),(39,10,3,'','','',''),(39,10,4,'','','',''),(39,11,1,'','','',''),(39,11,2,'','','',''),(39,11,3,'','','',''),(39,11,4,'','','',''),(39,12,1,'','','',''),(39,12,2,'','','',''),(39,12,3,'','','',''),(39,12,4,'','','',''),(39,13,1,'','','',''),(39,13,2,'','','',''),(39,13,3,'','','',''),(39,13,4,'','','',''),(40,1,1,'','','',''),(40,1,2,'','','',''),(40,1,3,'','','',''),(40,1,4,'','','',''),(40,3,1,'','','',''),(40,3,2,'','','',''),(40,3,3,'','','',''),(40,3,4,'','','',''),(40,4,1,'','','',''),(40,4,2,'','','',''),(40,4,3,'','','',''),(40,4,4,'','','',''),(40,5,1,'','','',''),(40,5,2,'','','',''),(40,5,3,'','','',''),(40,5,4,'','','',''),(40,6,1,'','','',''),(40,6,2,'','','',''),(40,6,3,'','','',''),(40,6,4,'','','',''),(40,7,1,'','','',''),(40,7,2,'','','',''),(40,7,3,'','','',''),(40,7,4,'','','',''),(40,8,1,'','','',''),(40,8,2,'','','',''),(40,8,3,'','','',''),(40,8,4,'','','',''),(40,9,1,'','','',''),(40,9,2,'','','',''),(40,9,3,'','','',''),(40,9,4,'','','',''),(40,10,1,'','','',''),(40,10,2,'','','',''),(40,10,3,'','','',''),(40,10,4,'','','',''),(40,11,1,'','','',''),(40,11,2,'','','',''),(40,11,3,'','','',''),(40,11,4,'','','',''),(40,12,1,'','','',''),(40,12,2,'','','',''),(40,12,3,'','','',''),(40,12,4,'','','',''),(40,13,1,'','','',''),(40,13,2,'','','',''),(40,13,3,'','','',''),(40,13,4,'','','',''),(41,1,1,'','','',''),(41,1,2,'','','',''),(41,1,3,'','','',''),(41,1,4,'','','',''),(41,3,1,'','','',''),(41,3,2,'','','',''),(41,3,3,'','','',''),(41,3,4,'','','',''),(41,4,1,'','','',''),(41,4,2,'','','',''),(41,4,3,'','','',''),(41,4,4,'','','',''),(41,5,1,'','','',''),(41,5,2,'','','',''),(41,5,3,'','','',''),(41,5,4,'','','',''),(41,6,1,'','','',''),(41,6,2,'','','',''),(41,6,3,'','','',''),(41,6,4,'','','',''),(41,7,1,'','','',''),(41,7,2,'','','',''),(41,7,3,'','','',''),(41,7,4,'','','',''),(41,8,1,'','','',''),(41,8,2,'','','',''),(41,8,3,'','','',''),(41,8,4,'','','',''),(41,9,1,'','','',''),(41,9,2,'','','',''),(41,9,3,'','','',''),(41,9,4,'','','',''),(41,10,1,'','','',''),(41,10,2,'','','',''),(41,10,3,'','','',''),(41,10,4,'','','',''),(41,11,1,'','','',''),(41,11,2,'','','',''),(41,11,3,'','','',''),(41,11,4,'','','',''),(41,12,1,'','','',''),(41,12,2,'','','',''),(41,12,3,'','','',''),(41,12,4,'','','',''),(41,13,1,'','','',''),(41,13,2,'','','',''),(41,13,3,'','','',''),(41,13,4,'','','',''),(42,1,1,'','','',''),(42,1,2,'','','',''),(42,1,3,'','','',''),(42,1,4,'','','',''),(42,3,1,'','','',''),(42,3,2,'','','',''),(42,3,3,'','','',''),(42,3,4,'','','',''),(42,4,1,'','','',''),(42,4,2,'','','',''),(42,4,3,'','','',''),(42,4,4,'','','',''),(42,5,1,'','','',''),(42,5,2,'','','',''),(42,5,3,'','','',''),(42,5,4,'','','',''),(42,6,1,'','','',''),(42,6,2,'','','',''),(42,6,3,'','','',''),(42,6,4,'','','',''),(42,7,1,'','','',''),(42,7,2,'','','',''),(42,7,3,'','','',''),(42,7,4,'','','',''),(42,8,1,'','','',''),(42,8,2,'','','',''),(42,8,3,'','','',''),(42,8,4,'','','',''),(42,9,1,'','','',''),(42,9,2,'','','',''),(42,9,3,'','','',''),(42,9,4,'','','',''),(42,10,1,'','','',''),(42,10,2,'','','',''),(42,10,3,'','','',''),(42,10,4,'','','',''),(42,11,1,'','','',''),(42,11,2,'','','',''),(42,11,3,'','','',''),(42,11,4,'','','',''),(42,12,1,'','','',''),(42,12,2,'','','',''),(42,12,3,'','','',''),(42,12,4,'','','',''),(42,13,1,'','','',''),(42,13,2,'','','',''),(42,13,3,'','','',''),(42,13,4,'','','',''),(43,1,1,'','','',''),(43,1,2,'','','',''),(43,1,3,'','','',''),(43,1,4,'','','',''),(43,3,1,'','','',''),(43,3,2,'','','',''),(43,3,3,'','','',''),(43,3,4,'','','',''),(43,4,1,'','','',''),(43,4,2,'','','',''),(43,4,3,'','','',''),(43,4,4,'','','',''),(43,5,1,'','','',''),(43,5,2,'','','',''),(43,5,3,'','','',''),(43,5,4,'','','',''),(43,6,1,'','','',''),(43,6,2,'','','',''),(43,6,3,'','','',''),(43,6,4,'','','',''),(43,7,1,'','','',''),(43,7,2,'','','',''),(43,7,3,'','','',''),(43,7,4,'','','',''),(43,8,1,'','','',''),(43,8,2,'','','',''),(43,8,3,'','','',''),(43,8,4,'','','',''),(43,9,1,'','','',''),(43,9,2,'','','',''),(43,9,3,'','','',''),(43,9,4,'','','',''),(43,10,1,'','','',''),(43,10,2,'','','',''),(43,10,3,'','','',''),(43,10,4,'','','',''),(43,11,1,'','','',''),(43,11,2,'','','',''),(43,11,3,'','','',''),(43,11,4,'','','',''),(43,12,1,'','','',''),(43,12,2,'','','',''),(43,12,3,'','','',''),(43,12,4,'','','',''),(43,13,1,'','','',''),(43,13,2,'','','',''),(43,13,3,'','','',''),(43,13,4,'','','',''),(44,1,1,'','','',''),(44,1,2,'','','',''),(44,1,3,'','','',''),(44,1,4,'','','',''),(44,3,1,'','','',''),(44,3,2,'','','',''),(44,3,3,'','','',''),(44,3,4,'','','',''),(44,4,1,'','','',''),(44,4,2,'','','',''),(44,4,3,'','','',''),(44,4,4,'','','',''),(44,5,1,'','','',''),(44,5,2,'','','',''),(44,5,3,'','','',''),(44,5,4,'','','',''),(44,6,1,'','','',''),(44,6,2,'','','',''),(44,6,3,'','','',''),(44,6,4,'','','',''),(44,7,1,'','','',''),(44,7,2,'','','',''),(44,7,3,'','','',''),(44,7,4,'','','',''),(44,8,1,'','','',''),(44,8,2,'','','',''),(44,8,3,'','','',''),(44,8,4,'','','',''),(44,9,1,'','','',''),(44,9,2,'','','',''),(44,9,3,'','','',''),(44,9,4,'','','',''),(44,10,1,'','','',''),(44,10,2,'','','',''),(44,10,3,'','','',''),(44,10,4,'','','',''),(44,11,1,'','','',''),(44,11,2,'','','',''),(44,11,3,'','','',''),(44,11,4,'','','',''),(44,12,1,'','','',''),(44,12,2,'','','',''),(44,12,3,'','','',''),(44,12,4,'','','',''),(44,13,1,'','','',''),(44,13,2,'','','',''),(44,13,3,'','','',''),(44,13,4,'','','',''),(45,1,1,'','','',''),(45,1,2,'','','',''),(45,1,3,'','','',''),(45,1,4,'','','',''),(45,3,1,'','','',''),(45,3,2,'','','',''),(45,3,3,'','','',''),(45,3,4,'','','',''),(45,4,1,'','','',''),(45,4,2,'','','',''),(45,4,3,'','','',''),(45,4,4,'','','',''),(45,5,1,'','','',''),(45,5,2,'','','',''),(45,5,3,'','','',''),(45,5,4,'','','',''),(45,6,1,'','','',''),(45,6,2,'','','',''),(45,6,3,'','','',''),(45,6,4,'','','',''),(45,7,1,'','','',''),(45,7,2,'','','',''),(45,7,3,'','','',''),(45,7,4,'','','',''),(45,8,1,'','','',''),(45,8,2,'','','',''),(45,8,3,'','','',''),(45,8,4,'','','',''),(45,9,1,'','','',''),(45,9,2,'','','',''),(45,9,3,'','','',''),(45,9,4,'','','',''),(45,10,1,'','','',''),(45,10,2,'','','',''),(45,10,3,'','','',''),(45,10,4,'','','',''),(45,11,1,'','','',''),(45,11,2,'','','',''),(45,11,3,'','','',''),(45,11,4,'','','',''),(45,12,1,'','','',''),(45,12,2,'','','',''),(45,12,3,'','','',''),(45,12,4,'','','',''),(45,13,1,'','','',''),(45,13,2,'','','',''),(45,13,3,'','','',''),(45,13,4,'','','',''),(46,1,1,'','','',''),(46,1,2,'','','',''),(46,1,3,'','','',''),(46,1,4,'','','',''),(46,3,1,'','','',''),(46,3,2,'','','',''),(46,3,3,'','','',''),(46,3,4,'','','',''),(46,4,1,'','','',''),(46,4,2,'','','',''),(46,4,3,'','','',''),(46,4,4,'','','',''),(46,5,1,'','','',''),(46,5,2,'','','',''),(46,5,3,'','','',''),(46,5,4,'','','',''),(46,6,1,'','','',''),(46,6,2,'','','',''),(46,6,3,'','','',''),(46,6,4,'','','',''),(46,7,1,'','','',''),(46,7,2,'','','',''),(46,7,3,'','','',''),(46,7,4,'','','',''),(46,8,1,'','','',''),(46,8,2,'','','',''),(46,8,3,'','','',''),(46,8,4,'','','',''),(46,9,1,'','','',''),(46,9,2,'','','',''),(46,9,3,'','','',''),(46,9,4,'','','',''),(46,10,1,'','','',''),(46,10,2,'','','',''),(46,10,3,'','','',''),(46,10,4,'','','',''),(46,11,1,'','','',''),(46,11,2,'','','',''),(46,11,3,'','','',''),(46,11,4,'','','',''),(46,12,1,'','','',''),(46,12,2,'','','',''),(46,12,3,'','','',''),(46,12,4,'','','',''),(46,13,1,'','','',''),(46,13,2,'','','',''),(46,13,3,'','','',''),(46,13,4,'','','',''),(47,1,1,'','','',''),(47,1,2,'','','',''),(47,1,3,'','','',''),(47,1,4,'','','',''),(47,3,1,'','','',''),(47,3,2,'','','',''),(47,3,3,'','','',''),(47,3,4,'','','',''),(47,4,1,'','','',''),(47,4,2,'','','',''),(47,4,3,'','','',''),(47,4,4,'','','',''),(47,5,1,'','','',''),(47,5,2,'','','',''),(47,5,3,'','','',''),(47,5,4,'','','',''),(47,6,1,'','','',''),(47,6,2,'','','',''),(47,6,3,'','','',''),(47,6,4,'','','',''),(47,7,1,'','','',''),(47,7,2,'','','',''),(47,7,3,'','','',''),(47,7,4,'','','',''),(47,8,1,'','','',''),(47,8,2,'','','',''),(47,8,3,'','','',''),(47,8,4,'','','',''),(47,9,1,'','','',''),(47,9,2,'','','',''),(47,9,3,'','','',''),(47,9,4,'','','',''),(47,10,1,'','','',''),(47,10,2,'','','',''),(47,10,3,'','','',''),(47,10,4,'','','',''),(47,11,1,'','','',''),(47,11,2,'','','',''),(47,11,3,'','','',''),(47,11,4,'','','',''),(47,12,1,'','','',''),(47,12,2,'','','',''),(47,12,3,'','','',''),(47,12,4,'','','',''),(47,13,1,'','','',''),(47,13,2,'','','',''),(47,13,3,'','','',''),(47,13,4,'','','','');

--
-- Table structure for table `ps_module`
--

CREATE TABLE `ps_module` (
  `id_module` int(10) unsigned NOT NULL AUTO_INCREMENT,
  `name` varchar(64) NOT NULL,
  `active` tinyint(1) unsigned NOT NULL DEFAULT '0',
  `version` varchar(8) NOT NULL,
  PRIMARY KEY (`id_module`),
  UNIQUE KEY `name_UNIQUE` (`name`),
  KEY `name` (`name`)
) ENGINE=InnoDB AUTO_INCREMENT=80 DEFAULT CHARSET=utf8;

--
-- Dumping data for table `ps_module`
--

INSERT INTO `ps_module` VALUES (1,'contactform',1,'4.1.1'),(2,'dashactivity',1,'2.0.2'),(3,'dashtrends',1,'2.0.2'),(4,'dashgoals',1,'2.0.2'),(5,'dashproducts',1,'2.0.3'),(6,'graphnvd3',1,'2.0.0'),(7,'gridhtml',1,'2.0.0'),(8,'ps_banner',1,'2.1.0'),(9,'ps_categorytree',1,'2.0.0'),(10,'ps_checkpayment',1,'2.0.3'),(11,'ps_contactinfo',1,'3.1.0'),(12,'ps_currencyselector',1,'2.0.0'),(13,'ps_customeraccountlinks',1,'3.1.0'),(14,'ps_customersignin',1,'2.0.2'),(15,'ps_customtext',1,'3.0.0'),(16,'ps_emailsubscription',1,'2.3.0'),(17,'ps_facetedsearch',1,'2.1.2'),(18,'ps_featuredproducts',1,'2.0.0'),(19,'ps_imageslider',1,'2.1.1'),(20,'ps_languageselector',1,'2.0.2'),(21,'ps_linklist',1,'2.1.5'),(22,'ps_mainmenu',1,'2.1.1'),(23,'ps_searchbar',1,'2.0.1'),(24,'ps_sharebuttons',1,'2.0.1'),(25,'ps_shoppingcart',1,'2.0.1'),(26,'ps_socialfollow',1,'2.0.0'),(27,'ps_wirepayment',1,'2.0.4'),(28,'pagesnotfound',1,'2.0.0'),(29,'sekeywords',1,'2.0.0'),(30,'statsbestcategories',1,'2.0.0'),(31,'statsbestcustomers',1,'2.0.2'),(32,'statsbestproducts',1,'2.0.0'),(33,'statsbestsuppliers',1,'2.0.0'),(34,'statsbestvouchers',1,'2.0.0'),(35,'statscarrier',1,'2.0.0'),(36,'statscatalog',1,'2.0.1'),(37,'statscheckup',1,'2.0.0'),(38,'statsdata',1,'2.0.0'),(39,'statsequipment',1,'2.0.0'),(40,'statsforecast',1,'2.0.3'),(41,'statslive',1,'2.0.2'),(42,'statsnewsletter',1,'2.0.2'),(43,'statsorigin',1,'2.0.2'),(44,'statspersonalinfos',1,'2.0.2'),(45,'statsproduct',1,'2.0.3'),(46,'statsregistrations',1,'2.0.0'),(47,'statssales',1,'2.0.0'),(48,'statssearch',1,'2.0.1'),(49,'statsstock',1,'2.0.0'),(50,'statsvisits',1,'2.0.2'),(51,'welcome',1,'4.0.2'),(52,'gamification',1,'2.0.2'),(53,'cronjobs',1,'1.4.0'),(54,'psaddonsconnect',1,'1.0.1'),(55,'blockreassurance',1,'3.0.1'),(56,'otheaderrightblock',1,'1.0.0'),(57,'othomeslider',1,'1.0.0'),(58,'otbannerblock',1,'1.0.0'),(59,'otaboutblock',1,'1.0.0'),(60,'otfeaturedproducts',1,'1.0.0'),(61,'ottestimonialblock',1,'1.0.0'),(62,'otspecials',1,'1.0.0'),(63,'otbrandlist',1,'1.0.0'),(64,'otshippingblock',1,'1.0.0'),(65,'otfooterbottomleftblock',1,'1.0.0'),(66,'otfooterbottomrightblock',1,'1.0.0'),(67,'otfooterbottomblock',1,'1.0.0'),(68,'otleftbannerblock',1,'1.0.0'),(69,'otleftnewproducts',1,'1.0.1'),(70,'customtextdesign',1,'5.7.7'),(72,'paypal',1,'4.4.2'),(73,'psgdpr',1,'1.1.0'),(74,'othomeslidermobile',1,'1.0.0'),(77,'custompopup',1,'1.2.0'),(78,'advansedwishlist',1,'1.5.1'),(79,'bonnewsletter',1,'1.0.1');

--
-- Table structure for table `ps_module_access`
--

CREATE TABLE `ps_module_access` (
  `id_profile` int(10) unsigned NOT NULL,
  `id_authorization_role` int(10) unsigned NOT NULL,
  PRIMARY KEY (`id_profile`,`id_authorization_role`)
) ENGINE=InnoDB DEFAULT CHARSET=utf8;

--
-- Dumping data for table `ps_module_access`
--

INSERT INTO `ps_module_access` VALUES (1,453),(1,454),(1,455),(1,456),(1,457),(1,458),(1,459),(1,460),(1,461),(1,462),(1,463),(1,464),(1,469),(1,470),(1,471),(1,472),(1,473),(1,474),(1,475),(1,476),(1,477),(1,478),(1,479),(1,480),(1,481),(1,482),(1,483),(1,484),(1,485),(1,486),(1,487),(1,488),(1,489),(1,490),(1,491),(1,492),(1,493),(1,494),(1,495),(1,496),(1,497),(1,498),(1,499),(1,500),(1,501),(1,502),(1,503),(1,504),(1,505),(1,506),(1,507),(1,508),(1,509),(1,510),(1,511),(1,512),(1,513),(1,514),(1,515),(1,516),(1,517),(1,518),(1,519),(1,520),(1,521),(1,522),(1,523),(1,524),(1,525),(1,526),(1,527),(1,528),(1,529),(1,530),(1,531),(1,532),(1,533),(1,534),(1,535),(1,536),(1,537),(1,538),(1,539),(1,540),(1,545),(1,546),(1,547),(1,548),(1,549),(1,550),(1,551),(1,552),(1,553),(1,554),(1,555),(1,556),(1,557),(1,558),(1,559),(1,560),(1,561),(1,562),(1,563),(1,564),(1,565),(1,566),(1,567),(1,568),(1,569),(1,570),(1,571),(1,572),(1,573),(1,574),(1,575),(1,576),(1,577),(1,578),(1,579),(1,580),(1,581),(1,582),(1,583),(1,584),(1,585),(1,586),(1,587),(1,588),(1,589),(1,590),(1,591),(1,592),(1,593),(1,594),(1,595),(1,596),(1,597),(1,598),(1,599),(1,600),(1,601),(1,602),(1,603),(1,604),(1,605),(1,606),(1,607),(1,608),(1,609),(1,610),(1,611),(1,612),(1,613),(1,614),(1,615),(1,616),(1,617),(1,618),(1,619),(1,620),(1,621),(1,622),(1,623),(1,624),(1,625),(1,626),(1,627),(1,628),(1,629),(1,630),(1,631),(1,632),(1,633),(1,634),(1,635),(1,636),(1,637),(1,638),(1,639),(1,640),(1,641),(1,642),(1,643),(1,644),(1,645),(1,646),(1,647),(1,648),(1,649),(1,650),(1,651),(1,652),(1,653),(1,654),(1,655),(1,656),(1,657),(1,658),(1,659),(1,660),(1,661),(1,662),(1,663),(1,664),(1,673),(1,674),(1,675),(1,676),(1,677),(1,678),(1,679),(1,680),(1,685),(1,686),(1,687),(1,688),(1,689),(1,690),(1,691),(1,692),(1,693),(1,694),(1,695),(1,696),(1,697),(1,698),(1,699),(1,700),(1,701),(1,702),(1,703),(1,704),(1,705),(1,706),(1,707),(1,708),(1,709),(1,710),(1,711),(1,712),(1,713),(1,714),(1,715),(1,716),(1,717),(1,718),(1,719),(1,720),(1,721),(1,722),(1,723),(1,724),(1,725),(1,726),(1,727),(1,728),(1,729),(1,730),(1,731),(1,732),(1,733),(1,734),(1,735),(1,736),(1,737),(1,738),(1,739),(1,740),(1,741),(1,742),(1,743),(1,744),(1,745),(1,746),(1,747),(1,748),(1,749),(1,750),(1,751),(1,752),(1,773),(1,774),(1,775),(1,776),(1,777),(1,778),(1,779),(1,780),(1,789),(1,790),(1,791),(1,792),(1,805),(1,806),(1,807),(1,808),(1,809),(1,810),(1,811),(1,812),(1,813),(1,814),(1,815),(1,816);

--
-- Table structure for table `ps_module_carrier`
--

CREATE TABLE `ps_module_carrier` (
  `id_module` int(10) unsigned NOT NULL,
  `id_shop` int(11) unsigned NOT NULL DEFAULT '1',
  `id_reference` int(11) NOT NULL,
  PRIMARY KEY (`id_module`,`id_shop`,`id_reference`)
) ENGINE=InnoDB DEFAULT CHARSET=utf8;

--
-- Dumping data for table `ps_module_carrier`
--

INSERT INTO `ps_module_carrier` VALUES (72,1,1),(72,1,2),(72,3,1),(72,3,2),(72,4,1),(72,4,2),(72,5,1),(72,5,2),(72,6,1),(72,6,2),(72,7,1),(72,7,2);

--
-- Table structure for table `ps_module_country`
--

CREATE TABLE `ps_module_country` (
  `id_module` int(10) unsigned NOT NULL,
  `id_shop` int(11) unsigned NOT NULL DEFAULT '1',
  `id_country` int(10) unsigned NOT NULL,
  PRIMARY KEY (`id_module`,`id_shop`,`id_country`)
) ENGINE=InnoDB DEFAULT CHARSET=utf8;

--
-- Dumping data for table `ps_module_country`
--

INSERT INTO `ps_module_country` VALUES (10,1,19),(10,3,19),(10,4,19),(10,5,19),(10,6,19),(10,7,19),(10,8,19),(10,9,19),(10,10,19),(10,11,19),(10,12,19),(10,13,19),(27,1,19),(27,3,19),(27,4,19),(27,5,19),(27,6,19),(27,7,19),(27,8,19),(27,9,19),(27,10,19),(27,11,19),(27,12,19),(27,13,19),(72,1,19),(72,3,19),(72,4,19),(72,5,19),(72,6,19),(72,7,19),(72,8,19),(72,9,19),(72,10,19),(72,11,19),(72,12,19),(72,13,19);

--
-- Table structure for table `ps_module_currency`
--

CREATE TABLE `ps_module_currency` (
  `id_module` int(10) unsigned NOT NULL,
  `id_shop` int(11) unsigned NOT NULL DEFAULT '1',
  `id_currency` int(11) NOT NULL,
  PRIMARY KEY (`id_module`,`id_shop`,`id_currency`),
  KEY `id_module` (`id_module`)
) ENGINE=InnoDB DEFAULT CHARSET=utf8;

--
-- Dumping data for table `ps_module_currency`
--

INSERT INTO `ps_module_currency` VALUES (72,1,-1),(72,3,-1),(72,4,-1),(72,5,-1),(72,6,-1),(72,7,-1),(72,8,-1),(72,9,-1),(72,10,-1),(72,11,-1),(72,12,-1),(72,13,-1);

--
-- Table structure for table `ps_module_group`
--

CREATE TABLE `ps_module_group` (
  `id_module` int(10) unsigned NOT NULL,
  `id_shop` int(11) unsigned NOT NULL DEFAULT '1',
  `id_group` int(11) unsigned NOT NULL,
  PRIMARY KEY (`id_module`,`id_shop`,`id_group`)
) ENGINE=InnoDB DEFAULT CHARSET=utf8;

--
-- Dumping data for table `ps_module_group`
--

INSERT INTO `ps_module_group` VALUES (1,1,1),(1,1,2),(1,1,3),(1,3,1),(1,3,2),(1,3,3),(1,4,1),(1,4,2),(1,4,3),(1,5,1),(1,5,2),(1,5,3),(1,6,1),(1,6,2),(1,6,3),(1,7,1),(1,7,2),(1,7,3),(1,8,1),(1,8,2),(1,8,3),(1,9,1),(1,9,2),(1,9,3),(1,10,1),(1,10,2),(1,10,3),(1,11,1),(1,11,2),(1,11,3),(1,12,1),(1,12,2),(1,12,3),(1,13,1),(1,13,2),(1,13,3),(2,1,1),(2,1,2),(2,1,3),(2,3,1),(2,3,2),(2,3,3),(2,4,1),(2,4,2),(2,4,3),(2,5,1),(2,5,2),(2,5,3),(2,6,1),(2,6,2),(2,6,3),(2,7,1),(2,7,2),(2,7,3),(2,8,1),(2,8,2),(2,8,3),(2,9,1),(2,9,2),(2,9,3),(2,10,1),(2,10,2),(2,10,3),(2,11,1),(2,11,2),(2,11,3),(2,12,1),(2,12,2),(2,12,3),(2,13,1),(2,13,2),(2,13,3),(3,1,1),(3,1,2),(3,1,3),(3,3,1),(3,3,2),(3,3,3),(3,4,1),(3,4,2),(3,4,3),(3,5,1),(3,5,2),(3,5,3),(3,6,1),(3,6,2),(3,6,3),(3,7,1),(3,7,2),(3,7,3),(3,8,1),(3,8,2),(3,8,3),(3,9,1),(3,9,2),(3,9,3),(3,10,1),(3,10,2),(3,10,3),(3,11,1),(3,11,2),(3,11,3),(3,12,1),(3,12,2),(3,12,3),(3,13,1),(3,13,2),(3,13,3),(4,1,1),(4,1,2),(4,1,3),(4,3,1),(4,3,2),(4,3,3),(4,4,1),(4,4,2),(4,4,3),(4,5,1),(4,5,2),(4,5,3),(4,6,1),(4,6,2),(4,6,3),(4,7,1),(4,7,2),(4,7,3),(4,8,1),(4,8,2),(4,8,3),(4,9,1),(4,9,2),(4,9,3),(4,10,1),(4,10,2),(4,10,3),(4,11,1),(4,11,2),(4,11,3),(4,12,1),(4,12,2),(4,12,3),(4,13,1),(4,13,2),(4,13,3),(5,1,1),(5,1,2),(5,1,3),(5,3,1),(5,3,2),(5,3,3),(5,4,1),(5,4,2),(5,4,3),(5,5,1),(5,5,2),(5,5,3),(5,6,1),(5,6,2),(5,6,3),(5,7,1),(5,7,2),(5,7,3),(5,8,1),(5,8,2),(5,8,3),(5,9,1),(5,9,2),(5,9,3),(5,10,1),(5,10,2),(5,10,3),(5,11,1),(5,11,2),(5,11,3),(5,12,1),(5,12,2),(5,12,3),(5,13,1),(5,13,2),(5,13,3),(6,1,1),(6,1,2),(6,1,3),(6,3,1),(6,3,2),(6,3,3),(6,4,1),(6,4,2),(6,4,3),(6,5,1),(6,5,2),(6,5,3),(6,6,1),(6,6,2),(6,6,3),(6,7,1),(6,7,2),(6,7,3),(6,8,1),(6,8,2),(6,8,3),(6,9,1),(6,9,2),(6,9,3),(6,10,1),(6,10,2),(6,10,3),(6,11,1),(6,11,2),(6,11,3),(6,12,1),(6,12,2),(6,12,3),(6,13,1),(6,13,2),(6,13,3),(7,1,1),(7,1,2),(7,1,3),(7,3,1),(7,3,2),(7,3,3),(7,4,1),(7,4,2),(7,4,3),(7,5,1),(7,5,2),(7,5,3),(7,6,1),(7,6,2),(7,6,3),(7,7,1),(7,7,2),(7,7,3),(7,8,1),(7,8,2),(7,8,3),(7,9,1),(7,9,2),(7,9,3),(7,10,1),(7,10,2),(7,10,3),(7,11,1),(7,11,2),(7,11,3),(7,12,1),(7,12,2),(7,12,3),(7,13,1),(7,13,2),(7,13,3),(8,1,1),(8,1,2),(8,1,3),(8,3,1),(8,3,2),(8,3,3),(8,4,1),(8,4,2),(8,4,3),(8,5,1),(8,5,2),(8,5,3),(8,6,1),(8,6,2),(8,6,3),(8,7,1),(8,7,2),(8,7,3),(8,8,1),(8,8,2),(8,8,3),(8,9,1),(8,9,2),(8,9,3),(8,10,1),(8,10,2),(8,10,3),(8,11,1),(8,11,2),(8,11,3),(8,12,1),(8,12,2),(8,12,3),(8,13,1),(8,13,2),(8,13,3),(9,1,1),(9,1,2),(9,1,3),(9,3,1),(9,3,2),(9,3,3),(9,4,1),(9,4,2),(9,4,3),(9,5,1),(9,5,2),(9,5,3),(9,6,1),(9,6,2),(9,6,3),(9,7,1),(9,7,2),(9,7,3),(9,8,1),(9,8,2),(9,8,3),(9,9,1),(9,9,2),(9,9,3),(9,10,1),(9,10,2),(9,10,3),(9,11,1),(9,11,2),(9,11,3),(9,12,1),(9,12,2),(9,12,3),(9,13,1),(9,13,2),(9,13,3),(11,1,1),(11,1,2),(11,1,3),(11,3,1),(11,3,2),(11,3,3),(11,4,1),(11,4,2),(11,4,3),(11,5,1),(11,5,2),(11,5,3),(11,6,1),(11,6,2),(11,6,3),(11,7,1),(11,7,2),(11,7,3),(11,8,1),(11,8,2),(11,8,3),(11,9,1),(11,9,2),(11,9,3),(11,10,1),(11,10,2),(11,10,3),(11,11,1),(11,11,2),(11,11,3),(11,12,1),(11,12,2),(11,12,3),(11,13,1),(11,13,2),(11,13,3),(12,1,1),(12,1,2),(12,1,3),(12,3,1),(12,3,2),(12,3,3),(12,4,1),(12,4,2),(12,4,3),(12,5,1),(12,5,2),(12,5,3),(12,6,1),(12,6,2),(12,6,3),(12,7,1),(12,7,2),(12,7,3),(12,8,1),(12,8,2),(12,8,3),(12,9,1),(12,9,2),(12,9,3),(12,10,1),(12,10,2),(12,10,3),(12,11,1),(12,11,2),(12,11,3),(12,12,1),(12,12,2),(12,12,3),(12,13,1),(12,13,2),(12,13,3),(13,1,1),(13,1,2),(13,1,3),(13,3,1),(13,3,2),(13,3,3),(13,4,1),(13,4,2),(13,4,3),(13,5,1),(13,5,2),(13,5,3),(13,6,1),(13,6,2),(13,6,3),(13,7,1),(13,7,2),(13,7,3),(13,8,1),(13,8,2),(13,8,3),(13,9,1),(13,9,2),(13,9,3),(13,10,1),(13,10,2),(13,10,3),(13,11,1),(13,11,2),(13,11,3),(13,12,1),(13,12,2),(13,12,3),(13,13,1),(13,13,2),(13,13,3),(14,1,1),(14,1,2),(14,1,3),(14,3,1),(14,3,2),(14,3,3),(14,4,1),(14,4,2),(14,4,3),(14,5,1),(14,5,2),(14,5,3),(14,6,1),(14,6,2),(14,6,3),(14,7,1),(14,7,2),(14,7,3),(14,8,1),(14,8,2),(14,8,3),(14,9,1),(14,9,2),(14,9,3),(14,10,1),(14,10,2),(14,10,3),(14,11,1),(14,11,2),(14,11,3),(14,12,1),(14,12,2),(14,12,3),(14,13,1),(14,13,2),(14,13,3),(15,1,1),(15,1,2),(15,1,3),(15,3,1),(15,3,2),(15,3,3),(15,4,1),(15,4,2),(15,4,3),(15,5,1),(15,5,2),(15,5,3),(15,6,1),(15,6,2),(15,6,3),(15,7,1),(15,7,2),(15,7,3),(15,8,1),(15,8,2),(15,8,3),(15,9,1),(15,9,2),(15,9,3),(15,10,1),(15,10,2),(15,10,3),(15,11,1),(15,11,2),(15,11,3),(15,12,1),(15,12,2),(15,12,3),(15,13,1),(15,13,2),(15,13,3),(16,1,1),(16,1,2),(16,1,3),(16,3,1),(16,3,2),(16,3,3),(16,4,1),(16,4,2),(16,4,3),(16,5,1),(16,5,2),(16,5,3),(16,6,1),(16,6,2),(16,6,3),(16,7,1),(16,7,2),(16,7,3),(16,8,1),(16,8,2),(16,8,3),(16,9,1),(16,9,2),(16,9,3),(16,10,1),(16,10,2),(16,10,3),(16,11,1),(16,11,2),(16,11,3),(16,12,1),(16,12,2),(16,12,3),(16,13,1),(16,13,2),(16,13,3),(17,1,1),(17,1,2),(17,1,3),(17,3,1),(17,3,2),(17,3,3),(17,4,1),(17,4,2),(17,4,3),(17,5,1),(17,5,2),(17,5,3),(17,6,1),(17,6,2),(17,6,3),(17,7,1),(17,7,2),(17,7,3),(17,8,1),(17,8,2),(17,8,3),(17,9,1),(17,9,2),(17,9,3),(17,10,1),(17,10,2),(17,10,3),(17,11,1),(17,11,2),(17,11,3),(17,12,1),(17,12,2),(17,12,3),(17,13,1),(17,13,2),(17,13,3),(18,1,1),(18,1,2),(18,1,3),(18,3,1),(18,3,2),(18,3,3),(18,4,1),(18,4,2),(18,4,3),(18,5,1),(18,5,2),(18,5,3),(18,6,1),(18,6,2),(18,6,3),(18,7,1),(18,7,2),(18,7,3),(18,8,1),(18,8,2),(18,8,3),(18,9,1),(18,9,2),(18,9,3),(18,10,1),(18,10,2),(18,10,3),(18,11,1),(18,11,2),(18,11,3),(18,12,1),(18,12,2),(18,12,3),(18,13,1),(18,13,2),(18,13,3),(19,1,1),(19,1,2),(19,1,3),(19,3,1),(19,3,2),(19,3,3),(19,4,1),(19,4,2),(19,4,3),(19,5,1),(19,5,2),(19,5,3),(19,6,1),(19,6,2),(19,6,3),(19,7,1),(19,7,2),(19,7,3),(19,8,1),(19,8,2),(19,8,3),(19,9,1),(19,9,2),(19,9,3),(19,10,1),(19,10,2),(19,10,3),(19,11,1),(19,11,2),(19,11,3),(19,12,1),(19,12,2),(19,12,3),(19,13,1),(19,13,2),(19,13,3),(20,1,1),(20,1,2),(20,1,3),(20,3,1),(20,3,2),(20,3,3),(20,4,1),(20,4,2),(20,4,3),(20,5,1),(20,5,2),(20,5,3),(20,6,1),(20,6,2),(20,6,3),(20,7,1),(20,7,2),(20,7,3),(20,8,1),(20,8,2),(20,8,3),(20,9,1),(20,9,2),(20,9,3),(20,10,1),(20,10,2),(20,10,3),(20,11,1),(20,11,2),(20,11,3),(20,12,1),(20,12,2),(20,12,3),(20,13,1),(20,13,2),(20,13,3),(21,1,1),(21,1,2),(21,1,3),(21,3,1),(21,3,2),(21,3,3),(21,4,1),(21,4,2),(21,4,3),(21,5,1),(21,5,2),(21,5,3),(21,6,1),(21,6,2),(21,6,3),(21,7,1),(21,7,2),(21,7,3),(21,8,1),(21,8,2),(21,8,3),(21,9,1),(21,9,2),(21,9,3),(21,10,1),(21,10,2),(21,10,3),(21,11,1),(21,11,2),(21,11,3),(21,12,1),(21,12,2),(21,12,3),(21,13,1),(21,13,2),(21,13,3),(22,1,1),(22,1,2),(22,1,3),(22,3,1),(22,3,2),(22,3,3),(22,4,1),(22,4,2),(22,4,3),(22,5,1),(22,5,2),(22,5,3),(22,6,1),(22,6,2),(22,6,3),(22,7,1),(22,7,2),(22,7,3),(22,8,1),(22,8,2),(22,8,3),(22,9,1),(22,9,2),(22,9,3),(22,10,1),(22,10,2),(22,10,3),(22,11,1),(22,11,2),(22,11,3),(22,12,1),(22,12,2),(22,12,3),(22,13,1),(22,13,2),(22,13,3),(23,1,1),(23,1,2),(23,1,3),(23,3,1),(23,3,2),(23,3,3),(23,4,1),(23,4,2),(23,4,3),(23,5,1),(23,5,2),(23,5,3),(23,6,1),(23,6,2),(23,6,3),(23,7,1),(23,7,2),(23,7,3),(23,8,1),(23,8,2),(23,8,3),(23,9,1),(23,9,2),(23,9,3),(23,10,1),(23,10,2),(23,10,3),(23,11,1),(23,11,2),(23,11,3),(23,12,1),(23,12,2),(23,12,3),(23,13,1),(23,13,2),(23,13,3),(24,1,1),(24,1,2),(24,1,3),(24,3,1),(24,3,2),(24,3,3),(24,4,1),(24,4,2),(24,4,3),(24,5,1),(24,5,2),(24,5,3),(24,6,1),(24,6,2),(24,6,3),(24,7,1),(24,7,2),(24,7,3),(24,8,1),(24,8,2),(24,8,3),(24,9,1),(24,9,2),(24,9,3),(24,10,1),(24,10,2),(24,10,3),(24,11,1),(24,11,2),(24,11,3),(24,12,1),(24,12,2),(24,12,3),(24,13,1),(24,13,2),(24,13,3),(25,1,1),(25,1,2),(25,1,3),(25,3,1),(25,3,2),(25,3,3),(25,4,1),(25,4,2),(25,4,3),(25,5,1),(25,5,2),(25,5,3),(25,6,1),(25,6,2),(25,6,3),(25,7,1),(25,7,2),(25,7,3),(25,8,1),(25,8,2),(25,8,3),(25,9,1),(25,9,2),(25,9,3),(25,10,1),(25,10,2),(25,10,3),(25,11,1),(25,11,2),(25,11,3),(25,12,1),(25,12,2),(25,12,3),(25,13,1),(25,13,2),(25,13,3),(26,1,1),(26,1,2),(26,1,3),(26,3,1),(26,3,2),(26,3,3),(26,4,1),(26,4,2),(26,4,3),(26,5,1),(26,5,2),(26,5,3),(26,6,1),(26,6,2),(26,6,3),(26,7,1),(26,7,2),(26,7,3),(26,8,1),(26,8,2),(26,8,3),(26,9,1),(26,9,2),(26,9,3),(26,10,1),(26,10,2),(26,10,3),(26,11,1),(26,11,2),(26,11,3),(26,12,1),(26,12,2),(26,12,3),(26,13,1),(26,13,2),(26,13,3),(28,1,1),(28,1,2),(28,1,3),(28,3,1),(28,3,2),(28,3,3),(28,4,1),(28,4,2),(28,4,3),(28,5,1),(28,5,2),(28,5,3),(28,6,1),(28,6,2),(28,6,3),(28,7,1),(28,7,2),(28,7,3),(28,8,1),(28,8,2),(28,8,3),(28,9,1),(28,9,2),(28,9,3),(28,10,1),(28,10,2),(28,10,3),(28,11,1),(28,11,2),(28,11,3),(28,12,1),(28,12,2),(28,12,3),(28,13,1),(28,13,2),(28,13,3),(29,1,1),(29,1,2),(29,1,3),(29,3,1),(29,3,2),(29,3,3),(29,4,1),(29,4,2),(29,4,3),(29,5,1),(29,5,2),(29,5,3),(29,6,1),(29,6,2),(29,6,3),(29,7,1),(29,7,2),(29,7,3),(29,8,1),(29,8,2),(29,8,3),(29,9,1),(29,9,2),(29,9,3),(29,10,1),(29,10,2),(29,10,3),(29,11,1),(29,11,2),(29,11,3),(29,12,1),(29,12,2),(29,12,3),(29,13,1),(29,13,2),(29,13,3),(30,1,1),(30,1,2),(30,1,3),(30,3,1),(30,3,2),(30,3,3),(30,4,1),(30,4,2),(30,4,3),(30,5,1),(30,5,2),(30,5,3),(30,6,1),(30,6,2),(30,6,3),(30,7,1),(30,7,2),(30,7,3),(30,8,1),(30,8,2),(30,8,3),(30,9,1),(30,9,2),(30,9,3),(30,10,1),(30,10,2),(30,10,3),(30,11,1),(30,11,2),(30,11,3),(30,12,1),(30,12,2),(30,12,3),(30,13,1),(30,13,2),(30,13,3),(31,1,1),(31,1,2),(31,1,3),(31,3,1),(31,3,2),(31,3,3),(31,4,1),(31,4,2),(31,4,3),(31,5,1),(31,5,2),(31,5,3),(31,6,1),(31,6,2),(31,6,3),(31,7,1),(31,7,2),(31,7,3),(31,8,1),(31,8,2),(31,8,3),(31,9,1),(31,9,2),(31,9,3),(31,10,1),(31,10,2),(31,10,3),(31,11,1),(31,11,2),(31,11,3),(31,12,1),(31,12,2),(31,12,3),(31,13,1),(31,13,2),(31,13,3),(32,1,1),(32,1,2),(32,1,3),(32,3,1),(32,3,2),(32,3,3),(32,4,1),(32,4,2),(32,4,3),(32,5,1),(32,5,2),(32,5,3),(32,6,1),(32,6,2),(32,6,3),(32,7,1),(32,7,2),(32,7,3),(32,8,1),(32,8,2),(32,8,3),(32,9,1),(32,9,2),(32,9,3),(32,10,1),(32,10,2),(32,10,3),(32,11,1),(32,11,2),(32,11,3),(32,12,1),(32,12,2),(32,12,3),(32,13,1),(32,13,2),(32,13,3),(33,1,1),(33,1,2),(33,1,3),(33,3,1),(33,3,2),(33,3,3),(33,4,1),(33,4,2),(33,4,3),(33,5,1),(33,5,2),(33,5,3),(33,6,1),(33,6,2),(33,6,3),(33,7,1),(33,7,2),(33,7,3),(33,8,1),(33,8,2),(33,8,3),(33,9,1),(33,9,2),(33,9,3),(33,10,1),(33,10,2),(33,10,3),(33,11,1),(33,11,2),(33,11,3),(33,12,1),(33,12,2),(33,12,3),(33,13,1),(33,13,2),(33,13,3),(34,1,1),(34,1,2),(34,1,3),(34,3,1),(34,3,2),(34,3,3),(34,4,1),(34,4,2),(34,4,3),(34,5,1),(34,5,2),(34,5,3),(34,6,1),(34,6,2),(34,6,3),(34,7,1),(34,7,2),(34,7,3),(34,8,1),(34,8,2),(34,8,3),(34,9,1),(34,9,2),(34,9,3),(34,10,1),(34,10,2),(34,10,3),(34,11,1),(34,11,2),(34,11,3),(34,12,1),(34,12,2),(34,12,3),(34,13,1),(34,13,2),(34,13,3),(35,1,1),(35,1,2),(35,1,3),(35,3,1),(35,3,2),(35,3,3),(35,4,1),(35,4,2),(35,4,3),(35,5,1),(35,5,2),(35,5,3),(35,6,1),(35,6,2),(35,6,3),(35,7,1),(35,7,2),(35,7,3),(35,8,1),(35,8,2),(35,8,3),(35,9,1),(35,9,2),(35,9,3),(35,10,1),(35,10,2),(35,10,3),(35,11,1),(35,11,2),(35,11,3),(35,12,1),(35,12,2),(35,12,3),(35,13,1),(35,13,2),(35,13,3),(36,1,1),(36,1,2),(36,1,3),(36,3,1),(36,3,2),(36,3,3),(36,4,1),(36,4,2),(36,4,3),(36,5,1),(36,5,2),(36,5,3),(36,6,1),(36,6,2),(36,6,3),(36,7,1),(36,7,2),(36,7,3),(36,8,1),(36,8,2),(36,8,3),(36,9,1),(36,9,2),(36,9,3),(36,10,1),(36,10,2),(36,10,3),(36,11,1),(36,11,2),(36,11,3),(36,12,1),(36,12,2),(36,12,3),(36,13,1),(36,13,2),(36,13,3),(37,1,1),(37,1,2),(37,1,3),(37,3,1),(37,3,2),(37,3,3),(37,4,1),(37,4,2),(37,4,3),(37,5,1),(37,5,2),(37,5,3),(37,6,1),(37,6,2),(37,6,3),(37,7,1),(37,7,2),(37,7,3),(37,8,1),(37,8,2),(37,8,3),(37,9,1),(37,9,2),(37,9,3),(37,10,1),(37,10,2),(37,10,3),(37,11,1),(37,11,2),(37,11,3),(37,12,1),(37,12,2),(37,12,3),(37,13,1),(37,13,2),(37,13,3),(38,1,1),(38,1,2),(38,1,3),(38,3,1),(38,3,2),(38,3,3),(38,4,1),(38,4,2),(38,4,3),(38,5,1),(38,5,2),(38,5,3),(38,6,1),(38,6,2),(38,6,3),(38,7,1),(38,7,2),(38,7,3),(38,8,1),(38,8,2),(38,8,3),(38,9,1),(38,9,2),(38,9,3),(38,10,1),(38,10,2),(38,10,3),(38,11,1),(38,11,2),(38,11,3),(38,12,1),(38,12,2),(38,12,3),(38,13,1),(38,13,2),(38,13,3),(39,1,1),(39,1,2),(39,1,3),(39,3,1),(39,3,2),(39,3,3),(39,4,1),(39,4,2),(39,4,3),(39,5,1),(39,5,2),(39,5,3),(39,6,1),(39,6,2),(39,6,3),(39,7,1),(39,7,2),(39,7,3),(39,8,1),(39,8,2),(39,8,3),(39,9,1),(39,9,2),(39,9,3),(39,10,1),(39,10,2),(39,10,3),(39,11,1),(39,11,2),(39,11,3),(39,12,1),(39,12,2),(39,12,3),(39,13,1),(39,13,2),(39,13,3),(40,1,1),(40,1,2),(40,1,3),(40,3,1),(40,3,2),(40,3,3),(40,4,1),(40,4,2),(40,4,3),(40,5,1),(40,5,2),(40,5,3),(40,6,1),(40,6,2),(40,6,3),(40,7,1),(40,7,2),(40,7,3),(40,8,1),(40,8,2),(40,8,3),(40,9,1),(40,9,2),(40,9,3),(40,10,1),(40,10,2),(40,10,3),(40,11,1),(40,11,2),(40,11,3),(40,12,1),(40,12,2),(40,12,3),(40,13,1),(40,13,2),(40,13,3),(41,1,1),(41,1,2),(41,1,3),(41,3,1),(41,3,2),(41,3,3),(41,4,1),(41,4,2),(41,4,3),(41,5,1),(41,5,2),(41,5,3),(41,6,1),(41,6,2),(41,6,3),(41,7,1),(41,7,2),(41,7,3),(41,8,1),(41,8,2),(41,8,3),(41,9,1),(41,9,2),(41,9,3),(41,10,1),(41,10,2),(41,10,3),(41,11,1),(41,11,2),(41,11,3),(41,12,1),(41,12,2),(41,12,3),(41,13,1),(41,13,2),(41,13,3),(42,1,1),(42,1,2),(42,1,3),(42,3,1),(42,3,2),(42,3,3),(42,4,1),(42,4,2),(42,4,3),(42,5,1),(42,5,2),(42,5,3),(42,6,1),(42,6,2),(42,6,3),(42,7,1),(42,7,2),(42,7,3),(42,8,1),(42,8,2),(42,8,3),(42,9,1),(42,9,2),(42,9,3),(42,10,1),(42,10,2),(42,10,3),(42,11,1),(42,11,2),(42,11,3),(42,12,1),(42,12,2),(42,12,3),(42,13,1),(42,13,2),(42,13,3),(43,1,1),(43,1,2),(43,1,3),(43,3,1),(43,3,2),(43,3,3),(43,4,1),(43,4,2),(43,4,3),(43,5,1),(43,5,2),(43,5,3),(43,6,1),(43,6,2),(43,6,3),(43,7,1),(43,7,2),(43,7,3),(43,8,1),(43,8,2),(43,8,3),(43,9,1),(43,9,2),(43,9,3),(43,10,1),(43,10,2),(43,10,3),(43,11,1),(43,11,2),(43,11,3),(43,12,1),(43,12,2),(43,12,3),(43,13,1),(43,13,2),(43,13,3),(44,1,1),(44,1,2),(44,1,3),(44,3,1),(44,3,2),(44,3,3),(44,4,1),(44,4,2),(44,4,3),(44,5,1),(44,5,2),(44,5,3),(44,6,1),(44,6,2),(44,6,3),(44,7,1),(44,7,2),(44,7,3),(44,8,1),(44,8,2),(44,8,3),(44,9,1),(44,9,2),(44,9,3),(44,10,1),(44,10,2),(44,10,3),(44,11,1),(44,11,2),(44,11,3),(44,12,1),(44,12,2),(44,12,3),(44,13,1),(44,13,2),(44,13,3),(45,1,1),(45,1,2),(45,1,3),(45,3,1),(45,3,2),(45,3,3),(45,4,1),(45,4,2),(45,4,3),(45,5,1),(45,5,2),(45,5,3),(45,6,1),(45,6,2),(45,6,3),(45,7,1),(45,7,2),(45,7,3),(45,8,1),(45,8,2),(45,8,3),(45,9,1),(45,9,2),(45,9,3),(45,10,1),(45,10,2),(45,10,3),(45,11,1),(45,11,2),(45,11,3),(45,12,1),(45,12,2),(45,12,3),(45,13,1),(45,13,2),(45,13,3),(46,1,1),(46,1,2),(46,1,3),(46,3,1),(46,3,2),(46,3,3),(46,4,1),(46,4,2),(46,4,3),(46,5,1),(46,5,2),(46,5,3),(46,6,1),(46,6,2),(46,6,3),(46,7,1),(46,7,2),(46,7,3),(46,8,1),(46,8,2),(46,8,3),(46,9,1),(46,9,2),(46,9,3),(46,10,1),(46,10,2),(46,10,3),(46,11,1),(46,11,2),(46,11,3),(46,12,1),(46,12,2),(46,12,3),(46,13,1),(46,13,2),(46,13,3),(47,1,1),(47,1,2),(47,1,3),(47,3,1),(47,3,2),(47,3,3),(47,4,1),(47,4,2),(47,4,3),(47,5,1),(47,5,2),(47,5,3),(47,6,1),(47,6,2),(47,6,3),(47,7,1),(47,7,2),(47,7,3),(47,8,1),(47,8,2),(47,8,3),(47,9,1),(47,9,2),(47,9,3),(47,10,1),(47,10,2),(47,10,3),(47,11,1),(47,11,2),(47,11,3),(47,12,1),(47,12,2),(47,12,3),(47,13,1),(47,13,2),(47,13,3),(48,1,1),(48,1,2),(48,1,3),(48,3,1),(48,3,2),(48,3,3),(48,4,1),(48,4,2),(48,4,3),(48,5,1),(48,5,2),(48,5,3),(48,6,1),(48,6,2),(48,6,3),(48,7,1),(48,7,2),(48,7,3),(48,8,1),(48,8,2),(48,8,3),(48,9,1),(48,9,2),(48,9,3),(48,10,1),(48,10,2),(48,10,3),(48,11,1),(48,11,2),(48,11,3),(48,12,1),(48,12,2),(48,12,3),(48,13,1),(48,13,2),(48,13,3),(49,1,1),(49,1,2),(49,1,3),(49,3,1),(49,3,2),(49,3,3),(49,4,1),(49,4,2),(49,4,3),(49,5,1),(49,5,2),(49,5,3),(49,6,1),(49,6,2),(49,6,3),(49,7,1),(49,7,2),(49,7,3),(49,8,1),(49,8,2),(49,8,3),(49,9,1),(49,9,2),(49,9,3),(49,10,1),(49,10,2),(49,10,3),(49,11,1),(49,11,2),(49,11,3),(49,12,1),(49,12,2),(49,12,3),(49,13,1),(49,13,2),(49,13,3),(50,1,1),(50,1,2),(50,1,3),(50,3,1),(50,3,2),(50,3,3),(50,4,1),(50,4,2),(50,4,3),(50,5,1),(50,5,2),(50,5,3),(50,6,1),(50,6,2),(50,6,3),(50,7,1),(50,7,2),(50,7,3),(50,8,1),(50,8,2),(50,8,3),(50,9,1),(50,9,2),(50,9,3),(50,10,1),(50,10,2),(50,10,3),(50,11,1),(50,11,2),(50,11,3),(50,12,1),(50,12,2),(50,12,3),(50,13,1),(50,13,2),(50,13,3),(51,1,1),(51,1,2),(51,1,3),(51,3,1),(51,3,2),(51,3,3),(51,4,1),(51,4,2),(51,4,3),(51,5,1),(51,5,2),(51,5,3),(51,6,1),(51,6,2),(51,6,3),(51,7,1),(51,7,2),(51,7,3),(51,8,1),(51,8,2),(51,8,3),(51,9,1),(51,9,2),(51,9,3),(51,10,1),(51,10,2),(51,10,3),(51,11,1),(51,11,2),(51,11,3),(51,12,1),(51,12,2),(51,12,3),(51,13,1),(51,13,2),(51,13,3),(52,1,1),(52,1,2),(52,1,3),(52,3,1),(52,3,2),(52,3,3),(52,4,1),(52,4,2),(52,4,3),(52,5,1),(52,5,2),(52,5,3),(52,6,1),(52,6,2),(52,6,3),(52,7,1),(52,7,2),(52,7,3),(52,8,1),(52,8,2),(52,8,3),(52,9,1),(52,9,2),(52,9,3),(52,10,1),(52,10,2),(52,10,3),(52,11,1),(52,11,2),(52,11,3),(52,12,1),(52,12,2),(52,12,3),(52,13,1),(52,13,2),(52,13,3),(53,1,1),(53,1,2),(53,1,3),(53,3,1),(53,3,2),(53,3,3),(53,4,1),(53,4,2),(53,4,3),(53,5,1),(53,5,2),(53,5,3),(53,6,1),(53,6,2),(53,6,3),(53,7,1),(53,7,2),(53,7,3),(53,8,1),(53,8,2),(53,8,3),(53,9,1),(53,9,2),(53,9,3),(53,10,1),(53,10,2),(53,10,3),(53,11,1),(53,11,2),(53,11,3),(53,12,1),(53,12,2),(53,12,3),(53,13,1),(53,13,2),(53,13,3),(54,1,1),(54,1,2),(54,1,3),(54,3,1),(54,3,2),(54,3,3),(54,4,1),(54,4,2),(54,4,3),(54,5,1),(54,5,2),(54,5,3),(54,6,1),(54,6,2),(54,6,3),(54,7,1),(54,7,2),(54,7,3),(54,8,1),(54,8,2),(54,8,3),(54,9,1),(54,9,2),(54,9,3),(54,10,1),(54,10,2),(54,10,3),(54,11,1),(54,11,2),(54,11,3),(54,12,1),(54,12,2),(54,12,3),(54,13,1),(54,13,2),(54,13,3),(55,1,1),(55,1,2),(55,1,3),(55,3,1),(55,3,2),(55,3,3),(55,4,1),(55,4,2),(55,4,3),(55,5,1),(55,5,2),(55,5,3),(55,6,1),(55,6,2),(55,6,3),(55,7,1),(55,7,2),(55,7,3),(55,8,1),(55,8,2),(55,8,3),(55,9,1),(55,9,2),(55,9,3),(55,10,1),(55,10,2),(55,10,3),(55,11,1),(55,11,2),(55,11,3),(55,12,1),(55,12,2),(55,12,3),(55,13,1),(55,13,2),(55,13,3),(56,1,1),(56,1,2),(56,1,3),(56,3,1),(56,3,2),(56,3,3),(56,4,1),(56,4,2),(56,4,3),(56,5,1),(56,5,2),(56,5,3),(56,6,1),(56,6,2),(56,6,3),(56,7,1),(56,7,2),(56,7,3),(56,8,1),(56,8,2),(56,8,3),(56,9,1),(56,9,2),(56,9,3),(56,10,1),(56,10,2),(56,10,3),(56,11,1),(56,11,2),(56,11,3),(56,12,1),(56,12,2),(56,12,3),(56,13,1),(56,13,2),(56,13,3),(57,1,1),(57,1,2),(57,1,3),(57,3,1),(57,3,2),(57,3,3),(57,4,1),(57,4,2),(57,4,3),(57,5,1),(57,5,2),(57,5,3),(57,6,1),(57,6,2),(57,6,3),(57,7,1),(57,7,2),(57,7,3),(57,8,1),(57,8,2),(57,8,3),(57,9,1),(57,9,2),(57,9,3),(57,10,1),(57,10,2),(57,10,3),(57,11,1),(57,11,2),(57,11,3),(57,12,1),(57,12,2),(57,12,3),(57,13,1),(57,13,2),(57,13,3),(58,1,1),(58,1,2),(58,1,3),(58,3,1),(58,3,2),(58,3,3),(58,4,1),(58,4,2),(58,4,3),(58,5,1),(58,5,2),(58,5,3),(58,6,1),(58,6,2),(58,6,3),(58,7,1),(58,7,2),(58,7,3),(58,8,1),(58,8,2),(58,8,3),(58,9,1),(58,9,2),(58,9,3),(58,10,1),(58,10,2),(58,10,3),(58,11,1),(58,11,2),(58,11,3),(58,12,1),(58,12,2),(58,12,3),(58,13,1),(58,13,2),(58,13,3),(59,1,1),(59,1,2),(59,1,3),(59,3,1),(59,3,2),(59,3,3),(59,4,1),(59,4,2),(59,4,3),(59,5,1),(59,5,2),(59,5,3),(59,6,1),(59,6,2),(59,6,3),(59,7,1),(59,7,2),(59,7,3),(59,8,1),(59,8,2),(59,8,3),(59,9,1),(59,9,2),(59,9,3),(59,10,1),(59,10,2),(59,10,3),(59,11,1),(59,11,2),(59,11,3),(59,12,1),(59,12,2),(59,12,3),(59,13,1),(59,13,2),(59,13,3),(60,1,1),(60,1,2),(60,1,3),(60,3,1),(60,3,2),(60,3,3),(60,4,1),(60,4,2),(60,4,3),(60,5,1),(60,5,2),(60,5,3),(60,6,1),(60,6,2),(60,6,3),(60,7,1),(60,7,2),(60,7,3),(60,8,1),(60,8,2),(60,8,3),(60,9,1),(60,9,2),(60,9,3),(60,10,1),(60,10,2),(60,10,3),(60,11,1),(60,11,2),(60,11,3),(60,12,1),(60,12,2),(60,12,3),(60,13,1),(60,13,2),(60,13,3),(61,1,1),(61,1,2),(61,1,3),(61,3,1),(61,3,2),(61,3,3),(61,4,1),(61,4,2),(61,4,3),(61,5,1),(61,5,2),(61,5,3),(61,6,1),(61,6,2),(61,6,3),(61,7,1),(61,7,2),(61,7,3),(61,8,1),(61,8,2),(61,8,3),(61,9,1),(61,9,2),(61,9,3),(61,10,1),(61,10,2),(61,10,3),(61,11,1),(61,11,2),(61,11,3),(61,12,1),(61,12,2),(61,12,3),(61,13,1),(61,13,2),(61,13,3),(62,1,1),(62,1,2),(62,1,3),(62,3,1),(62,3,2),(62,3,3),(62,4,1),(62,4,2),(62,4,3),(62,5,1),(62,5,2),(62,5,3),(62,6,1),(62,6,2),(62,6,3),(62,7,1),(62,7,2),(62,7,3),(62,8,1),(62,8,2),(62,8,3),(62,9,1),(62,9,2),(62,9,3),(62,10,1),(62,10,2),(62,10,3),(62,11,1),(62,11,2),(62,11,3),(62,12,1),(62,12,2),(62,12,3),(62,13,1),(62,13,2),(62,13,3),(63,1,1),(63,1,2),(63,1,3),(63,3,1),(63,3,2),(63,3,3),(63,4,1),(63,4,2),(63,4,3),(63,5,1),(63,5,2),(63,5,3),(63,6,1),(63,6,2),(63,6,3),(63,7,1),(63,7,2),(63,7,3),(63,8,1),(63,8,2),(63,8,3),(63,9,1),(63,9,2),(63,9,3),(63,10,1),(63,10,2),(63,10,3),(63,11,1),(63,11,2),(63,11,3),(63,12,1),(63,12,2),(63,12,3),(63,13,1),(63,13,2),(63,13,3),(64,1,1),(64,1,2),(64,1,3),(64,3,1),(64,3,2),(64,3,3),(64,4,1),(64,4,2),(64,4,3),(64,5,1),(64,5,2),(64,5,3),(64,6,1),(64,6,2),(64,6,3),(64,7,1),(64,7,2),(64,7,3),(64,8,1),(64,8,2),(64,8,3),(64,9,1),(64,9,2),(64,9,3),(64,10,1),(64,10,2),(64,10,3),(64,11,1),(64,11,2),(64,11,3),(64,12,1),(64,12,2),(64,12,3),(64,13,1),(64,13,2),(64,13,3),(65,1,1),(65,1,2),(65,1,3),(65,3,1),(65,3,2),(65,3,3),(65,4,1),(65,4,2),(65,4,3),(65,5,1),(65,5,2),(65,5,3),(65,6,1),(65,6,2),(65,6,3),(65,7,1),(65,7,2),(65,7,3),(65,8,1),(65,8,2),(65,8,3),(65,9,1),(65,9,2),(65,9,3),(65,10,1),(65,10,2),(65,10,3),(65,11,1),(65,11,2),(65,11,3),(65,12,1),(65,12,2),(65,12,3),(65,13,1),(65,13,2),(65,13,3),(66,1,1),(66,1,2),(66,1,3),(66,3,1),(66,3,2),(66,3,3),(66,4,1),(66,4,2),(66,4,3),(66,5,1),(66,5,2),(66,5,3),(66,6,1),(66,6,2),(66,6,3),(66,7,1),(66,7,2),(66,7,3),(66,8,1),(66,8,2),(66,8,3),(66,9,1),(66,9,2),(66,9,3),(66,10,1),(66,10,2),(66,10,3),(66,11,1),(66,11,2),(66,11,3),(66,12,1),(66,12,2),(66,12,3),(66,13,1),(66,13,2),(66,13,3),(67,1,1),(67,1,2),(67,1,3),(67,3,1),(67,3,2),(67,3,3),(67,4,1),(67,4,2),(67,4,3),(67,5,1),(67,5,2),(67,5,3),(67,6,1),(67,6,2),(67,6,3),(67,7,1),(67,7,2),(67,7,3),(67,8,1),(67,8,2),(67,8,3),(67,9,1),(67,9,2),(67,9,3),(67,10,1),(67,10,2),(67,10,3),(67,11,1),(67,11,2),(67,11,3),(67,12,1),(67,12,2),(67,12,3),(67,13,1),(67,13,2),(67,13,3),(68,1,1),(68,1,2),(68,1,3),(68,3,1),(68,3,2),(68,3,3),(68,4,1),(68,4,2),(68,4,3),(68,5,1),(68,5,2),(68,5,3),(68,6,1),(68,6,2),(68,6,3),(68,7,1),(68,7,2),(68,7,3),(68,8,1),(68,8,2),(68,8,3),(68,9,1),(68,9,2),(68,9,3),(68,10,1),(68,10,2),(68,10,3),(68,11,1),(68,11,2),(68,11,3),(68,12,1),(68,12,2),(68,12,3),(68,13,1),(68,13,2),(68,13,3),(69,1,1),(69,1,2),(69,1,3),(69,3,1),(69,3,2),(69,3,3),(69,4,1),(69,4,2),(69,4,3),(69,5,1),(69,5,2),(69,5,3),(69,6,1),(69,6,2),(69,6,3),(69,7,1),(69,7,2),(69,7,3),(69,8,1),(69,8,2),(69,8,3),(69,9,1),(69,9,2),(69,9,3),(69,10,1),(69,10,2),(69,10,3),(69,11,1),(69,11,2),(69,11,3),(69,12,1),(69,12,2),(69,12,3),(69,13,1),(69,13,2),(69,13,3),(70,1,1),(70,1,2),(70,1,3),(70,3,1),(70,3,2),(70,3,3),(70,4,1),(70,4,2),(70,4,3),(70,5,1),(70,5,2),(70,5,3),(70,6,1),(70,6,2),(70,6,3),(70,7,1),(70,7,2),(70,7,3),(70,8,1),(70,8,2),(70,8,3),(70,9,1),(70,9,2),(70,9,3),(70,10,1),(70,10,2),(70,10,3),(70,11,1),(70,11,2),(70,11,3),(70,12,1),(70,12,2),(70,12,3),(70,13,1),(70,13,2),(70,13,3),(72,1,1),(72,1,2),(72,1,3),(72,3,1),(72,3,2),(72,3,3),(72,4,1),(72,4,2),(72,4,3),(72,5,1),(72,5,2),(72,5,3),(72,6,1),(72,6,2),(72,6,3),(72,7,1),(72,7,2),(72,7,3),(72,8,1),(72,8,2),(72,8,3),(72,9,1),(72,9,2),(72,9,3),(72,10,1),(72,10,2),(72,10,3),(72,11,1),(72,11,2),(72,11,3),(72,12,1),(72,12,2),(72,12,3),(72,13,1),(72,13,2),(72,13,3),(73,1,1),(73,1,2),(73,1,3),(73,3,1),(73,3,2),(73,3,3),(73,4,1),(73,4,2),(73,4,3),(73,5,1),(73,5,2),(73,5,3),(73,6,1),(73,6,2),(73,6,3),(73,7,1),(73,7,2),(73,7,3),(73,8,1),(73,8,2),(73,8,3),(73,9,1),(73,9,2),(73,9,3),(73,10,1),(73,10,2),(73,10,3),(73,11,1),(73,11,2),(73,11,3),(73,12,1),(73,12,2),(73,12,3),(73,13,1),(73,13,2),(73,13,3),(74,1,1),(74,1,2),(74,1,3),(74,3,1),(74,3,2),(74,3,3),(74,4,1),(74,4,2),(74,4,3),(74,5,1),(74,5,2),(74,5,3),(74,6,1),(74,6,2),(74,6,3),(74,7,1),(74,7,2),(74,7,3),(74,8,1),(74,8,2),(74,8,3),(74,9,1),(74,9,2),(74,9,3),(74,10,1),(74,10,2),(74,10,3),(74,11,1),(74,11,2),(74,11,3),(74,12,1),(74,12,2),(74,12,3),(74,13,1),(74,13,2),(74,13,3),(77,1,1),(77,1,2),(77,1,3),(77,3,1),(77,3,2),(77,3,3),(77,4,1),(77,4,2),(77,4,3),(77,5,1),(77,5,2),(77,5,3),(77,6,1),(77,6,2),(77,6,3),(77,7,1),(77,7,2),(77,7,3),(77,8,1),(77,8,2),(77,8,3),(77,9,1),(77,9,2),(77,9,3),(77,10,1),(77,10,2),(77,10,3),(77,11,1),(77,11,2),(77,11,3),(77,12,1),(77,12,2),(77,12,3),(77,13,1),(77,13,2),(77,13,3),(78,1,1),(78,1,2),(78,1,3),(78,3,1),(78,3,2),(78,3,3),(78,4,1),(78,4,2),(78,4,3),(78,5,1),(78,5,2),(78,5,3),(78,6,1),(78,6,2),(78,6,3),(78,7,1),(78,7,2),(78,7,3),(78,8,1),(78,8,2),(78,8,3),(78,9,1),(78,9,2),(78,9,3),(78,10,1),(78,10,2),(78,10,3),(78,11,1),(78,11,2),(78,11,3),(78,12,1),(78,12,2),(78,12,3),(78,13,1),(78,13,2),(78,13,3),(79,1,1),(79,1,2),(79,1,3),(79,3,1),(79,3,2),(79,3,3),(79,4,1),(79,4,2),(79,4,3),(79,5,1),(79,5,2),(79,5,3),(79,6,1),(79,6,2),(79,6,3),(79,7,1),(79,7,2),(79,7,3),(79,8,1),(79,8,2),(79,8,3),(79,9,1),(79,9,2),(79,9,3),(79,10,1),(79,10,2),(79,10,3),(79,11,1),(79,11,2),(79,11,3),(79,12,1),(79,12,2),(79,12,3),(79,13,1),(79,13,2),(79,13,3);

--
-- Table structure for table `ps_module_history`
--

CREATE TABLE `ps_module_history` (
  `id` int(11) NOT NULL AUTO_INCREMENT,
  `id_employee` int(11) NOT NULL,
  `id_module` int(11) NOT NULL,
  `date_add` datetime NOT NULL,
  `date_upd` datetime NOT NULL,
  PRIMARY KEY (`id`)
) ENGINE=InnoDB AUTO_INCREMENT=24 DEFAULT CHARSET=utf8 COLLATE=utf8_unicode_ci;

--
-- Dumping data for table `ps_module_history`
--

INSERT INTO `ps_module_history` VALUES (1,1,22,'2018-05-11 15:10:43','2018-09-27 09:27:34'),(2,1,70,'2018-05-14 18:33:47','2018-05-14 18:33:47'),(3,1,71,'2018-05-15 11:19:05','2018-05-15 13:40:40'),(4,1,72,'2018-05-15 11:23:59','2018-07-10 17:16:08'),(5,1,59,'2018-05-15 11:43:47','2018-07-30 10:17:59'),(6,1,73,'2018-05-15 11:55:32','2018-08-14 15:09:29'),(7,1,66,'2018-05-15 13:42:15','2018-06-26 17:25:34'),(8,1,21,'2018-05-15 13:43:17','2018-07-05 10:22:15'),(9,1,57,'2018-05-18 09:44:06','2018-07-05 11:05:47'),(10,1,74,'2018-05-18 10:31:46','2018-07-05 17:44:40'),(11,1,68,'2018-05-18 11:34:48','2018-05-18 11:34:48'),(12,1,76,'2018-05-18 13:05:06','2018-05-18 13:05:06'),(13,1,16,'2018-05-18 13:12:19','2018-07-16 09:15:28'),(14,1,77,'2018-05-18 13:26:05','2018-05-18 13:43:48'),(15,1,78,'2018-06-05 17:01:35','2018-07-05 17:44:31'),(16,1,17,'2018-06-12 17:57:33','2018-07-16 18:02:02'),(17,1,60,'2018-06-14 12:43:40','2018-07-05 09:14:53'),(18,1,58,'2018-06-14 15:13:18','2018-06-14 15:13:18'),(19,1,53,'2018-06-26 13:50:54','2018-06-26 13:50:54'),(20,1,65,'2018-06-26 17:25:40','2018-06-26 18:19:57'),(21,1,67,'2018-06-26 17:25:44','2018-06-26 17:25:44'),(22,1,56,'2018-07-05 10:38:17','2018-07-05 10:38:17'),(23,1,79,'2018-07-17 11:09:17','2018-07-17 11:09:17');

--
-- Table structure for table `ps_module_preference`
--

CREATE TABLE `ps_module_preference` (
  `id_module_preference` int(11) NOT NULL AUTO_INCREMENT,
  `id_employee` int(11) NOT NULL,
  `module` varchar(255) NOT NULL,
  `interest` tinyint(1) DEFAULT NULL,
  `favorite` tinyint(1) DEFAULT NULL,
  PRIMARY KEY (`id_module_preference`),
  UNIQUE KEY `employee_module` (`id_employee`,`module`)
) ENGINE=InnoDB DEFAULT CHARSET=utf8;

--
-- Dumping data for table `ps_module_preference`
--


--
-- Table structure for table `ps_module_shop`
--

CREATE TABLE `ps_module_shop` (
  `id_module` int(11) unsigned NOT NULL,
  `id_shop` int(11) unsigned NOT NULL,
  `enable_device` tinyint(1) NOT NULL DEFAULT '7',
  PRIMARY KEY (`id_module`,`id_shop`),
  KEY `id_shop` (`id_shop`)
) ENGINE=InnoDB DEFAULT CHARSET=utf8;

--
-- Dumping data for table `ps_module_shop`
--

INSERT INTO `ps_module_shop` VALUES (1,1,7),(1,3,7),(1,4,7),(1,5,7),(1,6,7),(1,7,7),(1,8,7),(1,9,7),(1,10,7),(1,11,7),(1,12,7),(1,13,7),(2,1,7),(2,3,7),(2,4,7),(2,5,7),(2,6,7),(2,7,7),(2,8,7),(2,9,7),(2,10,7),(2,11,7),(2,12,7),(2,13,7),(3,1,7),(3,3,7),(3,4,7),(3,5,7),(3,6,7),(3,7,7),(3,8,7),(3,9,7),(3,10,7),(3,11,7),(3,12,7),(3,13,7),(4,1,7),(4,3,7),(4,4,7),(4,5,7),(4,6,7),(4,7,7),(4,8,7),(4,9,7),(4,10,7),(4,11,7),(4,12,7),(4,13,7),(5,1,7),(5,3,7),(5,4,7),(5,5,7),(5,6,7),(5,7,7),(5,8,7),(5,9,7),(5,10,7),(5,11,7),(5,12,7),(5,13,7),(6,1,7),(6,3,7),(6,4,7),(6,5,7),(6,6,7),(6,7,7),(6,8,7),(6,9,7),(6,10,7),(6,11,7),(6,12,7),(6,13,7),(7,1,7),(7,3,7),(7,4,7),(7,5,7),(7,6,7),(7,7,7),(7,8,7),(7,9,7),(7,10,7),(7,11,7),(7,12,7),(7,13,7),(9,1,7),(9,3,7),(9,4,7),(9,5,7),(9,6,7),(9,7,7),(9,8,7),(9,9,7),(9,10,7),(9,11,7),(9,12,7),(9,13,7),(10,1,7),(10,3,7),(10,4,7),(10,5,7),(10,6,7),(10,7,7),(10,8,7),(10,9,7),(10,10,7),(10,11,7),(10,12,7),(10,13,7),(11,1,7),(11,3,7),(11,4,7),(11,5,7),(11,6,7),(11,7,7),(11,8,7),(11,9,7),(11,10,7),(11,11,7),(11,12,7),(11,13,7),(12,1,7),(12,3,7),(12,4,7),(12,5,7),(12,6,7),(12,7,7),(12,8,7),(12,9,7),(12,10,7),(12,11,7),(12,12,7),(12,13,7),(13,1,7),(13,3,7),(13,4,7),(13,5,7),(13,6,7),(13,7,7),(13,8,7),(13,9,7),(13,10,7),(13,11,7),(13,12,7),(13,13,7),(14,1,7),(14,3,7),(14,4,7),(14,5,7),(14,6,7),(14,7,7),(14,8,7),(14,9,7),(14,10,7),(14,11,7),(14,12,7),(14,13,7),(16,1,7),(16,3,7),(16,4,7),(16,5,7),(16,6,7),(16,7,7),(16,8,7),(16,9,7),(16,10,7),(16,11,7),(16,12,7),(16,13,7),(17,1,7),(17,3,7),(17,4,7),(17,5,7),(17,6,7),(17,7,7),(17,8,7),(17,9,7),(17,10,7),(17,11,7),(17,12,7),(17,13,7),(20,1,7),(20,3,7),(20,4,7),(20,5,7),(20,6,7),(20,7,7),(20,8,7),(20,9,7),(20,10,7),(20,11,7),(20,12,7),(20,13,7),(21,1,7),(21,3,7),(21,4,7),(21,5,7),(21,6,7),(21,7,7),(21,8,7),(21,9,7),(21,10,7),(21,11,7),(21,12,7),(21,13,7),(22,1,7),(22,3,7),(22,4,7),(22,5,7),(22,6,7),(22,7,7),(22,8,7),(22,9,7),(22,10,7),(22,11,7),(22,12,7),(22,13,7),(23,1,7),(23,3,7),(23,4,7),(23,5,7),(23,6,7),(23,7,7),(23,8,7),(23,9,7),(23,10,7),(23,11,7),(23,12,7),(23,13,7),(24,1,7),(24,3,7),(24,4,7),(24,5,7),(24,6,7),(24,7,7),(24,8,7),(24,9,7),(24,10,7),(24,11,7),(24,12,7),(24,13,7),(25,1,7),(25,3,7),(25,4,7),(25,5,7),(25,6,7),(25,7,7),(25,8,7),(25,9,7),(25,10,7),(25,11,7),(25,12,7),(25,13,7),(26,1,7),(26,3,7),(26,4,7),(26,5,7),(26,6,7),(26,7,7),(26,8,7),(26,9,7),(26,10,7),(26,11,7),(26,12,7),(26,13,7),(27,1,7),(27,3,7),(27,4,7),(27,5,7),(27,6,7),(27,7,7),(27,8,7),(27,9,7),(27,10,7),(27,11,7),(27,12,7),(27,13,7),(28,1,7),(28,3,7),(28,4,7),(28,5,7),(28,6,7),(28,7,7),(28,8,7),(28,9,7),(28,10,7),(28,11,7),(28,12,7),(28,13,7),(29,1,7),(29,3,7),(29,4,7),(29,5,7),(29,6,7),(29,7,7),(29,8,7),(29,9,7),(29,10,7),(29,11,7),(29,12,7),(29,13,7),(30,1,7),(30,3,7),(30,4,7),(30,5,7),(30,6,7),(30,7,7),(30,8,7),(30,9,7),(30,10,7),(30,11,7),(30,12,7),(30,13,7),(31,1,7),(31,3,7),(31,4,7),(31,5,7),(31,6,7),(31,7,7),(31,8,7),(31,9,7),(31,10,7),(31,11,7),(31,12,7),(31,13,7),(32,1,7),(32,3,7),(32,4,7),(32,5,7),(32,6,7),(32,7,7),(32,8,7),(32,9,7),(32,10,7),(32,11,7),(32,12,7),(32,13,7),(33,1,7),(33,3,7),(33,4,7),(33,5,7),(33,6,7),(33,7,7),(33,8,7),(33,9,7),(33,10,7),(33,11,7),(33,12,7),(33,13,7),(34,1,7),(34,3,7),(34,4,7),(34,5,7),(34,6,7),(34,7,7),(34,8,7),(34,9,7),(34,10,7),(34,11,7),(34,12,7),(34,13,7),(35,1,7),(35,3,7),(35,4,7),(35,5,7),(35,6,7),(35,7,7),(35,8,7),(35,9,7),(35,10,7),(35,11,7),(35,12,7),(35,13,7),(36,1,7),(36,3,7),(36,4,7),(36,5,7),(36,6,7),(36,7,7),(36,8,7),(36,9,7),(36,10,7),(36,11,7),(36,12,7),(36,13,7),(37,1,7),(37,3,7),(37,4,7),(37,5,7),(37,6,7),(37,7,7),(37,8,7),(37,9,7),(37,10,7),(37,11,7),(37,12,7),(37,13,7),(38,1,7),(38,3,7),(38,4,7),(38,5,7),(38,6,7),(38,7,7),(38,8,7),(38,9,7),(38,10,7),(38,11,7),(38,12,7),(38,13,7),(39,1,7),(39,3,7),(39,4,7),(39,5,7),(39,6,7),(39,7,7),(39,8,7),(39,9,7),(39,10,7),(39,11,7),(39,12,7),(39,13,7),(40,1,7),(40,3,7),(40,4,7),(40,5,7),(40,6,7),(40,7,7),(40,8,7),(40,9,7),(40,10,7),(40,11,7),(40,12,7),(40,13,7),(41,1,7),(41,3,7),(41,4,7),(41,5,7),(41,6,7),(41,7,7),(41,8,7),(41,9,7),(41,10,7),(41,11,7),(41,12,7),(41,13,7),(42,1,7),(42,3,7),(42,4,7),(42,5,7),(42,6,7),(42,7,7),(42,8,7),(42,9,7),(42,10,7),(42,11,7),(42,12,7),(42,13,7),(43,1,7),(43,3,7),(43,4,7),(43,5,7),(43,6,7),(43,7,7),(43,8,7),(43,9,7),(43,10,7),(43,11,7),(43,12,7),(43,13,7),(44,1,7),(44,3,7),(44,4,7),(44,5,7),(44,6,7),(44,7,7),(44,8,7),(44,9,7),(44,10,7),(44,11,7),(44,12,7),(44,13,7),(45,1,7),(45,3,7),(45,4,7),(45,5,7),(45,6,7),(45,7,7),(45,8,7),(45,9,7),(45,10,7),(45,11,7),(45,12,7),(45,13,7),(46,1,7),(46,3,7),(46,4,7),(46,5,7),(46,6,7),(46,7,7),(46,8,7),(46,9,7),(46,10,7),(46,11,7),(46,12,7),(46,13,7),(47,1,7),(47,3,7),(47,4,7),(47,5,7),(47,6,7),(47,7,7),(47,8,7),(47,9,7),(47,10,7),(47,11,7),(47,12,7),(47,13,7),(48,1,7),(48,3,7),(48,4,7),(48,5,7),(48,6,7),(48,7,7),(48,8,7),(48,9,7),(48,10,7),(48,11,7),(48,12,7),(48,13,7),(49,1,7),(49,3,7),(49,4,7),(49,5,7),(49,6,7),(49,7,7),(49,8,7),(49,9,7),(49,10,7),(49,11,7),(49,12,7),(49,13,7),(50,1,7),(50,3,7),(50,4,7),(50,5,7),(50,6,7),(50,7,7),(50,8,7),(50,9,7),(50,10,7),(50,11,7),(50,12,7),(50,13,7),(51,1,7),(51,3,7),(51,4,7),(51,5,7),(51,6,7),(51,7,7),(51,8,7),(51,9,7),(51,10,7),(51,11,7),(51,12,7),(51,13,7),(52,1,7),(52,3,7),(52,4,7),(52,5,7),(52,6,7),(52,7,7),(52,8,7),(52,9,7),(52,10,7),(52,11,7),(52,12,7),(52,13,7),(53,1,7),(53,3,7),(53,4,7),(53,5,7),(53,6,7),(53,7,7),(53,8,7),(53,9,7),(53,10,7),(53,11,7),(53,12,7),(53,13,7),(54,1,7),(54,3,7),(54,4,7),(54,5,7),(54,6,7),(54,7,7),(54,8,7),(54,9,7),(54,10,7),(54,11,7),(54,12,7),(54,13,7),(55,1,7),(55,3,7),(55,4,7),(55,5,7),(55,6,7),(55,7,7),(55,8,7),(55,9,7),(55,10,7),(55,11,7),(55,12,7),(55,13,7),(56,1,7),(56,3,7),(56,4,7),(56,5,7),(56,6,7),(56,7,7),(56,8,7),(56,9,7),(56,10,7),(56,11,7),(56,12,7),(56,13,7),(57,1,7),(57,3,3),(57,4,3),(57,5,7),(57,6,3),(57,7,3),(57,8,7),(57,9,7),(57,10,3),(57,11,3),(57,12,3),(57,13,3),(59,1,7),(59,9,7),(60,1,7),(60,3,7),(60,4,7),(60,5,7),(60,6,7),(60,7,7),(60,8,7),(60,9,7),(60,10,7),(60,11,7),(60,12,7),(60,13,7),(61,1,7),(61,3,7),(61,4,7),(61,5,7),(61,6,7),(61,8,7),(61,9,7),(61,10,7),(61,11,7),(61,12,7),(62,1,7),(62,3,7),(62,4,7),(62,5,7),(62,6,7),(62,7,7),(62,8,7),(62,9,7),(62,10,7),(62,11,7),(62,12,7),(62,13,7),(63,1,7),(63,3,7),(63,4,7),(63,5,7),(63,6,7),(63,7,7),(63,8,7),(63,9,7),(63,10,7),(63,11,7),(63,12,7),(63,13,7),(64,1,7),(64,3,7),(64,4,7),(64,5,7),(64,6,7),(64,7,7),(64,8,7),(64,9,7),(64,10,7),(64,11,7),(64,12,7),(64,13,7),(65,1,7),(65,3,7),(65,4,7),(65,5,7),(65,6,7),(65,7,7),(65,8,7),(65,9,7),(65,10,7),(65,11,7),(65,12,7),(65,13,7),(66,1,7),(66,3,7),(66,4,7),(66,5,7),(66,6,7),(66,7,7),(66,8,7),(66,9,7),(66,10,7),(66,11,7),(66,12,7),(66,13,7),(67,1,7),(67,3,7),(67,4,7),(67,5,7),(67,6,7),(67,7,7),(67,8,7),(67,9,7),(67,10,7),(67,11,7),(67,12,7),(67,13,7),(68,1,7),(68,3,7),(68,4,7),(68,5,7),(68,6,7),(68,7,7),(68,8,7),(68,9,7),(68,10,7),(68,11,7),(68,12,7),(68,13,7),(69,1,7),(69,3,7),(69,4,7),(69,5,7),(69,6,7),(69,7,7),(69,8,7),(69,9,7),(69,10,7),(69,11,7),(69,12,7),(69,13,7),(70,7,7),(70,13,7),(72,1,7),(72,3,7),(72,4,7),(72,5,7),(72,6,7),(72,7,7),(72,8,7),(72,9,7),(72,10,7),(72,11,7),(72,12,7),(72,13,7),(73,1,7),(73,3,7),(73,4,7),(73,5,7),(73,6,7),(73,7,7),(73,8,7),(73,9,7),(73,10,7),(73,11,7),(73,12,7),(73,13,7),(74,1,7),(74,3,3),(74,4,3),(74,5,3),(74,6,3),(74,7,3),(74,8,3),(74,9,7),(74,10,3),(74,11,3),(74,12,3),(74,13,3),(78,1,7),(78,3,7),(78,4,7),(78,5,7),(78,6,7),(78,7,7),(78,8,7),(78,9,7),(78,10,7),(78,11,7),(78,12,7),(78,13,7);

--
-- Table structure for table `ps_operating_system`
--

CREATE TABLE `ps_operating_system` (
  `id_operating_system` int(10) unsigned NOT NULL AUTO_INCREMENT,
  `name` varchar(64) DEFAULT NULL,
  PRIMARY KEY (`id_operating_system`)
) ENGINE=InnoDB AUTO_INCREMENT=10 DEFAULT CHARSET=utf8;

--
-- Dumping data for table `ps_operating_system`
--

INSERT INTO `ps_operating_system` VALUES (1,'Windows XP'),(2,'Windows Vista'),(3,'Windows 7'),(4,'Windows 8'),(5,'Windows 8.1'),(6,'Windows 10'),(7,'MacOsX'),(8,'Linux'),(9,'Android');

--
-- Table structure for table `ps_order_carrier`
--

CREATE TABLE `ps_order_carrier` (
  `id_order_carrier` int(11) NOT NULL AUTO_INCREMENT,
  `id_order` int(11) unsigned NOT NULL,
  `id_carrier` int(11) unsigned NOT NULL,
  `id_order_invoice` int(11) unsigned DEFAULT NULL,
  `weight` decimal(20,6) DEFAULT NULL,
  `shipping_cost_tax_excl` decimal(20,6) DEFAULT NULL,
  `shipping_cost_tax_incl` decimal(20,6) DEFAULT NULL,
  `tracking_number` varchar(64) DEFAULT NULL,
  `date_add` datetime NOT NULL,
  PRIMARY KEY (`id_order_carrier`),
  KEY `id_order` (`id_order`),
  KEY `id_carrier` (`id_carrier`),
  KEY `id_order_invoice` (`id_order_invoice`)
) ENGINE=InnoDB AUTO_INCREMENT=6 DEFAULT CHARSET=utf8;

--
-- Dumping data for table `ps_order_carrier`
--

INSERT INTO `ps_order_carrier` VALUES (1,1,2,0,0.000000,2.000000,2.000000,'','2018-05-11 14:38:16'),(2,2,2,0,0.000000,2.000000,2.000000,'','2018-05-11 14:38:16'),(3,3,2,0,0.000000,2.000000,2.000000,'','2018-05-11 14:38:16'),(4,4,2,0,0.000000,2.000000,2.000000,'','2018-05-11 14:38:16'),(5,5,2,0,0.000000,2.000000,2.000000,'','2018-05-11 14:38:16');

--
-- Table structure for table `ps_order_cart_rule`
--

CREATE TABLE `ps_order_cart_rule` (
  `id_order_cart_rule` int(10) unsigned NOT NULL AUTO_INCREMENT,
  `id_order` int(10) unsigned NOT NULL,
  `id_cart_rule` int(10) unsigned NOT NULL,
  `id_order_invoice` int(10) unsigned DEFAULT '0',
  `name` varchar(254) NOT NULL,
  `value` decimal(17,2) NOT NULL DEFAULT '0.00',
  `value_tax_excl` decimal(17,2) NOT NULL DEFAULT '0.00',
  `free_shipping` tinyint(1) NOT NULL DEFAULT '0',
  PRIMARY KEY (`id_order_cart_rule`),
  KEY `id_order` (`id_order`),
  KEY `id_cart_rule` (`id_cart_rule`)
) ENGINE=InnoDB DEFAULT CHARSET=utf8;

--
-- Dumping data for table `ps_order_cart_rule`
--


--
-- Table structure for table `ps_order_detail`
--

CREATE TABLE `ps_order_detail` (
  `id_order_detail` int(10) unsigned NOT NULL AUTO_INCREMENT,
  `id_order` int(10) unsigned NOT NULL,
  `id_order_invoice` int(11) DEFAULT NULL,
  `id_warehouse` int(10) unsigned DEFAULT '0',
  `id_shop` int(11) unsigned NOT NULL,
  `product_id` int(10) unsigned NOT NULL,
  `product_attribute_id` int(10) unsigned DEFAULT NULL,
  `id_customization` int(10) unsigned DEFAULT '0',
  `product_name` varchar(255) NOT NULL,
  `product_quantity` int(10) unsigned NOT NULL DEFAULT '0',
  `product_quantity_in_stock` int(10) NOT NULL DEFAULT '0',
  `product_quantity_refunded` int(10) unsigned NOT NULL DEFAULT '0',
  `product_quantity_return` int(10) unsigned NOT NULL DEFAULT '0',
  `product_quantity_reinjected` int(10) unsigned NOT NULL DEFAULT '0',
  `product_price` decimal(20,6) NOT NULL DEFAULT '0.000000',
  `reduction_percent` decimal(10,2) NOT NULL DEFAULT '0.00',
  `reduction_amount` decimal(20,6) NOT NULL DEFAULT '0.000000',
  `reduction_amount_tax_incl` decimal(20,6) NOT NULL DEFAULT '0.000000',
  `reduction_amount_tax_excl` decimal(20,6) NOT NULL DEFAULT '0.000000',
  `group_reduction` decimal(10,2) NOT NULL DEFAULT '0.00',
  `product_quantity_discount` decimal(20,6) NOT NULL DEFAULT '0.000000',
  `product_ean13` varchar(13) DEFAULT NULL,
  `product_isbn` varchar(32) DEFAULT NULL,
  `product_upc` varchar(12) DEFAULT NULL,
  `product_reference` varchar(32) DEFAULT NULL,
  `product_supplier_reference` varchar(32) DEFAULT NULL,
  `product_weight` decimal(20,6) NOT NULL,
  `id_tax_rules_group` int(11) unsigned DEFAULT '0',
  `tax_computation_method` tinyint(1) unsigned NOT NULL DEFAULT '0',
  `tax_name` varchar(16) NOT NULL,
  `tax_rate` decimal(10,3) NOT NULL DEFAULT '0.000',
  `ecotax` decimal(21,6) NOT NULL DEFAULT '0.000000',
  `ecotax_tax_rate` decimal(5,3) NOT NULL DEFAULT '0.000',
  `discount_quantity_applied` tinyint(1) NOT NULL DEFAULT '0',
  `download_hash` varchar(255) DEFAULT NULL,
  `download_nb` int(10) unsigned DEFAULT '0',
  `download_deadline` datetime DEFAULT NULL,
  `total_price_tax_incl` decimal(20,6) NOT NULL DEFAULT '0.000000',
  `total_price_tax_excl` decimal(20,6) NOT NULL DEFAULT '0.000000',
  `unit_price_tax_incl` decimal(20,6) NOT NULL DEFAULT '0.000000',
  `unit_price_tax_excl` decimal(20,6) NOT NULL DEFAULT '0.000000',
  `total_shipping_price_tax_incl` decimal(20,6) NOT NULL DEFAULT '0.000000',
  `total_shipping_price_tax_excl` decimal(20,6) NOT NULL DEFAULT '0.000000',
  `purchase_supplier_price` decimal(20,6) NOT NULL DEFAULT '0.000000',
  `original_product_price` decimal(20,6) NOT NULL DEFAULT '0.000000',
  `original_wholesale_price` decimal(20,6) NOT NULL DEFAULT '0.000000',
  PRIMARY KEY (`id_order_detail`),
  KEY `order_detail_order` (`id_order`),
  KEY `product_id` (`product_id`),
  KEY `product_attribute_id` (`product_attribute_id`),
  KEY `id_tax_rules_group` (`id_tax_rules_group`),
  KEY `id_order_id_order_detail` (`id_order`,`id_order_detail`)
) ENGINE=InnoDB AUTO_INCREMENT=8 DEFAULT CHARSET=utf8;

--
-- Dumping data for table `ps_order_detail`
--

INSERT INTO `ps_order_detail` VALUES (1,1,0,0,1,1,1,0,'Hummingbird printed t-shirt - Color : White, Size : S',1,1,0,0,0,23.900000,0.00,0.000000,0.000000,0.000000,0.00,0.000000,'','','','demo_2','',0.000000,0,0,'',0.000,0.000000,0.000,0,'',0,'0000-00-00 00:00:00',27.000000,23.900000,23.900000,23.900000,0.000000,0.000000,0.000000,23.900000,0.000000),(2,1,0,0,1,2,9,0,'Hummingbird printed sweater - Color : White, Size : S',1,1,0,0,0,35.900000,0.00,0.000000,0.000000,0.000000,0.00,0.000000,'','','','demo_3','',0.000000,0,0,'',0.000,0.000000,0.000,0,'',0,'0000-00-00 00:00:00',35.900000,35.900000,35.900000,35.900000,0.000000,0.000000,0.000000,35.900000,0.000000),(3,2,0,0,1,4,16,0,'The adventure begins Framed poster - Size : 80x120cm',2,3,0,0,0,29.000000,0.00,0.000000,0.000000,0.000000,0.00,0.000000,'','','','demo_2','',0.000000,0,0,'',0.000,0.000000,0.000,0,'',0,'0000-00-00 00:00:00',58.000000,29.000000,29.000000,29.000000,0.000000,0.000000,0.000000,29.000000,0.000000),(4,2,0,0,1,8,0,0,'Mug Today is a good day',1,1,0,0,0,11.900000,0.00,0.000000,0.000000,0.000000,0.00,0.000000,'','','','demo_6','',0.000000,0,0,'',0.000,0.000000,0.000,0,'',0,'0000-00-00 00:00:00',11.900000,11.900000,11.900000,11.900000,0.000000,0.000000,0.000000,11.900000,0.000000),(5,3,0,0,1,16,28,0,'Mountain fox notebook Style : Ruled',1,1,0,0,0,12.900000,0.00,0.000000,0.000000,0.000000,0.00,0.000000,'','','','demo_1','',0.000000,0,0,'',0.000,0.000000,0.000,0,'',0,'0000-00-00 00:00:00',12.900000,12.900000,12.900000,12.900000,0.000000,0.000000,0.000000,12.900000,0.000000),(6,4,0,0,1,16,29,0,'Mountain fox notebook Style : Plain',1,1,0,0,0,12.900000,0.00,0.000000,0.000000,0.000000,0.00,0.000000,'','','','demo_1','',0.000000,0,0,'',0.000,0.000000,0.000,0,'',0,'0000-00-00 00:00:00',12.900000,12.900000,12.900000,12.900000,0.000000,0.000000,0.000000,12.900000,0.000000),(7,5,0,0,1,10,25,0,'Brown bear cushion Color : Black',1,1,0,0,0,18.900000,0.00,0.000000,0.000000,0.000000,0.00,0.000000,'','','','demo_1','',0.000000,0,0,'',0.000,0.000000,0.000,0,'',0,'0000-00-00 00:00:00',18.900000,18.900000,18.900000,18.900000,0.000000,0.000000,0.000000,18.900000,0.000000);

--
-- Table structure for table `ps_order_detail_tax`
--

CREATE TABLE `ps_order_detail_tax` (
  `id_order_detail` int(11) NOT NULL,
  `id_tax` int(11) NOT NULL,
  `unit_amount` decimal(16,6) NOT NULL DEFAULT '0.000000',
  `total_amount` decimal(16,6) NOT NULL DEFAULT '0.000000',
  KEY `id_order_detail` (`id_order_detail`),
  KEY `id_tax` (`id_tax`)
) ENGINE=InnoDB DEFAULT CHARSET=utf8;

--
-- Dumping data for table `ps_order_detail_tax`
--


--
-- Table structure for table `ps_order_history`
--

CREATE TABLE `ps_order_history` (
  `id_order_history` int(10) unsigned NOT NULL AUTO_INCREMENT,
  `id_employee` int(10) unsigned NOT NULL,
  `id_order` int(10) unsigned NOT NULL,
  `id_order_state` int(10) unsigned NOT NULL,
  `date_add` datetime NOT NULL,
  PRIMARY KEY (`id_order_history`),
  KEY `order_history_order` (`id_order`),
  KEY `id_employee` (`id_employee`),
  KEY `id_order_state` (`id_order_state`)
) ENGINE=InnoDB AUTO_INCREMENT=8 DEFAULT CHARSET=utf8;

--
-- Dumping data for table `ps_order_history`
--

INSERT INTO `ps_order_history` VALUES (1,0,1,1,'2018-05-11 14:38:16'),(2,0,2,1,'2018-05-11 14:38:16'),(3,0,3,1,'2018-05-11 14:38:16'),(4,0,4,1,'2018-05-11 14:38:16'),(5,0,5,10,'2018-05-11 14:38:16'),(6,1,1,6,'2018-05-11 14:38:16'),(7,1,3,8,'2018-05-11 14:38:16');

--
-- Table structure for table `ps_order_invoice`
--

CREATE TABLE `ps_order_invoice` (
  `id_order_invoice` int(11) unsigned NOT NULL AUTO_INCREMENT,
  `id_order` int(11) NOT NULL,
  `number` int(11) NOT NULL,
  `delivery_number` int(11) NOT NULL,
  `delivery_date` datetime DEFAULT NULL,
  `total_discount_tax_excl` decimal(20,6) NOT NULL DEFAULT '0.000000',
  `total_discount_tax_incl` decimal(20,6) NOT NULL DEFAULT '0.000000',
  `total_paid_tax_excl` decimal(20,6) NOT NULL DEFAULT '0.000000',
  `total_paid_tax_incl` decimal(20,6) NOT NULL DEFAULT '0.000000',
  `total_products` decimal(20,6) NOT NULL DEFAULT '0.000000',
  `total_products_wt` decimal(20,6) NOT NULL DEFAULT '0.000000',
  `total_shipping_tax_excl` decimal(20,6) NOT NULL DEFAULT '0.000000',
  `total_shipping_tax_incl` decimal(20,6) NOT NULL DEFAULT '0.000000',
  `shipping_tax_computation_method` int(10) unsigned NOT NULL,
  `total_wrapping_tax_excl` decimal(20,6) NOT NULL DEFAULT '0.000000',
  `total_wrapping_tax_incl` decimal(20,6) NOT NULL DEFAULT '0.000000',
  `shop_address` text,
  `note` text,
  `date_add` datetime NOT NULL,
  PRIMARY KEY (`id_order_invoice`),
  KEY `id_order` (`id_order`)
) ENGINE=InnoDB DEFAULT CHARSET=utf8;

--
-- Dumping data for table `ps_order_invoice`
--


--
-- Table structure for table `ps_order_invoice_payment`
--

CREATE TABLE `ps_order_invoice_payment` (
  `id_order_invoice` int(11) unsigned NOT NULL,
  `id_order_payment` int(11) unsigned NOT NULL,
  `id_order` int(11) unsigned NOT NULL,
  PRIMARY KEY (`id_order_invoice`,`id_order_payment`),
  KEY `order_payment` (`id_order_payment`),
  KEY `id_order` (`id_order`)
) ENGINE=InnoDB DEFAULT CHARSET=utf8;

--
-- Dumping data for table `ps_order_invoice_payment`
--


--
-- Table structure for table `ps_order_invoice_tax`
--

CREATE TABLE `ps_order_invoice_tax` (
  `id_order_invoice` int(11) NOT NULL,
  `type` varchar(15) NOT NULL,
  `id_tax` int(11) NOT NULL,
  `amount` decimal(10,6) NOT NULL DEFAULT '0.000000',
  KEY `id_tax` (`id_tax`)
) ENGINE=InnoDB DEFAULT CHARSET=utf8;

--
-- Dumping data for table `ps_order_invoice_tax`
--


--
-- Table structure for table `ps_order_message`
--

CREATE TABLE `ps_order_message` (
  `id_order_message` int(10) unsigned NOT NULL AUTO_INCREMENT,
  `date_add` datetime NOT NULL,
  PRIMARY KEY (`id_order_message`)
) ENGINE=InnoDB AUTO_INCREMENT=2 DEFAULT CHARSET=utf8;

--
-- Dumping data for table `ps_order_message`
--

INSERT INTO `ps_order_message` VALUES (1,'2018-05-11 14:38:17');

--
-- Table structure for table `ps_order_message_lang`
--

CREATE TABLE `ps_order_message_lang` (
  `id_order_message` int(10) unsigned NOT NULL,
  `id_lang` int(10) unsigned NOT NULL,
  `name` varchar(128) NOT NULL,
  `message` text NOT NULL,
  PRIMARY KEY (`id_order_message`,`id_lang`)
) ENGINE=InnoDB DEFAULT CHARSET=utf8;

--
-- Dumping data for table `ps_order_message_lang`
--

INSERT INTO `ps_order_message_lang` VALUES (1,1,'Delay','Hi,\n\nUnfortunately, an item on your order is currently out of stock. This may cause a slight delay in delivery.\nPlease accept our apologies and rest assured that we are working hard to rectify this.\n\nBest regards,'),(1,2,'Lieferung','Leider sind ein oder mehrere Artikel Ihrer Bestellung derzeit nicht auf Lager. Dies kann zu einer leichten Verzögerung bei Auslieferung führen. Wir entschuldigen uns und versichern Ihnen, dass Sie Ihre Bestellung schnellstmöglich erhalten.'),(1,3,'Retard','Bonjour,\n\nMalheureusement, un article que vous avez commandé est actuellement en rupture de stock. Pour cette raison, il est possible que la livraison de votre commande soit légèrement retardée.\nNous vous prions de bien vouloir accepter nos excuses. Nous faisons tout notre possible pour remédier à cette situation.\n\nCordialement,'),(1,4,'Ritardo','Buongiorno,\n\npurtroppo un articolo che hai ordinato è momentaneamente esaurito. Potrebbe pertanto verificarsi un leggero ritardo nella consegna.\nScusandoci per l\'inconveniente, ti assicuriamo che stiamo facendo del nostro meglio per risolverlo.\n\nCordiali saluti,');

--
