(136900,0,0,0,0,0,0,0,0,0,0,0,0,0,'en',0),(136901,0,0,0,0,0,0,0,0,0,0,0,0,0,'en',0),(136902,0,0,0,0,0,0,0,0,0,0,0,0,0,'en',0),(136903,0,0,0,0,0,0,0,0,0,0,0,0,0,'en',0),(136904,0,0,0,0,0,0,0,0,0,0,0,0,0,'en',0),(136905,0,0,0,0,0,0,0,0,0,0,0,0,0,'en',0),(136906,0,0,0,0,0,0,0,0,0,0,0,0,0,'en',0),(136907,0,0,0,0,0,0,0,0,0,0,0,0,0,'en',0),(136908,0,0,0,0,0,0,0,0,0,0,0,0,0,'en',0),(136909,0,0,0,0,0,0,0,0,0,0,0,0,0,'en',0),(136910,0,0,0,0,0,0,0,0,0,0,0,0,0,'en',0),(136911,0,0,0,0,0,0,0,0,0,0,0,0,0,'en',0),(136912,0,0,0,0,0,0,0,0,0,0,0,0,0,'en',0),(136913,0,0,0,0,0,0,0,0,0,0,0,0,0,'en',0),(136914,0,0,0,0,0,0,0,0,0,0,0,0,0,'en',0),(136915,0,0,0,0,0,0,0,0,0,0,0,0,0,'en',0),(136916,0,0,0,0,0,0,0,0,0,0,0,0,0,'en',0),(136917,0,0,0,0,0,0,0,0,0,0,0,0,0,'en',0),(136918,0,0,0,0,0,0,0,0,0,0,0,0,0,'en',0),(136919,0,0,0,0,0,0,0,0,0,0,0,0,0,'en',0),(136920,0,0,0,0,0,0,0,0,0,0,0,0,0,'en',0),(136921,0,0,0,0,0,0,0,0,0,0,0,0,0,'en',0),(136922,0,0,0,0,0,0,0,0,0,0,0,0,0,'en',0),(136923,0,0,0,0,0,0,0,0,0,0,0,0,0,'en',0),(136924,0,0,0,0,0,0,0,0,0,0,0,0,0,'en',0),(136925,0,0,0,0,0,0,0,0,0,0,0,0,0,'en',0),(136926,0,0,0,0,0,0,0,0,0,0,0,0,0,'en',0),(136927,0,0,0,0,0,0,0,0,0,0,0,0,0,'en',0),(136928,0,0,0,0,0,0,0,0,0,0,0,0,0,'en',0),(136929,0,0,0,0,0,0,0,0,0,0,0,0,0,'en',0),(136930,0,0,0,0,0,0,0,0,0,0,0,0,0,'en',0),(136931,0,0,0,0,0,0,0,0,0,0,0,0,0,'en',0),(136932,0,0,0,0,0,0,0,0,0,0,0,0,0,'en',0),(136933,0,0,0,0,0,0,0,0,0,0,0,0,0,'en',0),(136934,0,0,0,0,0,0,0,0,0,0,0,0,0,'en',0),(136935,0,0,0,0,0,0,0,0,0,0,0,0,0,'en',0),(136936,0,0,0,0,0,0,0,0,0,0,0,0,0,'en',0),(136937,0,0,0,0,0,0,0,0,0,0,0,0,0,'en',0),(136938,0,0,0,0,0,0,0,0,0,0,0,0,0,'en',0),(136939,0,0,0,0,0,0,0,0,0,0,0,0,0,'en',0),(136940,0,0,0,0,0,0,0,0,0,0,0,0,0,'en',0),(136941,0,0,0,0,0,0,0,0,0,0,0,0,0,'en',0),(136942,0,0,0,0,0,0,0,0,0,0,0,0,0,'en',0),(136943,0,0,0,0,0,0,0,0,0,0,0,0,0,'en',0),(136944,0,0,0,0,0,0,0,0,0,0,0,0,0,'en',0),(136945,0,0,0,0,0,0,0,0,0,0,0,0,0,'en',0),(136946,0,0,0,0,0,0,0,0,0,0,0,0,0,'en',0),(136947,0,0,0,0,0,0,0,0,0,0,0,0,0,'en',0),(136948,0,0,0,0,0,0,0,0,0,0,0,0,0,'en',0),(136949,0,0,0,0,0,0,0,0,0,0,0,0,0,'en',0),(136950,0,0,0,0,0,0,0,0,0,0,0,0,0,'en',0),(136951,0,0,0,0,0,0,0,0,0,0,0,0,0,'en',0),(136952,0,0,0,0,0,0,0,0,0,0,0,0,0,'en',0),(136953,0,0,0,0,0,0,0,0,0,0,0,0,0,'en',0),(136954,0,0,0,0,0,0,0,0,0,0,0,0,0,'en',0),(136955,0,0,0,0,0,0,0,0,0,0,0,0,0,'en',0),(136956,0,0,0,0,0,0,0,0,0,0,0,0,0,'en',0),(136957,0,0,0,0,0,0,0,0,0,0,0,0,0,'en',0),(136958,0,0,0,0,0,0,0,0,0,0,0,0,0,'en',0),(136959,0,0,0,0,0,0,0,0,0,0,0,0,0,'en',0),(136960,0,0,0,0,0,0,0,0,0,0,0,0,0,'en',0),(136961,0,0,0,0,0,0,0,0,0,0,0,0,0,'en',0),(136962,0,0,0,0,0,0,0,0,0,0,0,0,0,'en',0),(136963,0,0,0,0,0,0,0,0,0,0,0,0,0,'en',0),(136964,0,0,0,0,0,0,0,0,0,0,0,0,0,'en',0),(136965,0,0,0,0,0,0,0,0,0,0,0,0,0,'en',0),(136966,0,0,0,0,0,0,0,0,0,0,0,0,0,'en',0),(136967,0,0,0,0,0,0,0,0,0,0,0,0,0,'en',0),(136968,0,0,0,0,0,0,0,0,0,0,0,0,0,'en',0),(136969,0,0,0,0,0,0,0,0,0,0,0,0,0,'en',0),(136970,0,0,0,0,0,0,0,0,0,0,0,0,0,'en',0),(136971,0,0,0,0,0,0,0,0,0,0,0,0,0,'en',0),(136972,0,0,0,0,0,0,0,0,0,0,0,0,0,'en',0),(136973,0,0,0,0,0,0,0,0,0,0,0,0,0,'en',0),(136974,0,0,0,0,0,0,0,0,0,0,0,0,0,'en',0),(136975,0,0,0,0,0,0,0,0,0,0,0,0,0,'en',0),(136976,0,0,0,0,0,0,0,0,0,0,0,0,0,'en',0),(136977,0,0,0,0,0,0,0,0,0,0,0,0,0,'en',0),(136978,0,0,0,0,0,0,0,0,0,0,0,0,0,'en',0),(136979,0,0,0,0,0,0,0,0,0,0,0,0,0,'en',0),(136980,0,0,0,0,0,0,0,0,0,0,0,0,0,'en',0),(136981,0,0,0,0,0,0,0,0,0,0,0,0,0,'en',0),(136982,0,0,0,0,0,0,0,0,0,0,0,0,0,'en',0),(136983,0,0,0,0,0,0,0,0,0,0,0,0,0,'en',0),(136984,0,0,0,0,0,0,0,0,0,0,0,0,0,'en',0),(136985,0,0,0,0,0,0,0,0,0,0,0,0,0,'en',0),(136986,0,0,0,0,0,0,0,0,0,0,0,0,0,'en',0),(136987,0,0,0,0,0,0,0,0,0,0,0,0,0,'en',0),(136988,0,0,0,0,0,0,0,0,0,0,0,0,0,'en',0),(136989,0,0,0,0,0,0,0,0,0,0,0,0,0,'en',0),(136990,0,0,0,0,0,0,0,0,0,0,0,0,0,'en',0),(136991,0,0,0,0,0,0,0,0,0,0,0,0,0,'en',0),(136992,0,0,0,0,0,0,0,0,0,0,0,0,0,'en',0),(136993,0,0,0,0,0,0,0,0,0,0,0,0,0,'en',0),(136994,9,11,0,0,0,0,0,0,0,0,0,0,0,'',0),(136995,9,11,0,0,0,0,0,0,0,0,0,0,0,'',0),(136996,9,11,0,0,0,0,0,0,0,0,0,0,0,'',0),(136997,9,11,0,0,0,0,0,0,0,0,0,0,0,'',0),(136998,9,11,0,0,0,0,0,0,0,0,0,0,0,'',0),(136999,0,0,0,0,0,0,0,0,0,0,0,0,0,'',0),(137000,6,11,0,0,0,0,0,0,0,0,0,0,0,'en',0),(137001,6,11,0,0,0,0,0,0,0,0,0,0,0,'en',0),(137002,6,11,0,0,0,0,0,0,0,0,0,0,0,'en',0),(137003,6,11,0,0,0,0,0,0,0,0,0,0,0,'en',0),(137004,0,0,0,0,0,0,0,0,0,0,0,0,0,'',0),(137005,6,11,0,0,0,0,0,0,0,0,0,0,0,'en',0),(137006,0,0,0,0,0,0,0,0,0,0,0,0,0,'en',0),(137007,0,0,0,0,0,0,0,0,0,0,0,0,0,'en',0),(137008,0,0,0,0,0,0,0,0,0,0,0,0,0,'en',0),(137009,0,0,0,0,0,0,0,0,0,0,0,0,0,'en',0),(137010,0,0,0,0,0,0,0,0,0,0,0,0,0,'en',0),(137011,0,0,0,0,0,0,0,0,0,0,0,0,0,'en',0),(137012,0,0,0,0,0,0,0,0,0,0,0,0,0,'en',0),(137013,0,0,0,0,0,0,0,0,0,0,0,0,0,'en',0),(137014,0,0,0,0,0,0,0,0,0,0,0,0,0,'en',0),(137015,0,0,0,0,0,0,0,0,0,0,0,0,0,'en',0),(137016,0,0,0,0,0,0,0,0,0,0,0,0,0,'en',0),(137017,0,0,0,0,0,0,0,0,0,0,0,0,0,'en',0),(137018,0,0,0,0,0,0,0,0,0,0,0,0,0,'en',0),(137019,0,0,0,0,0,0,0,0,0,0,0,0,0,'en',0),(137020,0,0,0,0,0,0,0,0,0,0,0,0,0,'',0),(137021,0,0,0,0,0,0,0,0,0,0,0,0,0,'',0),(137022,0,0,0,0,0,0,0,0,0,0,0,0,0,'en',0),(137023,0,0,0,0,0,0,0,0,0,0,0,0,0,'en',0),(137024,0,0,0,0,0,0,0,0,0,0,0,0,0,'en',0),(137025,0,0,0,0,0,0,0,0,0,0,0,0,0,'en',0),(137026,0,0,0,0,0,0,0,0,0,0,0,0,0,'en',0),(137027,0,0,0,0,0,0,0,0,0,0,0,0,0,'en',0),(137028,0,0,0,0,0,0,0,0,0,0,0,0,0,'en',0),(137029,0,0,0,0,0,0,0,0,0,0,0,0,0,'en',0),(137030,0,0,0,0,0,0,0,0,0,0,0,0,0,'en',0),(137031,0,0,0,0,0,0,0,0,0,0,0,0,0,'en',0),(137032,0,0,0,0,0,0,0,0,0,0,0,0,0,'en',0),(137033,0,0,0,0,0,0,0,0,0,0,0,0,0,'en',0),(137034,0,0,0,0,0,0,0,0,0,0,0,0,0,'en',0),(137035,0,0,0,0,0,0,0,0,0,0,0,0,0,'en',0),(137036,0,0,0,0,0,0,0,0,0,0,0,0,0,'en',0),(137037,0,0,0,0,0,0,0,0,0,0,0,0,0,'en',0),(137038,0,0,0,0,0,0,0,0,0,0,0,0,0,'en',0),(137039,0,0,0,0,0,0,0,0,0,0,0,0,0,'en',0),(137040,0,0,0,0,0,0,0,0,0,0,0,0,0,'en',0),(137041,0,0,0,0,0,0,0,0,0,0,0,0,0,'en',0),(137042,0,0,0,0,0,0,0,0,0,0,0,0,0,'en',0),(137043,0,0,0,0,0,0,0,0,0,0,0,0,0,'en',0),(137044,7,11,0,0,0,0,0,0,0,0,0,0,0,'fr',0),(137045,3,11,0,0,0,0,0,0,0,0,0,0,0,'en',0),(137046,0,0,0,0,0,0,0,0,0,0,0,0,0,'en',0),(137047,0,0,0,0,0,0,0,0,0,0,0,0,0,'en',0),(137048,3,3,0,0,0,0,0,0,0,0,0,0,0,'fr',0),(137049,6,11,0,0,0,0,0,0,0,0,0,0,0,'en',0);

--
-- Table structure for table `ps_headerrightinfo`
--

CREATE TABLE `ps_headerrightinfo` (
  `id_headerrightinfo` int(10) unsigned NOT NULL AUTO_INCREMENT,
  `id_shop` int(10) unsigned DEFAULT NULL,
  PRIMARY KEY (`id_headerrightinfo`)
) ENGINE=InnoDB AUTO_INCREMENT=7 DEFAULT CHARSET=utf8;

--
-- Dumping data for table `ps_headerrightinfo`
--

INSERT INTO `ps_headerrightinfo` VALUES (1,1),(2,3),(3,4),(4,5),(5,6),(6,7);

--
-- Table structure for table `ps_headerrightinfo_lang`
--

CREATE TABLE `ps_headerrightinfo_lang` (
  `id_headerrightinfo` int(10) unsigned NOT NULL,
  `id_lang` int(10) unsigned NOT NULL,
  `text` text NOT NULL,
  PRIMARY KEY (`id_headerrightinfo`,`id_lang`)
) ENGINE=InnoDB DEFAULT CHARSET=utf8;

--
-- Dumping data for table `ps_headerrightinfo_lang`
--

INSERT INTO `ps_headerrightinfo_lang` VALUES (1,1,'<div class=\"header-call\">\n<ul class=\"header-link-inner\"><li class=\"phone-icon\">\n<div class=\"call-label\">Call Us:</div>\n<a class=\"call-dial\" href=\"#\">00 41 91 630 04 45</a></li>\n</ul></div>'),(1,2,'<div class=\"header-call\">\n<ul class=\"header-link-inner\"><li class=\"phone-icon\">\n<div class=\"call-label\">Call Us:</div>\n<a class=\"call-dial\" href=\"#\">00 41 91 630 04 45</a></li>\n</ul></div>'),(1,3,'<div class=\"header-call\">\n<ul class=\"header-link-inner\"><li class=\"phone-icon\">\n<div class=\"call-label\">Call Us:</div>\n<a class=\"call-dial\" href=\"#\">00 41 91 630 04 45</a></li>\n</ul></div>'),(1,4,'<div class=\"header-call\">\n<ul class=\"header-link-inner\"><li class=\"phone-icon\">\n<div class=\"call-label\">Chiamaci</div>\n<a class=\"call-dial\" href=\"#\">00 41 91 630 04 45</a></li>\n</ul></div>'),(2,1,'<div class=\"header-call\">\n<ul class=\"header-link-inner\"><li class=\"phone-icon\">\n<div class=\"call-label\">Call Us:</div>\n<a class=\"call-dial\" href=\"#\">00 41 91 630 04 45</a></li>\n</ul></div>'),(2,2,'<div class=\"header-call\">\n<ul class=\"header-link-inner\"><li class=\"phone-icon\">\n<div class=\"call-label\">Call Us:</div>\n<a class=\"call-dial\" href=\"#\">00 41 91 630 04 45</a></li>\n</ul></div>'),(2,3,'<div class=\"header-call\">\n<ul class=\"header-link-inner\"><li class=\"phone-icon\">\n<div class=\"call-label\">Call Us:</div>\n<a class=\"call-dial\" href=\"#\">00 41 91 630 04 45</a></li>\n</ul></div>'),(2,4,'<div class=\"header-call\">\n<ul class=\"header-link-inner\"><li class=\"phone-icon\">\n<div class=\"call-label\">Chiamaci</div>\n<a class=\"call-dial\" href=\"#\">00 41 91 630 04 45</a></li>\n</ul></div>'),(3,1,'<div class=\"header-call\">\n<ul class=\"header-link-inner\"><li class=\"phone-icon\">\n<div class=\"call-label\">Call Us:</div>\n<a class=\"call-dial\" href=\"#\">00 41 91 630 04 45</a></li>\n</ul></div>'),(3,2,'<div class=\"header-call\">\n<ul class=\"header-link-inner\"><li class=\"phone-icon\">\n<div class=\"call-label\">Call Us:</div>\n<a class=\"call-dial\" href=\"#\">00 41 91 630 04 45</a></li>\n</ul></div>'),(3,3,'<div class=\"header-call\">\n<ul class=\"header-link-inner\"><li class=\"phone-icon\">\n<div class=\"call-label\">Call Us:</div>\n<a class=\"call-dial\" href=\"#\">00 41 91 630 04 45</a></li>\n</ul></div>'),(3,4,'<div class=\"header-call\">\n<ul class=\"header-link-inner\"><li class=\"phone-icon\">\n<div class=\"call-label\">Chiamaci</div>\n<a class=\"call-dial\" href=\"#\">00 41 91 630 04 45</a></li>\n</ul></div>'),(4,1,'<div class=\"header-call\">\n<ul class=\"header-link-inner\"><li class=\"phone-icon\">\n<div class=\"call-label\">Call Us:</div>\n<a class=\"call-dial\" href=\"#\">00 41 91 630 04 45</a></li>\n</ul></div>'),(4,2,'<div class=\"header-call\">\n<ul class=\"header-link-inner\"><li class=\"phone-icon\">\n<div class=\"call-label\">Call Us:</div>\n<a class=\"call-dial\" href=\"#\">00 41 91 630 04 45</a></li>\n</ul></div>'),(4,3,'<div class=\"header-call\">\n<ul class=\"header-link-inner\"><li class=\"phone-icon\">\n<div class=\"call-label\">Call Us:</div>\n<a class=\"call-dial\" href=\"#\">00 41 91 630 04 45</a></li>\n</ul></div>'),(4,4,'<div class=\"header-call\">\n<ul class=\"header-link-inner\"><li class=\"phone-icon\">\n<div class=\"call-label\">Chiamaci</div>\n<a class=\"call-dial\" href=\"#\">00 41 91 630 04 45</a></li>\n</ul></div>'),(5,1,'<div class=\"header-call\">\n<ul class=\"header-link-inner\"><li class=\"phone-icon\">\n<div class=\"call-label\">Call Us:</div>\n<a class=\"call-dial\" href=\"#\">00 41 91 630 04 45</a></li>\n</ul></div>'),(5,2,'<div class=\"header-call\">\n<ul class=\"header-link-inner\"><li class=\"phone-icon\">\n<div class=\"call-label\">Call Us:</div>\n<a class=\"call-dial\" href=\"#\">00 41 91 630 04 45</a></li>\n</ul></div>'),(5,3,'<div class=\"header-call\">\n<ul class=\"header-link-inner\"><li class=\"phone-icon\">\n<div class=\"call-label\">Call Us:</div>\n<a class=\"call-dial\" href=\"#\">00 41 91 630 04 45</a></li>\n</ul></div>'),(5,4,'<div class=\"header-call\">\n<ul class=\"header-link-inner\"><li class=\"phone-icon\">\n<div class=\"call-label\">Chiamaci</div>\n<a class=\"call-dial\" href=\"#\">00 41 91 630 04 45</a></li>\n</ul></div>'),(6,1,'<div class=\"header-call\">\n<ul class=\"header-link-inner\"><li class=\"phone-icon\">\n<div class=\"call-label\">Call Us:</div>\n<a class=\"call-dial\" href=\"#\">00 41 91 630 04 45</a></li>\n</ul></div>'),(6,2,'<div class=\"header-call\">\n<ul class=\"header-link-inner\"><li class=\"phone-icon\">\n<div class=\"call-label\">Call Us:</div>\n<a class=\"call-dial\" href=\"#\">00 41 91 630 04 45</a></li>\n</ul></div>'),(6,3,'<div class=\"header-call\">\n<ul class=\"header-link-inner\"><li class=\"phone-icon\">\n<div class=\"call-label\">Call Us:</div>\n<a class=\"call-dial\" href=\"#\">00 41 91 630 04 45</a></li>\n</ul></div>'),(6,4,'<div class=\"header-call\">\n<ul class=\"header-link-inner\"><li class=\"phone-icon\">\n<div class=\"call-label\">Chiamaci</div>\n<a class=\"call-dial\" href=\"#\">00 41 91 630 04 45</a></li>\n</ul></div>'),(7,1,'<div class=\"header-call\">\n<ul class=\"header-link-inner\"><li class=\"phone-icon\">\n<div class=\"call-label\">Call Us:</div>\n<a class=\"call-dial\" href=\"#\">00 41 91 630 04 45</a></li>\n</ul></div>'),(7,2,'<div class=\"header-call\">\n<ul class=\"header-link-inner\"><li class=\"phone-icon\">\n<div class=\"call-label\">Call Us:</div>\n<a class=\"call-dial\" href=\"#\">00 41 91 630 04 45</a></li>\n</ul></div>'),(7,3,'<div class=\"header-call\">\n<ul class=\"header-link-inner\"><li class=\"phone-icon\">\n<div class=\"call-label\">Call Us:</div>\n<a class=\"call-dial\" href=\"#\">00 41 91 630 04 45</a></li>\n</ul></div>'),(7,4,'<div class=\"header-call\">\n<ul class=\"header-link-inner\"><li class=\"phone-icon\">\n<div class=\"call-label\">Chiamaci</div>\n<a class=\"call-dial\" href=\"#\">00 41 91 630 04 45</a></li>\n</ul></div>');

--
-- Table structure for table `ps_homeslider`
--

CREATE TABLE `ps_homeslider` (
  `id_homeslider_slides` int(10) unsigned NOT NULL AUTO_INCREMENT,
  `id_shop` int(10) unsigned NOT NULL,
  PRIMARY KEY (`id_homeslider_slides`,`id_shop`)
) ENGINE=InnoDB AUTO_INCREMENT=4 DEFAULT CHARSET=utf8;

--
-- Dumping data for table `ps_homeslider`
--

INSERT INTO `ps_homeslider` VALUES (1,1),(2,1),(3,1);

--
-- Table structure for table `ps_homeslider_slides`
--

CREATE TABLE `ps_homeslider_slides` (
  `id_homeslider_slides` int(10) unsigned NOT NULL AUTO_INCREMENT,
  `position` int(10) unsigned NOT NULL DEFAULT '0',
  `active` tinyint(1) unsigned NOT NULL DEFAULT '0',
  PRIMARY KEY (`id_homeslider_slides`)
) ENGINE=InnoDB AUTO_INCREMENT=4 DEFAULT CHARSET=utf8;

--
-- Dumping data for table `ps_homeslider_slides`
--

INSERT INTO `ps_homeslider_slides` VALUES (1,1,1),(2,2,1),(3,3,1);

--
-- Table structure for table `ps_homeslider_slides_lang`
--

CREATE TABLE `ps_homeslider_slides_lang` (
  `id_homeslider_slides` int(10) unsigned NOT NULL,
  `id_lang` int(10) unsigned NOT NULL,
  `title` varchar(255) NOT NULL,
  `description` text NOT NULL,
  `legend` varchar(255) NOT NULL,
  `url` varchar(255) NOT NULL,
  `image` varchar(255) NOT NULL,
  PRIMARY KEY (`id_homeslider_slides`,`id_lang`)
) ENGINE=InnoDB DEFAULT CHARSET=utf8;

--
-- Dumping data for table `ps_homeslider_slides_lang`
--

INSERT INTO `ps_homeslider_slides_lang` VALUES (1,1,'Sample 1','<h2>EXCEPTEUR OCCAECAT</h2>\n                <p>Lorem ipsum dolor sit amet, consectetur adipiscing elit. Proin tristique in tortor et dignissim. Quisque non tempor leo. Maecenas egestas sem elit</p>','sample-1','http://www.prestashop.com/?utm_source=back-office&utm_medium=v17_homeslider&utm_campaign=back-office-EN&utm_content=download','sample-1.jpg'),(1,2,'Sample 1','<h2>EXCEPTEUR OCCAECAT</h2>\n                <p>Lorem ipsum dolor sit amet, consectetur adipiscing elit. Proin tristique in tortor et dignissim. Quisque non tempor leo. Maecenas egestas sem elit</p>','sample-1','http://www.prestashop.com/?utm_source=back-office&utm_medium=v17_homeslider&utm_campaign=back-office-EN&utm_content=download','sample-1.jpg'),(1,3,'Sample 1','<h2>EXCEPTEUR OCCAECAT</h2>\n                <p>Lorem ipsum dolor sit amet, consectetur adipiscing elit. Proin tristique in tortor et dignissim. Quisque non tempor leo. Maecenas egestas sem elit</p>','sample-1','http://www.prestashop.com/?utm_source=back-office&utm_medium=v17_homeslider&utm_campaign=back-office-EN&utm_content=download','sample-1.jpg'),(1,4,'Sample 1','<h2>EXCEPTEUR OCCAECAT</h2>\n                <p>Lorem ipsum dolor sit amet, consectetur adipiscing elit. Proin tristique in tortor et dignissim. Quisque non tempor leo. Maecenas egestas sem elit</p>','sample-1','http://www.prestashop.com/?utm_source=back-office&utm_medium=v17_homeslider&utm_campaign=back-office-EN&utm_content=download','sample-1.jpg'),(2,1,'Sample 2','<h2>EXCEPTEUR OCCAECAT</h2>\n                <p>Lorem ipsum dolor sit amet, consectetur adipiscing elit. Proin tristique in tortor et dignissim. Quisque non tempor leo. Maecenas egestas sem elit</p>','sample-2','http://www.prestashop.com/?utm_source=back-office&utm_medium=v17_homeslider&utm_campaign=back-office-EN&utm_content=download','sample-2.jpg'),(2,2,'Sample 2','<h2>EXCEPTEUR OCCAECAT</h2>\n                <p>Lorem ipsum dolor sit amet, consectetur adipiscing elit. Proin tristique in tortor et dignissim. Quisque non tempor leo. Maecenas egestas sem elit</p>','sample-2','http://www.prestashop.com/?utm_source=back-office&utm_medium=v17_homeslider&utm_campaign=back-office-EN&utm_content=download','sample-2.jpg'),(2,3,'Sample 2','<h2>EXCEPTEUR OCCAECAT</h2>\n                <p>Lorem ipsum dolor sit amet, consectetur adipiscing elit. Proin tristique in tortor et dignissim. Quisque non tempor leo. Maecenas egestas sem elit</p>','sample-2','http://www.prestashop.com/?utm_source=back-office&utm_medium=v17_homeslider&utm_campaign=back-office-EN&utm_content=download','sample-2.jpg'),(2,4,'Sample 2','<h2>EXCEPTEUR OCCAECAT</h2>\n                <p>Lorem ipsum dolor sit amet, consectetur adipiscing elit. Proin tristique in tortor et dignissim. Quisque non tempor leo. Maecenas egestas sem elit</p>','sample-2','http://www.prestashop.com/?utm_source=back-office&utm_medium=v17_homeslider&utm_campaign=back-office-EN&utm_content=download','sample-2.jpg'),(3,1,'Sample 3','<h2>EXCEPTEUR OCCAECAT</h2>\n                <p>Lorem ipsum dolor sit amet, consectetur adipiscing elit. Proin tristique in tortor et dignissim. Quisque non tempor leo. Maecenas egestas sem elit</p>','sample-3','http://www.prestashop.com/?utm_source=back-office&utm_medium=v17_homeslider&utm_campaign=back-office-EN&utm_content=download','sample-3.jpg'),(3,2,'Sample 3','<h2>EXCEPTEUR OCCAECAT</h2>\n                <p>Lorem ipsum dolor sit amet, consectetur adipiscing elit. Proin tristique in tortor et dignissim. Quisque non tempor leo. Maecenas egestas sem elit</p>','sample-3','http://www.prestashop.com/?utm_source=back-office&utm_medium=v17_homeslider&utm_campaign=back-office-EN&utm_content=download','sample-3.jpg'),(3,3,'Sample 3','<h2>EXCEPTEUR OCCAECAT</h2>\n                <p>Lorem ipsum dolor sit amet, consectetur adipiscing elit. Proin tristique in tortor et dignissim. Quisque non tempor leo. Maecenas egestas sem elit</p>','sample-3','http://www.prestashop.com/?utm_source=back-office&utm_medium=v17_homeslider&utm_campaign=back-office-EN&utm_content=download','sample-3.jpg'),(3,4,'Sample 3','<h2>EXCEPTEUR OCCAECAT</h2>\n                <p>Lorem ipsum dolor sit amet, consectetur adipiscing elit. Proin tristique in tortor et dignissim. Quisque non tempor leo. Maecenas egestas sem elit</p>','sample-3','http://www.prestashop.com/?utm_source=back-office&utm_medium=v17_homeslider&utm_campaign=back-office-EN&utm_content=download','sample-3.jpg');

--
-- Table structure for table `ps_hook`
--

CREATE TABLE `ps_hook` (
  `id_hook` int(10) unsigned NOT NULL AUTO_INCREMENT,
  `name` varchar(64) NOT NULL,
  `title` varchar(64) NOT NULL,
  `description` text,
  `position` tinyint(1) NOT NULL DEFAULT '1',
  PRIMARY KEY (`id_hook`),
  UNIQUE KEY `hook_name` (`name`)
) ENGINE=InnoDB AUTO_INCREMENT=239 DEFAULT CHARSET=utf8;

--
-- Dumping data for table `ps_hook`
--

INSERT INTO `ps_hook` VALUES (1,'actionValidateOrder','New orders','',1),(2,'displayMaintenance','Maintenance Page','This hook displays new elements on the maintenance page',1),(3,'displayProductPageDrawer','Product Page Drawer','This hook displays content in the right sidebar of the product page',1),(4,'actionPaymentConfirmation','Payment confirmation','This hook displays new elements after the payment is validated',1),(5,'displayPaymentReturn','Payment return','',1),(6,'actionUpdateQuantity','Quantity update','Quantity is updated only when a customer effectively places their order',1),(7,'displayRightColumn','Right column blocks','This hook displays new elements in the right-hand column',1),(8,'displayWrapperTop','Main wrapper section (top)','This hook displays new elements in the top of the main wrapper',1),(9,'displayWrapperBottom','Main wrapper section (bottom)','This hook displays new elements in the bottom of the main wrapper',1),(10,'displayContentWrapperTop','Content wrapper section (top)','This hook displays new elements in the top of the content wrapper',1),(11,'displayContentWrapperBottom','Content wrapper section (bottom)','This hook displays new elements in the bottom of the content wrapper',1),(12,'displayLeftColumn','Left column blocks','This hook displays new elements in the left-hand column',1),(13,'displayHome','Homepage content','This hook displays new elements on the homepage',1),(14,'Header','Pages html head section','This hook adds additional elements in the head section of your pages (head section of html)',1),(15,'actionCartSave','Cart creation and update','This hook is displayed when a product is added to the cart or if the cart\'s content is modified',1),(16,'actionAuthentication','Successful customer authentication','This hook is displayed after a customer successfully signs in',1),(17,'actionProductAdd','Product creation','This hook is displayed after a product is created',1),(18,'actionProductUpdate','Product update','This hook is displayed after a product has been updated',1),(19,'displayAfterBodyOpeningTag','Very top of pages','Use this hook for advertisement or modals you want to load first',1),(20,'displayBeforeBodyClosingTag','Very bottom of pages','Use this hook for your modals or any content you want to load at the very end',1),(21,'displayTop','Top of pages','This hook displays additional elements at the top of your pages',1),(22,'displayNavFullWidth','Navigation','This hook displays full width navigation menu at the top of your pages',1),(23,'displayRightColumnProduct','New elements on the product page (right column)','This hook displays new elements in the right-hand column of the product page',1),(24,'actionProductDelete','Product deletion','This hook is called when a product is deleted',1),(25,'actionObjectProductInCartDeleteBefore','Cart product removal','This hook is called before a product is removed from a cart',1),(26,'actionObjectProductInCartDeleteAfter','Cart product removal','This hook is called after a product is removed from a cart',1),(27,'displayFooterProduct','Product footer','This hook adds new blocks under the product\'s description',1),(28,'displayInvoice','Invoice','This hook displays new blocks on the invoice (order)',1),(29,'actionOrderStatusUpdate','Order status update - Event','This hook launches modules when the status of an order changes',1),(30,'displayAdminOrder','Display new elements in the Back Office, tab AdminOrder','This hook launches modules when the AdminOrder tab is displayed in the Back Office',1),(31,'displayAdminOrderTabOrder','Display new elements in Back Office, AdminOrder, panel Order','This hook launches modules when the AdminOrder tab is displayed in the Back Office and extends / override Order panel tabs',1),(32,'displayAdminOrderTabShip','Display new elements in Back Office, AdminOrder, panel Shipping','This hook launches modules when the AdminOrder tab is displayed in the Back Office and extends / override Shipping panel tabs',1),(33,'displayAdminOrderContentOrder','Display new elements in Back Office, AdminOrder, panel Order','This hook launches modules when the AdminOrder tab is displayed in the Back Office and extends / override Order panel content',1),(34,'displayAdminOrderContentShip','Display new elements in Back Office, AdminOrder, panel Shipping','This hook launches modules when the AdminOrder tab is displayed in the Back Office and extends / override Shipping panel content',1),(35,'displayFooter','Footer','This hook displays new blocks in the footer',1),(36,'displayPDFInvoice','PDF Invoice','This hook allows you to display additional information on PDF invoices',1),(37,'displayInvoiceLegalFreeText','PDF Invoice - Legal Free Text','This hook allows you to modify the legal free text on PDF invoices',1),(38,'displayAdminCustomers','Display new elements in the Back Office, tab AdminCustomers','This hook launches modules when the AdminCustomers tab is displayed in the Back Office',1),(39,'displayAdminCustomersAddressesItemAction','Display new elements in the Back Office, tab AdminCustomers, Add','This hook launches modules when the Addresses list into the AdminCustomers tab is displayed in the Back Office',1),(40,'displayOrderConfirmation','Order confirmation page','This hook is called within an order\'s confirmation page',1),(41,'actionCustomerAccountAdd','Successful customer account creation','This hook is called when a new customer creates an account successfully',1),(42,'actionCustomerAccountUpdate','Successful customer account update','This hook is called when a customer updates its account successfully',1),(43,'displayCustomerAccount','Customer account displayed in Front Office','This hook displays new elements on the customer account page',1),(44,'actionOrderSlipAdd','Order slip creation','This hook is called when a new credit slip is added regarding client order',1),(45,'displayShoppingCartFooter','Shopping cart footer','This hook displays some specific information on the shopping cart\'s page',1),(46,'displayCreateAccountEmailFormBottom','Customer authentication form','This hook displays some information on the bottom of the email form',1),(47,'displayAuthenticateFormBottom','Customer authentication form','This hook displays some information on the bottom of the authentication form',1),(48,'displayCustomerAccountForm','Customer account creation form','This hook displays some information on the form to create a customer account',1),(49,'displayAdminStatsModules','Stats - Modules','',1),(50,'displayAdminStatsGraphEngine','Graph engines','',1),(51,'actionOrderReturn','Returned product','This hook is displayed when a customer returns a product ',1),(52,'displayProductAdditionalInfo','Product page additional info','This hook adds additional information on the product page',1),(53,'displayBackOfficeHome','Administration panel homepage','This hook is displayed on the admin panel\'s homepage',1),(54,'displayAdminStatsGridEngine','Grid engines','',1),(55,'actionWatermark','Watermark','',1),(56,'actionProductCancel','Product cancelled','This hook is called when you cancel a product in an order',1),(57,'displayLeftColumnProduct','New elements on the product page (left column)','This hook displays new elements in the left-hand column of the product page',1),(58,'actionProductOutOfStock','Out-of-stock product','This hook displays new action buttons if a product is out of stock',1),(59,'actionProductAttributeUpdate','Product attribute update','This hook is displayed when a product\'s attribute is updated',1),(60,'displayCarrierList','Extra carrier (module mode)','',1),(61,'displayShoppingCart','Shopping cart - Additional button','This hook displays new action buttons within the shopping cart',1),(62,'actionCarrierUpdate','Carrier Update','This hook is called when a carrier is updated',1),(63,'actionOrderStatusPostUpdate','Post update of order status','',1),(64,'displayCustomerAccountFormTop','Block above the form for create an account','This hook is displayed above the customer\'s account creation form',1),(65,'displayBackOfficeHeader','Administration panel header','This hook is displayed in the header of the admin panel',1),(66,'displayBackOfficeTop','Administration panel hover the tabs','This hook is displayed on the roll hover of the tabs within the admin panel',1),(67,'displayBackOfficeFooter','Administration panel footer','This hook is displayed within the admin panel\'s footer',1),(68,'actionProductAttributeDelete','Product attribute deletion','This hook is displayed when a product\'s attribute is deleted',1),(69,'actionCarrierProcess','Carrier process','',1),(70,'displayBeforeCarrier','Before carriers list','This hook is displayed before the carrier list in Front Office',1),(71,'displayAfterCarrier','After carriers list','This hook is displayed after the carrier list in Front Office',1),(72,'displayOrderDetail','Order detail','This hook is displayed within the order\'s details in Front Office',1),(73,'actionPaymentCCAdd','Payment CC added','',1),(74,'actionCategoryAdd','Category creation','This hook is displayed when a category is created',1),(75,'actionCategoryUpdate','Category modification','This hook is displayed when a category is modified',1),(76,'actionCategoryDelete','Category deletion','This hook is displayed when a category is deleted',1),(77,'displayPaymentTop','Top of payment page','This hook is displayed at the top of the payment page',1),(78,'actionHtaccessCreate','After htaccess creation','This hook is displayed after the htaccess creation',1),(79,'actionAdminMetaSave','After saving the configuration in AdminMeta','This hook is displayed after saving the configuration in AdminMeta',1),(80,'displayAttributeGroupForm','Add fields to the form \'attribute group\'','This hook adds fields to the form \'attribute group\'',1),(81,'actionAttributeGroupSave','Saving an attribute group','This hook is called while saving an attributes group',1),(82,'actionAttributeGroupDelete','Deleting attribute group','This hook is called while deleting an attributes  group',1),(83,'displayFeatureForm','Add fields to the form \'feature\'','This hook adds fields to the form \'feature\'',1),(84,'actionFeatureSave','Saving attributes\' features','This hook is called while saving an attributes features',1),(85,'actionFeatureDelete','Deleting attributes\' features','This hook is called while deleting an attributes features',1),(86,'actionProductSave','Saving products','This hook is called while saving products',1),(87,'displayAttributeGroupPostProcess','On post-process in admin attribute group','This hook is called on post-process in admin attribute group',1),(88,'displayFeaturePostProcess','On post-process in admin feature','This hook is called on post-process in admin feature',1),(89,'displayFeatureValueForm','Add fields to the form \'feature value\'','This hook adds fields to the form \'feature value\'',1),(90,'displayFeatureValuePostProcess','On post-process in admin feature value','This hook is called on post-process in admin feature value',1),(91,'actionFeatureValueDelete','Deleting attributes\' features\' values','This hook is called while deleting an attributes features value',1),(92,'actionFeatureValueSave','Saving an attributes features value','This hook is called while saving an attributes features value',1),(93,'displayAttributeForm','Add fields to the form \'attribute value\'','This hook adds fields to the form \'attribute value\'',1),(94,'actionAttributePostProcess','On post-process in admin feature value','This hook is called on post-process in admin feature value',1),(95,'actionAttributeDelete','Deleting an attributes features value','This hook is called while deleting an attributes features value',1),(96,'actionAttributeSave','Saving an attributes features value','This hook is called while saving an attributes features value',1),(97,'actionTaxManager','Tax Manager Factory','',1),(98,'displayMyAccountBlock','My account block','This hook displays extra information within the \'my account\' block\"',1),(99,'actionModuleInstallBefore','actionModuleInstallBefore','',1),(100,'actionModuleInstallAfter','actionModuleInstallAfter','',1),(102,'displayBackOfficeCategory','Display new elements in the Back Office, tab AdminCategories','This hook launches modules when the AdminCategories tab is displayed in the Back Office',1),(103,'displayProductListFunctionalButtons','Display new elements in the Front Office, products list','This hook launches modules when the products list is displayed in the Front Office',1),(104,'displayNav','Navigation','',1),(105,'displayOverrideTemplate','Change the default template of current controller','',1),(106,'actionAdminLoginControllerSetMedia','Set media on admin login page header','This hook is called after adding media to admin login page header',1),(107,'actionOrderEdited','Order edited','This hook is called when an order is edited',1),(108,'actionEmailAddBeforeContent','Add extra content before mail content','This hook is called just before fetching mail template',1),(109,'actionEmailAddAfterContent','Add extra content after mail content','This hook is called just after fetching mail template',1),(110,'sendMailAlterTemplateVars','Alter template vars on the fly','This hook is called when Mail::send() is called',1),(111,'displayCartExtraProductActions','Extra buttons in shopping cart','This hook adds extra buttons to the product lines, in the shopping cart',1),(112,'displayPaymentByBinaries','Payment form generated by binaries','This hook displays form generated by binaries during the checkout',1),(113,'additionalCustomerFormFields','Add fields to the Customer form','This hook returns an array of FormFields to add them to the customer registration form',1),(114,'addWebserviceResources','Add extra webservice resource','This hook is called when webservice resources list in webservice controller',1),(115,'displayCustomerLoginFormAfter','Display elements after login form','This hook displays new elements after the login form',1),(116,'actionClearCache','Clear smarty cache','This hook is called when smarty\'s cache is cleared',1),(117,'actionClearCompileCache','Clear smarty compile cache','This hook is called when smarty\'s compile cache is cleared',1),(118,'actionClearSf2Cache','Clear Sf2 cache','This hook is called when the Symfony cache is cleared',1),(119,'actionValidateCustomerAddressForm','Customer address form validation','This hook is called when a customer submit its address form',1),(120,'displayCarrierExtraContent','Display additional content for a carrier (e.g pickup points)','This hook calls only the module related to the carrier, in order to add options when needed',1),(121,'validateCustomerFormFields','Customer registration form validation','This hook is called to a module when it has sent additional fields with additionalCustomerFormFields',1),(122,'displayProductExtraContent','Display extra content on the product page','This hook expects ProductExtraContent instances, which will be properly displayed by the template on the product page',1),(123,'filterCmsContent','Filter the content page','This hook is called just before fetching content page',1),(124,'filterCmsCategoryContent','Filter the content page category','This hook is called just before fetching content page category',1),(125,'filterProductContent','Filter the content page product','This hook is called just before fetching content page product',1),(126,'filterCategoryContent','Filter the content page category','This hook is called just before fetching content page category',1),(127,'filterManufacturerContent','Filter the content page manufacturer','This hook is called just before fetching content page manufacturer',1),(128,'filterSupplierContent','Filter the content page supplier','This hook is called just before fetching content page supplier',1),(129,'filterHtmlContent','Filter HTML field before rending a page','This hook is called just before fetching a page on HTML field',1),(130,'displayDashboardTop','Dashboard Top','Displays the content in the dashboard\'s top area',1),(131,'actionUpdateLangAfter','Update \"lang\" tables','Update \"lang\" tables after adding or updating a language',1),(132,'actionOutputHTMLBefore','Before HTML output','This hook is used to filter the whole HTML page before it is rendered (only front)',1),(133,'displayAfterProductThumbs','Display extra content below product thumbs','This hook displays new elements below product images ex. additional media',1),(134,'actionDispatcherBefore','Before dispatch','This hook is called at the beginning of the dispatch method of the Dispatcher',1),(135,'actionDispatcherAfter','After dispatch','This hook is called at the end of the dispatch method of the Dispatcher',1),(136,'filterProductSearch','Filter search products result','This hook is called in order to allow to modify search product result',1),(137,'actionProductSearchAfter','Event triggered after search product completed','This hook is called after the product search. Parameters are already filter',1),(138,'actionEmailSendBefore','Before sending an email','This hook is used to filter the content or the metadata of an email before sending it or even prevent its sending',1),(139,'displayAdminProductsMainStepLeftColumnMiddle','Display new elements in back office product page, left column of','This hook launches modules when the back office product page is displayed',1),(140,'displayAdminProductsMainStepLeftColumnBottom','Display new elements in back office product page, left column of','This hook launches modules when the back office product page is displayed',1),(141,'displayAdminProductsMainStepRightColumnBottom','Display new elements in back office product page, right column o','This hook launches modules when the back office product page is displayed',1),(142,'displayAdminProductsQuantitiesStepBottom','Display new elements in back office product page, Quantities/Com','This hook launches modules when the back office product page is displayed',1),(143,'displayAdminProductsPriceStepBottom','Display new elements in back office product page, Price tab','This hook launches modules when the back office product page is displayed',1),(144,'displayAdminProductsOptionsStepTop','Display new elements in back office product page, Options tab','This hook launches modules when the back office product page is displayed',1),(145,'displayAdminProductsOptionsStepBottom','Display new elements in back office product page, Options tab','This hook launches modules when the back office product page is displayed',1),(146,'displayAdminProductsSeoStepBottom','Display new elements in back office product page, SEO tab','This hook launches modules when the back office product page is displayed',1),(147,'displayAdminProductsShippingStepBottom','Display new elements in back office product page, Shipping tab','This hook launches modules when the back office product page is displayed',1),(148,'displayAdminProductsCombinationBottom','Display new elements in back office product page, Combination ta','This hook launches modules when the back office product page is displayed',1),(149,'displayDashboardToolbarTopMenu','Display new elements in back office page with a dashboard, on to','This hook launches modules when a page with a dashboard is displayed',1),(150,'displayDashboardToolbarIcons','Display new elements in back office page with dashboard, on icon','This hook launches modules when the back office with dashboard is displayed',1),(151,'actionBuildFrontEndObject','Manage elements added to the \"prestashop\" javascript object','This hook allows you to customize the \"prestashop\" javascript object that is included in all front office pages',1),(152,'actionFrontControllerAfterInit','Perform actions after front office controller initialization','This hook is launched after the initialization of all front office controllers',1),(153,'dashboardZoneOne','dashboardZoneOne','',1),(154,'dashboardData','dashboardData','',1),(155,'actionObjectOrderAddAfter','actionObjectOrderAddAfter','',1),(156,'actionObjectCustomerAddAfter','actionObjectCustomerAddAfter','',1),(157,'actionObjectCustomerMessageAddAfter','actionObjectCustomerMessageAddAfter','',1),(158,'actionObjectCustomerThreadAddAfter','actionObjectCustomerThreadAddAfter','',1),(159,'actionObjectOrderReturnAddAfter','actionObjectOrderReturnAddAfter','',1),(160,'actionAdminControllerSetMedia','actionAdminControllerSetMedia','',1),(161,'dashboardZoneTwo','dashboardZoneTwo','',1),(162,'actionSearch','actionSearch','',1),(163,'actionObjectLanguageAddAfter','actionObjectLanguageAddAfter','',1),(164,'paymentOptions','paymentOptions','',1),(165,'displayNav1','displayNav1','',1),(166,'actionAdminStoresControllerUpdate_optionsAfter','actionAdminStoresControllerUpdate_optionsAfter','',1),(167,'actionAdminCurrenciesControllerSaveAfter','actionAdminCurrenciesControllerSaveAfter','',1),(168,'actionModuleRegisterHookAfter','actionModuleRegisterHookAfter','',1),(169,'actionModuleUnRegisterHookAfter','actionModuleUnRegisterHookAfter','',1),(170,'displayFooterBefore','displayFooterBefore','',1),(171,'displayAdminCustomersForm','displayAdminCustomersForm','',1),(172,'productSearchProvider','productSearchProvider','',1),(173,'displayOrderConfirmation2','displayOrderConfirmation2','',1),(174,'displayCrossSellingShoppingCart','displayCrossSellingShoppingCart','',1),(175,'actionAdminGroupsControllerSaveAfter','actionAdminGroupsControllerSaveAfter','',1),(176,'actionShopDataDuplication','actionShopDataDuplication','',1),(177,'actionObjectCategoryUpdateAfter','actionObjectCategoryUpdateAfter','',1),(178,'actionObjectCategoryDeleteAfter','actionObjectCategoryDeleteAfter','',1),(179,'actionObjectCategoryAddAfter','actionObjectCategoryAddAfter','',1),(180,'actionObjectCmsUpdateAfter','actionObjectCmsUpdateAfter','',1),(181,'actionObjectCmsDeleteAfter','actionObjectCmsDeleteAfter','',1),(182,'actionObjectCmsAddAfter','actionObjectCmsAddAfter','',1),(183,'actionObjectSupplierUpdateAfter','actionObjectSupplierUpdateAfter','',1),(184,'actionObjectSupplierDeleteAfter','actionObjectSupplierDeleteAfter','',1),(185,'actionObjectSupplierAddAfter','actionObjectSupplierAddAfter','',1),(186,'actionObjectManufacturerUpdateAfter','actionObjectManufacturerUpdateAfter','',1),(187,'actionObjectManufacturerDeleteAfter','actionObjectManufacturerDeleteAfter','',1),(188,'actionObjectManufacturerAddAfter','actionObjectManufacturerAddAfter','',1),(189,'actionObjectProductUpdateAfter','actionObjectProductUpdateAfter','',1),(190,'actionObjectProductDeleteAfter','actionObjectProductDeleteAfter','',1),(191,'actionObjectProductAddAfter','actionObjectProductAddAfter','',1),(192,'displaySearch','displaySearch','',1),(193,'displayAdminNavBarBeforeEnd','displayAdminNavBarBeforeEnd','',1),(194,'displayAdminAfterHeader','displayAdminAfterHeader','',1),(195,'displayNav2','','',1),(196,'displayReassurance','','',1),(197,'actionAdminMetaControllerUpdate_optionsAfter','actionAdminMetaControllerUpdate_optionsAfter','',1),(198,'actionAdminPerformanceControllerSaveAfter','actionAdminPerformanceControllerSaveAfter','',1),(199,'actionObjectCarrierAddAfter','actionObjectCarrierAddAfter','',1),(200,'actionObjectContactAddAfter','actionObjectContactAddAfter','',1),(201,'actionAdminThemesControllerUpdate_optionsAfter','actionAdminThemesControllerUpdate_optionsAfter','',1),(202,'actionObjectShopUpdateAfter','actionObjectShopUpdateAfter','',1),(203,'actionAdminPreferencesControllerUpdate_optionsAfter','actionAdminPreferencesControllerUpdate_optionsAfter','',1),(204,'actionObjectShopAddAfter','actionObjectShopAddAfter','',1),(205,'actionObjectShopGroupAddAfter','actionObjectShopGroupAddAfter','',1),(206,'actionObjectCartAddAfter','actionObjectCartAddAfter','',1),(207,'actionObjectEmployeeAddAfter','actionObjectEmployeeAddAfter','',1),(208,'actionObjectImageAddAfter','actionObjectImageAddAfter','',1),(209,'actionObjectCartRuleAddAfter','actionObjectCartRuleAddAfter','',1),(210,'actionAdminStoresControllerSaveAfter','actionAdminStoresControllerSaveAfter','',1),(211,'actionAdminWebserviceControllerSaveAfter','actionAdminWebserviceControllerSaveAfter','',1),(212,'displayTopColumn','displayTopColumn','Display Content on Top Column After displayTop',1),(213,'displayHomeTop','displayHomeTop','Display Content After displayTopColumn',1),(214,'displayHomeBottom','displayHomeBottom','Display Content After displayHome',1),(215,'actionObjectSpecificPriceCoreDeleteAfter','actionObjectSpecificPriceCoreDeleteAfter','',1),(216,'actionObjectSpecificPriceCoreAddAfter','actionObjectSpecificPriceCoreAddAfter','',1),(217,'actionObjectSpecificPriceCoreUpdateAfter','actionObjectSpecificPriceCoreUpdateAfter','',1),(218,'displayFooterBottom','','',1),(219,'customTextDesign','customTextDesign','',1),(220,'displayAdminProductsExtra','displayAdminProductsExtra','',1),(221,'displayCustomization','displayCustomization','',1),(222,'displayPaymentEu','displayPaymentEu','Hook to display payment options',1),(223,'displayProductPriceBlock','displayProductPriceBlock','',1),(224,'displayCheckoutSubtotalDetails','displayCheckoutSubtotalDetails','',1),(225,'displayFooterAfter','displayFooterAfter','',1),(226,'advancedPaymentOptions','advancedPaymentOptions','',1),(227,'displayCartTotalPriceLabel','displayCartTotalPriceLabel','',1),(228,'displayCMSPrintButton','displayCMSPrintButton','',1),(229,'displayCMSDisputeInformation','displayCMSDisputeInformation','',1),(230,'termsAndConditions','termsAndConditions','',1),(231,'displayCheckoutSummaryTop','displayCheckoutSummaryTop','',1),(232,'actionObjectCurrencyAddAfter','actionObjectCurrencyAddAfter','',1),(233,'actionCartUpdateQuantityBefore','actionCartUpdateQuantityBefore','',1),(234,'registerGDPRConsent','registerGDPRConsent','',1),(235,'actionDeleteGDPRCustomer','actionDeleteGDPRCustomer','',1),(236,'displayGDPRConsent','displayGDPRConsent','',1),(237,'displayProductWSExtra','displayProductWSExtra','',1),(238,'displayMyAccountBlockfooter','displayMyAccountBlockfooter','',1);

--
-- Table structure for table `ps_hook_alias`
--

CREATE TABLE `ps_hook_alias` (
  `id_hook_alias` int(10) unsigned NOT NULL AUTO_INCREMENT,
  `alias` varchar(64) NOT NULL,
  `name` varchar(64) NOT NULL,
  PRIMARY KEY (`id_hook_alias`),
  UNIQUE KEY `alias` (`alias`)
) ENGINE=InnoDB AUTO_INCREMENT=84 DEFAULT CHARSET=utf8;

--
-- Dumping data for table `ps_hook_alias`
--

INSERT INTO `ps_hook_alias` VALUES (1,'newOrder','actionValidateOrder'),(2,'paymentConfirm','actionPaymentConfirmation'),(3,'paymentReturn','displayPaymentReturn'),(4,'updateQuantity','actionUpdateQuantity'),(5,'rightColumn','displayRightColumn'),(6,'leftColumn','displayLeftColumn'),(7,'home','displayHome'),(8,'displayHeader','Header'),(9,'cart','actionCartSave'),(10,'authentication','actionAuthentication'),(11,'addproduct','actionProductAdd'),(12,'updateproduct','actionProductUpdate'),(13,'top','displayTop'),(14,'extraRight','displayRightColumnProduct'),(15,'deleteproduct','actionProductDelete'),(16,'productfooter','displayFooterProduct'),(17,'invoice','displayInvoice'),(18,'updateOrderStatus','actionOrderStatusUpdate'),(19,'adminOrder','displayAdminOrder'),(20,'footer','displayFooter'),(21,'PDFInvoice','displayPDFInvoice'),(22,'adminCustomers','displayAdminCustomers'),(23,'orderConfirmation','displayOrderConfirmation'),(24,'createAccount','actionCustomerAccountAdd'),(25,'customerAccount','displayCustomerAccount'),(26,'orderSlip','actionOrderSlipAdd'),(27,'shoppingCart','displayShoppingCartFooter'),(28,'createAccountForm','displayCustomerAccountForm'),(29,'AdminStatsModules','displayAdminStatsModules'),(30,'GraphEngine','displayAdminStatsGraphEngine'),(31,'orderReturn','actionOrderReturn'),(32,'productActions','displayProductAdditionalInfo'),(33,'displayProductButtons','displayProductAdditionalInfo'),(34,'backOfficeHome','displayBackOfficeHome'),(35,'GridEngine','displayAdminStatsGridEngine'),(36,'watermark','actionWatermark'),(37,'cancelProduct','actionProductCancel'),(38,'extraLeft','displayLeftColumnProduct'),(39,'productOutOfStock','actionProductOutOfStock'),(40,'updateProductAttribute','actionProductAttributeUpdate'),(41,'extraCarrier','displayCarrierList'),(42,'shoppingCartExtra','displayShoppingCart'),(43,'updateCarrier','actionCarrierUpdate'),(44,'postUpdateOrderStatus','actionOrderStatusPostUpdate'),(45,'createAccountTop','displayCustomerAccountFormTop'),(46,'backOfficeHeader','displayBackOfficeHeader'),(47,'backOfficeTop','displayBackOfficeTop'),(48,'backOfficeFooter','displayBackOfficeFooter'),(49,'deleteProductAttribute','actionProductAttributeDelete'),(50,'processCarrier','actionCarrierProcess'),(51,'beforeCarrier','displayBeforeCarrier'),(52,'orderDetailDisplayed','displayOrderDetail'),(53,'paymentCCAdded','actionPaymentCCAdd'),(54,'categoryAddition','actionCategoryAdd'),(55,'categoryUpdate','actionCategoryUpdate'),(56,'categoryDeletion','actionCategoryDelete'),(57,'paymentTop','displayPaymentTop'),(58,'afterCreateHtaccess','actionHtaccessCreate'),(59,'afterSaveAdminMeta','actionAdminMetaSave'),(60,'attributeGroupForm','displayAttributeGroupForm'),(61,'afterSaveAttributeGroup','actionAttributeGroupSave'),(62,'afterDeleteAttributeGroup','actionAttributeGroupDelete'),(63,'featureForm','displayFeatureForm'),(64,'afterSaveFeature','actionFeatureSave'),(65,'afterDeleteFeature','actionFeatureDelete'),(66,'afterSaveProduct','actionProductSave'),(67,'postProcessAttributeGroup','displayAttributeGroupPostProcess'),(68,'postProcessFeature','displayFeaturePostProcess'),(69,'featureValueForm','displayFeatureValueForm'),(70,'postProcessFeatureValue','displayFeatureValuePostProcess'),(71,'afterDeleteFeatureValue','actionFeatureValueDelete'),(72,'afterSaveFeatureValue','actionFeatureValueSave'),(73,'attributeForm','displayAttributeForm'),(74,'postProcessAttribute','actionAttributePostProcess'),(75,'afterDeleteAttribute','actionAttributeDelete'),(76,'afterSaveAttribute','actionAttributeSave'),(77,'taxManager','actionTaxManager'),(78,'myAccountBlock','displayMyAccountBlock'),(79,'actionBeforeCartUpdateQty','actionCartUpdateQuantityBefore'),(80,'actionBeforeAjaxDie','actionAjaxDieBefore'),(81,'actionBeforeAuthentication','actionAuthenticationBefore'),(82,'actionBeforeSubmitAccount','actionSubmitAccountBefore'),(83,'actionAfterDeleteProductInCart','actionDeleteProductInCartAfter');

--
-- Table structure for table `ps_hook_module`
--

CREATE TABLE `ps_hook_module` (
  `id_module` int(10) unsigned NOT NULL,
  `id_shop` int(11) unsigned NOT NULL DEFAULT '1',
  `id_hook` int(10) unsigned NOT NULL,
  `position` tinyint(2) unsigned NOT NULL,
  PRIMARY KEY (`id_module`,`id_hook`,`id_shop`),
  KEY `id_hook` (`id_hook`),
  KEY `id_module` (`id_module`),
  KEY `position` (`id_shop`,`position`)
) ENGINE=InnoDB DEFAULT CHARSET=utf8;

--
-- Dumping data for table `ps_hook_module`
--

INSERT INTO `ps_hook_module` VALUES (2,1,154,1),(2,1,155,1),(2,1,156,1),(2,1,157,1),(2,1,158,1),(2,1,159,1),(2,1,160,1),(3,1,63,1),(3,1,161,1),(5,1,162,1),(6,1,50,1),(7,1,54,1),(8,1,163,1),(9,1,12,1),(10,1,5,1),(10,1,164,1),(11,1,166,1),(12,1,167,1),(13,1,168,1),(13,1,169,1),(16,1,41,1),(16,1,113,1),(17,1,74,1),(17,1,75,1),(17,1,76,1),(17,1,81,1),(17,1,82,1),(17,1,84,1),(17,1,85,1),(17,1,86,1),(17,1,91,1),(17,1,92,1),(17,1,94,1),(17,1,95,1),(17,1,96,1),(17,1,172,1),(18,1,17,1),(18,1,18,1),(18,1,24,1),(18,1,175,1),(19,1,14,1),(19,1,176,1),(21,1,131,1),(22,1,21,1),(22,1,177,1),(22,1,178,1),(22,1,179,1),(22,1,180,1),(22,1,181,1),(22,1,182,1),(22,1,183,1),(22,1,184,1),(22,1,185,1),(22,1,186,1),(22,1,187,1),(22,1,188,1),(22,1,189,1),(22,1,190,1),(22,1,191,1),(23,1,192,1),(23,1,195,1),(24,1,52,1),(28,1,49,1),(38,1,16,1),(38,1,20,1),(51,1,65,1),(51,1,193,1),(51,1,194,1),(52,1,1,1),(52,1,29,1),(52,1,100,1),(52,1,197,1),(52,1,198,1),(52,1,199,1),(52,1,200,1),(52,1,201,1),(52,1,202,1),(52,1,203,1),(52,1,204,1),(52,1,205,1),(52,1,206,1),(52,1,207,1),(52,1,208,1),(52,1,209,1),(52,1,210,1),(52,1,211,1),(54,1,153,1),(55,1,196,1),(57,1,212,1),(60,1,173,1),(61,1,213,1),(62,1,174,1),(62,1,215,1),(62,1,216,1),(62,1,217,1),(63,1,7,1),(63,1,13,1),(64,1,170,1),(65,1,35,1),(67,1,218,1),(70,1,15,1),(70,1,27,1),(70,1,66,1),(70,1,72,1),(70,1,219,1),(70,1,220,1),(70,1,221,1),(72,1,30,1),(72,1,37,1),(72,1,40,1),(72,1,232,1),(72,1,233,1),(73,1,43,1),(73,1,234,1),(73,1,235,1),(73,1,236,1),(78,1,38,1),(78,1,45,1),(78,1,98,1),(78,1,103,1),(78,1,104,1),(78,1,111,1),(78,1,165,1),(78,1,237,1),(78,1,238,1),(1,1,234,2),(2,1,153,2),(3,1,154,2),(3,1,160,2),(4,1,161,2),(5,1,155,2),(16,1,213,2),(17,1,12,2),(18,1,75,2),(20,1,195,2),(21,1,35,2),(22,1,176,2),(23,1,14,2),(25,1,21,2),(27,1,5,2),(27,1,164,2),(29,1,49,2),(38,1,41,2),(48,1,162,2),(52,1,65,2),(52,1,156,2),(52,1,158,2),(52,1,166,2),(52,1,182,2),(52,1,191,2),(53,1,168,2),(53,1,169,2),(55,1,131,2),(60,1,17,2),(60,1,18,2),(60,1,24,2),(60,1,175,2),(63,1,186,2),(63,1,187,2),(63,1,188,2),(70,1,1,2),(70,1,52,2),(70,1,208,2),(72,1,27,2),(72,1,29,2),(72,1,45,2),(72,1,63,2),(72,1,98,2),(72,1,196,2),(73,1,113,2),(74,1,212,2),(77,1,13,2),(78,1,15,2),(78,1,43,2),(4,1,154,3),(4,1,160,3),(5,1,161,3),(12,1,195,3),(22,1,75,3),(25,1,14,3),(30,1,49,3),(52,1,155,3),(53,1,65,3),(57,1,176,3),(58,1,212,3),(62,1,17,3),(62,1,18,3),(62,1,24,3),(62,1,213,3),(66,1,35,3),(68,1,12,3),(70,1,21,3),(70,1,191,3),(72,1,5,3),(72,1,43,3),(72,1,164,3),(73,1,41,3),(77,1,27,3),(78,1,52,3),(5,1,154,4),(6,1,160,4),(14,1,195,4),(31,1,49,4),(57,1,14,4),(59,1,212,4),(60,1,75,4),(69,1,12,4),(69,1,17,4),(69,1,18,4),(69,1,24,4),(70,1,65,4),(74,1,176,4),(78,1,21,4),(78,1,35,4),(15,1,176,5),(32,1,49,5),(56,1,195,5),(60,1,212,5),(70,1,14,5),(70,1,160,5),(72,1,65,5),(78,1,12,5),(79,1,35,5),(33,1,49,6),(72,1,14,6),(78,1,65,6),(34,1,49,7),(74,1,14,7),(35,1,49,8),(77,1,14,8),(36,1,49,9),(78,1,14,9),(37,1,49,10),(79,1,14,10),(39,1,49,11),(40,1,49,12),(41,1,49,13),(42,1,49,14),(43,1,49,15),(44,1,49,16),(45,1,49,17),(46,1,49,18),(47,1,49,19),(48,1,49,20),(49,1,49,21),(50,1,49,22),(2,3,154,1),(2,3,155,1),(2,3,156,1),(2,3,157,1),(2,3,158,1),(2,3,159,1),(2,3,160,1),(3,3,63,1),(3,3,161,1),(5,3,162,1),(6,3,50,1),(7,3,54,1),(8,3,163,1),(9,3,12,1),(10,3,5,1),(10,3,164,1),(11,3,166,1),(12,3,167,1),(13,3,168,1),(13,3,169,1),(16,3,41,1),(16,3,113,1),(17,3,74,1),(17,3,75,1),(17,3,76,1),(17,3,81,1),(17,3,82,1),(17,3,84,1),(17,3,85,1),(17,3,86,1),(17,3,91,1),(17,3,92,1),(17,3,94,1),(17,3,95,1),(17,3,96,1),(17,3,172,1),(18,3,17,1),(18,3,18,1),(18,3,24,1),(18,3,175,1),(19,3,14,1),(19,3,176,1),(21,3,131,1),(22,3,21,1),(22,3,177,1),(22,3,178,1),(22,3,179,1),(22,3,180,1),(22,3,181,1),(22,3,182,1),(22,3,183,1),(22,3,184,1),(22,3,185,1),(22,3,186,1),(22,3,187,1),(22,3,188,1),(22,3,189,1),(22,3,190,1),(22,3,191,1),(23,3,192,1),(23,3,195,1),(24,3,52,1),(28,3,49,1),(38,3,16,1),(38,3,20,1),(51,3,65,1),(51,3,193,1),(51,3,194,1),(52,3,1,1),(52,3,29,1),(52,3,100,1),(52,3,197,1),(52,3,198,1),(52,3,199,1),(52,3,200,1),(52,3,201,1),(52,3,202,1),(52,3,203,1),(52,3,204,1),(52,3,205,1),(52,3,206,1),(52,3,207,1),(52,3,208,1),(52,3,209,1),(52,3,210,1),(52,3,211,1),(54,3,153,1),(55,3,196,1),(57,3,212,1),(60,3,173,1),(61,3,213,1),(62,3,174,1),(62,3,215,1),(62,3,216,1),(62,3,217,1),(63,3,7,1),(63,3,13,1),(64,3,170,1),(65,3,35,1),(67,3,218,1),(70,3,15,1),(70,3,27,1),(70,3,66,1),(70,3,72,1),(70,3,219,1),(70,3,220,1),(70,3,221,1),(72,3,30,1),(72,3,37,1),(72,3,40,1),(72,3,232,1),(72,3,233,1),(73,3,43,1),(73,3,234,1),(73,3,235,1),(73,3,236,1),(78,3,38,1),(78,3,45,1),(78,3,98,1),(78,3,103,1),(78,3,104,1),(78,3,111,1),(78,3,165,1),(78,3,237,1),(78,3,238,1),(1,3,234,2),(2,3,153,2),(3,3,154,2),(3,3,160,2),(4,3,161,2),(5,3,155,2),(16,3,213,2),(17,3,12,2),(18,3,75,2),(20,3,195,2),(21,3,35,2),(22,3,176,2),(23,3,14,2),(25,3,21,2),(27,3,5,2),(27,3,164,2),(29,3,49,2),(38,3,41,2),(48,3,162,2),(52,3,65,2),(52,3,156,2),(52,3,158,2),(52,3,166,2),(52,3,182,2),(52,3,191,2),(53,3,168,2),(53,3,169,2),(55,3,131,2),(60,3,17,2),(60,3,18,2),(60,3,24,2),(60,3,175,2),(63,3,186,2),(63,3,187,2),(63,3,188,2),(70,3,1,2),(70,3,52,2),(70,3,208,2),(72,3,27,2),(72,3,29,2),(72,3,45,2),(72,3,63,2),(72,3,98,2),(72,3,196,2),(73,3,113,2),(74,3,212,2),(77,3,13,2),(78,3,15,2),(78,3,43,2),(4,3,154,3),(4,3,160,3),(5,3,161,3),(12,3,195,3),(22,3,75,3),(25,3,14,3),(30,3,49,3),(52,3,155,3),(53,3,65,3),(57,3,176,3),(58,3,212,3),(62,3,17,3),(62,3,18,3),(62,3,24,3),(62,3,213,3),(66,3,35,3),(68,3,12,3),(70,3,21,3),(70,3,191,3),(72,3,5,3),(72,3,43,3),(72,3,164,3),(73,3,41,3),(77,3,27,3),(78,3,52,3),(5,3,154,4),(6,3,160,4),(14,3,195,4),(31,3,49,4),(57,3,14,4),(59,3,212,4),(60,3,75,4),(69,3,12,4),(69,3,17,4),(69,3,18,4),(69,3,24,4),(70,3,65,4),(74,3,176,4),(78,3,21,4),(78,3,35,4),(15,3,176,5),(32,3,49,5),(56,3,195,5),(60,3,212,5),(70,3,14,5),(70,3,160,5),(72,3,65,5),(78,3,12,5),(79,3,35,5),(33,3,49,6),(72,3,14,6),(78,3,65,6),(34,3,49,7),(74,3,14,7),(35,3,49,8),(77,3,14,8),(36,3,49,9),(78,3,14,9),(37,3,49,10),(79,3,14,10),(39,3,49,11),(40,3,49,12),(41,3,49,13),(42,3,49,14),(43,3,49,15),(44,3,49,16),(45,3,49,17),(46,3,49,18),(47,3,49,19),(48,3,49,20),(49,3,49,21),(50,3,49,22),(2,4,154,1),(2,4,155,1),(2,4,156,1),(2,4,157,1),(2,4,158,1),(2,4,159,1),(2,4,160,1),(3,4,63,1),(3,4,161,1),(5,4,162,1),(6,4,50,1),(7,4,54,1),(8,4,163,1),(9,4,12,1),(10,4,5,1),(10,4,164,1),(11,4,166,1),(12,4,167,1),(13,4,168,1),(13,4,169,1),(16,4,41,1),(16,4,113,1),(17,4,74,1),(17,4,75,1),(17,4,76,1),(17,4,81,1),(17,4,82,1),(17,4,84,1),(17,4,85,1),(17,4,86,1),(17,4,91,1),(17,4,92,1),(17,4,94,1),(17,4,95,1),(17,4,96,1),(17,4,172,1),(18,4,17,1),(18,4,18,1),(18,4,24,1),(18,4,175,1),(19,4,14,1),(19,4,176,1),(21,4,131,1),(22,4,21,1),(22,4,177,1),(22,4,178,1),(22,4,179,1),(22,4,180,1),(22,4,181,1),(22,4,182,1),(22,4,183,1),(22,4,184,1),(22,4,185,1),(22,4,186,1),(22,4,187,1),(22,4,188,1),(22,4,189,1),(22,4,190,1),(22,4,191,1),(23,4,192,1),(23,4,195,1),(24,4,52,1),(28,4,49,1),(38,4,16,1),(38,4,20,1),(51,4,65,1),(51,4,193,1),(51,4,194,1),(52,4,1,1),(52,4,29,1),(52,4,100,1),(52,4,197,1),(52,4,198,1),(52,4,199,1),(52,4,200,1),(52,4,201,1),(52,4,202,1),(52,4,203,1),(52,4,204,1),(52,4,205,1),(52,4,206,1),(52,4,207,1),(52,4,208,1),(52,4,209,1),(52,4,210,1),(52,4,211,1),(54,4,153,1),(55,4,196,1),(57,4,212,1),(60,4,173,1),(61,4,213,1),(62,4,174,1),(62,4,215,1),(62,4,216,1),(62,4,217,1),(63,4,7,1),(63,4,13,1),(64,4,170,1),(65,4,35,1),(67,4,218,1),(70,4,15,1),(70,4,27,1),(70,4,66,1),(70,4,72,1),(70,4,219,1),(70,4,220,1),(70,4,221,1),(72,4,30,1),(72,4,37,1),(72,4,40,1),(72,4,232,1),(72,4,233,1),(73,4,43,1),(73,4,234,1),(73,4,235,1),(73,4,236,1),(78,4,38,1),(78,4,45,1),(78,4,98,1),(78,4,103,1),(78,4,104,1),(78,4,111,1),(78,4,165,1),(78,4,237,1),(78,4,238,1),(1,4,234,2),(2,4,153,2),(3,4,154,2),(3,4,160,2),(4,4,161,2),(5,4,155,2),(16,4,213,2),(17,4,12,2),(18,4,75,2),(20,4,195,2),(21,4,35,2),(22,4,176,2),(23,4,14,2),(25,4,21,2),(27,4,5,2),(27,4,164,2),(29,4,49,2),(38,4,41,2),(48,4,162,2),(52,4,65,2),(52,4,156,2),(52,4,158,2),(52,4,166,2),(52,4,182,2),(52,4,191,2),(53,4,168,2),(53,4,169,2),(55,4,131,2),(60,4,17,2),(60,4,18,2),(60,4,24,2),(60,4,175,2),(63,4,186,2),(63,4,187,2),(63,4,188,2),(70,4,1,2),(70,4,52,2),(70,4,208,2),(72,4,27,2),(72,4,29,2),(72,4,45,2),(72,4,63,2),(72,4,98,2),(72,4,196,2),(73,4,113,2),(74,4,212,2),(77,4,13,2),(78,4,15,2),(78,4,43,2),(4,4,154,3),(4,4,160,3),(5,4,161,3),(12,4,195,3),(22,4,75,3),(25,4,14,3),(30,4,49,3),(52,4,155,3),(53,4,65,3),(57,4,176,3),(58,4,212,3),(62,4,17,3),(62,4,18,3),(62,4,24,3),(62,4,213,3),(66,4,35,3),(68,4,12,3),(70,4,21,3),(70,4,191,3),(72,4,5,3),(72,4,43,3),(72,4,164,3),(73,4,41,3),(77,4,27,3),(78,4,52,3),(5,4,154,4),(6,4,160,4),(14,4,195,4),(31,4,49,4),(57,4,14,4),(59,4,212,4),(60,4,75,4),(69,4,12,4),(69,4,17,4),(69,4,18,4),(69,4,24,4),(70,4,65,4),(74,4,176,4),(78,4,21,4),(78,4,35,4),(15,4,176,5),(32,4,49,5),(56,4,195,5),(60,4,212,5),(70,4,14,5),(70,4,160,5),(72,4,65,5),(78,4,12,5),(79,4,35,5),(33,4,49,6),(72,4,14,6),(78,4,65,6),(34,4,49,7),(74,4,14,7),(35,4,49,8),(77,4,14,8),(36,4,49,9),(78,4,14,9),(37,4,49,10),(79,4,14,10),(39,4,49,11),(40,4,49,12),(41,4,49,13),(42,4,49,14),(43,4,49,15),(44,4,49,16),(45,4,49,17),(46,4,49,18),(47,4,49,19),(48,4,49,20),(49,4,49,21),(50,4,49,22),(2,5,154,1),(2,5,155,1),(2,5,156,1),(2,5,157,1),(2,5,158,1),(2,5,159,1),(2,5,160,1),(3,5,63,1),(3,5,161,1),(5,5,162,1),(6,5,50,1),(7,5,54,1),(8,5,163,1),(9,5,12,1),(10,5,5,1),(10,5,164,1),(11,5,166,1),(12,5,167,1),(13,5,168,1),(13,5,169,1),(16,5,41,1),(16,5,113,1),(17,5,74,1),(17,5,75,1),(17,5,76,1),(17,5,81,1),(17,5,82,1),(17,5,84,1),(17,5,85,1),(17,5,86,1),(17,5,91,1),(17,5,92,1),(17,5,94,1),(17,5,95,1),(17,5,96,1),(17,5,172,1),(18,5,17,1),(18,5,18,1),(18,5,24,1),(18,5,175,1),(19,5,14,1),(19,5,176,1),(21,5,131,1),(22,5,21,1),(22,5,177,1),(22,5,178,1),(22,5,179,1),(22,5,180,1),(22,5,181,1),(22,5,182,1),(22,5,183,1),(22,5,184,1),(22,5,185,1),(22,5,186,1),(22,5,187,1),(22,5,188,1),(22,5,189,1),(22,5,190,1),(22,5,191,1),(23,5,192,1),(23,5,195,1),(24,5,52,1),(28,5,49,1),(38,5,16,1),(38,5,20,1),(51,5,65,1),(51,5,193,1),(51,5,194,1),(52,5,1,1),(52,5,29,1),(52,5,100,1),(52,5,197,1),(52,5,198,1),(52,5,199,1),(52,5,200,1),(52,5,201,1),(52,5,202,1),(52,5,203,1),(52,5,204,1),(52,5,205,1),(52,5,206,1),(52,5,207,1),(52,5,208,1),(52,5,209,1),(52,5,210,1),(52,5,211,1),(54,5,153,1),(55,5,196,1),(57,5,212,1),(60,5,173,1),(61,5,213,1),(62,5,174,1),(62,5,215,1),(62,5,216,1),(62,5,217,1),(63,5,7,1),(63,5,13,1),(64,5,170,1),(65,5,35,1),(67,5,218,1),(70,5,15,1),(70,5,27,1),(70,5,66,1),(70,5,72,1),(70,5,219,1),(70,5,220,1),(70,5,221,1),(72,5,30,1),(72,5,37,1),(72,5,40,1),(72,5,232,1),(72,5,233,1),(73,5,43,1),(73,5,234,1),(73,5,235,1),(73,5,236,1),(78,5,38,1),(78,5,45,1),(78,5,98,1),(78,5,103,1),(78,5,104,1),(78,5,111,1),(78,5,165,1),(78,5,237,1),(78,5,238,1),(1,5,234,2),(2,5,153,2),(3,5,154,2),(3,5,160,2),(4,5,161,2),(5,5,155,2),(16,5,213,2),(17,5,12,2),(18,5,75,2),(20,5,195,2),(21,5,35,2),(22,5,176,2),(23,5,14,2),(25,5,21,2),(27,5,5,2),(27,5,164,2),(29,5,49,2),(38,5,41,2),(48,5,162,2),(52,5,65,2),(52,5,156,2),(52,5,158,2),(52,5,166,2),(52,5,182,2),(52,5,191,2),(53,5,168,2),(53,5,169,2),(55,5,131,2),(60,5,17,2),(60,5,18,2),(60,5,24,2),(60,5,175,2),(63,5,186,2),(63,5,187,2),(63,5,188,2),(70,5,1,2),(70,5,52,2),(70,5,208,2),(72,5,27,2),(72,5,29,2),(72,5,45,2),(72,5,63,2),(72,5,98,2),(72,5,196,2),(73,5,113,2),(74,5,212,2),(77,5,13,2),(78,5,15,2),(78,5,43,2),(4,5,154,3),(4,5,160,3),(5,5,161,3),(12,5,195,3),(22,5,75,3),(25,5,14,3),(30,5,49,3),(52,5,155,3),(53,5,65,3),(57,5,176,3),(58,5,212,3),(62,5,17,3),(62,5,18,3),(62,5,24,3),(62,5,213,3),(66,5,35,3),(68,5,12,3),(70,5,21,3),(70,5,191,3),(72,5,5,3),(72,5,43,3),(72,5,164,3),(73,5,41,3),(77,5,27,3),(78,5,52,3),(5,5,154,4),(6,5,160,4),(14,5,195,4),(31,5,49,4),(57,5,14,4),(59,5,212,4),(60,5,75,4),(69,5,12,4),(69,5,17,4),(69,5,18,4),(69,5,24,4),(70,5,65,4),(74,5,176,4),(78,5,21,4),(78,5,35,4),(15,5,176,5),(32,5,49,5),(56,5,195,5),(60,5,212,5),(70,5,14,5),(70,5,160,5),(72,5,65,5),(78,5,12,5),(79,5,35,5),(33,5,49,6),(72,5,14,6),(78,5,65,6),(34,5,49,7),(74,5,14,7),(35,5,49,8),(77,5,14,8),(36,5,49,9),(78,5,14,9),(37,5,49,10),(79,5,14,10),(39,5,49,11),(40,5,49,12),(41,5,49,13),(42,5,49,14),(43,5,49,15),(44,5,49,16),(45,5,49,17),(46,5,49,18),(47,5,49,19),(48,5,49,20),(49,5,49,21),(50,5,49,22),(2,6,154,1),(2,6,155,1),(2,6,156,1),(2,6,157,1),(2,6,158,1),(2,6,159,1),(2,6,160,1),(3,6,63,1),(3,6,161,1),(5,6,162,1),(6,6,50,1),(7,6,54,1),(8,6,163,1),(9,6,12,1),(10,6,5,1),(10,6,164,1),(11,6,166,1),(12,6,167,1),(13,6,168,1),(13,6,169,1),(16,6,41,1),(16,6,113,1),(17,6,74,1),(17,6,75,1),(17,6,76,1),(17,6,81,1),(17,6,82,1),(17,6,84,1),(17,6,85,1),(17,6,86,1),(17,6,91,1),(17,6,92,1),(17,6,94,1),(17,6,95,1),(17,6,96,1),(17,6,172,1),(18,6,17,1),(18,6,18,1),(18,6,24,1),(18,6,175,1),(19,6,14,1),(19,6,176,1),(21,6,131,1),(22,6,21,1),(22,6,177,1),(22,6,178,1),(22,6,179,1),(22,6,180,1),(22,6,181,1),(22,6,182,1),(22,6,183,1),(22,6,184,1),(22,6,185,1),(22,6,186,1),(22,6,187,1),(22,6,188,1),(22,6,189,1),(22,6,190,1),(22,6,191,1),(23,6,192,1),(23,6,195,1),(24,6,52,1),(28,6,49,1),(38,6,16,1),(38,6,20,1),(51,6,65,1),(51,6,193,1),(51,6,194,1),(52,6,1,1),(52,6,29,1),(52,6,100,1),(52,6,197,1),(52,6,198,1),(52,6,199,1),(52,6,200,1),(52,6,201,1),(52,6,202,1),(52,6,203,1),(52,6,204,1),(52,6,205,1),(52,6,206,1),(52,6,207,1),(52,6,208,1),(52,6,209,1),(52,6,210,1),(52,6,211,1),(54,6,153,1),(55,6,196,1),(57,6,212,1),(60,6,173,1),(61,6,213,1),(62,6,174,1),(62,6,215,1),(62,6,216,1),(62,6,217,1),(63,6,7,1),(63,6,13,1),(64,6,170,1),(65,6,35,1),(67,6,218,1),(70,6,15,1),(70,6,27,1),(70,6,66,1),(70,6,72,1),(70,6,219,1),(70,6,220,1),(70,6,221,1),(72,6,30,1),(72,6,37,1),(72,6,40,1),(72,6,232,1),(72,6,233,1),(73,6,43,1),(73,6,234,1),(73,6,235,1),(73,6,236,1),(78,6,38,1),(78,6,45,1),(78,6,98,1),(78,6,103,1),(78,6,104,1),(78,6,111,1),(78,6,165,1),(78,6,237,1),(78,6,238,1),(1,6,234,2),(2,6,153,2),(3,6,154,2),(3,6,160,2),(4,6,161,2),(5,6,155,2),(16,6,213,2),(17,6,12,2),(18,6,75,2),(20,6,195,2),(21,6,35,2),(22,6,176,2),(23,6,14,2),(25,6,21,2),(27,6,5,2),(27,6,164,2),(29,6,49,2),(38,6,41,2),(48,6,162,2),(52,6,65,2),(52,6,156,2),(52,6,158,2),(52,6,166,2),(52,6,182,2),(52,6,191,2),(53,6,168,2),(53,6,169,2),(55,6,131,2),(60,6,17,2),(60,6,18,2),(60,6,24,2),(60,6,175,2),(63,6,186,2),(63,6,187,2),(63,6,188,2),(70,6,1,2),(70,6,52,2),(70,6,208,2),(72,6,27,2),(72,6,29,2),(72,6,45,2),(72,6,63,2),(72,6,98,2),(72,6,196,2),(73,6,113,2),(74,6,212,2),(77,6,13,2),(78,6,15,2),(78,6,43,2),(4,6,154,3),(4,6,160,3),(5,6,161,3),(12,6,195,3),(22,6,75,3),(25,6,14,3),(30,6,49,3),(52,6,155,3),(53,6,65,3),(57,6,176,3),(58,6,212,3),(62,6,17,3),(62,6,18,3),(62,6,24,3),(62,6,213,3),(66,6,35,3),(68,6,12,3),(70,6,21,3),(70,6,191,3),(72,6,5,3),(72,6,43,3),(72,6,164,3),(73,6,41,3),(77,6,27,3),(78,6,52,3),(5,6,154,4),(6,6,160,4),(14,6,195,4),(31,6,49,4),(57,6,14,4),(59,6,212,4),(60,6,75,4),(69,6,12,4),(69,6,17,4),(69,6,18,4),(69,6,24,4),(70,6,65,4),(74,6,176,4),(78,6,21,4),(78,6,35,4),(15,6,176,5),(32,6,49,5),(56,6,195,5),(60,6,212,5),(70,6,14,5),(70,6,160,5),(72,6,65,5),(78,6,12,5),(79,6,35,5),(33,6,49,6),(72,6,14,6),(78,6,65,6),(34,6,49,7),(74,6,14,7),(35,6,49,8),(77,6,14,8),(36,6,49,9),(78,6,14,9),(37,6,49,10),(79,6,14,10),(39,6,49,11),(40,6,49,12),(41,6,49,13),(42,6,49,14),(43,6,49,15),(44,6,49,16),(45,6,49,17),(46,6,49,18),(47,6,49,19),(48,6,49,20),(49,6,49,21),(50,6,49,22),(2,7,154,1),(2,7,155,1),(2,7,156,1),(2,7,157,1),(2,7,158,1),(2,7,159,1),(2,7,160,1),(3,7,63,1),(3,7,161,1),(5,7,162,1),(6,7,50,1),(7,7,54,1),(8,7,163,1),(9,7,12,1),(10,7,5,1),(10,7,164,1),(11,7,166,1),(12,7,167,1),(13,7,168,1),(13,7,169,1),(16,7,41,1),(16,7,113,1),(17,7,74,1),(17,7,75,1),(17,7,76,1),(17,7,81,1),(17,7,82,1),(17,7,84,1),(17,7,85,1),(17,7,86,1),(17,7,91,1),(17,7,92,1),(17,7,94,1),(17,7,95,1),(17,7,96,1),(17,7,172,1),(18,7,17,1),(18,7,18,1),(18,7,24,1),(18,7,175,1),(19,7,14,1),(19,7,176,1),(21,7,131,1),(22,7,21,1),(22,7,177,1),(22,7,178,1),(22,7,179,1),(22,7,180,1),(22,7,181,1),(22,7,182,1),(22,7,183,1),(22,7,184,1),(22,7,185,1),(22,7,186,1),(22,7,187,1),(22,7,188,1),(22,7,189,1),(22,7,190,1),(22,7,191,1),(23,7,192,1),(23,7,195,1),(24,7,52,1),(28,7,49,1),(38,7,16,1),(38,7,20,1),(51,7,65,1),(51,7,193,1),(51,7,194,1),(52,7,1,1),(52,7,29,1),(52,7,100,1),(52,7,197,1),(52,7,198,1),(52,7,199,1),(52,7,200,1),(52,7,201,1),(52,7,202,1),(52,7,203,1),(52,7,204,1),(52,7,205,1),(52,7,206,1),(52,7,207,1),(52,7,208,1),(52,7,209,1),(52,7,210,1),(52,7,211,1),(54,7,153,1),(55,7,196,1),(57,7,212,1),(60,7,173,1),(61,7,213,1),(62,7,174,1),(62,7,215,1),(62,7,216,1),(62,7,217,1),(63,7,7,1),(63,7,13,1),(64,7,170,1),(65,7,35,1),(67,7,218,1),(70,7,15,1),(70,7,27,1),(70,7,66,1),(70,7,72,1),(70,7,219,1),(70,7,220,1),(70,7,221,1),(72,7,30,1),(72,7,37,1),(72,7,40,1),(72,7,232,1),(72,7,233,1),(73,7,43,1),(73,7,234,1),(73,7,235,1),(73,7,236,1),(78,7,38,1),(78,7,45,1),(78,7,98,1),(78,7,103,1),(78,7,104,1),(78,7,111,1),(78,7,165,1),(78,7,237,1),(78,7,238,1),(1,7,234,2),(2,7,153,2),(3,7,154,2),(3,7,160,2),(4,7,161,2),(5,7,155,2),(16,7,213,2),(17,7,12,2),(18,7,75,2),(20,7,195,2),(21,7,35,2),(22,7,176,2),(23,7,14,2),(25,7,21,2),(27,7,5,2),(27,7,164,2),(29,7,49,2),(38,7,41,2),(48,7,162,2),(52,7,65,2),(52,7,156,2),(52,7,158,2),(52,7,166,2),(52,7,182,2),(52,7,191,2),(53,7,168,2),(53,7,169,2),(55,7,131,2),(60,7,17,2),(60,7,18,2),(60,7,24,2),(60,7,175,2),(63,7,186,2),(63,7,187,2),(63,7,188,2),(70,7,1,2),(70,7,52,2),(70,7,208,2),(72,7,27,2),(72,7,29,2),(72,7,45,2),(72,7,63,2),(72,7,98,2),(72,7,196,2),(73,7,113,2),(74,7,212,2),(77,7,13,2),(78,7,15,2),(78,7,43,2),(4,7,154,3),(4,7,160,3),(5,7,161,3),(12,7,195,3),(22,7,75,3),(25,7,14,3),(30,7,49,3),(52,7,155,3),(53,7,65,3),(57,7,176,3),(58,7,212,3),(62,7,17,3),(62,7,18,3),(62,7,24,3),(62,7,213,3),(66,7,35,3),(68,7,12,3),(70,7,21,3),(70,7,191,3),(72,7,5,3),(72,7,43,3),(72,7,164,3),(73,7,41,3),(77,7,27,3),(78,7,52,3),(5,7,154,4),(6,7,160,4),(14,7,195,4),(31,7,49,4),(57,7,14,4),(59,7,212,4),(60,7,75,4),(69,7,12,4),(69,7,17,4),(69,7,18,4),(69,7,24,4),(70,7,65,4),(74,7,176,4),(78,7,21,4),(78,7,35,4),(15,7,176,5),(32,7,49,5),(56,7,195,5),(60,7,212,5),(70,7,14,5),(70,7,160,5),(72,7,65,5),(78,7,12,5),(79,7,35,5),(33,7,49,6),(72,7,14,6),(78,7,65,6),(34,7,49,7),(74,7,14,7),(35,7,49,8),(77,7,14,8),(36,7,49,9),(78,7,14,9),(37,7,49,10),(79,7,14,10),(39,7,49,11),(40,7,49,12),(41,7,49,13),(42,7,49,14),(43,7,49,15),(44,7,49,16),(45,7,49,17),(46,7,49,18),(47,7,49,19),(48,7,49,20),(49,7,49,21),(50,7,49,22),(2,8,154,1),(2,8,155,1),(2,8,156,1),(2,8,157,1),(2,8,158,1),(2,8,159,1),(2,8,160,1),(3,8,63,1),(3,8,161,1),(5,8,162,1),(6,8,50,1),(7,8,54,1),(8,8,163,1),(9,8,12,1),(10,8,5,1),(10,8,164,1),(11,8,166,1),(12,8,167,1),(13,8,168,1),(13,8,169,1),(16,8,41,1),(16,8,113,1),(17,8,74,1),(17,8,75,1),(17,8,76,1),(17,8,81,1),(17,8,82,1),(17,8,84,1),(17,8,85,1),(17,8,86,1),(17,8,91,1),(17,8,92,1),(17,8,94,1),(17,8,95,1),(17,8,96,1),(17,8,172,1),(18,8,17,1),(18,8,18,1),(18,8,24,1),(18,8,175,1),(19,8,14,1),(19,8,176,1),(21,8,131,1),(22,8,21,1),(22,8,177,1),(22,8,178,1),(22,8,179,1),(22,8,180,1),(22,8,181,1),(22,8,182,1),(22,8,183,1),(22,8,184,1),(22,8,185,1),(22,8,186,1),(22,8,187,1),(22,8,188,1),(22,8,189,1),(22,8,190,1),(22,8,191,1),(23,8,192,1),(23,8,195,1),(24,8,52,1),(28,8,49,1),(38,8,16,1),(38,8,20,1),(51,8,65,1),(51,8,193,1),(51,8,194,1),(52,8,1,1),(52,8,29,1),(52,8,100,1),(52,8,197,1),(52,8,198,1),(52,8,199,1),(52,8,200,1),(52,8,201,1),(52,8,202,1),(52,8,203,1),(52,8,204,1),(52,8,205,1),(52,8,206,1),(52,8,207,1),(52,8,208,1),(52,8,209,1),(52,8,210,1),(52,8,211,1),(54,8,153,1),(55,8,196,1),(57,8,212,1),(60,8,173,1),(61,8,213,1),(62,8,174,1),(62,8,215,1),(62,8,216,1),(62,8,217,1),(63,8,7,1),(63,8,13,1),(64,8,170,1),(65,8,35,1),(67,8,218,1),(70,8,15,1),(70,8,27,1),(70,8,66,1),(70,8,72,1),(70,8,219,1),(70,8,220,1),(70,8,221,1),(72,8,30,1),(72,8,37,1),(72,8,40,1),(72,8,232,1),(72,8,233,1),(73,8,43,1),(73,8,234,1),(73,8,235,1),(73,8,236,1),(78,8,38,1),(78,8,45,1),(78,8,98,1),(78,8,103,1),(78,8,104,1),(78,8,111,1),(78,8,165,1),(78,8,237,1),(78,8,238,1),(1,8,234,2),(2,8,153,2),(3,8,154,2),(3,8,160,2),(4,8,161,2),(5,8,155,2),(16,8,213,2),(17,8,12,2),(18,8,75,2),(20,8,195,2),(21,8,35,2),(22,8,176,2),(23,8,14,2),(25,8,21,2),(27,8,5,2),(27,8,164,2),(29,8,49,2),(38,8,41,2),(48,8,162,2),(52,8,65,2),(52,8,156,2),(52,8,158,2),(52,8,166,2),(52,8,182,2),(52,8,191,2),(53,8,168,2),(53,8,169,2),(55,8,131,2),(60,8,17,2),(60,8,18,2),(60,8,24,2),(60,8,175,2),(63,8,186,2),(63,8,187,2),(63,8,188,2),(70,8,1,2),(70,8,52,2),(70,8,208,2),(72,8,27,2),(72,8,29,2),(72,8,45,2),(72,8,63,2),(72,8,98,2),(72,8,196,2),(73,8,113,2),(74,8,212,2),(77,8,13,2),(78,8,15,2),(78,8,43,2),(4,8,154,3),(4,8,160,3),(5,8,161,3),(12,8,195,3),(22,8,75,3),(25,8,14,3),(30,8,49,3),(52,8,155,3),(53,8,65,3),(57,8,176,3),(58,8,212,3),(62,8,17,3),(62,8,18,3),(62,8,24,3),(62,8,213,3),(66,8,35,3),(68,8,12,3),(70,8,21,3),(70,8,191,3),(72,8,5,3),(72,8,43,3),(72,8,164,3),(73,8,41,3),(77,8,27,3),(78,8,52,3),(5,8,154,4),(6,8,160,4),(14,8,195,4),(31,8,49,4),(57,8,14,4),(59,8,212,4),(60,8,75,4),(69,8,12,4),(69,8,17,4),(69,8,18,4),(69,8,24,4),(70,8,65,4),(74,8,176,4),(78,8,21,4),(78,8,35,4),(15,8,176,5),(32,8,49,5),(56,8,195,5),(60,8,212,5),(70,8,14,5),(70,8,160,5),(72,8,65,5),(78,8,12,5),(79,8,35,5),(33,8,49,6),(72,8,14,6),(78,8,65,6),(34,8,49,7),(74,8,14,7),(35,8,49,8),(77,8,14,8),(36,8,49,9),(78,8,14,9),(37,8,49,10),(79,8,14,10),(39,8,49,11),(40,8,49,12),(41,8,49,13),(42,8,49,14),(43,8,49,15),(44,8,49,16),(45,8,49,17),(46,8,49,18),(47,8,49,19),(48,8,49,20),(49,8,49,21),(50,8,49,22),(2,9,154,1),(2,9,155,1),(2,9,156,1),(2,9,157,1),(2,9,158,1),(2,9,159,1),(2,9,160,1),(3,9,63,1),(3,9,161,1),(5,9,162,1),(6,9,50,1),(7,9,54,1),(8,9,163,1),(9,9,12,1),(10,9,5,1),(10,9,164,1),(11,9,166,1),(12,9,167,1),(13,9,168,1),(13,9,169,1),(16,9,41,1),(16,9,113,1),(17,9,74,1),(17,9,75,1),(17,9,76,1),(17,9,81,1),(17,9,82,1),(17,9,84,1),(17,9,85,1),(17,9,86,1),(17,9,91,1),(17,9,92,1),(17,9,94,1),(17,9,95,1),(17,9,96,1),(17,9,172,1),(18,9,17,1),(18,9,18,1),(18,9,24,1),(18,9,175,1),(19,9,14,1),(19,9,176,1),(21,9,131,1),(22,9,21,1),(22,9,177,1),(22,9,178,1),(22,9,179,1),(22,9,180,1),(22,9,181,1),(22,9,182,1),(22,9,183,1),(22,9,184,1),(22,9,185,1),(22,9,186,1),(22,9,187,1),(22,9,188,1),(22,9,189,1),(22,9,190,1),(22,9,191,1),(23,9,192,1),(23,9,195,1),(24,9,52,1),(28,9,49,1),(38,9,16,1),(38,9,20,1),(51,9,65,1),(51,9,193,1),(51,9,194,1),(52,9,1,1),(52,9,29,1),(52,9,100,1),(52,9,197,1),(52,9,198,1),(52,9,199,1),(52,9,200,1),(52,9,201,1),(52,9,202,1),(52,9,203,1),(52,9,204,1),(52,9,205,1),(52,9,206,1),(52,9,207,1),(52,9,208,1),(52,9,209,1),(52,9,210,1),(52,9,211,1),(54,9,153,1),(55,9,196,1),(57,9,212,1),(60,9,173,1),(61,9,213,1),(62,9,174,1),(62,9,215,1),(62,9,216,1),(62,9,217,1),(63,9,7,1),(63,9,13,1),(64,9,170,1),(65,9,35,1),(67,9,218,1),(70,9,15,1),(70,9,27,1),(70,9,66,1),(70,9,72,1),(70,9,219,1),(70,9,220,1),(70,9,221,1),(72,9,30,1),(72,9,37,1),(72,9,40,1),(72,9,232,1),(72,9,233,1),(73,9,43,1),(73,9,234,1),(73,9,235,1),(73,9,236,1),(78,9,38,1),(78,9,45,1),(78,9,98,1),(78,9,103,1),(78,9,104,1),(78,9,111,1),(78,9,165,1),(78,9,237,1),(78,9,238,1),(1,9,234,2),(2,9,153,2),(3,9,154,2),(3,9,160,2),(4,9,161,2),(5,9,155,2),(16,9,213,2),(17,9,12,2),(18,9,75,2),(20,9,195,2),(21,9,35,2),(22,9,176,2),(23,9,14,2),(25,9,21,2),(27,9,5,2),(27,9,164,2),(29,9,49,2),(38,9,41,2),(48,9,162,2),(52,9,65,2),(52,9,156,2),(52,9,158,2),(52,9,166,2),(52,9,182,2),(52,9,191,2),(53,9,168,2),(53,9,169,2),(55,9,131,2),(60,9,17,2),(60,9,18,2),(60,9,24,2),(60,9,175,2),(63,9,186,2),(63,9,187,2),(63,9,188,2),(70,9,1,2),(70,9,52,2),(70,9,208,2),(72,9,27,2),(72,9,29,2),(72,9,45,2),(72,9,63,2),(72,9,98,2),(72,9,196,2),(73,9,113,2),(74,9,212,2),(77,9,13,2),(78,9,15,2),(78,9,43,2),(4,9,154,3),(4,9,160,3),(5,9,161,3),(12,9,195,3),(22,9,75,3),(25,9,14,3),(30,9,49,3),(52,9,155,3),(53,9,65,3),(57,9,176,3),(58,9,212,3),(62,9,17,3),(62,9,18,3),(62,9,24,3),(62,9,213,3),(66,9,35,3),(68,9,12,3),(70,9,21,3),(70,9,191,3),(72,9,5,3),(72,9,43,3),(72,9,164,3),(73,9,41,3),(77,9,27,3),(78,9,52,3),(5,9,154,4),(6,9,160,4),(14,9,195,4),(31,9,49,4),(57,9,14,4),(59,9,212,4),(60,9,75,4),(69,9,12,4),(69,9,17,4),(69,9,18,4),(69,9,24,4),(70,9,65,4),(74,9,176,4),(78,9,21,4),(78,9,35,4),(15,9,176,5),(32,9,49,5),(56,9,195,5),(60,9,212,5),(70,9,14,5),(70,9,160,5),(72,9,65,5),(78,9,12,5),(79,9,35,5),(33,9,49,6),(72,9,14,6),(78,9,65,6),(34,9,49,7),(74,9,14,7),(35,9,49,8),(77,9,14,8),(36,9,49,9),(78,9,14,9),(37,9,49,10),(79,9,14,10),(39,9,49,11),(40,9,49,12),(41,9,49,13),(42,9,49,14),(43,9,49,15),(44,9,49,16),(45,9,49,17),(46,9,49,18),(47,9,49,19),(48,9,49,20),(49,9,49,21),(50,9,49,22),(2,10,154,1),(2,10,155,1),(2,10,156,1),(2,10,157,1),(2,10,158,1),(2,10,159,1),(2,10,160,1),(3,10,63,1),(3,10,161,1),(5,10,162,1),(6,10,50,1),(7,10,54,1),(8,10,163,1),(9,10,12,1),(10,10,5,1),(10,10,164,1),(11,10,166,1),(12,10,167,1),(13,10,168,1),(13,10,169,1),(16,10,41,1),(16,10,113,1),(17,10,74,1),(17,10,75,1),(17,10,76,1),(17,10,81,1),(17,10,82,1),(17,10,84,1),(17,10,85,1),(17,10,86,1),(17,10,91,1),(17,10,92,1),(17,10,94,1),(17,10,95,1),(17,10,96,1),(17,10,172,1),(18,10,17,1),(18,10,18,1),(18,10,24,1),(18,10,175,1),(19,10,14,1),(19,10,176,1),(21,10,131,1),(22,10,21,1),(22,10,177,1),(22,10,178,1),(22,10,179,1),(22,10,180,1),(22,10,181,1),(22,10,182,1),(22,10,183,1),(22,10,184,1),(22,10,185,1),(22,10,186,1),(22,10,187,1),(22,10,188,1),(22,10,189,1),(22,10,190,1),(22,10,191,1),(23,10,192,1),(23,10,195,1),(24,10,52,1),(28,10,49,1),(38,10,16,1),(38,10,20,1),(51,10,65,1),(51,10,193,1),(51,10,194,1),(52,10,1,1),(52,10,29,1),(52,10,100,1),(52,10,197,1),(52,10,198,1),(52,10,199,1),(52,10,200,1),(52,10,201,1),(52,10,202,1),(52,10,203,1),(52,10,204,1),(52,10,205,1),(52,10,206,1),(52,10,207,1),(52,10,208,1),(52,10,209,1),(52,10,210,1),(52,10,211,1),(54,10,153,1),(55,10,196,1),(57,10,212,1),(60,10,173,1),(61,10,213,1),(62,10,174,1),(62,10,215,1),(62,10,216,1),(62,10,217,1),(63,10,7,1),(63,10,13,1),(64,10,170,1),(65,10,35,1),(67,10,218,1),(70,10,15,1),(70,10,27,1),(70,10,66,1),(70,10,72,1),(70,10,219,1),(70,10,220,1),(70,10,221,1),(72,10,30,1),(72,10,37,1),(72,10,40,1),(72,10,232,1),(72,10,233,1),(73,10,43,1),(73,10,234,1),(73,10,235,1),(73,10,236,1),(78,10,38,1),(78,10,45,1),(78,10,98,1),(78,10,103,1),(78,10,104,1),(78,10,111,1),(78,10,165,1),(78,10,237,1),(78,10,238,1),(1,10,234,2),(2,10,153,2),(3,10,154,2),(3,10,160,2),(4,10,161,2),(5,10,155,2),(16,10,213,2),(17,10,12,2),(18,10,75,2),(20,10,195,2),(21,10,35,2),(22,10,176,2),(23,10,14,2),(25,10,21,2),(27,10,5,2),(27,10,164,2),(29,10,49,2),(38,10,41,2),(48,10,162,2),(52,10,65,2),(52,10,156,2),(52,10,158,2),(52,10,166,2),(52,10,182,2),(52,10,191,2),(53,10,168,2),(53,10,169,2),(55,10,131,2),(60,10,17,2),(60,10,18,2),(60,10,24,2),(60,10,175,2),(63,10,186,2),(63,10,187,2),(63,10,188,2),(70,10,1,2),(70,10,52,2),(70,10,208,2),(72,10,27,2),(72,10,29,2),(72,10,45,2),(72,10,63,2),(72,10,98,2),(72,10,196,2),(73,10,113,2),(74,10,212,2),(77,10,13,2),(78,10,15,2),(78,10,43,2),(4,10,154,3),(4,10,160,3),(5,10,161,3),(12,10,195,3),(22,10,75,3),(25,10,14,3),(30,10,49,3),(52,10,155,3),(53,10,65,3),(57,10,176,3),(58,10,212,3),(62,10,17,3),(62,10,18,3),(62,10,24,3),(62,10,213,3),(66,10,35,3),(68,10,12,3),(70,10,21,3),(70,10,191,3),(72,10,5,3),(72,10,43,3),(72,10,164,3),(73,10,41,3),(77,10,27,3),(78,10,52,3),(5,10,154,4),(6,10,160,4),(14,10,195,4),(31,10,49,4),(57,10,14,4),(59,10,212,4),(60,10,75,4),(69,10,12,4),(69,10,17,4),(69,10,18,4),(69,10,24,4),(70,10,65,4),(74,10,176,4),(78,10,21,4),(78,10,35,4),(15,10,176,5),(32,10,49,5),(56,10,195,5),(60,10,212,5),(70,10,14,5),(70,10,160,5),(72,10,65,5),(78,10,12,5),(79,10,35,5),(33,10,49,6),(72,10,14,6),(78,10,65,6),(34,10,49,7),(74,10,14,7),(35,10,49,8),(77,10,14,8),(36,10,49,9),(78,10,14,9),(37,10,49,10),(79,10,14,10),(39,10,49,11),(40,10,49,12),(41,10,49,13),(42,10,49,14),(43,10,49,15),(44,10,49,16),(45,10,49,17),(46,10,49,18),(47,10,49,19),(48,10,49,20),(49,10,49,21),(50,10,49,22),(2,11,154,1),(2,11,155,1),(2,11,156,1),(2,11,157,1),(2,11,158,1),(2,11,159,1),(2,11,160,1),(3,11,63,1),(3,11,161,1),(5,11,162,1),(6,11,50,1),(7,11,54,1),(8,11,163,1),(9,11,12,1),(10,11,5,1),(10,11,164,1),(11,11,166,1),(12,11,167,1),(13,11,168,1),(13,11,169,1),(16,11,41,1),(16,11,113,1),(17,11,74,1),(17,11,75,1),(17,11,76,1),(17,11,81,1),(17,11,82,1),(17,11,84,1),(17,11,85,1),(17,11,86,1),(17,11,91,1),(17,11,92,1),(17,11,94,1),(17,11,95,1),(17,11,96,1),(17,11,172,1),(18,11,17,1),(18,11,18,1),(18,11,24,1),(18,11,175,1),(19,11,14,1),(19,11,176,1),(21,11,131,1),(22,11,21,1),(22,11,177,1),(22,11,178,1),(22,11,179,1),(22,11,180,1),(22,11,181,1),(22,11,182,1),(22,11,183,1),(22,11,184,1),(22,11,185,1),(22,11,186,1),(22,11,187,1),(22,11,188,1),(22,11,189,1),(22,11,190,1),(22,11,191,1),(23,11,192,1),(23,11,195,1),(24,11,52,1),(28,11,49,1),(38,11,16,1),(38,11,20,1),(51,11,65,1),(51,11,193,1),(51,11,194,1),(52,11,1,1),(52,11,29,1),(52,11,100,1),(52,11,197,1),(52,11,198,1),(52,11,199,1),(52,11,200,1),(52,11,201,1),(52,11,202,1),(52,11,203,1),(52,11,204,1),(52,11,205,1),(52,11,206,1),(52,11,207,1),(52,11,208,1),(52,11,209,1),(52,11,210,1),(52,11,211,1),(54,11,153,1),(55,11,196,1),(57,11,212,1),(60,11,173,1),(61,11,213,1),(62,11,174,1),(62,11,215,1),(62,11,216,1),(62,11,217,1),(63,11,7,1),(63,11,13,1),(64,11,170,1),(65,11,35,1),(67,11,218,1),(70,11,15,1),(70,11,27,1),(70,11,66,1),(70,11,72,1),(70,11,219,1),(70,11,220,1),(70,11,221,1),(72,11,30,1),(72,11,37,1),(72,11,40,1),(72,11,232,1),(72,11,233,1),(73,11,43,1),(73,11,234,1),(73,11,235,1),(73,11,236,1),(78,11,38,1),(78,11,45,1),(78,11,98,1),(78,11,103,1),(78,11,104,1),(78,11,111,1),(78,11,165,1),(78,11,237,1),(78,11,238,1),(1,11,234,2),(2,11,153,2),(3,11,154,2),(3,11,160,2),(4,11,161,2),(5,11,155,2),(16,11,213,2),(17,11,12,2),(18,11,75,2),(20,11,195,2),(21,11,35,2),(22,11,176,2),(23,11,14,2),(25,11,21,2),(27,11,5,2),(27,11,164,2),(29,11,49,2),(38,11,41,2),(48,11,162,2),(52,11,65,2),(52,11,156,2),(52,11,158,2),(52,11,166,2),(52,11,182,2),(52,11,191,2),(53,11,168,2),(53,11,169,2),(55,11,131,2),(60,11,17,2),(60,11,18,2),(60,11,24,2),(60,11,175,2),(63,11,186,2),(63,11,187,2),(63,11,188,2),(70,11,1,2),(70,11,52,2),(70,11,208,2),(72,11,27,2),(72,11,29,2),(72,11,45,2),(72,11,63,2),(72,11,98,2),(72,11,196,2),(73,11,113,2),(74,11,212,2),(77,11,13,2),(78,11,15,2),(78,11,43,2),(4,11,154,3),(4,11,160,3),(5,11,161,3),(12,11,195,3),(22,11,75,3),(25,11,14,3),(30,11,49,3),(52,11,155,3),(53,11,65,3),(57,11,176,3),(58,11,212,3),(62,11,17,3),(62,11,18,3),(62,11,24,3),(62,11,213,3),(66,11,35,3),(68,11,12,3),(70,11,21,3),(70,11,191,3),(72,11,5,3),(72,11,43,3),(72,11,164,3),(73,11,41,3),(77,11,27,3),(78,11,52,3),(5,11,154,4),(6,11,160,4),(14,11,195,4),(31,11,49,4),(57,11,14,4),(59,11,212,4),(60,11,75,4),(69,11,12,4),(69,11,17,4),(69,11,18,4),(69,11,24,4),(70,11,65,4),(74,11,176,4),(78,11,21,4),(78,11,35,4),(15,11,176,5),(32,11,49,5),(56,11,195,5),(60,11,212,5),(70,11,14,5),(70,11,160,5),(72,11,65,5),(78,11,12,5),(79,11,35,5),(33,11,49,6),(72,11,14,6),(78,11,65,6),(34,11,49,7),(74,11,14,7),(35,11,49,8),(77,11,14,8),(36,11,49,9),(78,11,14,9),(37,11,49,10),(79,11,14,10),(39,11,49,11),(40,11,49,12),(41,11,49,13),(42,11,49,14),(43,11,49,15),(44,11,49,16),(45,11,49,17),(46,11,49,18),(47,11,49,19),(48,11,49,20),(49,11,49,21),(50,11,49,22),(2,12,154,1),(2,12,155,1),(2,12,156,1),(2,12,157,1),(2,12,158,1),(2,12,159,1),(2,12,160,1),(3,12,63,1),(3,12,161,1),(5,12,162,1),(6,12,50,1),(7,12,54,1),(8,12,163,1),(9,12,12,1),(10,12,5,1),(10,12,164,1),(11,12,166,1),(12,12,167,1),(13,12,168,1),(13,12,169,1),(16,12,41,1),(16,12,113,1),(17,12,74,1),(17,12,75,1),(17,12,76,1),(17,12,81,1),(17,12,82,1),(17,12,84,1),(17,12,85,1),(17,12,86,1),(17,12,91,1),(17,12,92,1),(17,12,94,1),(17,12,95,1),(17,12,96,1),(17,12,172,1),(18,12,17,1),(18,12,18,1),(18,12,24,1),(18,12,175,1),(19,12,14,1),(19,12,176,1),(21,12,131,1),(22,12,21,1),(22,12,177,1),(22,12,178,1),(22,12,179,1),(22,12,180,1),(22,12,181,1),(22,12,182,1),(22,12,183,1),(22,12,184,1),(22,12,185,1),(22,12,186,1),(22,12,187,1),(22,12,188,1),(22,12,189,1),(22,12,190,1),(22,12,191,1),(23,12,192,1),(23,12,195,1),(24,12,52,1),(28,12,49,1),(38,12,16,1),(38,12,20,1),(51,12,65,1),(51,12,193,1),(51,12,194,1),(52,12,1,1),(52,12,29,1),(52,12,100,1),(52,12,197,1),(52,12,198,1),(52,12,199,1),(52,12,200,1),(52,12,201,1),(52,12,202,1),(52,12,203,1),(52,12,204,1),(52,12,205,1),(52,12,206,1),(52,12,207,1),(52,12,208,1),(52,12,209,1),(52,12,210,1),(52,12,211,1),(54,12,153,1),(55,12,196,1),(57,12,212,1),(60,12,173,1),(61,12,213,1),(62,12,174,1),(62,12,215,1),(62,12,216,1),(62,12,217,1),(63,12,7,1),(63,12,13,1),(64,12,170,1),(65,12,35,1),(67,12,218,1),(70,12,15,1),(70,12,27,1),(70,12,66,1),(70,12,72,1),(70,12,219,1),(70,12,220,1),(70,12,221,1),(72,12,30,1),(72,12,37,1),(72,12,40,1),(72,12,232,1),(72,12,233,1),(73,12,43,1),(73,12,234,1),(73,12,235,1),(73,12,236,1),(78,12,38,1),(78,12,45,1),(78,12,98,1),(78,12,103,1),(78,12,104,1),(78,12,111,1),(78,12,165,1),(78,12,237,1),(78,12,238,1),(1,12,234,2),(2,12,153,2),(3,12,154,2),(3,12,160,2),(4,12,161,2),(5,12,155,2),(16,12,213,2),(17,12,12,2),(18,12,75,2),(20,12,195,2),(21,12,35,2),(22,12,176,2),(23,12,14,2),(25,12,21,2),(27,12,5,2),(27,12,164,2),(29,12,49,2),(38,12,41,2),(48,12,162,2),(52,12,65,2),(52,12,156,2),(52,12,158,2),(52,12,166,2),(52,12,182,2),(52,12,191,2),(53,12,168,2),(53,12,169,2),(55,12,131,2),(60,12,17,2),(60,12,18,2),(60,12,24,2),(60,12,175,2),(63,12,186,2),(63,12,187,2),(63,12,188,2),(70,12,1,2),(70,12,52,2),(70,12,208,2),(72,12,27,2),(72,12,29,2),(72,12,45,2),(72,12,63,2),(72,12,98,2),(72,12,196,2),(73,12,113,2),(74,12,212,2),(77,12,13,2),(78,12,15,2),(78,12,43,2),(4,12,154,3),(4,12,160,3),(5,12,161,3),(12,12,195,3),(22,12,75,3),(25,12,14,3),(30,12,49,3),(52,12,155,3),(53,12,65,3),(57,12,176,3),(58,12,212,3),(62,12,17,3),(62,12,18,3),(62,12,24,3),(62,12,213,3),(66,12,35,3),(68,12,12,3),(70,12,21,3),(70,12,191,3),(72,12,5,3),(72,12,43,3),(72,12,164,3),(73,12,41,3),(77,12,27,3),(78,12,52,3),(5,12,154,4),(6,12,160,4),(14,12,195,4),(31,12,49,4),(57,12,14,4),(59,12,212,4),(60,12,75,4),(69,12,12,4),(69,12,17,4),(69,12,18,4),(69,12,24,4),(70,12,65,4),(74,12,176,4),(78,12,21,4),(78,12,35,4),(15,12,176,5),(32,12,49,5),(56,12,195,5),(60,12,212,5),(70,12,14,5),(70,12,160,5),(72,12,65,5),(78,12,12,5),(79,12,35,5),(33,12,49,6),(72,12,14,6),(78,12,65,6),(34,12,49,7),(74,12,14,7),(35,12,49,8),(77,12,14,8),(36,12,49,9),(78,12,14,9),(37,12,49,10),(79,12,14,10),(39,12,49,11),(40,12,49,12),(41,12,49,13),(42,12,49,14),(43,12,49,15),(44,12,49,16),(45,12,49,17),(46,12,49,18),(47,12,49,19),(48,12,49,20),(49,12,49,21),(50,12,49,22),(2,13,154,1),(2,13,155,1),(2,13,156,1),(2,13,157,1),(2,13,158,1),(2,13,159,1),(2,13,160,1),(3,13,63,1),(3,13,161,1),(5,13,162,1),(6,13,50,1),(7,13,54,1),(8,13,163,1),(9,13,12,1),(10,13,5,1),(10,13,164,1),(11,13,166,1),(12,13,167,1),(13,13,168,1),(13,13,169,1),(16,13,41,1),(16,13,113,1),(17,13,74,1),(17,13,75,1),(17,13,76,1),(17,13,81,1),(17,13,82,1),(17,13,84,1),(17,13,85,1),(17,13,86,1),(17,13,91,1),(17,13,92,1),(17,13,94,1),(17,13,95,1),(17,13,96,1),(17,13,172,1),(18,13,17,1),(18,13,18,1),(18,13,24,1),(18,13,175,1),(19,13,14,1),(19,13,176,1),(21,13,131,1),(22,13,21,1),(22,13,177,1),(22,13,178,1),(22,13,179,1),(22,13,180,1),(22,13,181,1),(22,13,182,1),(22,13,183,1),(22,13,184,1),(22,13,185,1),(22,13,186,1),(22,13,187,1),(22,13,188,1),(22,13,189,1),(22,13,190,1),(22,13,191,1),(23,13,192,1),(23,13,195,1),(24,13,52,1),(28,13,49,1),(38,13,16,1),(38,13,20,1),(51,13,65,1),(51,13,193,1),(51,13,194,1),(52,13,1,1),(52,13,29,1),(52,13,100,1),(52,13,197,1),(52,13,198,1),(52,13,199,1),(52,13,200,1),(52,13,201,1),(52,13,202,1),(52,13,203,1),(52,13,204,1),(52,13,205,1),(52,13,206,1),(52,13,207,1),(52,13,208,1),(52,13,209,1),(52,13,210,1),(52,13,211,1),(54,13,153,1),(55,13,196,1),(57,13,212,1),(60,13,173,1),(61,13,213,1),(62,13,174,1),(62,13,215,1),(62,13,216,1),(62,13,217,1),(63,13,7,1),(63,13,13,1),(64,13,170,1),(65,13,35,1),(67,13,218,1),(70,13,15,1),(70,13,27,1),(70,13,66,1),(70,13,72,1),(70,13,219,1),(70,13,220,1),(70,13,221,1),(72,13,30,1),(72,13,37,1),(72,13,40,1),(72,13,232,1),(72,13,233,1),(73,13,43,1),(73,13,234,1),(73,13,235,1),(73,13,236,1),(78,13,38,1),(78,13,45,1),(78,13,98,1),(78,13,103,1),(78,13,104,1),(78,13,111,1),(78,13,165,1),(78,13,237,1),(78,13,238,1),(1,13,234,2),(2,13,153,2),(3,13,154,2),(3,13,160,2),(4,13,161,2),(5,13,155,2),(16,13,213,2),(17,13,12,2),(18,13,75,2),(20,13,195,2),(21,13,35,2),(22,13,176,2),(23,13,14,2),(25,13,21,2),(27,13,5,2),(27,13,164,2),(29,13,49,2),(38,13,41,2),(48,13,162,2),(52,13,65,2),(52,13,156,2),(52,13,158,2),(52,13,166,2),(52,13,182,2),(52,13,191,2),(53,13,168,2),(53,13,169,2),(55,13,131,2),(60,13,17,2),(60,13,18,2),(60,13,24,2),(60,13,175,2),(63,13,186,2),(63,13,187,2),(63,13,188,2),(70,13,1,2),(70,13,52,2),(70,13,208,2),(72,13,27,2),(72,13,29,2),(72,13,45,2),(72,13,63,2),(72,13,98,2),(72,13,196,2),(73,13,113,2),(74,13,212,2),(77,13,13,2),(78,13,15,2),(78,13,43,2),(4,13,154,3),(4,13,160,3),(5,13,161,3),(12,13,195,3),(22,13,75,3),(25,13,14,3),(30,13,49,3),(52,13,155,3),(53,13,65,3),(57,13,176,3),(58,13,212,3),(62,13,17,3),(62,13,18,3),(62,13,24,3),(62,13,213,3),(66,13,35,3),(68,13,12,3),(70,13,21,3),(70,13,191,3),(72,13,5,3),(72,13,43,3),(72,13,164,3),(73,13,41,3),(77,13,27,3),(78,13,52,3),(5,13,154,4),(6,13,160,4),(14,13,195,4),(31,13,49,4),(57,13,14,4),(59,13,212,4),(60,13,75,4),(69,13,12,4),(69,13,17,4),(69,13,18,4),(69,13,24,4),(70,13,65,4),(74,13,176,4),(78,13,21,4),(78,13,35,4),(15,13,176,5),(32,13,49,5),(56,13,195,5),(60,13,212,5),(70,13,14,5),(70,13,160,5),(72,13,65,5),(78,13,12,5),(79,13,35,5),(33,13,49,6),(72,13,14,6),(78,13,65,6),(34,13,49,7),(74,13,14,7),(35,13,49,8),(77,13,14,8),(36,13,49,9),(78,13,14,9),(37,13,49,10),(79,13,14,10),(39,13,49,11),(40,13,49,12),(41,13,49,13),(42,13,49,14),(43,13,49,15),(44,13,49,16),(45,13,49,17),(46,13,49,18),(47,13,49,19),(48,13,49,20),(49,13,49,21),(50,13,49,22);

--
-- Table structure for table `ps_hook_module_exceptions`
--

CREATE TABLE `ps_hook_module_exceptions` (
  `id_hook_module_exceptions` int(10) unsigned NOT NULL AUTO_INCREMENT,
  `id_shop` int(11) unsigned NOT NULL DEFAULT '1',
  `id_module` int(10) unsigned NOT NULL,
  `id_hook` int(10) unsigned NOT NULL,
  `file_name` varchar(255) DEFAULT NULL,
  PRIMARY KEY (`id_hook_module_exceptions`),
  KEY `id_module` (`id_module`),
  KEY `id_hook` (`id_hook`)
) ENGINE=InnoDB DEFAULT CHARSET=utf8;

--
-- Dumping data for table `ps_hook_module_exceptions`
--


--
-- Table structure for table `ps_image`
--

CREATE TABLE `ps_image` (
  `id_image` int(10) unsigned NOT NULL AUTO_INCREMENT,
  `id_product` int(10) unsigned NOT NULL,
  `position` smallint(2) unsigned NOT NULL DEFAULT '0',
  `cover` tinyint(1) unsigned DEFAULT NULL,
  PRIMARY KEY (`id_image`),
  UNIQUE KEY `id_product_cover` (`id_product`,`cover`),
  UNIQUE KEY `idx_product_image` (`id_image`,`id_product`,`cover`),
  KEY `image_product` (`id_product`)
) ENGINE=InnoDB AUTO_INCREMENT=583 DEFAULT CHARSET=utf8;

--
-- Dumping data for table `ps_image`
--

INSERT INTO `ps_image` VALUES (24,39,1,1),(25,39,2,NULL),(26,39,3,NULL),(27,40,1,1),(28,40,2,NULL),(29,41,1,1),(30,41,2,NULL),(31,41,3,NULL),(32,42,1,1),(33,42,2,NULL),(34,42,3,NULL),(35,43,1,1),(36,43,3,NULL),(37,43,2,NULL),(38,44,1,1),(39,44,2,NULL),(40,44,3,NULL),(41,45,1,1),(42,45,2,NULL),(43,46,1,1),(44,46,2,NULL),(45,47,1,1),(46,47,2,NULL),(47,47,3,NULL),(49,25,1,1),(60,25,3,NULL),(61,25,4,NULL),(62,25,5,NULL),(63,25,6,NULL),(64,25,7,NULL),(65,25,8,NULL),(66,25,9,NULL),(67,25,10,NULL),(68,25,11,NULL),(69,26,1,1),(70,27,1,1),(71,28,1,1),(72,29,1,1),(73,30,1,1),(74,31,1,1),(75,49,1,1),(77,50,1,1),(79,51,1,1),(80,52,1,1),(81,53,1,1),(82,54,1,1),(83,55,1,1),(84,56,1,1),(85,57,1,1),(86,58,1,1),(87,59,1,1),(88,60,1,1),(89,61,1,1),(90,62,1,1),(91,63,1,1),(92,64,1,1),(94,65,1,1),(95,66,1,1),(96,67,1,1),(97,68,1,1),(98,70,1,1),(99,71,1,1),(100,72,1,1),(101,73,1,1),(102,73,2,NULL),(103,74,1,1),(104,75,1,1),(105,77,1,1),(106,77,2,NULL),(107,77,3,NULL),(108,77,4,NULL),(109,77,5,NULL),(110,77,6,NULL),(111,77,7,NULL),(112,77,8,NULL),(113,77,9,NULL),(114,77,10,NULL),(115,77,11,NULL),(116,77,12,NULL),(117,77,13,NULL),(118,77,14,NULL),(119,77,15,NULL),(120,77,16,NULL),(121,77,17,NULL),(122,77,18,NULL),(123,77,19,NULL),(124,78,1,1),(125,78,2,NULL),(126,78,3,NULL),(127,78,4,NULL),(128,78,5,NULL),(129,78,6,NULL),(130,78,7,NULL),(131,78,8,NULL),(132,78,9,NULL),(133,78,10,NULL),(134,78,11,NULL),(135,78,12,NULL),(136,78,13,NULL),(137,78,14,NULL),(138,78,15,NULL),(139,78,16,NULL),(140,78,17,NULL),(141,78,18,NULL),(142,78,19,NULL),(143,79,1,1),(144,79,2,NULL),(145,79,3,NULL),(146,79,4,NULL),(147,79,5,NULL),(148,79,6,NULL),(149,80,1,1),(150,80,2,NULL),(151,80,3,NULL),(152,80,4,NULL),(153,80,5,NULL),(154,80,6,NULL),(155,81,1,1),(156,81,2,NULL),(157,81,3,NULL),(158,81,4,NULL),(159,81,5,NULL),(160,81,6,NULL),(161,84,1,1),(162,84,2,NULL),(163,84,3,NULL),(164,84,4,NULL),(165,84,5,NULL),(166,84,6,NULL),(167,84,7,NULL),(168,84,8,NULL),(169,84,9,NULL),(170,84,10,NULL),(171,84,11,NULL),(172,84,12,NULL),(173,84,13,NULL),(174,84,14,NULL),(175,84,15,NULL),(176,84,16,NULL),(177,85,1,1),(178,85,2,NULL),(179,85,3,NULL),(180,85,4,NULL),(181,85,5,NULL),(182,85,6,NULL),(183,85,7,NULL),(184,85,8,NULL),(185,85,9,NULL),(186,85,10,NULL),(187,85,11,NULL),(188,85,12,NULL),(189,85,13,NULL),(190,85,14,NULL),(191,85,15,NULL),(192,85,16,NULL),(193,85,17,NULL),(194,86,1,1),(195,86,2,NULL),(196,86,3,NULL),(197,86,4,NULL),(198,86,5,NULL),(199,86,6,NULL),(200,86,7,NULL),(201,86,8,NULL),(202,87,1,1),(203,87,2,NULL),(204,87,3,NULL),(205,87,4,NULL),(206,87,5,NULL),(207,87,6,NULL),(208,87,7,NULL),(209,87,8,NULL),(210,88,1,1),(211,88,2,NULL),(212,88,3,NULL),(213,88,4,NULL),(214,88,5,NULL),(215,88,6,NULL),(216,88,7,NULL),(217,88,8,NULL),(218,89,1,1),(219,89,2,NULL),(220,89,3,NULL),(221,89,4,NULL),(222,89,5,NULL),(223,89,6,NULL),(224,89,7,NULL),(225,89,8,NULL),(226,89,9,NULL),(227,89,10,NULL),(228,90,1,1),(229,90,2,NULL),(230,90,3,NULL),(231,90,4,NULL),(232,90,5,NULL),(233,90,6,NULL),(234,91,1,1),(235,91,2,NULL),(236,91,3,NULL),(237,91,4,NULL),(238,91,5,NULL),(239,91,6,NULL),(240,92,1,1),(241,92,2,NULL),(242,92,3,NULL),(243,92,4,NULL),(244,92,5,NULL),(245,92,6,NULL),(246,93,1,1),(247,93,2,NULL),(248,93,3,NULL),(249,93,4,NULL),(250,93,5,NULL),(251,93,6,NULL),(252,94,1,1),(253,94,2,NULL),(254,94,3,NULL),(255,94,4,NULL),(256,94,5,NULL),(257,94,6,NULL),(258,94,7,NULL),(259,94,8,NULL),(260,94,9,NULL),(261,94,10,NULL),(262,94,11,NULL),(263,94,12,NULL),(264,94,13,NULL),(265,94,14,NULL),(266,94,15,NULL),(267,94,16,NULL),(268,94,17,NULL),(269,95,1,1),(270,95,2,NULL),(271,95,3,NULL),(272,95,4,NULL),(273,95,5,NULL),(274,95,6,NULL),(275,95,7,NULL),(276,95,8,NULL),(277,95,9,NULL),(278,95,10,NULL),(279,95,11,NULL),(280,95,12,NULL),(281,95,13,NULL),(282,95,14,NULL),(283,95,15,NULL),(284,95,16,NULL),(285,95,17,NULL),(286,95,18,NULL),(287,96,1,1),(288,96,2,NULL),(289,96,3,NULL),(290,96,4,NULL),(291,96,5,NULL),(292,96,6,NULL),(293,96,7,NULL),(294,96,8,NULL),(295,96,9,NULL),(296,96,10,NULL),(297,96,11,NULL),(298,96,12,NULL),(299,96,13,NULL),(300,96,14,NULL),(301,96,15,NULL),(302,96,16,NULL),(303,96,17,NULL),(304,96,18,NULL),(305,96,19,NULL),(306,96,20,NULL),(307,96,21,NULL),(308,82,1,1),(309,82,2,NULL),(311,83,1,1),(312,82,3,NULL),(313,82,4,NULL),(314,82,5,NULL),(315,82,6,NULL),(316,82,7,NULL),(317,83,2,NULL),(318,83,3,NULL),(319,83,4,NULL),(320,82,8,NULL),(321,83,5,NULL),(322,82,9,NULL),(323,83,6,NULL),(324,83,7,NULL),(325,83,8,NULL),(326,83,9,NULL),(327,83,10,NULL),(328,82,10,NULL),(329,83,11,NULL),(330,83,12,NULL),(331,83,13,NULL),(332,123,1,1),(333,123,2,NULL),(334,123,3,NULL),(335,123,4,NULL),(336,123,5,NULL),(337,123,6,NULL),(338,123,7,NULL),(339,123,8,NULL),(340,123,9,NULL),(341,123,10,NULL),(342,122,1,1),(343,122,2,NULL),(344,122,3,NULL),(345,122,4,NULL),(346,122,5,NULL),(347,122,6,NULL),(348,122,7,NULL),(349,122,8,NULL),(350,122,9,NULL),(351,122,10,NULL),(352,122,11,NULL),(353,121,1,1),(354,121,2,NULL),(355,121,3,NULL),(356,121,4,NULL),(357,121,5,NULL),(358,121,6,NULL),(359,121,7,NULL),(360,121,8,NULL),(361,121,9,NULL),(362,121,10,NULL),(363,120,1,1),(364,120,2,NULL),(365,120,3,NULL),(366,120,4,NULL),(367,120,5,NULL),(368,120,6,NULL),(369,120,7,NULL),(370,120,8,NULL),(371,120,9,NULL),(372,120,10,NULL),(373,118,1,1),(374,118,2,NULL),(375,118,3,NULL),(376,118,4,NULL),(377,118,5,NULL),(378,118,6,NULL),(379,118,7,NULL),(380,118,8,NULL),(381,118,9,NULL),(382,117,2,NULL),(383,117,1,1),(384,117,3,NULL),(385,117,4,NULL),(386,117,5,NULL),(387,117,6,NULL),(388,117,7,NULL),(389,117,8,NULL),(390,117,9,NULL),(391,117,10,NULL),(392,116,1,1),(393,116,3,NULL),(394,116,2,NULL),(395,116,4,NULL),(396,116,5,NULL),(397,116,6,NULL),(398,116,7,NULL),(399,116,8,NULL),(400,116,9,NULL),(401,116,10,NULL),(402,116,11,NULL),(403,116,12,NULL),(404,115,2,NULL),(405,115,1,1),(406,115,3,NULL),(407,115,4,NULL),(408,115,5,NULL),(409,115,6,NULL),(410,115,7,NULL),(411,115,8,NULL),(412,115,9,NULL),(413,115,10,NULL),(414,111,1,1),(415,111,2,NULL),(416,110,3,NULL),(417,111,3,NULL),(418,111,4,NULL),(419,111,5,NULL),(422,109,1,1),(423,109,2,NULL),(424,109,3,NULL),(425,109,4,NULL),(426,109,5,NULL),(427,109,6,NULL),(428,109,7,NULL),(429,109,8,NULL),(430,109,9,NULL),(431,108,1,1),(432,108,2,NULL),(433,108,3,NULL),(434,108,4,NULL),(435,108,5,NULL),(436,108,6,NULL),(437,107,1,1),(438,107,2,NULL),(439,107,3,NULL),(440,107,4,NULL),(441,107,5,NULL),(442,107,6,NULL),(443,106,1,1),(444,106,2,NULL),(445,106,3,NULL),(446,106,4,NULL),(447,106,5,NULL),(448,106,6,NULL),(449,105,1,1),(450,105,2,NULL),(451,105,3,NULL),(452,105,4,NULL),(453,105,5,NULL),(454,105,6,NULL),(455,105,7,NULL),(456,105,8,NULL),(457,105,9,NULL),(458,105,10,NULL),(459,105,11,NULL),(460,105,12,NULL),(461,105,13,NULL),(462,105,14,NULL),(463,104,1,1),(464,104,2,NULL),(465,104,3,NULL),(466,104,4,NULL),(467,104,5,NULL),(468,104,6,NULL),(469,104,7,NULL),(470,104,8,NULL),(471,104,9,NULL),(472,104,10,NULL),(473,104,11,NULL),(474,103,1,1),(475,103,2,NULL),(476,103,3,NULL),(477,103,4,NULL),(478,102,2,NULL),(479,102,1,1),(480,102,3,NULL),(481,101,1,1),(482,102,4,NULL),(483,101,2,NULL),(484,100,1,1),(485,101,3,NULL),(486,100,2,NULL),(487,100,3,NULL),(488,100,4,NULL),(489,101,4,NULL),(490,98,1,1),(491,98,2,NULL),(492,98,3,NULL),(493,98,4,NULL),(494,98,5,NULL),(495,98,6,NULL),(496,98,7,NULL),(497,129,2,NULL),(498,129,1,1),(499,129,3,NULL),(500,129,4,NULL),(501,129,5,NULL),(502,129,6,NULL),(503,128,1,NULL),(504,128,2,1),(505,129,7,NULL),(506,129,8,NULL),(507,129,9,NULL),(508,127,1,1),(509,128,3,NULL),(510,127,2,NULL),(511,128,4,NULL),(512,128,5,NULL),(513,127,3,NULL),(514,127,4,NULL),(515,126,1,1),(516,128,6,NULL),(517,128,7,NULL),(518,127,5,NULL),(519,127,6,NULL),(520,126,2,NULL),(521,125,1,1),(522,126,3,NULL),(523,128,8,NULL),(524,128,9,NULL),(525,127,7,NULL),(526,127,8,NULL),(527,125,2,NULL),(528,124,1,1),(529,125,3,NULL),(530,126,4,NULL),(531,124,2,NULL),(532,127,9,NULL),(533,126,5,NULL),(534,125,4,NULL),(535,124,3,NULL),(536,124,4,NULL),(537,126,6,NULL),(538,125,5,NULL),(539,124,5,NULL),(540,126,7,NULL),(541,126,8,NULL),(542,124,6,NULL),(543,124,7,NULL),(544,124,8,NULL),(545,124,9,NULL),(546,76,2,NULL),(547,76,1,1),(548,76,3,NULL),(549,76,4,NULL),(550,76,5,NULL),(551,69,1,1),(552,69,2,NULL),(553,114,1,1),(554,114,2,NULL),(555,114,3,NULL),(556,113,1,1),(557,113,2,NULL),(558,112,1,1),(559,112,2,NULL),(560,112,3,NULL),(561,113,3,NULL),(562,119,1,1),(563,119,2,NULL),(564,119,3,NULL),(565,119,4,NULL),(566,119,5,NULL),(567,119,6,NULL),(568,110,1,1),(569,110,2,NULL),(570,97,1,1),(571,97,2,NULL),(572,97,3,NULL),(573,97,4,NULL),(574,99,1,NULL),(575,99,2,1),(576,97,5,NULL),(577,99,3,NULL),(578,99,4,NULL),(579,99,5,NULL),(580,130,1,1),(581,131,1,1),(582,48,1,1);

--
-- Table structure for table `ps_image_lang`
--

CREATE TABLE `ps_image_lang` (
  `id_image` int(10) unsigned NOT NULL,
  `id_lang` int(10) unsigned NOT NULL,
  `legend` varchar(128) DEFAULT NULL,
  PRIMARY KEY (`id_image`,`id_lang`),
  KEY `id_image` (`id_image`)
) ENGINE=InnoDB DEFAULT CHARSET=utf8;

--
-- Dumping data for table `ps_image_lang`
--

INSERT INTO `ps_image_lang` VALUES (24,1,''),(24,2,''),(24,3,''),(24,4,''),(25,1,''),(25,2,''),(25,3,''),(25,4,''),(26,1,''),(26,2,''),(26,3,''),(26,4,''),(27,1,''),(27,2,''),(27,3,''),(27,4,''),(28,1,''),(28,2,''),(28,3,''),(28,4,''),(29,1,''),(29,2,''),(29,3,''),(29,4,''),(30,1,''),(30,2,''),(30,3,''),(30,4,''),(31,1,''),(31,2,''),(31,3,''),(31,4,''),(32,1,''),(32,2,''),(32,3,''),(32,4,''),(33,1,''),(33,2,''),(33,3,''),(33,4,''),(34,1,''),(34,2,''),(34,3,''),(34,4,''),(35,1,''),(35,2,''),(35,3,''),(35,4,''),(36,1,''),(36,2,''),(36,3,''),(36,4,''),(37,1,''),(37,2,''),(37,3,''),(37,4,''),(38,1,''),(38,2,''),(38,3,''),(38,4,''),(39,1,''),(39,2,''),(39,3,''),(39,4,''),(40,1,''),(40,2,''),(40,3,''),(40,4,''),(41,1,''),(41,2,''),(41,3,''),(41,4,''),(42,1,''),(42,2,''),(42,3,''),(42,4,''),(43,1,''),(43,2,''),(43,3,''),(43,4,''),(44,1,''),(44,2,''),(44,3,''),(44,4,''),(45,1,''),(45,2,''),(45,3,''),(45,4,''),(46,1,''),(46,2,''),(46,3,''),(46,4,''),(47,1,''),(47,2,''),(47,3,''),(47,4,''),(49,1,''),(49,2,''),(49,3,''),(49,4,''),(60,1,''),(60,2,''),(60,3,''),(60,4,''),(61,1,''),(61,2,''),(61,3,''),(61,4,''),(62,1,''),(62,2,''),(62,3,''),(62,4,''),(63,1,''),(63,2,''),(63,3,''),(63,4,''),(64,1,''),(64,2,''),(64,3,''),(64,4,''),(65,1,''),(65,2,''),(65,3,''),(65,4,''),(66,1,''),(66,2,''),(66,3,''),(66,4,''),(67,1,''),(67,2,''),(67,3,''),(67,4,''),(68,1,''),(68,2,''),(68,3,''),(68,4,''),(69,1,''),(69,2,''),(69,3,''),(69,4,''),(70,1,''),(70,2,''),(70,3,''),(70,4,''),(71,1,''),(71,2,''),(71,3,''),(71,4,''),(72,1,''),(72,2,''),(72,3,''),(72,4,''),(73,1,''),(73,2,''),(73,3,''),(73,4,''),(74,1,''),(74,2,''),(74,3,''),(74,4,''),(75,1,''),(75,2,''),(75,3,''),(75,4,''),(77,1,''),(77,2,''),(77,3,''),(77,4,''),(79,1,''),(79,2,''),(79,3,''),(79,4,''),(80,1,''),(80,2,''),(80,3,''),(80,4,''),(81,1,''),(81,2,''),(81,3,''),(81,4,''),(82,1,''),(82,2,''),(82,3,''),(82,4,''),(83,1,''),(83,2,''),(83,3,''),(83,4,''),(84,1,''),(84,2,''),(84,3,''),(84,4,''),(85,1,''),(85,2,''),(85,3,''),(85,4,''),(86,1,''),(86,2,''),(86,3,''),(86,4,''),(87,1,''),(87,2,''),(87,3,''),(87,4,''),(88,1,''),(88,2,''),(88,3,''),(88,4,''),(89,1,''),(89,2,''),(89,3,''),(89,4,''),(90,1,''),(90,2,''),(90,3,''),(90,4,''),(91,1,''),(91,2,''),(91,3,''),(91,4,''),(92,1,''),(92,2,''),(92,3,''),(92,4,''),(94,1,''),(94,2,''),(94,3,''),(94,4,''),(95,1,''),(95,2,''),(95,3,''),(95,4,''),(96,1,''),(96,2,''),(96,3,''),(96,4,''),(97,1,''),(97,2,''),(97,3,''),(97,4,''),(98,1,''),(98,2,''),(98,3,''),(98,4,''),(99,1,''),(99,2,''),(99,3,''),(99,4,''),(100,1,''),(100,2,''),(100,3,''),(100,4,''),(101,1,''),(101,2,''),(101,3,''),(101,4,''),(102,1,''),(102,2,''),(102,3,''),(102,4,''),(103,1,''),(103,2,''),(103,3,''),(103,4,''),(104,1,''),(104,2,''),(104,3,''),(104,4,''),(105,1,''),(105,2,''),(105,3,''),(105,4,''),(106,1,''),(106,2,''),(106,3,''),(106,4,''),(107,1,''),(107,2,''),(107,3,''),(107,4,''),(108,1,''),(108,2,''),(108,3,''),(108,4,''),(109,1,''),(109,2,''),(109,3,''),(109,4,''),(110,1,''),(110,2,''),(110,3,''),(110,4,''),(111,1,''),(111,2,''),(111,3,''),(111,4,''),(112,1,''),(112,2,''),(112,3,''),(112,4,''),(113,1,''),(113,2,''),(113,3,''),(113,4,''),(114,1,''),(114,2,''),(114,3,''),(114,4,''),(115,1,''),(115,2,''),(115,3,''),(115,4,''),(116,1,''),(116,2,''),(116,3,''),(116,4,''),(117,1,''),(117,2,''),(117,3,''),(117,4,''),(118,1,''),(118,2,''),(118,3,''),(118,4,''),(119,1,''),(119,2,''),(119,3,''),(119,4,''),(120,1,''),(120,2,''),(120,3,''),(120,4,''),(121,1,''),(121,2,''),(121,3,''),(121,4,''),(122,1,''),(122,2,''),(122,3,''),(122,4,''),(123,1,''),(123,2,''),(123,3,''),(123,4,''),(124,1,''),(124,2,''),(124,3,''),(124,4,''),(125,1,''),(125,2,''),(125,3,''),(125,4,''),(126,1,''),(126,2,''),(126,3,''),(126,4,''),(127,1,''),(127,2,''),(127,3,''),(127,4,''),(128,1,''),(128,2,''),(128,3,''),(128,4,''),(129,1,''),(129,2,''),(129,3,''),(129,4,''),(130,1,''),(130,2,''),(130,3,''),(130,4,''),(131,1,''),(131,2,''),(131,3,''),(131,4,''),(132,1,''),(132,2,''),(132,3,''),(132,4,''),(133,1,''),(133,2,''),(133,3,''),(133,4,''),(134,1,''),(134,2,''),(134,3,''),(134,4,''),(135,1,''),(135,2,''),(135,3,''),(135,4,''),(136,1,''),(136,2,''),(136,3,''),(136,4,''),(137,1,''),(137,2,''),(137,3,''),(137,4,''),(138,1,''),(138,2,''),(138,3,''),(138,4,''),(139,1,''),(139,2,''),(139,3,''),(139,4,''),(140,1,''),(140,2,''),(140,3,''),(140,4,''),(141,1,''),(141,2,''),(141,3,''),(141,4,''),(142,1,''),(142,2,''),(142,3,''),(142,4,''),(143,1,''),(143,2,''),(143,3,''),(143,4,''),(144,1,''),(144,2,''),(144,3,''),(144,4,''),(145,1,''),(145,2,''),(145,3,''),(145,4,''),(146,1,''),(146,2,''),(146,3,''),(146,4,''),(147,1,''),(147,2,''),(147,3,''),(147,4,''),(148,1,''),(148,2,''),(148,3,''),(148,4,''),(149,1,''),(149,2,''),(149,3,''),(149,4,''),(150,1,''),(150,2,''),(150,3,''),(150,4,''),(151,1,''),(151,2,''),(151,3,''),(151,4,''),(152,1,''),(152,2,''),(152,3,''),(152,4,''),(153,1,''),(153,2,''),(153,3,''),(153,4,''),(154,1,''),(154,2,''),(154,3,''),(154,4,''),(155,1,''),(155,2,''),(155,3,''),(155,4,''),(156,1,''),(156,2,''),(156,3,''),(156,4,''),(157,1,''),(157,2,''),(157,3,''),(157,4,''),(158,1,''),(158,2,''),(158,3,''),(158,4,''),(159,1,''),(159,2,''),(159,3,''),(159,4,''),(160,1,''),(160,2,''),(160,3,''),(160,4,''),(161,1,''),(161,2,''),(161,3,''),(161,4,''),(162,1,''),(162,2,''),(162,3,''),(162,4,''),(163,1,''),(163,2,''),(163,3,''),(163,4,''),(164,1,''),(164,2,''),(164,3,''),(164,4,''),(165,1,''),(165,2,''),(165,3,''),(165,4,''),(166,1,''),(166,2,''),(166,3,''),(166,4,''),(167,1,''),(167,2,''),(167,3,''),(167,4,''),(168,1,''),(168,2,''),(168,3,''),(168,4,''),(169,1,''),(169,2,''),(169,3,''),(169,4,''),(170,1,''),(170,2,''),(170,3,''),(170,4,''),(171,1,''),(171,2,''),(171,3,''),(171,4,''),(172,1,''),(172,2,''),(172,3,''),(172,4,''),(173,1,''),(173,2,''),(173,3,''),(173,4,''),(174,1,''),(174,2,''),(174,3,''),(174,4,''),(175,1,''),(175,2,''),(175,3,''),(175,4,''),(176,1,''),(176,2,''),(176,3,''),(176,4,''),(177,1,''),(177,2,''),(177,3,''),(177,4,''),(178,1,''),(178,2,''),(178,3,''),(178,4,''),(179,1,''),(179,2,''),(179,3,''),(179,4,''),(180,1,''),(180,2,''),(180,3,''),(180,4,''),(181,1,''),(181,2,''),(181,3,''),(181,4,''),(182,1,''),(182,2,''),(182,3,''),(182,4,''),(183,1,''),(183,2,''),(183,3,''),(183,4,''),(184,1,''),(184,2,''),(184,3,''),(184,4,''),(185,1,''),(185,2,''),(185,3,''),(185,4,''),(186,1,''),(186,2,''),(186,3,''),(186,4,''),(187,1,''),(187,2,''),(187,3,''),(187,4,''),(188,1,''),(188,2,''),(188,3,''),(188,4,''),(189,1,''),(189,2,''),(189,3,''),(189,4,''),(190,1,''),(190,2,''),(190,3,''),(190,4,''),(191,1,''),(191,2,''),(191,3,''),(191,4,''),(192,1,''),(192,2,''),(192,3,''),(192,4,''),(193,1,''),(193,2,''),(193,3,''),(193,4,''),(194,1,''),(194,2,''),(194,3,''),(194,4,''),(195,1,''),(195,2,''),(195,3,''),(195,4,''),(196,1,''),(196,2,''),(196,3,''),(196,4,''),(197,1,''),(197,2,''),(197,3,''),(197,4,''),(198,1,''),(198,2,''),(198,3,''),(198,4,''),(199,1,''),(199,2,''),(199,3,''),(199,4,''),(200,1,''),(200,2,''),(200,3,''),(200,4,''),(201,1,''),(201,2,''),(201,3,''),(201,4,''),(202,1,''),(202,2,''),(202,3,''),(202,4,''),(203,1,''),(203,2,''),(203,3,''),(203,4,''),(204,1,''),(204,2,''),(204,3,''),(204,4,''),(205,1,''),(205,2,''),(205,3,''),(205,4,''),(206,1,''),(206,2,''),(206,3,''),(206,4,''),(207,1,''),(207,2,''),(207,3,''),(207,4,''),(208,1,''),(208,2,''),(208,3,''),(208,4,''),(209,1,''),(209,2,''),(209,3,''),(209,4,''),(210,1,''),(210,2,''),(210,3,''),(210,4,''),(211,1,''),(211,2,''),(211,3,''),(211,4,''),(212,1,''),(212,2,''),(212,3,''),(212,4,''),(213,1,''),(213,2,''),(213,3,''),(213,4,''),(214,1,''),(214,2,''),(214,3,''),(214,4,''),(215,1,''),(215,2,''),(215,3,''),(215,4,''),(216,1,''),(216,2,''),(216,3,''),(216,4,''),(217,1,''),(217,2,''),(217,3,''),(217,4,''),(218,1,''),(218,2,''),(218,3,''),(218,4,''),(219,1,''),(219,2,''),(219,3,''),(219,4,''),(220,1,''),(220,2,''),(220,3,''),(220,4,''),(221,1,''),(221,2,''),(221,3,''),(221,4,''),(222,1,''),(222,2,''),(222,3,''),(222,4,''),(223,1,''),(223,2,''),(223,3,''),(223,4,''),(224,1,''),(224,2,''),(224,3,''),(224,4,''),(225,1,''),(225,2,''),(225,3,''),(225,4,''),(226,1,''),(226,2,''),(226,3,''),(226,4,''),(227,1,''),(227,2,''),(227,3,''),(227,4,''),(228,1,''),(228,2,''),(228,3,''),(228,4,''),(229,1,''),(229,2,''),(229,3,''),(229,4,''),(230,1,''),(230,2,''),(230,3,''),(230,4,''),(231,1,''),(231,2,''),(231,3,''),(231,4,''),(232,1,''),(232,2,''),(232,3,''),(232,4,''),(233,1,''),(233,2,''),(233,3,''),(233,4,''),(234,1,''),(234,2,''),(234,3,''),(234,4,''),(235,1,''),(235,2,''),(235,3,''),(235,4,''),(236,1,''),(236,2,''),(236,3,''),(236,4,''),(237,1,''),(237,2,''),(237,3,''),(237,4,''),(238,1,''),(238,2,''),(238,3,''),(238,4,''),(239,1,''),(239,2,''),(239,3,''),(239,4,''),(240,1,''),(240,2,''),(240,3,''),(240,4,''),(241,1,''),(241,2,''),(241,3,''),(241,4,''),(242,1,''),(242,2,''),(242,3,''),(242,4,''),(243,1,''),(243,2,''),(243,3,''),(243,4,''),(244,1,''),(244,2,''),(244,3,''),(244,4,''),(245,1,''),(245,2,''),(245,3,''),(245,4,''),(246,1,''),(246,2,''),(246,3,''),(246,4,''),(247,1,''),(247,2,''),(247,3,''),(247,4,''),(248,1,''),(248,2,''),(248,3,''),(248,4,''),(249,1,''),(249,2,''),(249,3,''),(249,4,''),(250,1,''),(250,2,''),(250,3,''),(250,4,''),(251,1,''),(251,2,''),(251,3,''),(251,4,''),(252,1,''),(252,2,''),(252,3,''),(252,4,''),(253,1,''),(253,2,''),(253,3,''),(253,4,''),(254,1,''),(254,2,''),(254,3,''),(254,4,''),(255,1,''),(255,2,''),(255,3,''),(255,4,''),(256,1,''),(256,2,''),(256,3,''),(256,4,''),(257,1,''),(257,2,''),(257,3,''),(257,4,''),(258,1,''),(258,2,''),(258,3,''),(258,4,''),(259,1,''),(259,2,''),(259,3,''),(259,4,''),(260,1,''),(260,2,''),(260,3,''),(260,4,''),(261,1,''),(261,2,''),(261,3,''),(261,4,''),(262,1,''),(262,2,''),(262,3,''),(262,4,''),(263,1,''),(263,2,''),(263,3,''),(263,4,''),(264,1,''),(264,2,''),(264,3,''),(264,4,''),(265,1,''),(265,2,''),(265,3,''),(265,4,''),(266,1,''),(266,2,''),(266,3,''),(266,4,''),(267,1,''),(267,2,''),(267,3,''),(267,4,''),(268,1,''),(268,2,''),(268,3,''),(268,4,''),(269,1,''),(269,2,''),(269,3,''),(269,4,''),(270,1,''),(270,2,''),(270,3,''),(270,4,''),(271,1,''),(271,2,''),(271,3,''),(271,4,''),(272,1,''),(272,2,''),(272,3,''),(272,4,''),(273,1,''),(273,2,''),(273,3,''),(273,4,''),(274,1,''),(274,2,''),(274,3,''),(274,4,''),(275,1,''),(275,2,''),(275,3,''),(275,4,''),(276,1,''),(276,2,''),(276,3,''),(276,4,''),(277,1,''),(277,2,''),(277,3,''),(277,4,''),(278,1,''),(278,2,''),(278,3,''),(278,4,''),(279,1,''),(279,2,''),(279,3,''),(279,4,''),(280,1,''),(280,2,''),(280,3,''),(280,4,''),(281,1,''),(281,2,''),(281,3,''),(281,4,''),(282,1,''),(282,2,''),(282,3,''),(282,4,''),(283,1,''),(283,2,''),(283,3,''),(283,4,''),(284,1,''),(284,2,''),(284,3,''),(284,4,''),(285,1,''),(285,2,''),(285,3,''),(285,4,''),(286,1,''),(286,2,''),(286,3,''),(286,4,''),(287,1,''),(287,2,''),(287,3,''),(287,4,''),(288,1,''),(288,2,''),(288,3,''),(288,4,''),(289,1,''),(289,2,''),(289,3,''),(289,4,''),(290,1,''),(290,2,''),(290,3,''),(290,4,''),(291,1,''),(291,2,''),(291,3,''),(291,4,''),(292,1,''),(292,2,''),(292,3,''),(292,4,''),(293,1,''),(293,2,''),(293,3,''),(293,4,''),(294,1,''),(294,2,''),(294,3,''),(294,4,''),(295,1,''),(295,2,''),(295,3,''),(295,4,''),(296,1,''),(296,2,''),(296,3,''),(296,4,''),(297,1,''),(297,2,''),(297,3,''),(297,4,''),(298,1,''),(298,2,''),(298,3,''),(298,4,''),(299,1,''),(299,2,''),(299,3,''),(299,4,''),(300,1,''),(300,2,''),(300,3,''),(300,4,''),(301,1,''),(301,2,''),(301,3,''),(301,4,''),(302,1,''),(302,2,''),(302,3,''),(302,4,''),(303,1,''),(303,2,''),(303,3,''),(303,4,''),(304,1,''),(304,2,''),(304,3,''),(304,4,''),(305,1,''),(305,2,''),(305,3,''),(305,4,''),(306,1,''),(306,2,''),(306,3,''),(306,4,''),(307,1,''),(307,2,''),(307,3,''),(307,4,''),(308,1,''),(308,2,''),(308,3,''),(308,4,''),(309,1,''),(309,2,''),(309,3,''),(309,4,''),(311,1,''),(311,2,''),(311,3,''),(311,4,''),(312,1,''),(312,2,''),(312,3,''),(312,4,''),(313,1,''),(313,2,''),(313,3,''),(313,4,''),(314,1,''),(314,2,''),(314,3,''),(314,4,''),(315,1,''),(315,2,''),(315,3,''),(315,4,''),(316,1,''),(316,2,''),(316,3,''),(316,4,''),(317,1,''),(317,2,''),(317,3,''),(317,4,''),(318,1,''),(318,2,''),(318,3,''),(318,4,''),(319,1,''),(319,2,''),(319,3,''),(319,4,''),(320,1,''),(320,2,''),(320,3,''),(320,4,''),(321,1,''),(321,2,''),(321,3,''),(321,4,''),(322,1,''),(322,2,''),(322,3,''),(322,4,''),(323,1,''),(323,2,''),(323,3,''),(323,4,''),(324,1,''),(324,2,''),(324,3,''),(324,4,''),(325,1,''),(325,2,''),(325,3,''),(325,4,''),(326,1,''),(326,2,''),(326,3,''),(326,4,''),(327,1,''),(327,2,''),(327,3,''),(327,4,''),(328,1,''),(328,2,''),(328,3,''),(328,4,''),(329,1,''),(329,2,''),(329,3,''),(329,4,''),(330,1,''),(330,2,''),(330,3,''),(330,4,''),(331,1,''),(331,2,''),(331,3,''),(331,4,''),(332,1,''),(332,2,''),(332,3,''),(332,4,''),(333,1,''),(333,2,''),(333,3,''),(333,4,''),(334,1,''),(334,2,''),(334,3,''),(334,4,''),(335,1,''),(335,2,''),(335,3,''),(335,4,''),(336,1,''),(336,2,''),(336,3,''),(336,4,''),(337,1,''),(337,2,''),(337,3,''),(337,4,''),(338,1,''),(338,2,''),(338,3,''),(338,4,''),(339,1,''),(339,2,''),(339,3,''),(339,4,''),(340,1,''),(340,2,''),(340,3,''),(340,4,''),(341,1,''),(341,2,''),(341,3,''),(341,4,''),(342,1,''),(342,2,''),(342,3,''),(342,4,''),(343,1,''),(343,2,''),(343,3,''),(343,4,''),(344,1,''),(344,2,''),(344,3,''),(344,4,''),(345,1,''),(345,2,''),(345,3,''),(345,4,''),(346,1,''),(346,2,''),(346,3,''),(346,4,''),(347,1,''),(347,2,''),(347,3,''),(347,4,''),(348,1,''),(348,2,''),(348,3,''),(348,4,''),(349,1,''),(349,2,''),(349,3,''),(349,4,''),(350,1,''),(350,2,''),(350,3,''),(350,4,''),(351,1,''),(351,2,''),(351,3,''),(351,4,''),(352,1,''),(352,2,''),(352,3,''),(352,4,''),(353,1,''),(353,2,''),(353,3,''),(353,4,''),(354,1,''),(354,2,''),(354,3,''),(354,4,''),(355,1,''),(355,2,''),(355,3,''),(355,4,''),(356,1,''),(356,2,''),(356,3,''),(356,4,''),(357,1,''),(357,2,''),(357,3,''),(357,4,''),(358,1,''),(358,2,''),(358,3,''),(358,4,''),(359,1,''),(359,2,''),(359,3,''),(359,4,''),(360,1,''),(360,2,''),(360,3,''),(360,4,''),(361,1,''),(361,2,''),(361,3,''),(361,4,''),(362,1,''),(362,2,''),(362,3,''),(362,4,''),(363,1,''),(363,2,''),(363,3,''),(363,4,''),(364,1,''),(364,2,''),(364,3,''),(364,4,''),(365,1,''),(365,2,''),(365,3,''),(365,4,''),(366,1,''),(366,2,''),(366,3,''),(366,4,''),(367,1,''),(367,2,''),(367,3,''),(367,4,''),(368,1,''),(368,2,''),(368,3,''),(368,4,''),(369,1,''),(369,2,''),(369,3,''),(369,4,''),(370,1,''),(370,2,''),(370,3,''),(370,4,''),(371,1,''),(371,2,''),(371,3,''),(371,4,''),(372,1,''),(372,2,''),(372,3,''),(372,4,''),(373,1,''),(373,2,''),(373,3,''),(373,4,''),(374,1,''),(374,2,''),(374,3,''),(374,4,''),(375,1,''),(375,2,''),(375,3,''),(375,4,''),(376,1,''),(376,2,''),(376,3,''),(376,4,''),(377,1,''),(377,2,''),(377,3,''),(377,4,''),(378,1,''),(378,2,''),(378,3,''),(378,4,''),(379,1,''),(379,2,''),(379,3,''),(379,4,''),(380,1,''),(380,2,''),(380,3,''),(380,4,''),(381,1,''),(381,2,''),(381,3,''),(381,4,''),(382,1,''),(382,2,''),(382,3,''),(382,4,''),(383,1,''),(383,2,''),(383,3,''),(383,4,''),(384,1,''),(384,2,''),(384,3,''),(384,4,''),(385,1,''),(385,2,''),(385,3,''),(385,4,''),(386,1,''),(386,2,''),(386,3,''),(386,4,''),(387,1,''),(387,2,''),(387,3,''),(387,4,''),(388,1,''),(388,2,''),(388,3,''),(388,4,''),(389,1,''),(389,2,''),(389,3,''),(389,4,''),(390,1,''),(390,2,''),(390,3,''),(390,4,''),(391,1,''),(391,2,''),(391,3,''),(391,4,''),(392,1,''),(392,2,''),(392,3,''),(392,4,''),(393,1,''),(393,2,''),(393,3,''),(393,4,''),(394,1,''),(394,2,''),(394,3,''),(394,4,''),(395,1,''),(395,2,''),(395,3,''),(395,4,''),(396,1,''),(396,2,''),(396,3,''),(396,4,''),(397,1,''),(397,2,''),(397,3,''),(397,4,''),(398,1,''),(398,2,''),(398,3,''),(398,4,''),(399,1,''),(399,2,''),(399,3,''),(399,4,''),(400,1,''),(400,2,''),(400,3,''),(400,4,''),(401,1,''),(401,2,''),(401,3,''),(401,4,''),(402,1,''),(402,2,''),(402,3,''),(402,4,''),(403,1,''),(403,2,''),(403,3,''),(403,4,''),(404,1,''),(404,2,''),(404,3,''),(404,4,''),(405,1,''),(405,2,''),(405,3,''),(405,4,''),(406,1,''),(406,2,''),(406,3,''),(406,4,''),(407,1,''),(407,2,''),(407,3,''),(407,4,''),(408,1,''),(408,2,''),(408,3,''),(408,4,''),(409,1,''),(409,2,''),(409,3,''),(409,4,''),(410,1,''),(410,2,''),(410,3,''),(410,4,''),(411,1,''),(411,2,''),(411,3,''),(411,4,''),(412,1,''),(412,2,''),(412,3,''),(412,4,''),(413,1,''),(413,2,''),(413,3,''),(413,4,''),(414,1,''),(414,2,''),(414,3,''),(414,4,''),(415,1,''),(415,2,''),(415,3,''),(415,4,''),(416,1,''),(416,2,''),(416,3,''),(416,4,''),(417,1,''),(417,2,''),(417,3,''),(417,4,''),(418,1,''),(418,2,''),(418,3,''),(418,4,''),(419,1,''),(419,2,''),(419,3,''),(419,4,''),(422,1,''),(422,2,''),(422,3,''),(422,4,''),(423,1,''),(423,2,''),(423,3,''),(423,4,''),(424,1,''),(424,2,''),(424,3,''),(424,4,''),(425,1,''),(425,2,''),(425,3,''),(425,4,''),(426,1,''),(426,2,''),(426,3,''),(426,4,''),(427,1,''),(427,2,''),(427,3,''),(427,4,''),(428,1,''),(428,2,''),(428,3,''),(428,4,''),(429,1,''),(429,2,''),(429,3,''),(429,4,''),(430,1,''),(430,2,''),(430,3,''),(430,4,''),(431,1,''),(431,2,''),(431,3,''),(431,4,''),(432,1,''),(432,2,''),(432,3,''),(432,4,''),(433,1,''),(433,2,''),(433,3,''),(433,4,''),(434,1,''),(434,2,''),(434,3,''),(434,4,''),(435,1,''),(435,2,''),(435,3,''),(435,4,''),(436,1,''),(436,2,''),(436,3,''),(436,4,''),(437,1,''),(437,2,''),(437,3,''),(437,4,''),(438,1,''),(438,2,''),(438,3,''),(438,4,''),(439,1,''),(439,2,''),(439,3,''),(439,4,''),(440,1,''),(440,2,''),(440,3,''),(440,4,''),(441,1,''),(441,2,''),(441,3,''),(441,4,''),(442,1,''),(442,2,''),(442,3,''),(442,4,''),(443,1,''),(443,2,''),(443,3,''),(443,4,''),(444,1,''),(444,2,''),(444,3,''),(444,4,''),(445,1,''),(445,2,''),(445,3,''),(445,4,''),(446,1,''),(446,2,''),(446,3,''),(446,4,''),(447,1,''),(447,2,''),(447,3,''),(447,4,''),(448,1,''),(448,2,''),(448,3,''),(448,4,''),(449,1,''),(449,2,''),(449,3,''),(449,4,''),(450,1,''),(450,2,''),(450,3,''),(450,4,''),(451,1,''),(451,2,''),(451,3,''),(451,4,''),(452,1,''),(452,2,''),(452,3,''),(452,4,''),(453,1,''),(453,2,''),(453,3,''),(453,4,''),(454,1,''),(454,2,''),(454,3,''),(454,4,''),(455,1,''),(455,2,''),(455,3,''),(455,4,''),(456,1,''),(456,2,''),(456,3,''),(456,4,''),(457,1,''),(457,2,''),(457,3,''),(457,4,''),(458,1,''),(458,2,''),(458,3,''),(458,4,''),(459,1,''),(459,2,''),(459,3,''),(459,4,''),(460,1,''),(460,2,''),(460,3,''),(460,4,''),(461,1,''),(461,2,''),(461,3,''),(461,4,''),(462,1,''),(462,2,''),(462,3,''),(462,4,''),(463,1,''),(463,2,''),(463,3,''),(463,4,''),(464,1,''),(464,2,''),(464,3,''),(464,4,''),(465,1,''),(465,2,''),(465,3,''),(465,4,''),(466,1,''),(466,2,''),(466,3,''),(466,4,''),(467,1,''),(467,2,''),(467,3,''),(467,4,''),(468,1,''),(468,2,''),(468,3,''),(468,4,''),(469,1,''),(469,2,''),(469,3,''),(469,4,''),(470,1,''),(470,2,''),(470,3,''),(470,4,''),(471,1,''),(471,2,''),(471,3,''),(471,4,''),(472,1,''),(472,2,''),(472,3,''),(472,4,''),(473,1,''),(473,2,''),(473,3,''),(473,4,''),(474,1,''),(474,2,''),(474,3,''),(474,4,''),(475,1,''),(475,2,''),(475,3,''),(475,4,''),(476,1,''),(476,2,''),(476,3,''),(476,4,''),(477,1,''),(477,2,''),(477,3,''),(477,4,''),(478,1,''),(478,2,''),(478,3,''),(478,4,''),(479,1,''),(479,2,''),(479,3,''),(479,4,''),(480,1,''),(480,2,''),(480,3,''),(480,4,''),(481,1,''),(481,2,''),(481,3,''),(481,4,''),(482,1,''),(482,2,''),(482,3,''),(482,4,''),(483,1,''),(483,2,''),(483,3,''),(483,4,''),(484,1,''),(484,2,''),(484,3,''),(484,4,''),(485,1,''),(485,2,''),(485,3,''),(485,4,''),(486,1,''),(486,2,''),(486,3,''),(486,4,''),(487,1,''),(487,2,''),(487,3,''),(487,4,''),(488,1,''),(488,2,''),(488,3,''),(488,4,''),(489,1,''),(489,2,''),(489,3,''),(489,4,''),(490,1,''),(490,2,''),(490,3,''),(490,4,''),(491,1,''),(491,2,''),(491,3,''),(491,4,''),(492,1,''),(492,2,''),(492,3,''),(492,4,''),(493,1,''),(493,2,''),(493,3,''),(493,4,''),(494,1,''),(494,2,''),(494,3,''),(494,4,''),(495,1,''),(495,2,''),(495,3,''),(495,4,''),(496,1,''),(496,2,''),(496,3,''),(496,4,''),(497,1,''),(497,2,''),(497,3,''),(497,4,''),(498,1,''),(498,2,''),(498,3,''),(498,4,''),(499,1,''),(499,2,''),(499,3,''),(499,4,''),(500,1,''),(500,2,''),(500,3,''),(500,4,''),(501,1,''),(501,2,''),(501,3,''),(501,4,''),(502,1,''),(502,2,''),(502,3,''),(502,4,''),(503,1,''),(503,2,''),(503,3,''),(503,4,''),(504,1,''),(504,2,''),(504,3,''),(504,4,''),(505,1,''),(505,2,''),(505,3,''),(505,4,''),(506,1,''),(506,2,''),(506,3,''),(506,4,''),(507,1,''),(507,2,''),(507,3,''),(507,4,''),(508,1,''),(508,2,''),(508,3,''),(508,4,''),(509,1,''),(509,2,''),(509,3,''),(509,4,''),(510,1,''),(510,2,''),(510,3,''),(510,4,''),(511,1,''),(511,2,''),(511,3,''),(511,4,''),(512,1,''),(512,2,''),(512,3,''),(512,4,''),(513,1,''),(513,2,''),(513,3,''),(513,4,''),(514,1,''),(514,2,''),(514,3,''),(514,4,''),(515,1,''),(515,2,''),(515,3,''),(515,4,''),(516,1,''),(516,2,''),(516,3,''),(516,4,''),(517,1,''),(517,2,''),(517,3,''),(517,4,''),(518,1,''),(518,2,''),(518,3,''),(518,4,''),(519,1,''),(519,2,''),(519,3,''),(519,4,''),(520,1,''),(520,2,''),(520,3,''),(520,4,''),(521,1,''),(521,2,''),(521,3,''),(521,4,''),(522,1,''),(522,2,''),(522,3,''),(522,4,''),(523,1,''),(523,2,''),(523,3,''),(523,4,''),(524,1,''),(524,2,''),(524,3,''),(524,4,''),(525,1,''),(525,2,''),(525,3,''),(525,4,''),(526,1,''),(526,2,''),(526,3,''),(526,4,''),(527,1,''),(527,2,''),(527,3,''),(527,4,''),(528,1,''),(528,2,''),(528,3,''),(528,4,''),(529,1,''),(529,2,''),(529,3,''),(529,4,''),(530,1,''),(530,2,''),(530,3,''),(530,4,''),(531,1,''),(531,2,''),(531,3,''),(531,4,''),(532,1,''),(532,2,''),(532,3,''),(532,4,''),(533,1,''),(533,2,''),(533,3,''),(533,4,''),(534,1,''),(534,2,''),(534,3,''),(534,4,''),(535,1,''),(535,2,''),(535,3,''),(535,4,''),(536,1,''),(536,2,''),(536,3,''),(536,4,''),(537,1,''),(537,2,''),(537,3,''),(537,4,''),(538,1,''),(538,2,''),(538,3,''),(538,4,''),(539,1,''),(539,2,''),(539,3,''),(539,4,''),(540,1,''),(540,2,''),(540,3,''),(540,4,''),(541,1,''),(541,2,''),(541,3,''),(541,4,''),(542,1,''),(542,2,''),(542,3,''),(542,4,''),(543,1,''),(543,2,''),(543,3,''),(543,4,''),(544,1,''),(544,2,''),(544,3,''),(544,4,''),(545,1,''),(545,2,''),(545,3,''),(545,4,''),(546,1,''),(546,2,''),(546,3,''),(546,4,''),(547,1,''),(547,2,''),(547,3,''),(547,4,''),(548,1,''),(548,2,''),(548,3,''),(548,4,''),(549,1,''),(549,2,''),(549,3,''),(549,4,''),(550,1,''),(550,2,''),(550,3,''),(550,4,''),(551,1,''),(551,2,''),(551,3,''),(551,4,''),(552,1,''),(552,2,''),(552,3,''),(552,4,''),(553,1,''),(553,2,''),(553,3,''),(553,4,''),(554,1,''),(554,2,''),(554,3,''),(554,4,''),(555,1,''),(555,2,''),(555,3,''),(555,4,''),(556,1,''),(556,2,''),(556,3,''),(556,4,''),(557,1,''),(557,2,''),(557,3,''),(557,4,''),(558,1,''),(558,2,''),(558,3,''),(558,4,''),(559,1,''),(559,2,''),(559,3,''),(559,4,''),(560,1,''),(560,2,''),(560,3,''),(560,4,''),(561,1,''),(561,2,''),(561,3,''),(561,4,''),(562,1,''),(562,2,''),(562,3,''),(562,4,''),(563,1,''),(563,2,''),(563,3,''),(563,4,''),(564,1,''),(564,2,''),(564,3,''),(564,4,''),(565,1,''),(565,2,''),(565,3,''),(565,4,''),(566,1,''),(566,2,''),(566,3,''),(566,4,''),(567,1,''),(567,2,''),(567,3,''),(567,4,''),(568,1,''),(568,2,''),(568,3,''),(568,4,''),(569,1,''),(569,2,''),(569,3,''),(569,4,''),(570,1,''),(570,2,''),(570,3,''),(570,4,''),(571,1,''),(571,2,''),(571,3,''),(571,4,''),(572,1,''),(572,2,''),(572,3,''),(572,4,''),(573,1,''),(573,2,''),(573,3,''),(573,4,''),(574,1,''),(574,2,''),(574,3,''),(574,4,''),(575,1,''),(575,2,''),(575,3,''),(575,4,''),(576,1,''),(576,2,''),(576,3,''),(576,4,''),(577,1,''),(577,2,''),(577,3,''),(577,4,''),(578,1,''),(578,2,''),(578,3,''),(578,4,''),(579,1,''),(579,2,''),(579,3,''),(579,4,''),(580,1,''),(580,2,''),(580,3,''),(580,4,''),(581,1,''),(581,2,''),(581,3,''),(581,4,''),(582,1,''),(582,2,''),(582,3,''),(582,4,'');

--
-- Table structure for table `ps_image_shop`
--

CREATE TABLE `ps_image_shop` (
  `id_product` int(10) unsigned NOT NULL,
  `id_image` int(11) unsigned NOT NULL,
  `id_shop` int(11) unsigned NOT NULL,
  `cover` tinyint(1) unsigned DEFAULT NULL,
  PRIMARY KEY (`id_image`,`id_shop`),
  UNIQUE KEY `id_product` (`id_product`,`id_shop`,`cover`),
  KEY `id_shop` (`id_shop`)
) ENGINE=InnoDB DEFAULT CHARSET=utf8;

--
-- Dumping data for table `ps_image_shop`
--

INSERT INTO `ps_image_shop` VALUES (25,60,3,NULL),(25,61,3,NULL),(25,62,3,NULL),(25,63,3,NULL),(25,64,3,NULL),(25,65,3,NULL),(25,66,3,NULL),(25,67,3,NULL),(25,68,3,NULL),(25,49,3,1),(25,60,4,NULL),(25,61,4,NULL),(25,62,4,NULL),(25,63,4,NULL),(25,64,4,NULL),(25,65,4,NULL),(25,66,4,NULL),(25,67,4,NULL),(25,68,4,NULL),(25,49,4,1),(25,60,5,NULL),(25,61,5,NULL),(25,62,5,NULL),(25,63,5,NULL),(25,64,5,NULL),(25,65,5,NULL),(25,66,5,NULL),(25,67,5,NULL),(25,68,5,NULL),(25,49,5,1),(25,60,6,NULL),(25,61,6,NULL),(25,62,6,NULL),(25,63,6,NULL),(25,64,6,NULL),(25,65,6,NULL),(25,66,6,NULL),(25,67,6,NULL),(25,68,6,NULL),(25,49,6,1),(25,60,7,NULL),(25,61,7,NULL),(25,62,7,NULL),(25,63,7,NULL),(25,64,7,NULL),(25,65,7,NULL),(25,66,7,NULL),(25,67,7,NULL),(25,68,7,NULL),(25,49,7,1),(25,60,8,NULL),(25,61,8,NULL),(25,62,8,NULL),(25,63,8,NULL),(25,64,8,NULL),(25,65,8,NULL),(25,66,8,NULL),(25,67,8,NULL),(25,68,8,NULL),(25,49,8,1),(25,60,10,NULL),(25,61,10,NULL),(25,62,10,NULL),(25,63,10,NULL),(25,64,10,NULL),(25,65,10,NULL),(25,66,10,NULL),(25,67,10,NULL),(25,68,10,NULL),(25,49,10,1),(25,60,11,NULL),(25,61,11,NULL),(25,62,11,NULL),(25,63,11,NULL),(25,64,11,NULL),(25,65,11,NULL),(25,66,11,NULL),(25,67,11,NULL),(25,68,11,NULL),(25,49,11,1),(25,60,12,NULL),(25,61,12,NULL),(25,62,12,NULL),(25,63,12,NULL),(25,64,12,NULL),(25,65,12,NULL),(25,66,12,NULL),(25,67,12,NULL),(25,68,12,NULL),(25,49,12,1),(25,60,13,NULL),(25,61,13,NULL),(25,62,13,NULL),(25,63,13,NULL),(25,64,13,NULL),(25,65,13,NULL),(25,66,13,NULL),(25,67,13,NULL),(25,68,13,NULL),(25,49,13,1),(26,69,3,1),(26,69,4,1),(26,69,5,1),(26,69,6,1),(26,69,7,1),(26,69,8,1),(26,69,10,1),(26,69,11,1),(26,69,12,1),(26,69,13,1),(27,70,3,1),(27,70,4,1),(27,70,5,1),(27,70,6,1),(27,70,7,1),(27,70,8,1),(27,70,10,1),(27,70,11,1),(27,70,12,1),(27,70,13,1),(28,71,3,1),(28,71,4,1),(28,71,5,1),(28,71,6,1),(28,71,7,1),(28,71,8,1),(28,71,10,1),(28,71,11,1),(28,71,12,1),(28,71,13,1),(29,72,3,1),(29,72,4,1),(29,72,5,1),(29,72,6,1),(29,72,7,1),(29,72,8,1),(29,72,10,1),(29,72,11,1),(29,72,12,1),(29,72,13,1),(30,73,3,1),(30,73,4,1),(30,73,5,1),(30,73,6,1),(30,73,7,1),(30,73,8,1),(30,73,10,1),(30,73,11,1),(30,73,12,1),(30,73,13,1),(31,74,3,1),(31,74,4,1),(31,74,5,1),(31,74,6,1),(31,74,7,1),(31,74,8,1),(31,74,10,1),(31,74,11,1),(31,74,12,1),(31,74,13,1),(39,25,3,NULL),(39,26,3,NULL),(39,24,3,1),(39,25,4,NULL),(39,26,4,NULL),(39,24,4,1),(39,25,5,NULL),(39,26,5,NULL),(39,24,5,1),(39,25,6,NULL),(39,26,6,NULL),(39,24,6,1),(39,25,7,NULL),(39,26,7,NULL),(39,24,7,1),(39,25,8,NULL),(39,26,8,NULL),(39,24,8,1),(39,25,10,NULL),(39,26,10,NULL),(39,24,10,1),(39,25,11,NULL),(39,26,11,NULL),(39,24,11,1),(39,25,12,NULL),(39,26,12,NULL),(39,24,12,1),(39,25,13,NULL),(39,26,13,NULL),(39,24,13,1),(40,28,3,NULL),(40,27,3,1),(40,28,4,NULL),(40,27,4,1),(40,28,5,NULL),(40,27,5,1),(40,28,6,NULL),(40,27,6,1),(40,28,7,NULL),(40,27,7,1),(40,28,8,NULL),(40,27,8,1),(40,28,10,NULL),(40,27,10,1),(40,28,11,NULL),(40,27,11,1),(40,28,12,NULL),(40,27,12,1),(40,28,13,NULL),(40,27,13,1),(41,30,3,NULL),(41,31,3,NULL),(41,29,3,1),(41,30,4,NULL),(41,31,4,NULL),(41,29,4,1),(41,30,5,NULL),(41,31,5,NULL),(41,29,5,1),(41,30,6,NULL),(41,31,6,NULL),(41,29,6,1),(41,30,7,NULL),(41,31,7,NULL),(41,29,7,1),(41,30,8,NULL),(41,31,8,NULL),(41,29,8,1),(41,30,10,NULL),(41,31,10,NULL),(41,29,10,1),(41,30,11,NULL),(41,31,11,NULL),(41,29,11,1),(41,30,12,NULL),(41,31,12,NULL),(41,29,12,1),(41,30,13,NULL),(41,31,13,NULL),(41,29,13,1),(42,33,3,NULL),(42,34,3,NULL),(42,32,3,1),(42,33,4,NULL),(42,34,4,NULL),(42,32,4,1),(42,33,5,NULL),(42,34,5,NULL),(42,32,5,1),(42,33,6,NULL),(42,34,6,NULL),(42,32,6,1),(42,33,7,NULL),(42,34,7,NULL),(42,32,7,1),(42,33,8,NULL),(42,34,8,NULL),(42,32,8,1),(42,33,10,NULL),(42,34,10,NULL),(42,32,10,1),(42,33,11,NULL),(42,34,11,NULL),(42,32,11,1),(42,33,12,NULL),(42,34,12,NULL),(42,32,12,1),(42,33,13,NULL),(42,34,13,NULL),(42,32,13,1),(43,36,3,NULL),(43,37,3,NULL),(43,35,3,1),(43,36,4,NULL),(43,37,4,NULL),(43,35,4,1),(43,36,5,NULL),(43,37,5,NULL),(43,35,5,1),(43,36,6,NULL),(43,37,6,NULL),(43,35,6,1),(43,36,7,NULL),(43,37,7,NULL),(43,35,7,1),(43,36,8,NULL),(43,37,8,NULL),(43,35,8,1),(43,36,10,NULL),(43,37,10,NULL),(43,35,10,1),(43,36,11,NULL),(43,37,11,NULL),(43,35,11,1),(43,36,12,NULL),(43,37,12,NULL),(43,35,12,1),(43,36,13,NULL),(43,37,13,NULL),(43,35,13,1),(44,39,3,NULL),(44,40,3,NULL),(44,38,3,1),(44,39,4,NULL),(44,40,4,NULL),(44,38,4,1),(44,39,5,NULL),(44,40,5,NULL),(44,38,5,1),(44,39,6,NULL),(44,40,6,NULL),(44,38,6,1),(44,39,7,NULL),(44,40,7,NULL),(44,38,7,1),(44,39,8,NULL),(44,40,8,NULL),(44,38,8,1),(44,39,10,NULL),(44,40,10,NULL),(44,38,10,1),(44,39,11,NULL),(44,40,11,NULL),(44,38,11,1),(44,39,12,NULL),(44,40,12,NULL),(44,38,12,1),(44,39,13,NULL),(44,40,13,NULL),(44,38,13,1),(45,42,3,NULL),(45,41,3,1),(45,42,4,NULL),(45,41,4,1),(45,42,5,NULL),(45,41,5,1),(45,42,6,NULL),(45,41,6,1),(45,42,7,NULL),(45,41,7,1),(45,42,8,NULL),(45,41,8,1),(45,42,10,NULL),(45,41,10,1),(45,42,11,NULL),(45,41,11,1),(45,42,12,NULL),(45,41,12,1),(45,42,13,NULL),(45,41,13,1),(46,44,3,NULL),(46,43,3,1),(46,44,4,NULL),(46,43,4,1),(46,44,5,NULL),(46,43,5,1),(46,44,6,NULL),(46,43,6,1),(46,44,7,NULL),(46,43,7,1),(46,44,8,NULL),(46,43,8,1),(46,44,10,NULL),(46,43,10,1),(46,44,11,NULL),(46,43,11,1),(46,44,12,NULL),(46,43,12,1),(46,44,13,NULL),(46,43,13,1),(47,46,3,NULL),(47,47,3,NULL),(47,45,3,1),(47,46,4,NULL),(47,47,4,NULL),(47,45,4,1),(47,46,5,NULL),(47,47,5,NULL),(47,45,5,1),(47,46,6,NULL),(47,47,6,NULL),(47,45,6,1),(47,46,7,NULL),(47,47,7,NULL),(47,45,7,1),(47,46,8,NULL),(47,47,8,NULL),(47,45,8,1),(47,46,10,NULL),(47,47,10,NULL),(47,45,10,1),(47,46,11,NULL),(47,47,11,NULL),(47,45,11,1),(47,46,12,NULL),(47,47,12,NULL),(47,45,12,1),(47,46,13,NULL),(47,47,13,NULL),(47,45,13,1),(48,48,3,1),(48,582,4,1),(48,48,5,1),(48,48,6,1),(48,48,7,1),(48,48,8,1),(48,48,10,1),(48,48,11,1),(48,582,12,1),(48,48,13,1),(49,75,3,1),(49,75,4,1),(49,75,5,1),(49,75,6,1),(49,75,7,1),(49,75,8,1),(49,75,10,1),(49,75,11,1),(49,75,12,1),(49,75,13,1),(50,77,3,1),(50,77,4,1),(50,77,5,1),(50,77,6,1),(50,77,7,1),(50,77,8,1),(50,77,10,1),(50,77,11,1),(50,77,12,1),(50,77,13,1),(51,79,3,1),(51,79,4,1),(51,79,5,1),(51,79,6,1),(51,79,7,1),(51,79,8,1),(51,79,10,1),(51,79,11,1),(51,79,12,1),(51,79,13,1),(52,80,3,1),(52,80,4,1),(52,80,5,1),(52,80,6,1),(52,80,7,1),(52,80,8,1),(52,80,10,1),(52,80,11,1),(52,80,12,1),(52,80,13,1),(53,81,3,1),(53,81,4,1),(53,81,5,1),(53,81,6,1),(53,81,7,1),(53,81,8,1),(53,81,10,1),(53,81,11,1),(53,81,12,1),(53,81,13,1),(54,82,3,1),(54,82,4,1),(54,82,5,1),(54,82,6,1),(54,82,7,1),(54,82,8,1),(54,82,10,1),(54,82,11,1),(54,82,12,1),(54,82,13,1),(55,83,3,1),(55,83,4,1),(55,83,5,1),(55,83,6,1),(55,83,7,1),(55,83,8,1),(55,83,10,1),(55,83,11,1),(55,83,12,1),(55,83,13,1),(56,84,3,1),(56,84,4,1),(56,84,5,1),(56,84,6,1),(56,84,7,1),(56,84,8,1),(56,84,10,1),(56,84,11,1),(56,84,12,1),(56,84,13,1),(57,85,3,1),(57,85,4,1),(57,85,5,1),(57,85,6,1),(57,85,7,1),(57,85,8,1),(57,85,10,1),(57,85,11,1),(57,85,12,1),(57,85,13,1),(58,86,3,1),(58,86,4,1),(58,86,5,1),(58,86,6,1),(58,86,7,1),(58,86,8,1),(58,86,10,1),(58,86,11,1),(58,86,12,1),(58,86,13,1),(59,87,3,1),(59,87,4,1),(59,87,5,1),(59,87,6,1),(59,87,7,1),(59,87,8,1),(59,87,10,1),(59,87,11,1),(59,87,12,1),(59,87,13,1),(60,88,3,1),(60,88,4,1),(60,88,5,1),(60,88,6,1),(60,88,7,1),(60,88,8,1),(60,88,10,1),(60,88,11,1),(60,88,12,1),(60,88,13,1),(61,89,3,1),(61,89,4,1),(61,89,5,1),(61,89,6,1),(61,89,7,1),(61,89,8,1),(61,89,10,1),(61,89,11,1),(61,89,12,1),(61,89,13,1),(62,90,3,1),(62,90,4,1),(62,90,5,1),(62,90,6,1),(62,90,7,1),(62,90,8,1),(62,90,10,1),(62,90,11,1),(62,90,12,1),(62,90,13,1),(63,91,3,1),(63,91,4,1),(63,91,5,1),(63,91,6,1),(63,91,7,1),(63,91,8,1),(63,91,10,1),(63,91,11,1),(63,91,12,1),(63,91,13,1),(64,92,3,1),(64,92,4,1),(64,92,5,1),(64,92,6,1),(64,92,7,1),(64,92,8,1),(64,92,10,1),(64,92,11,1),(64,92,12,1),(64,92,13,1),(65,94,3,1),(65,94,4,1),(65,94,5,1),(65,94,6,1),(65,94,7,1),(65,94,8,1),(65,94,10,1),(65,94,11,1),(65,94,12,1),(65,94,13,1),(66,95,3,1),(66,95,4,1),(66,95,5,1),(66,95,6,1),(66,95,7,1),(66,95,8,1),(66,95,10,1),(66,95,11,1),(66,95,12,1),(66,95,13,1),(67,96,3,1),(67,96,4,1),(67,96,5,1),(67,96,6,1),(67,96,7,1),(67,96,8,1),(67,96,10,1),(67,96,11,1),(67,96,12,1),(67,96,13,1),(68,97,3,1),(68,97,4,1),(68,97,5,1),(68,97,6,1),(68,97,7,1),(68,97,8,1),(68,97,10,1),(68,97,11,1),(68,97,12,1),(68,97,13,1),(69,552,3,NULL),(69,551,3,1),(69,552,4,NULL),(69,551,4,1),(69,552,5,NULL),(69,551,5,1),(69,552,6,NULL),(69,551,6,1),(69,552,7,NULL),(69,551,7,1),(69,552,8,NULL),(69,551,8,1),(69,552,10,NULL),(69,551,10,1),(69,552,11,NULL),(69,551,11,1),(69,552,12,NULL),(69,551,12,1),(69,552,13,NULL),(69,551,13,1),(70,98,3,1),(70,98,4,1),(70,98,5,1),(70,98,6,1),(70,98,7,1),(70,98,8,1),(70,98,10,1),(70,98,11,1),(70,98,12,1),(70,98,13,1),(71,99,3,1),(71,99,4,1),(71,99,5,1),(71,99,6,1),(71,99,7,1),(71,99,8,1),(71,99,10,1),(71,99,11,1),(71,99,12,1),(71,99,13,1),(72,100,3,1),(72,100,4,1),(72,100,5,1),(72,100,6,1),(72,100,7,1),(72,100,8,1),(72,100,10,1),(72,100,11,1),(72,100,12,1),(72,100,13,1),(73,102,3,NULL),(73,101,3,1),(73,102,4,NULL),(73,101,4,1),(73,102,5,NULL),(73,101,5,1),(73,102,6,NULL),(73,101,6,1),(73,102,7,NULL),(73,101,7,1),(73,102,8,NULL),(73,101,8,1),(73,102,10,NULL),(73,101,10,1),(73,102,11,NULL),(73,101,11,1),(73,102,12,NULL),(73,101,12,1),(73,102,13,NULL),(73,101,13,1),(74,103,3,1),(74,103,4,1),(74,103,5,1),(74,103,6,1),(74,103,7,1),(74,103,8,1),(74,103,10,1),(74,103,11,1),(74,103,12,1),(74,103,13,1),(75,104,3,1),(75,104,4,1),(75,104,5,1),(75,104,6,1),(75,104,7,1),(75,104,8,1),(75,104,10,1),(75,104,11,1),(75,104,12,1),(75,104,13,1),(76,546,3,NULL),(76,548,3,NULL),(76,549,3,NULL),(76,550,3,NULL),(76,547,3,1),(76,546,4,NULL),(76,548,4,NULL),(76,549,4,NULL),(76,550,4,NULL),(76,547,4,1),(76,546,5,NULL),(76,548,5,NULL),(76,549,5,NULL),(76,550,5,NULL),(76,547,5,1),(76,546,6,NULL),(76,548,6,NULL),(76,549,6,NULL),(76,550,6,NULL),(76,547,6,1),(76,546,7,NULL),(76,548,7,NULL),(76,549,7,NULL),(76,550,7,NULL),(76,547,7,1),(76,546,8,NULL),(76,548,8,NULL),(76,549,8,NULL),(76,550,8,NULL),(76,547,8,1),(76,546,10,NULL),(76,548,10,NULL),(76,549,10,NULL),(76,550,10,NULL),(76,547,10,1),(76,546,11,NULL),(76,548,11,NULL),(76,549,11,NULL),(76,550,11,NULL),(76,547,11,1),(76,546,12,NULL),(76,548,12,NULL),(76,549,12,NULL),(76,550,12,NULL),(76,547,12,1),(76,546,13,NULL),(76,548,13,NULL),(76,549,13,NULL),(76,550,13,NULL),(76,547,13,1),(77,106,3,NULL),(77,107,3,NULL),(77,108,3,NULL),(77,109,3,NULL),(77,110,3,NULL),(77,111,3,NULL),(77,112,3,NULL),(77,113,3,NULL),(77,114,3,NULL),(77,115,3,NULL),(77,116,3,NULL),(77,117,3,NULL),(77,118,3,NULL),(77,119,3,NULL),(77,120,3,NULL),(77,121,3,NULL),(77,122,3,NULL),(77,123,3,NULL),(77,105,3,1),(77,106,4,NULL),(77,107,4,NULL),(77,108,4,NULL),(77,109,4,NULL),(77,110,4,NULL),(77,111,4,NULL),(77,112,4,NULL),(77,113,4,NULL),(77,114,4,NULL),(77,115,4,NULL),(77,116,4,NULL),(77,117,4,NULL),(77,118,4,NULL),(77,119,4,NULL),(77,120,4,NULL),(77,121,4,NULL),(77,122,4,NULL),(77,123,4,NULL),(77,105,4,1),(77,106,5,NULL),(77,107,5,NULL),(77,108,5,NULL),(77,109,5,NULL),(77,110,5,NULL),(77,111,5,NULL),(77,112,5,NULL),(77,113,5,NULL),(77,114,5,NULL),(77,115,5,NULL),(77,116,5,NULL),(77,117,5,NULL),(77,118,5,NULL),(77,119,5,NULL),(77,120,5,NULL),(77,121,5,NULL),(77,122,5,NULL),(77,123,5,NULL),(77,105,5,1),(77,106,6,NULL),(77,107,6,NULL),(77,108,6,NULL),(77,109,6,NULL),(77,110,6,NULL),(77,111,6,NULL),(77,112,6,NULL),(77,113,6,NULL),(77,114,6,NULL),(77,115,6,NULL),(77,116,6,NULL),(77,117,6,NULL),(77,118,6,NULL),(77,119,6,NULL),(77,120,6,NULL),(77,121,6,NULL),(77,122,6,NULL),(77,123,6,NULL),(77,105,6,1),(77,106,7,NULL),(77,107,7,NULL),(77,108,7,NULL),(77,109,7,NULL),(77,110,7,NULL),(77,111,7,NULL),(77,112,7,NULL),(77,113,7,NULL),(77,114,7,NULL),(77,115,7,NULL),(77,116,7,NULL),(77,117,7,NULL),(77,118,7,NULL),(77,119,7,NULL),(77,120,7,NULL),(77,121,7,NULL),(77,122,7,NULL),(77,123,7,NULL),(77,105,7,1),(77,106,8,NULL),(77,107,8,NULL),(77,108,8,NULL),(77,109,8,NULL),(77,110,8,NULL),(77,111,8,NULL),(77,112,8,NULL),(77,113,8,NULL),(77,114,8,NULL),(77,115,8,NULL),(77,116,8,NULL),(77,117,8,NULL),(77,118,8,NULL),(77,119,8,NULL),(77,120,8,NULL),(77,121,8,NULL),(77,122,8,NULL),(77,123,8,NULL),(77,105,8,1),(77,106,10,NULL),(77,107,10,NULL),(77,108,10,NULL),(77,109,10,NULL),(77,110,10,NULL),(77,111,10,NULL),(77,112,10,NULL),(77,113,10,NULL),(77,114,10,NULL),(77,115,10,NULL),(77,116,10,NULL),(77,117,10,NULL),(77,118,10,NULL),(77,119,10,NULL),(77,120,10,NULL),(77,121,10,NULL),(77,122,10,NULL),(77,123,10,NULL),(77,105,10,1),(77,106,11,NULL),(77,107,11,NULL),(77,108,11,NULL),(77,109,11,NULL),(77,110,11,NULL),(77,111,11,NULL),(77,112,11,NULL),(77,113,11,NULL),(77,114,11,NULL),(77,115,11,NULL),(77,116,11,NULL),(77,117,11,NULL),(77,118,11,NULL),(77,119,11,NULL),(77,120,11,NULL),(77,121,11,NULL),(77,122,11,NULL),(77,123,11,NULL),(77,105,11,1),(77,106,12,NULL),(77,107,12,NULL),(77,108,12,NULL),(77,109,12,NULL),(77,110,12,NULL),(77,111,12,NULL),(77,112,12,NULL),(77,113,12,NULL),(77,114,12,NULL),(77,115,12,NULL),(77,116,12,NULL),(77,117,12,NULL),(77,118,12,NULL),(77,119,12,NULL),(77,120,12,NULL),(77,121,12,NULL),(77,122,12,NULL),(77,123,12,NULL),(77,105,12,1),(77,106,13,NULL),(77,107,13,NULL),(77,108,13,NULL),(77,109,13,NULL),(77,110,13,NULL),(77,111,13,NULL),(77,112,13,NULL),(77,113,13,NULL),(77,114,13,NULL),(77,115,13,NULL),(77,116,13,NULL),(77,117,13,NULL),(77,118,13,NULL),(77,119,13,NULL),(77,120,13,NULL),(77,121,13,NULL),(77,122,13,NULL),(77,123,13,NULL),(77,105,13,1),(78,125,3,NULL),(78,126,3,NULL),(78,127,3,NULL),(78,128,3,NULL),(78,129,3,NULL),(78,130,3,NULL),(78,131,3,NULL),(78,132,3,NULL),(78,133,3,NULL),(78,134,3,NULL),(78,135,3,NULL),(78,136,3,NULL),(78,137,3,NULL),(78,138,3,NULL),(78,139,3,NULL),(78,140,3,NULL),(78,141,3,NULL),(78,142,3,NULL),(78,124,3,1),(78,125,4,NULL),(78,126,4,NULL),(78,127,4,NULL),(78,128,4,NULL),(78,129,4,NULL),(78,130,4,NULL),(78,131,4,NULL),(78,132,4,NULL),(78,133,4,NULL),(78,134,4,NULL),(78,135,4,NULL),(78,136,4,NULL),(78,137,4,NULL),(78,138,4,NULL),(78,139,4,NULL),(78,140,4,NULL),(78,141,4,NULL),(78,142,4,NULL),(78,124,4,1),(78,125,5,NULL),(78,126,5,NULL),(78,127,5,NULL),(78,128,5,NULL),(78,129,5,NULL),(78,130,5,NULL),(78,131,5,NULL),(78,132,5,NULL),(78,133,5,NULL),(78,134,5,NULL),(78,135,5,NULL),(78,136,5,NULL),(78,137,5,NULL),(78,138,5,NULL),(78,139,5,NULL),(78,140,5,NULL),(78,141,5,NULL),(78,142,5,NULL),(78,124,5,1),(78,125,6,NULL),(78,126,6,NULL),(78,127,6,NULL),(78,128,6,NULL),(78,129,6,NULL),(78,130,6,NULL),(78,131,6,NULL),(78,132,6,NULL),(78,133,6,NULL),(78,134,6,NULL),(78,135,6,NULL),(78,136,6,NULL),(78,137,6,NULL),(78,138,6,NULL),(78,139,6,NULL),(78,140,6,NULL),(78,141,6,NULL),(78,142,6,NULL),(78,124,6,1),(78,125,7,NULL),(78,126,7,NULL),(78,127,7,NULL),(78,128,7,NULL),(78,129,7,NULL),(78,130,7,NULL),(78,131,7,NULL),(78,132,7,NULL),(78,133,7,NULL),(78,134,7,NULL),(78,135,7,NULL),(78,136,7,NULL),(78,137,7,NULL),(78,138,7,NULL),(78,139,7,NULL),(78,140,7,NULL),(78,141,7,NULL),(78,142,7,NULL),(78,124,7,1),(78,125,8,NULL),(78,126,8,NULL),(78,127,8,NULL),(78,128,8,NULL),(78,129,8,NULL),(78,130,8,NULL),(78,131,8,NULL),(78,132,8,NULL),(78,133,8,NULL),(78,134,8,NULL),(78,135,8,NULL),(78,136,8,NULL),(78,137,8,NULL),(78,138,8,NULL),(78,139,8,NULL),(78,140,8,NULL),(78,141,8,NULL),(78,142,8,NULL),(78,124,8,1),(78,125,10,NULL),(78,126,10,NULL),(78,127,10,NULL),(78,128,10,NULL),(78,129,10,NULL),(78,130,10,NULL),(78,131,10,NULL),(78,132,10,NULL),(78,133,10,NULL),(78,134,10,NULL),(78,135,10,NULL),(78,136,10,NULL),(78,137,10,NULL),(78,138,10,NULL),(78,139,10,NULL),(78,140,10,NULL),(78,141,10,NULL),(78,142,10,NULL),(78,124,10,1),(78,125,11,NULL),(78,126,11,NULL),(78,127,11,NULL),(78,128,11,NULL),(78,129,11,NULL),(78,130,11,NULL),(78,131,11,NULL),(78,132,11,NULL),(78,133,11,NULL),(78,134,11,NULL),(78,135,11,NULL),(78,136,11,NULL),(78,137,11,NULL),(78,138,11,NULL),(78,139,11,NULL),(78,140,11,NULL),(78,141,11,NULL),(78,142,11,NULL),(78,124,11,1),(78,125,12,NULL),(78,126,12,NULL),(78,127,12,NULL),(78,128,12,NULL),(78,129,12,NULL),(78,130,12,NULL),(78,131,12,NULL),(78,132,12,NULL),(78,133,12,NULL),(78,134,12,NULL),(78,135,12,NULL),(78,136,12,NULL),(78,137,12,NULL),(78,138,12,NULL),(78,139,12,NULL),(78,140,12,NULL),(78,141,12,NULL),(78,142,12,NULL),(78,124,12,1),(78,125,13,NULL),(78,126,13,NULL),(78,127,13,NULL),(78,128,13,NULL),(78,129,13,NULL),(78,130,13,NULL),(78,131,13,NULL),(78,132,13,NULL),(78,133,13,NULL),(78,134,13,NULL),(78,135,13,NULL),(78,136,13,NULL),(78,137,13,NULL),(78,138,13,NULL),(78,139,13,NULL),(78,140,13,NULL),(78,141,13,NULL),(78,142,13,NULL),(78,124,13,1),(79,144,3,NULL),(79,145,3,NULL),(79,146,3,NULL),(79,147,3,NULL),(79,148,3,NULL),(79,143,3,1),(79,144,4,NULL),(79,145,4,NULL),(79,146,4,NULL),(79,147,4,NULL),(79,148,4,NULL),(79,143,4,1),(79,144,5,NULL),(79,145,5,NULL),(79,146,5,NULL),(79,147,5,NULL),(79,148,5,NULL),(79,143,5,1),(79,144,6,NULL),(79,145,6,NULL),(79,146,6,NULL),(79,147,6,NULL),(79,148,6,NULL),(79,143,6,1),(79,144,7,NULL),(79,145,7,NULL),(79,146,7,NULL),(79,147,7,NULL),(79,148,7,NULL),(79,143,7,1),(79,144,8,NULL),(79,145,8,NULL),(79,146,8,NULL),(79,147,8,NULL),(79,148,8,NULL),(79,143,8,1),(79,144,10,NULL),(79,145,10,NULL),(79,146,10,NULL),(79,147,10,NULL),(79,148,10,NULL),(79,143,10,1),(79,144,11,NULL),(79,145,11,NULL),(79,146,11,NULL),(79,147,11,NULL),(79,148,11,NULL),(79,143,11,1),(79,144,12,NULL),(79,145,12,NULL),(79,146,12,NULL),(79,147,12,NULL),(79,148,12,NULL),(79,143,12,1),(79,144,13,NULL),(79,145,13,NULL),(79,146,13,NULL),(79,147,13,NULL),(79,148,13,NULL),(79,143,13,1),(80,150,3,NULL),(80,151,3,NULL),(80,152,3,NULL),(80,153,3,NULL),(80,154,3,NULL),(80,149,3,1),(80,150,4,NULL),(80,151,4,NULL),(80,152,4,NULL),(80,153,4,NULL),(80,154,4,NULL),(80,149,4,1),(80,150,5,NULL),(80,151,5,NULL),(80,152,5,NULL),(80,153,5,NULL),(80,154,5,NULL),(80,149,5,1),(80,150,6,NULL),(80,151,6,NULL),(80,152,6,NULL),(80,153,6,NULL),(80,154,6,NULL),(80,149,6,1),(80,150,7,NULL),(80,151,7,NULL),(80,152,7,NULL),(80,153,7,NULL),(80,154,7,NULL),(80,149,7,1),(80,150,8,NULL),(80,151,8,NULL),(80,152,8,NULL),(80,153,8,NULL),(80,154,8,NULL),(80,149,8,1),(80,150,10,NULL),(80,151,10,NULL),(80,152,10,NULL),(80,153,10,NULL),(80,154,10,NULL),(80,149,10,1),(80,150,11,NULL),(80,151,11,NULL),(80,152,11,NULL),(80,153,11,NULL),(80,154,11,NULL),(80,149,11,1),(80,150,12,NULL),(80,151,12,NULL),(80,152,12,NULL),(80,153,12,NULL),(80,154,12,NULL),(80,149,12,1),(80,150,13,NULL),(80,151,13,NULL),(80,152,13,NULL),(80,153,13,NULL),(80,154,13,NULL),(80,149,13,1),(81,156,3,NULL),(81,157,3,NULL),(81,158,3,NULL),(81,159,3,NULL),(81,160,3,NULL),(81,155,3,1),(81,156,4,NULL),(81,157,4,NULL),(81,158,4,NULL),(81,159,4,NULL),(81,160,4,NULL),(81,155,4,1),(81,156,5,NULL),(81,157,5,NULL),(81,158,5,NULL),(81,159,5,NULL),(81,160,5,NULL),(81,155,5,1),(81,156,6,NULL),(81,157,6,NULL),(81,158,6,NULL),(81,159,6,NULL),(81,160,6,NULL),(81,155,6,1),(81,156,7,NULL),(81,157,7,NULL),(81,158,7,NULL),(81,159,7,NULL),(81,160,7,NULL),(81,155,7,1),(81,156,8,NULL),(81,157,8,NULL),(81,158,8,NULL),(81,159,8,NULL),(81,160,8,NULL),(81,155,8,1),(81,156,10,NULL),(81,157,10,NULL),(81,158,10,NULL),(81,159,10,NULL),(81,160,10,NULL),(81,155,10,1),(81,156,11,NULL),(81,157,11,NULL),(81,158,11,NULL),(81,159,11,NULL),(81,160,11,NULL),(81,155,11,1),(81,156,12,NULL),(81,157,12,NULL),(81,158,12,NULL),(81,159,12,NULL),(81,160,12,NULL),(81,155,12,1),(81,156,13,NULL),(81,157,13,NULL),(81,158,13,NULL),(81,159,13,NULL),(81,160,13,NULL),(81,155,13,1),(82,309,3,NULL),(82,312,3,NULL),(82,313,3,NULL),(82,314,3,NULL),(82,315,3,NULL),(82,316,3,NULL),(82,320,3,NULL),(82,322,3,NULL),(82,328,3,NULL),(82,308,3,1),(82,309,4,NULL),(82,312,4,NULL),(82,313,4,NULL),(82,314,4,NULL),(82,315,4,NULL),(82,316,4,NULL),(82,320,4,NULL),(82,322,4,NULL),(82,328,4,NULL),(82,308,4,1),(82,309,5,NULL),(82,312,5,NULL),(82,313,5,NULL),(82,314,5,NULL),(82,315,5,NULL),(82,316,5,NULL),(82,320,5,NULL),(82,322,5,NULL),(82,328,5,NULL),(82,308,5,1),(82,309,6,NULL),(82,312,6,NULL),(82,313,6,NULL),(82,314,6,NULL),(82,315,6,NULL),(82,316,6,NULL),(82,320,6,NULL),(82,322,6,NULL),(82,328,6,NULL),(82,308,6,1),(82,309,7,NULL),(82,312,7,NULL),(82,313,7,NULL),(82,314,7,NULL),(82,315,7,NULL),(82,316,7,NULL),(82,320,7,NULL),(82,322,7,NULL),(82,328,7,NULL),(82,308,7,1),(82,309,8,NULL),(82,312,8,NULL),(82,313,8,NULL),(82,314,8,NULL),(82,315,8,NULL),(82,316,8,NULL),(82,320,8,NULL),(82,322,8,NULL),(82,328,8,NULL),(82,308,8,1),(82,309,10,NULL),(82,312,10,NULL),(82,313,10,NULL),(82,314,10,NULL),(82,315,10,NULL),(82,316,10,NULL),(82,320,10,NULL),(82,322,10,NULL),(82,328,10,NULL),(82,308,10,1),(82,309,11,NULL),(82,312,11,NULL),(82,313,11,NULL),(82,314,11,NULL),(82,315,11,NULL),(82,316,11,NULL),(82,320,11,NULL),(82,322,11,NULL),(82,328,11,NULL),(82,308,11,1),(82,309,12,NULL),(82,312,12,NULL),(82,313,12,NULL),(82,314,12,NULL),(82,315,12,NULL),(82,316,12,NULL),(82,320,12,NULL),(82,322,12,NULL),(82,328,12,NULL),(82,308,12,1),(82,309,13,NULL),(82,312,13,NULL),(82,313,13,NULL),(82,314,13,NULL),(82,315,13,NULL),(82,316,13,NULL),(82,320,13,NULL),(82,322,13,NULL),(82,328,13,NULL),(82,308,13,1),(83,317,3,NULL),(83,318,3,NULL),(83,319,3,NULL),(83,321,3,NULL),(83,323,3,NULL),(83,324,3,NULL),(83,325,3,NULL),(83,326,3,NULL),(83,327,3,NULL),(83,329,3,NULL),(83,330,3,NULL),(83,331,3,NULL),(83,311,3,1),(83,317,4,NULL),(83,318,4,NULL),(83,319,4,NULL),(83,321,4,NULL),(83,323,4,NULL),(83,324,4,NULL),(83,325,4,NULL),(83,326,4,NULL),(83,327,4,NULL),(83,329,4,NULL),(83,330,4,NULL),(83,331,4,NULL),(83,311,4,1),(83,317,5,NULL),(83,318,5,NULL),(83,319,5,NULL),(83,321,5,NULL),(83,323,5,NULL),(83,324,5,NULL),(83,325,5,NULL),(83,326,5,NULL),(83,327,5,NULL),(83,329,5,NULL),(83,330,5,NULL),(83,331,5,NULL),(83,311,5,1),(83,317,6,NULL),(83,318,6,NULL),(83,319,6,NULL),(83,321,6,NULL),(83,323,6,NULL),(83,324,6,NULL),(83,325,6,NULL),(83,326,6,NULL),(83,327,6,NULL),(83,329,6,NULL),(83,330,6,NULL),(83,331,6,NULL),(83,311,6,1),(83,317,7,NULL),(83,318,7,NULL),(83,319,7,NULL),(83,321,7,NULL),(83,323,7,NULL),(83,324,7,NULL),(83,325,7,NULL),(83,326,7,NULL),(83,327,7,NULL),(83,329,7,NULL),(83,330,7,NULL),(83,331,7,NULL),(83,311,7,1),(83,317,8,NULL),(83,318,8,NULL),(83,319,8,NULL),(83,321,8,NULL),(83,323,8,NULL),(83,324,8,NULL),(83,325,8,NULL),(83,326,8,NULL),(83,327,8,NULL),(83,329,8,NULL),(83,330,8,NULL),(83,331,8,NULL),(83,311,8,1),(83,317,10,NULL),(83,318,10,NULL),(83,319,10,NULL),(83,321,10,NULL),(83,323,10,NULL),(83,324,10,NULL),(83,325,10,NULL),(83,326,10,NULL),(83,327,10,NULL),(83,329,10,NULL),(83,330,10,NULL),(83,331,10,NULL),(83,311,10,1),(83,317,11,NULL),(83,318,11,NULL),(83,319,11,NULL),(83,321,11,NULL),(83,323,11,NULL),(83,324,11,NULL),(83,325,11,NULL),(83,326,11,NULL),(83,327,11,NULL),(83,329,11,NULL),(83,330,11,NULL),(83,331,11,NULL),(83,311,11,1),(83,317,12,NULL),(83,318,12,NULL),(83,319,12,NULL),(83,321,12,NULL),(83,323,12,NULL),(83,324,12,NULL),(83,325,12,NULL),(83,326,12,NULL),(83,327,12,NULL),(83,329,12,NULL),(83,330,12,NULL),(83,331,12,NULL),(83,311,12,1),(83,317,13,NULL),(83,318,13,NULL),(83,319,13,NULL),(83,321,13,NULL),(83,323,13,NULL),(83,324,13,NULL),(83,325,13,NULL),(83,326,13,NULL),(83,327,13,NULL),(83,329,13,NULL),(83,330,13,NULL),(83,331,13,NULL),(83,311,13,1),(84,162,3,NULL),(84,163,3,NULL),(84,164,3,NULL),(84,165,3,NULL),(84,166,3,NULL),(84,167,3,NULL),(84,168,3,NULL),(84,169,3,NULL),(84,170,3,NULL),(84,171,3,NULL),(84,172,3,NULL),(84,173,3,NULL),(84,174,3,NULL),(84,175,3,NULL),(84,176,3,NULL),(84,161,3,1),(84,162,4,NULL),(84,163,4,NULL),(84,164,4,NULL),(84,165,4,NULL),(84,166,4,NULL),(84,167,4,NULL),(84,168,4,NULL),(84,169,4,NULL),(84,170,4,NULL),(84,171,4,NULL),(84,172,4,NULL),(84,173,4,NULL),(84,174,4,NULL),(84,175,4,NULL),(84,176,4,NULL),(84,161,4,1),(84,162,5,NULL),(84,163,5,NULL),(84,164,5,NULL),(84,165,5,NULL),(84,166,5,NULL),(84,167,5,NULL),(84,168,5,NULL),(84,169,5,NULL),(84,170,5,NULL),(84,171,5,NULL),(84,172,5,NULL),(84,173,5,NULL),(84,174,5,NULL),(84,175,5,NULL),(84,176,5,NULL),(84,161,5,1),(84,162,6,NULL),(84,163,6,NULL),(84,164,6,NULL),(84,165,6,NULL),(84,166,6,NULL),(84,167,6,NULL),(84,168,6,NULL),(84,169,6,NULL),(84,170,6,NULL),(84,171,6,NULL),(84,172,6,NULL),(84,173,6,NULL),(84,174,6,NULL),(84,175,6,NULL),(84,176,6,NULL),(84,161,6,1),(84,162,7,NULL),(84,163,7,NULL),(84,164,7,NULL),(84,165,7,NULL),(84,166,7,NULL),(84,167,7,NULL),(84,168,7,NULL),(84,169,7,NULL),(84,170,7,NULL),(84,171,7,NULL),(84,172,7,NULL),(84,173,7,NULL),(84,174,7,NULL),(84,175,7,NULL),(84,176,7,NULL),(84,161,7,1),(84,162,8,NULL),(84,163,8,NULL),(84,164,8,NULL),(84,165,8,NULL),(84,166,8,NULL),(84,167,8,NULL),(84,168,8,NULL),(84,169,8,NULL),(84,170,8,NULL),(84,171,8,NULL),(84,172,8,NULL),(84,173,8,NULL),(84,174,8,NULL),(84,175,8,NULL),(84,176,8,NULL),(84,161,8,1),(84,162,10,NULL),(84,163,10,NULL),(84,164,10,NULL),(84,165,10,NULL),(84,166,10,NULL),(84,167,10,NULL),(84,168,10,NULL),(84,169,10,NULL),(84,170,10,NULL),(84,171,10,NULL),(84,172,10,NULL),(84,173,10,NULL),(84,174,10,NULL),(84,175,10,NULL),(84,176,10,NULL),(84,161,10,1),(84,162,11,NULL),(84,163,11,NULL),(84,164,11,NULL),(84,165,11,NULL),(84,166,11,NULL),(84,167,11,NULL),(84,168,11,NULL),(84,169,11,NULL),(84,170,11,NULL),(84,171,11,NULL),(84,172,11,NULL),(84,173,11,NULL),(84,174,11,NULL),(84,175,11,NULL),(84,176,11,NULL),(84,161,11,1),(84,162,12,NULL),(84,163,12,NULL),(84,164,12,NULL),(84,165,12,NULL),(84,166,12,NULL),(84,167,12,NULL),(84,168,12,NULL),(84,169,12,NULL),(84,170,12,NULL),(84,171,12,NULL),(84,172,12,NULL),(84,173,12,NULL),(84,174,12,NULL),(84,175,12,NULL),(84,176,12,NULL),(84,161,12,1),(84,162,13,NULL),(84,163,13,NULL),(84,164,13,NULL),(84,165,13,NULL),(84,166,13,NULL),(84,167,13,NULL),(84,168,13,NULL),(84,169,13,NULL),(84,170,13,NULL),(84,171,13,NULL),(84,172,13,NULL),(84,173,13,NULL),(84,174,13,NULL),(84,175,13,NULL),(84,176,13,NULL),(84,161,13,1),(85,178,3,NULL),(85,179,3,NULL),(85,180,3,NULL),(85,181,3,NULL),(85,182,3,NULL),(85,183,3,NULL),(85,184,3,NULL),(85,185,3,NULL),(85,186,3,NULL),(85,187,3,NULL),(85,188,3,NULL),(85,189,3,NULL),(85,190,3,NULL),(85,191,3,NULL),(85,192,3,NULL),(85,193,3,NULL),(85,177,3,1),(85,178,4,NULL),(85,179,4,NULL),(85,180,4,NULL),(85,181,4,NULL),(85,182,4,NULL),(85,183,4,NULL),(85,184,4,NULL),(85,185,4,NULL),(85,186,4,NULL),(85,187,4,NULL),(85,188,4,NULL),(85,189,4,NULL),(85,190,4,NULL),(85,191,4,NULL),(85,192,4,NULL),(85,193,4,NULL),(85,177,4,1),(85,178,5,NULL),(85,179,5,NULL),(85,180,5,NULL),(85,181,5,NULL),(85,182,5,NULL),(85,183,5,NULL),(85,184,5,NULL),(85,185,5,NULL),(85,186,5,NULL),(85,187,5,NULL),(85,188,5,NULL),(85,189,5,NULL),(85,190,5,NULL),(85,191,5,NULL),(85,192,5,NULL),(85,193,5,NULL),(85,177,5,1),(85,178,6,NULL),(85,179,6,NULL),(85,180,6,NULL),(85,181,6,NULL),(85,182,6,NULL),(85,183,6,NULL),(85,184,6,NULL),(85,185,6,NULL),(85,186,6,NULL),(85,187,6,NULL),(85,188,6,NULL),(85,189,6,NULL),(85,190,6,NULL),(85,191,6,NULL),(85,192,6,NULL),(85,193,6,NULL),(85,177,6,1),(85,178,7,NULL),(85,179,7,NULL),(85,180,7,NULL),(85,181,7,NULL),(85,182,7,NULL),(85,183,7,NULL),(85,184,7,NULL),(85,185,7,NULL),(85,186,7,NULL),(85,187,7,NULL),(85,188,7,NULL),(85,189,7,NULL),(85,190,7,NULL),(85,191,7,NULL),(85,192,7,NULL),(85,193,7,NULL),(85,177,7,1),(85,178,8,NULL),(85,179,8,NULL),(85,180,8,NULL),(85,181,8,NULL),(85,182,8,NULL),(85,183,8,NULL),(85,184,8,NULL),(85,185,8,NULL),(85,186,8,NULL),(85,187,8,NULL),(85,188,8,NULL),(85,189,8,NULL),(85,190,8,NULL),(85,191,8,NULL),(85,192,8,NULL),(85,193,8,NULL),(85,177,8,1),(85,178,10,NULL),(85,179,10,NULL),(85,180,10,NULL),(85,181,10,NULL),(85,182,10,NULL),(85,183,10,NULL),(85,184,10,NULL),(85,185,10,NULL),(85,186,10,NULL),(85,187,10,NULL),(85,188,10,NULL),(85,189,10,NULL),(85,190,10,NULL),(85,191,10,NULL),(85,192,10,NULL),(85,193,10,NULL),(85,177,10,1),(85,178,11,NULL),(85,179,11,NULL),(85,180,11,NULL),(85,181,11,NULL),(85,182,11,NULL),(85,183,11,NULL),(85,184,11,NULL),(85,185,11,NULL),(85,186,11,NULL),(85,187,11,NULL),(85,188,11,NULL),(85,189,11,NULL),(85,190,11,NULL),(85,191,11,NULL),(85,192,11,NULL),(85,193,11,NULL),(85,177,11,1),(85,178,12,NULL),(85,179,12,NULL),(85,180,12,NULL),(85,181,12,NULL),(85,182,12,NULL),(85,183,12,NULL),(85,184,12,NULL),(85,185,12,NULL),(85,186,12,NULL),(85,187,12,NULL),(85,188,12,NULL),(85,189,12,NULL),(85,190,12,NULL),(85,191,12,NULL),(85,192,12,NULL),(85,193,12,NULL),(85,177,12,1),(85,178,13,NULL),(85,179,13,NULL),(85,180,13,NULL),(85,181,13,NULL),(85,182,13,NULL),(85,183,13,NULL),(85,184,13,NULL),(85,185,13,NULL),(85,186,13,NULL),(85,187,13,NULL),(85,188,13,NULL),(85,189,13,NULL),(85,190,13,NULL),(85,191,13,NULL),(85,192,13,NULL),(85,193,13,NULL),(85,177,13,1),(86,195,3,NULL),(86,196,3,NULL),(86,197,3,NULL),(86,198,3,NULL),(86,199,3,NULL),(86,200,3,NULL),(86,201,3,NULL),(86,194,3,1),(86,195,4,NULL),(86,196,4,NULL),(86,197,4,NULL),(86,198,4,NULL),(86,199,4,NULL),(86,200,4,NULL),(86,201,4,NULL),(86,194,4,1),(86,195,5,NULL),(86,196,5,NULL),(86,197,5,NULL),(86,198,5,NULL),(86,199,5,NULL),(86,200,5,NULL),(86,201,5,NULL),(86,194,5,1),(86,195,6,NULL),(86,196,6,NULL),(86,197,6,NULL),(86,198,6,NULL),(86,199,6,NULL),(86,200,6,NULL),(86,201,6,NULL),(86,194,6,1),(86,195,7,NULL),(86,196,7,NULL),(86,197,7,NULL),(86,198,7,NULL),(86,199,7,NULL),(86,200,7,NULL),(86,201,7,NULL),(86,194,7,1),(86,195,8,NULL),(86,196,8,NULL),(86,197,8,NULL),(86,198,8,NULL),(86,199,8,NULL),(86,200,8,NULL),(86,201,8,NULL),(86,194,8,1),(86,195,10,NULL),(86,196,10,NULL),(86,197,10,NULL),(86,198,10,NULL),(86,199,10,NULL),(86,200,10,NULL),(86,201,10,NULL),(86,194,10,1),(86,195,11,NULL),(86,196,11,NULL),(86,197,11,NULL),(86,198,11,NULL),(86,199,11,NULL),(86,200,11,NULL),(86,201,11,NULL),(86,194,11,1),(86,195,12,NULL),(86,196,12,NULL),(86,197,12,NULL),(86,198,12,NULL),(86,199,12,NULL),(86,200,12,NULL),(86,201,12,NULL),(86,194,12,1),(86,195,13,NULL),(86,196,13,NULL),(86,197,13,NULL),(86,198,13,NULL),(86,199,13,NULL),(86,200,13,NULL),(86,201,13,NULL),(86,194,13,1),(87,203,3,NULL),(87,204,3,NULL),(87,205,3,NULL),(87,206,3,NULL),(87,207,3,NULL),(87,208,3,NULL),(87,209,3,NULL),(87,202,3,1),(87,203,4,NULL),(87,204,4,NULL),(87,205,4,NULL),(87,206,4,NULL),(87,207,4,NULL),(87,208,4,NULL),(87,209,4,NULL),(87,202,4,1),(87,203,5,NULL),(87,204,5,NULL),(87,205,5,NULL),(87,206,5,NULL),(87,207,5,NULL),(87,208,5,NULL),(87,209,5,NULL),(87,202,5,1),(87,203,6,NULL),(87,204,6,NULL),(87,205,6,NULL),(87,206,6,NULL),(87,207,6,NULL),(87,208,6,NULL),(87,209,6,NULL),(87,202,6,1),(87,203,7,NULL),(87,204,7,NULL),(87,205,7,NULL),(87,206,7,NULL),(87,207,7,NULL),(87,208,7,NULL),(87,209,7,NULL),(87,202,7,1),(87,203,8,NULL),(87,204,8,NULL),(87,205,8,NULL),(87,206,8,NULL),(87,207,8,NULL),(87,208,8,NULL),(87,209,8,NULL),(87,202,8,1),(87,203,10,NULL),(87,204,10,NULL),(87,205,10,NULL),(87,206,10,NULL),(87,207,10,NULL),(87,208,10,NULL),(87,209,10,NULL),(87,202,10,1),(87,203,11,NULL),(87,204,11,NULL),(87,205,11,NULL),(87,206,11,NULL),(87,207,11,NULL),(87,208,11,NULL),(87,209,11,NULL),(87,202,11,1),(87,203,12,NULL),(87,204,12,NULL),(87,205,12,NULL),(87,206,12,NULL),(87,207,12,NULL),(87,208,12,NULL),(87,209,12,NULL),(87,202,12,1),(87,203,13,NULL),(87,204,13,NULL),(87,205,13,NULL),(87,206,13,NULL),(87,207,13,NULL),(87,208,13,NULL),(87,209,13,NULL),(87,202,13,1),(88,211,3,NULL),(88,212,3,NULL),(88,213,3,NULL),(88,214,3,NULL),(88,215,3,NULL),(88,216,3,NULL),(88,217,3,NULL),(88,210,3,1),(88,211,4,NULL),(88,212,4,NULL),(88,213,4,NULL),(88,214,4,NULL),(88,215,4,NULL),(88,216,4,NULL),(88,217,4,NULL),(88,210,4,1),(88,211,5,NULL),(88,212,5,NULL),(88,213,5,NULL),(88,214,5,NULL),(88,215,5,NULL),(88,216,5,NULL),(88,217,5,NULL),(88,210,5,1),(88,211,6,NULL),(88,212,6,NULL),(88,213,6,NULL),(88,214,6,NULL),(88,215,6,NULL),(88,216,6,NULL),(88,217,6,NULL),(88,210,6,1),(88,211,7,NULL),(88,212,7,NULL),(88,213,7,NULL),(88,214,7,NULL),(88,215,7,NULL),(88,216,7,NULL),(88,217,7,NULL),(88,210,7,1),(88,211,8,NULL),(88,212,8,NULL),(88,213,8,NULL),(88,214,8,NULL),(88,215,8,NULL),(88,216,8,NULL),(88,217,8,NULL),(88,210,8,1),(88,211,10,NULL),(88,212,10,NULL),(88,213,10,NULL),(88,214,10,NULL),(88,215,10,NULL),(88,216,10,NULL),(88,217,10,NULL),(88,210,10,1),(88,211,11,NULL),(88,212,11,NULL),(88,213,11,NULL),(88,214,11,NULL),(88,215,11,NULL),(88,216,11,NULL),(88,217,11,NULL),(88,210,11,1),(88,211,12,NULL),(88,212,12,NULL),(88,213,12,NULL),(88,214,12,NULL),(88,215,12,NULL),(88,216,12,NULL),(88,217,12,NULL),(88,210,12,1),(88,211,13,NULL),(88,212,13,NULL),(88,213,13,NULL),(88,214,13,NULL),(88,215,13,NULL),(88,216,13,NULL),(88,217,13,NULL),(88,210,13,1),(89,219,3,NULL),(89,220,3,NULL),(89,221,3,NULL),(89,222,3,NULL),(89,223,3,NULL),(89,224,3,NULL),(89,225,3,NULL),(89,226,3,NULL),(89,227,3,NULL),(89,218,3,1),(89,219,4,NULL),(89,220,4,NULL),(89,221,4,NULL),(89,222,4,NULL),(89,223,4,NULL),(89,224,4,NULL),(89,225,4,NULL),(89,226,4,NULL),(89,227,4,NULL),(89,218,4,1),(89,219,5,NULL),(89,220,5,NULL),(89,221,5,NULL),(89,222,5,NULL),(89,223,5,NULL),(89,224,5,NULL),(89,225,5,NULL),(89,226,5,NULL),(89,227,5,NULL),(89,218,5,1),(89,219,6,NULL),(89,220,6,NULL),(89,221,6,NULL),(89,222,6,NULL),(89,223,6,NULL),(89,224,6,NULL),(89,225,6,NULL),(89,226,6,NULL),(89,227,6,NULL),(89,218,6,1),(89,219,7,NULL),(89,220,7,NULL),(89,221,7,NULL),(89,222,7,NULL),(89,223,7,NULL),(89,224,7,NULL),(89,225,7,NULL),(89,226,7,NULL),(89,227,7,NULL),(89,218,7,1),(89,219,8,NULL),(89,220,8,NULL),(89,221,8,NULL),(89,222,8,NULL),(89,223,8,NULL),(89,224,8,NULL),(89,225,8,NULL),(89,226,8,NULL),(89,227,8,NULL),(89,218,8,1),(89,219,10,NULL),(89,220,10,NULL),(89,221,10,NULL),(89,222,10,NULL),(89,223,10,NULL),(89,224,10,NULL),(89,225,10,NULL),(89,226,10,NULL),(89,227,10,NULL),(89,218,10,1),(89,219,11,NULL),(89,220,11,NULL),(89,221,11,NULL),(89,222,11,NULL),(89,223,11,NULL),(89,224,11,NULL),(89,225,11,NULL),(89,226,11,NULL),(89,227,11,NULL),(89,218,11,1),(89,219,12,NULL),(89,220,12,NULL),(89,221,12,NULL),(89,222,12,NULL),(89,223,12,NULL),(89,224,12,NULL),(89,225,12,NULL),(89,226,12,NULL),(89,227,12,NULL),(89,218,12,1),(89,219,13,NULL),(89,220,13,NULL),(89,221,13,NULL),(89,222,13,NULL),(89,223,13,NULL),(89,224,13,NULL),(89,225,13,NULL),(89,226,13,NULL),(89,227,13,NULL),(89,218,13,1),(90,229,3,NULL),(90,230,3,NULL),(90,231,3,NULL),(90,232,3,NULL),(90,233,3,NULL),(90,228,3,1),(90,229,4,NULL),(90,230,4,NULL),(90,231,4,NULL),(90,232,4,NULL),(90,233,4,NULL),(90,228,4,1),(90,229,5,NULL),(90,230,5,NULL),(90,231,5,NULL),(90,232,5,NULL),(90,233,5,NULL),(90,228,5,1),(90,229,6,NULL),(90,230,6,NULL),(90,231,6,NULL),(90,232,6,NULL),(90,233,6,NULL),(90,228,6,1),(90,229,7,NULL),(90,230,7,NULL),(90,231,7,NULL),(90,232,7,NULL),(90,233,7,NULL),(90,228,7,1),(90,229,8,NULL),(90,230,8,NULL),(90,231,8,NULL),(90,232,8,NULL),(90,233,8,NULL),(90,228,8,1),(90,229,10,NULL),(90,230,10,NULL),(90,231,10,NULL),(90,232,10,NULL),(90,233,10,NULL),(90,228,10,1),(90,229,11,NULL),(90,230,11,NULL),(90,231,11,NULL),(90,232,11,NULL),(90,233,11,NULL),(90,228,11,1),(90,229,12,NULL),(90,230,12,NULL),(90,231,12,NULL),(90,232,12,NULL),(90,233,12,NULL),(90,228,12,1),(90,229,13,NULL),(90,230,13,NULL),(90,231,13,NULL),(90,232,13,NULL),(90,233,13,NULL),(90,228,13,1),(91,235,3,NULL),(91,236,3,NULL),(91,237,3,NULL),(91,238,3,NULL),(91,239,3,NULL),(91,234,3,1),(91,235,4,NULL),(91,236,4,NULL),(91,237,4,NULL),(91,238,4,NULL),(91,239,4,NULL),(91,234,4,1),(91,235,5,NULL),(91,236,5,NULL),(91,237,5,NULL),(91,238,5,NULL),(91,239,5,NULL),(91,234,5,1),(91,235,6,NULL),(91,236,6,NULL),(91,237,6,NULL),(91,238,6,NULL),(91,239,6,NULL),(91,234,6,1),(91,235,7,NULL),(91,236,7,NULL),(91,237,7,NULL),(91,238,7,NULL),(91,239,7,NULL),(91,234,7,1),(91,235,8,NULL),(91,236,8,NULL),(91,237,8,NULL),(91,238,8,NULL),(91,239,8,NULL),(91,234,8,1),(91,235,10,NULL),(91,236,10,NULL),(91,237,10,NULL),(91,238,10,NULL),(91,239,10,NULL),(91,234,10,1),(91,235,11,NULL),(91,236,11,NULL),(91,237,11,NULL),(91,238,11,NULL),(91,239,11,NULL),(91,234,11,1),(91,235,12,NULL),(91,236,12,NULL),(91,237,12,NULL),(91,238,12,NULL),(91,239,12,NULL),(91,234,12,1),(91,235,13,NULL),(91,236,13,NULL),(91,237,13,NULL),(91,238,13,NULL),(91,239,13,NULL),(91,234,13,1),(92,241,3,NULL),(92,242,3,NULL),(92,243,3,NULL),(92,244,3,NULL),(92,245,3,NULL),(92,240,3,1),(92,241,4,NULL),(92,242,4,NULL),(92,243,4,NULL),(92,244,4,NULL),(92,245,4,NULL),(92,240,4,1),(92,241,5,NULL),(92,242,5,NULL),(92,243,5,NULL),(92,244,5,NULL),(92,245,5,NULL),(92,240,5,1),(92,241,6,NULL),(92,242,6,NULL),(92,243,6,NULL),(92,244,6,NULL),(92,245,6,NULL),(92,240,6,1),(92,241,7,NULL),(92,242,7,NULL),(92,243,7,NULL),(92,244,7,NULL),(92,245,7,NULL),(92,240,7,1),(92,241,8,NULL),(92,242,8,NULL),(92,243,8,NULL),(92,244,8,NULL),(92,245,8,NULL),(92,240,8,1),(92,241,10,NULL),(92,242,10,NULL),(92,243,10,NULL),(92,244,10,NULL),(92,245,10,NULL),(92,240,10,1),(92,241,11,NULL),(92,242,11,NULL),(92,243,11,NULL),(92,244,11,NULL),(92,245,11,NULL),(92,240,11,1),(92,241,12,NULL),(92,242,12,NULL),(92,243,12,NULL),(92,244,12,NULL),(92,245,12,NULL),(92,240,12,1),(92,241,13,NULL),(92,242,13,NULL),(92,243,13,NULL),(92,244,13,NULL),(92,245,13,NULL),(92,240,13,1),(93,247,3,NULL),(93,248,3,NULL),(93,249,3,NULL),(93,250,3,NULL),(93,251,3,NULL),(93,246,3,1),(93,247,4,NULL),(93,248,4,NULL),(93,249,4,NULL),(93,250,4,NULL),(93,251,4,NULL),(93,246,4,1),(93,247,5,NULL),(93,248,5,NULL),(93,249,5,NULL),(93,250,5,NULL),(93,251,5,NULL),(93,246,5,1),(93,247,6,NULL),(93,248,6,NULL),(93,249,6,NULL),(93,250,6,NULL),(93,251,6,NULL),(93,246,6,1),(93,247,7,NULL),(93,248,7,NULL),(93,249,7,NULL),(93,250,7,NULL),(93,251,7,NULL),(93,246,7,1),(93,247,8,NULL),(93,248,8,NULL),(93,249,8,NULL),(93,250,8,NULL),(93,251,8,NULL),(93,246,8,1),(93,247,10,NULL),(93,248,10,NULL),(93,249,10,NULL),(93,250,10,NULL),(93,251,10,NULL),(93,246,10,1),(93,247,11,NULL),(93,248,11,NULL),(93,249,11,NULL),(93,250,11,NULL),(93,251,11,NULL),(93,246,11,1),(93,247,12,NULL),(93,248,12,NULL),(93,249,12,NULL),(93,250,12,NULL),(93,251,12,NULL),(93,246,12,1),(93,247,13,NULL),(93,248,13,NULL),(93,249,13,NULL),(93,250,13,NULL),(93,251,13,NULL),(93,246,13,1),(94,253,3,NULL),(94,254,3,NULL),(94,255,3,NULL),(94,256,3,NULL),(94,257,3,NULL),(94,258,3,NULL),(94,259,3,NULL),(94,260,3,NULL),(94,261,3,NULL),(94,262,3,NULL),(94,263,3,NULL),(94,264,3,NULL),(94,265,3,NULL),(94,266,3,NULL),(94,267,3,NULL),(94,268,3,NULL),(94,252,3,1),(94,253,4,NULL),(94,254,4,NULL),(94,255,4,NULL),(94,256,4,NULL),(94,257,4,NULL),(94,258,4,NULL),(94,259,4,NULL),(94,260,4,NULL),(94,261,4,NULL),(94,262,4,NULL),(94,263,4,NULL),(94,264,4,NULL),(94,265,4,NULL),(94,266,4,NULL),(94,267,4,NULL),(94,268,4,NULL),(94,252,4,1),(94,253,5,NULL),(94,254,5,NULL),(94,255,5,NULL),(94,256,5,NULL),(94,257,5,NULL),(94,258,5,NULL),(94,259,5,NULL),(94,260,5,NULL),(94,261,5,NULL),(94,262,5,NULL),(94,263,5,NULL),(94,264,5,NULL),(94,265,5,NULL),(94,266,5,NULL),(94,267,5,NULL),(94,268,5,NULL),(94,252,5,1),(94,253,6,NULL),(94,254,6,NULL),(94,255,6,NULL),(94,256,6,NULL),(94,257,6,NULL),(94,258,6,NULL),(94,259,6,NULL),(94,260,6,NULL),(94,261,6,NULL),(94,262,6,NULL),(94,263,6,NULL),(94,264,6,NULL),(94,265,6,NULL),(94,266,6,NULL),(94,267,6,NULL),(94,268,6,NULL),(94,252,6,1),(94,253,7,NULL),(94,254,7,NULL),(94,255,7,NULL),(94,256,7,NULL),(94,257,7,NULL),(94,258,7,NULL),(94,259,7,NULL),(94,260,7,NULL),(94,261,7,NULL),(94,262,7,NULL),(94,263,7,NULL),(94,264,7,NULL),(94,265,7,NULL),(94,266,7,NULL),(94,267,7,NULL),(94,268,7,NULL),(94,252,7,1),(94,253,8,NULL),(94,254,8,NULL),(94,255,8,NULL),(94,256,8,NULL),(94,257,8,NULL),(94,258,8,NULL),(94,259,8,NULL),(94,260,8,NULL),(94,261,8,NULL),(94,262,8,NULL),(94,263,8,NULL),(94,264,8,NULL),(94,265,8,NULL),(94,266,8,NULL),(94,267,8,NULL),(94,268,8,NULL),(94,252,8,1),(94,253,10,NULL),(94,254,10,NULL),(94,255,10,NULL),(94,256,10,NULL),(94,257,10,NULL),(94,258,10,NULL),(94,259,10,NULL),(94,260,10,NULL),(94,261,10,NULL),(94,262,10,NULL),(94,263,10,NULL),(94,264,10,NULL),(94,265,10,NULL),(94,266,10,NULL),(94,267,10,NULL),(94,268,10,NULL),(94,252,10,1),(94,253,11,NULL),(94,254,11,NULL),(94,255,11,NULL),(94,256,11,NULL),(94,257,11,NULL),(94,258,11,NULL),(94,259,11,NULL),(94,260,11,NULL),(94,261,11,NULL),(94,262,11,NULL),(94,263,11,NULL),(94,264,11,NULL),(94,265,11,NULL),(94,266,11,NULL),(94,267,11,NULL),(94,268,11,NULL),(94,252,11,1),(94,253,12,NULL),(94,254,12,NULL),(94,255,12,NULL),(94,256,12,NULL),(94,257,12,NULL),(94,258,12,NULL),(94,259,12,NULL),(94,260,12,NULL),(94,261,12,NULL),(94,262,12,NULL),(94,263,12,NULL),(94,264,12,NULL),(94,265,12,NULL),(94,266,12,NULL),(94,267,12,NULL),(94,268,12,NULL),(94,252,12,1),(94,253,13,NULL),(94,254,13,NULL),(94,255,13,NULL),(94,256,13,NULL),(94,257,13,NULL),(94,258,13,NULL),(94,259,13,NULL),(94,260,13,NULL),(94,261,13,NULL),(94,262,13,NULL),(94,263,13,NULL),(94,264,13,NULL),(94,265,13,NULL),(94,266,13,NULL),(94,267,13,NULL),(94,268,13,NULL),(94,252,13,1),(95,270,3,NULL),(95,271,3,NULL),(95,272,3,NULL),(95,273,3,NULL),(95,274,3,NULL),(95,275,3,NULL),(95,276,3,NULL),(95,277,3,NULL),(95,278,3,NULL),(95,279,3,NULL),(95,280,3,NULL),(95,281,3,NULL),(95,282,3,NULL),(95,283,3,NULL),(95,284,3,NULL),(95,285,3,NULL),(95,286,3,NULL),(95,269,3,1),(95,270,4,NULL),(95,271,4,NULL),(95,272,4,NULL),(95,273,4,NULL),(95,274,4,NULL),(95,275,4,NULL),(95,276,4,NULL),(95,277,4,NULL),(95,278,4,NULL),(95,279,4,NULL),(95,280,4,NULL),(95,281,4,NULL),(95,282,4,NULL),(95,283,4,NULL),(95,284,4,NULL),(95,285,4,NULL),(95,286,4,NULL),(95,269,4,1),(95,270,5,NULL),(95,271,5,NULL),(95,272,5,NULL),(95,273,5,NULL),(95,274,5,NULL),(95,275,5,NULL),(95,276,5,NULL),(95,277,5,NULL),(95,278,5,NULL),(95,279,5,NULL),(95,280,5,NULL),(95,281,5,NULL),(95,282,5,NULL),(95,283,5,NULL),(95,284,5,NULL),(95,285,5,NULL),(95,286,5,NULL),(95,269,5,1),(95,270,6,NULL),(95,271,6,NULL),(95,272,6,NULL),(95,273,6,NULL),(95,274,6,NULL),(95,275,6,NULL),(95,276,6,NULL),(95,277,6,NULL),(95,278,6,NULL),(95,279,6,NULL),(95,280,6,NULL),(95,281,6,NULL),(95,282,6,NULL),(95,283,6,NULL),(95,284,6,NULL),(95,285,6,NULL),(95,286,6,NULL),(95,269,6,1),(95,270,7,NULL),(95,271,7,NULL),(95,272,7,NULL),(95,273,7,NULL),(95,274,7,NULL),(95,275,7,NULL),(95,276,7,NULL),(95,277,7,NULL),(95,278,7,NULL),(95,279,7,NULL),(95,280,7,NULL),(95,281,7,NULL),(95,282,7,NULL),(95,283,7,NULL),(95,284,7,NULL),(95,285,7,NULL),(95,286,7,NULL),(95,269,7,1),(95,270,8,NULL),(95,271,8,NULL),(95,272,8,NULL),(95,273,8,NULL),(95,274,8,NULL),(95,275,8,NULL),(95,276,8,NULL),(95,277,8,NULL),(95,278,8,NULL),(95,279,8,NULL),(95,280,8,NULL),(95,281,8,NULL),(95,282,8,NULL),(95,283,8,NULL),(95,284,8,NULL),(95,285,8,NULL),(95,286,8,NULL),(95,269,8,1),(95,270,10,NULL),(95,271,10,NULL),(95,272,10,NULL),(95,273,10,NULL),(95,274,10,NULL),(95,275,10,NULL),(95,276,10,NULL),(95,277,10,NULL),(95,278,10,NULL),(95,279,10,NULL),(95,280,10,NULL),(95,281,10,NULL),(95,282,10,NULL),(95,283,10,NULL),(95,284,10,NULL),(95,285,10,NULL),(95,286,10,NULL),(95,269,10,1),(95,270,11,NULL),(95,271,11,NULL),(95,272,11,NULL),(95,273,11,NULL),(95,274,11,NULL),(95,275,11,NULL),(95,276,11,NULL),(95,277,11,NULL),(95,278,11,NULL),(95,279,11,NULL),(95,280,11,NULL),(95,281,11,NULL),(95,282,11,NULL),(95,283,11,NULL),(95,284,11,NULL),(95,285,11,NULL),(95,286,11,NULL),(95,269,11,1),(95,270,12,NULL),(95,271,12,NULL),(95,272,12,NULL),(95,273,12,NULL),(95,274,12,NULL),(95,275,12,NULL),(95,276,12,NULL),(95,277,12,NULL),(95,278,12,NULL),(95,279,12,NULL),(95,280,12,NULL),(95,281,12,NULL),(95,282,12,NULL),(95,283,12,NULL),(95,284,12,NULL),(95,285,12,NULL),(95,286,12,NULL),(95,269,12,1),(95,270,13,NULL),(95,271,13,NULL),(95,272,13,NULL),(95,273,13,NULL),(95,274,13,NULL),(95,275,13,NULL),(95,276,13,NULL),(95,277,13,NULL),(95,278,13,NULL),(95,279,13,NULL),(95,280,13,NULL),(95,281,13,NULL),(95,282,13,NULL),(95,283,13,NULL),(95,284,13,NULL),(95,285,13,NULL),(95,286,13,NULL),(95,269,13,1),(96,288,3,NULL),(96,289,3,NULL),(96,290,3,NULL),(96,291,3,NULL),(96,292,3,NULL),(96,293,3,NULL),(96,294,3,NULL),(96,295,3,NULL),(96,296,3,NULL),(96,297,3,NULL),(96,298,3,NULL),(96,299,3,NULL),(96,300,3,NULL),(96,301,3,NULL),(96,302,3,NULL),(96,303,3,NULL),(96,304,3,NULL),(96,305,3,NULL),(96,306,3,NULL),(96,307,3,NULL),(96,287,3,1),(96,288,4,NULL),(96,289,4,NULL),(96,290,4,NULL),(96,291,4,NULL),(96,292,4,NULL),(96,293,4,NULL),(96,294,4,NULL),(96,295,4,NULL),(96,296,4,NULL),(96,297,4,NULL),(96,298,4,NULL),(96,299,4,NULL),(96,300,4,NULL),(96,301,4,NULL),(96,302,4,NULL),(96,303,4,NULL),(96,304,4,NULL),(96,305,4,NULL),(96,306,4,NULL),(96,307,4,NULL),(96,287,4,1),(96,288,5,NULL),(96,289,5,NULL),(96,290,5,NULL),(96,291,5,NULL),(96,292,5,NULL),(96,293,5,NULL),(96,294,5,NULL),(96,295,5,NULL),(96,296,5,NULL),(96,297,5,NULL),(96,298,5,NULL),(96,299,5,NULL),(96,300,5,NULL),(96,301,5,NULL),(96,302,5,NULL),(96,303,5,NULL),(96,304,5,NULL),(96,305,5,NULL),(96,306,5,NULL),(96,307,5,NULL),(96,287,5,1),(96,288,6,NULL),(96,289,6,NULL),(96,290,6,NULL),(96,291,6,NULL),(96,292,6,NULL),(96,293,6,NULL),(96,294,6,NULL),(96,295,6,NULL),(96,296,6,NULL),(96,297,6,NULL),(96,298,6,NULL),(96,299,6,NULL),(96,300,6,NULL),(96,301,6,NULL),(96,302,6,NULL),(96,303,6,NULL),(96,304,6,NULL),(96,305,6,NULL),(96,306,6,NULL),(96,307,6,NULL),(96,287,6,1),(96,288,7,NULL),(96,289,7,NULL),(96,290,7,NULL),(96,291,7,NULL),(96,292,7,NULL),(96,293,7,NULL),(96,294,7,NULL),(96,295,7,NULL),(96,296,7,NULL),(96,297,7,NULL),(96,298,7,NULL),(96,299,7,NULL),(96,300,7,NULL),(96,301,7,NULL),(96,302,7,NULL),(96,303,7,NULL),(96,304,7,NULL),(96,305,7,NULL),(96,306,7,NULL),(96,307,7,NULL),(96,287,7,1),(96,288,8,NULL),(96,289,8,NULL),(96,290,8,NULL),(96,291,8,NULL),(96,292,8,NULL),(96,293,8,NULL),(96,294,8,NULL),(96,295,8,NULL),(96,296,8,NULL),(96,297,8,NULL),(96,298,8,NULL),(96,299,8,NULL),(96,300,8,NULL),(96,301,8,NULL),(96,302,8,NULL),(96,303,8,NULL),(96,304,8,NULL),(96,305,8,NULL),(96,306,8,NULL),(96,307,8,NULL),(96,287,8,1),(96,288,10,NULL),(96,289,10,NULL),(96,290,10,NULL),(96,291,10,NULL),(96,292,10,NULL),(96,293,10,NULL),(96,294,10,NULL),(96,295,10,NULL),(96,296,10,NULL),(96,297,10,NULL),(96,298,10,NULL),(96,299,10,NULL),(96,300,10,NULL),(96,301,10,NULL),(96,302,10,NULL),(96,303,10,NULL),(96,304,10,NULL),(96,305,10,NULL),(96,306,10,NULL),(96,307,10,NULL),(96,287,10,1),(96,288,11,NULL),(96,289,11,NULL),(96,290,11,NULL),(96,291,11,NULL),(96,292,11,NULL),(96,293,11,NULL),(96,294,11,NULL),(96,295,11,NULL),(96,296,11,NULL),(96,297,11,NULL),(96,298,11,NULL),(96,299,11,NULL),(96,300,11,NULL),(96,301,11,NULL),(96,302,11,NULL),(96,303,11,NULL),(96,304,11,NULL),(96,305,11,NULL),(96,306,11,NULL),(96,307,11,NULL),(96,287,11,1),(96,288,12,NULL),(96,289,12,NULL),(96,290,12,NULL),(96,291,12,NULL),(96,292,12,NULL),(96,293,12,NULL),(96,294,12,NULL),(96,295,12,NULL),(96,296,12,NULL),(96,297,12,NULL),(96,298,12,NULL),(96,299,12,NULL),(96,300,12,NULL),(96,301,12,NULL),(96,302,12,NULL),(96,303,12,NULL),(96,304,12,NULL),(96,305,12,NULL),(96,306,12,NULL),(96,307,12,NULL),(96,287,12,1),(96,288,13,NULL),(96,289,13,NULL),(96,290,13,NULL),(96,291,13,NULL),(96,292,13,NULL),(96,293,13,NULL),(96,294,13,NULL),(96,295,13,NULL),(96,296,13,NULL),(96,297,13,NULL),(96,298,13,NULL),(96,299,13,NULL),(96,300,13,NULL),(96,301,13,NULL),(96,302,13,NULL),(96,303,13,NULL),(96,304,13,NULL),(96,305,13,NULL),(96,306,13,NULL),(96,307,13,NULL),(96,287,13,1),(97,571,3,NULL),(97,572,3,NULL),(97,573,3,NULL),(97,576,3,NULL),(97,570,3,1),(97,571,4,NULL),(97,572,4,NULL),(97,573,4,NULL),(97,576,4,NULL),(97,570,4,1),(97,571,5,NULL),(97,572,5,NULL),(97,573,5,NULL),(97,576,5,NULL),(97,570,5,1),(97,571,6,NULL),(97,572,6,NULL),(97,573,6,NULL),(97,576,6,NULL),(97,570,6,1),(97,571,7,NULL),(97,572,7,NULL),(97,573,7,NULL),(97,576,7,NULL),(97,570,7,1),(97,571,8,NULL),(97,572,8,NULL),(97,573,8,NULL),(97,576,8,NULL),(97,570,8,1),(97,571,10,NULL),(97,572,10,NULL),(97,573,10,NULL),(97,576,10,NULL),(97,570,10,1),(97,571,11,NULL),(97,572,11,NULL),(97,573,11,NULL),(97,576,11,NULL),(97,570,11,1),(97,571,12,NULL),(97,572,12,NULL),(97,573,12,NULL),(97,576,12,NULL),(97,570,12,1),(97,571,13,NULL),(97,572,13,NULL),(97,573,13,NULL),(97,576,13,NULL),(97,570,13,1),(98,491,3,NULL),(98,492,3,NULL),(98,493,3,NULL),(98,494,3,NULL),(98,495,3,NULL),(98,496,3,NULL),(98,490,3,1),(98,491,4,NULL),(98,492,4,NULL),(98,493,4,NULL),(98,494,4,NULL),(98,495,4,NULL),(98,496,4,NULL),(98,490,4,1),(98,491,5,NULL),(98,492,5,NULL),(98,493,5,NULL),(98,494,5,NULL),(98,495,5,NULL),(98,496,5,NULL),(98,490,5,1),(98,491,6,NULL),(98,492,6,NULL),(98,493,6,NULL),(98,494,6,NULL),(98,495,6,NULL),(98,496,6,NULL),(98,490,6,1),(98,491,7,NULL),(98,492,7,NULL),(98,493,7,NULL),(98,494,7,NULL),(98,495,7,NULL),(98,496,7,NULL),(98,490,7,1),(98,491,8,NULL),(98,492,8,NULL),(98,493,8,NULL),(98,494,8,NULL),(98,495,8,NULL),(98,496,8,NULL),(98,490,8,1),(98,491,10,NULL),(98,492,10,NULL),(98,493,10,NULL),(98,494,10,NULL),(98,495,10,NULL),(98,496,10,NULL),(98,490,10,1),(98,491,11,NULL),(98,492,11,NULL),(98,493,11,NULL),(98,494,11,NULL),(98,495,11,NULL),(98,496,11,NULL),(98,490,11,1),(98,491,12,NULL),(98,492,12,NULL),(98,493,12,NULL),(98,494,12,NULL),(98,495,12,NULL),(98,496,12,NULL),(98,490,12,1),(98,491,13,NULL),(98,492,13,NULL),(98,493,13,NULL),(98,494,13,NULL),(98,495,13,NULL),(98,496,13,NULL),(98,490,13,1),(99,574,3,NULL),(99,577,3,NULL),(99,578,3,NULL),(99,579,3,NULL),(99,575,3,1),(99,574,4,NULL),(99,577,4,NULL),(99,578,4,NULL),(99,579,4,NULL),(99,575,4,1),(99,574,5,NULL),(99,577,5,NULL),(99,578,5,NULL),(99,579,5,NULL),(99,575,5,1),(99,574,6,NULL),(99,577,6,NULL),(99,578,6,NULL),(99,579,6,NULL),(99,575,6,1),(99,574,7,NULL),(99,577,7,NULL),(99,578,7,NULL),(99,579,7,NULL),(99,575,7,1),(99,574,8,NULL),(99,577,8,NULL),(99,578,8,NULL),(99,579,8,NULL),(99,575,8,1),(99,574,10,NULL),(99,577,10,NULL),(99,578,10,NULL),(99,579,10,NULL),(99,575,10,1),(99,574,11,NULL),(99,577,11,NULL),(99,578,11,NULL),(99,579,11,NULL),(99,575,11,1),(99,574,12,NULL),(99,577,12,NULL),(99,578,12,NULL),(99,579,12,NULL),(99,575,12,1),(99,574,13,NULL),(99,577,13,NULL),(99,578,13,NULL),(99,579,13,NULL),(99,575,13,1),(100,486,3,NULL),(100,487,3,NULL),(100,488,3,NULL),(100,484,3,1),(100,486,4,NULL),(100,487,4,NULL),(100,488,4,NULL),(100,484,4,1),(100,486,5,NULL),(100,487,5,NULL),(100,488,5,NULL),(100,484,5,1),(100,486,6,NULL),(100,487,6,NULL),(100,488,6,NULL),(100,484,6,1),(100,486,7,NULL),(100,487,7,NULL),(100,488,7,NULL),(100,484,7,1),(100,486,8,NULL),(100,487,8,NULL),(100,488,8,NULL),(100,484,8,1),(100,486,10,NULL),(100,487,10,NULL),(100,488,10,NULL),(100,484,10,1),(100,486,11,NULL),(100,487,11,NULL),(100,488,11,NULL),(100,484,11,1),(100,486,12,NULL),(100,487,12,NULL),(100,488,12,NULL),(100,484,12,1),(100,486,13,NULL),(100,487,13,NULL),(100,488,13,NULL),(100,484,13,1),(101,483,3,NULL),(101,485,3,NULL),(101,489,3,NULL),(101,481,3,1),(101,483,4,NULL),(101,485,4,NULL),(101,489,4,NULL),(101,481,4,1),(101,483,5,NULL),(101,485,5,NULL),(101,489,5,NULL),(101,481,5,1),(101,483,6,NULL),(101,485,6,NULL),(101,489,6,NULL),(101,481,6,1),(101,483,7,NULL),(101,485,7,NULL),(101,489,7,NULL),(101,481,7,1),(101,483,8,NULL),(101,485,8,NULL),(101,489,8,NULL),(101,481,8,1),(101,483,10,NULL),(101,485,10,NULL),(101,489,10,NULL),(101,481,10,1),(101,483,11,NULL),(101,485,11,NULL),(101,489,11,NULL),(101,481,11,1),(101,483,12,NULL),(101,485,12,NULL),(101,489,12,NULL),(101,481,12,1),(101,483,13,NULL),(101,485,13,NULL),(101,489,13,NULL),(101,481,13,1),(102,478,3,NULL),(102,480,3,NULL),(102,482,3,NULL),(102,479,3,1),(102,478,4,NULL),(102,480,4,NULL),(102,482,4,NULL),(102,479,4,1),(102,478,5,NULL),(102,480,5,NULL),(102,482,5,NULL),(102,479,5,1),(102,478,6,NULL),(102,480,6,NULL),(102,482,6,NULL),(102,479,6,1),(102,478,7,NULL),(102,480,7,NULL),(102,482,7,NULL),(102,479,7,1),(102,478,8,NULL),(102,480,8,NULL),(102,482,8,NULL),(102,479,8,1),(102,478,10,NULL),(102,480,10,NULL),(102,482,10,NULL),(102,479,10,1),(102,478,11,NULL),(102,480,11,NULL),(102,482,11,NULL),(102,479,11,1),(102,478,12,NULL),(102,480,12,NULL),(102,482,12,NULL),(102,479,12,1),(102,478,13,NULL),(102,480,13,NULL),(102,482,13,NULL),(102,479,13,1),(103,475,3,NULL),(103,476,3,NULL),(103,477,3,NULL),(103,474,3,1),(103,475,4,NULL),(103,476,4,NULL),(103,477,4,NULL),(103,474,4,1),(103,475,5,NULL),(103,476,5,NULL),(103,477,5,NULL),(103,474,5,1),(103,475,6,NULL),(103,476,6,NULL),(103,477,6,NULL),(103,474,6,1),(103,475,7,NULL),(103,476,7,NULL),(103,477,7,NULL),(103,474,7,1),(103,475,8,NULL),(103,476,8,NULL),(103,477,8,NULL),(103,474,8,1),(103,475,10,NULL),(103,476,10,NULL),(103,477,10,NULL),(103,474,10,1),(103,475,11,NULL),(103,476,11,NULL),(103,477,11,NULL),(103,474,11,1),(103,475,12,NULL),(103,476,12,NULL),(103,477,12,NULL),(103,474,12,1),(103,475,13,NULL),(103,476,13,NULL),(103,477,13,NULL),(103,474,13,1),(104,464,3,NULL),(104,465,3,NULL),(104,466,3,NULL),(104,467,3,NULL),(104,468,3,NULL),(104,469,3,NULL),(104,470,3,NULL),(104,471,3,NULL),(104,472,3,NULL),(104,473,3,NULL),(104,463,3,1),(104,464,4,NULL),(104,465,4,NULL),(104,466,4,NULL),(104,467,4,NULL),(104,468,4,NULL),(104,469,4,NULL),(104,470,4,NULL),(104,471,4,NULL),(104,472,4,NULL),(104,473,4,NULL),(104,463,4,1),(104,464,5,NULL),(104,465,5,NULL),(104,466,5,NULL),(104,467,5,NULL),(104,468,5,NULL),(104,469,5,NULL),(104,470,5,NULL),(104,471,5,NULL),(104,472,5,NULL),(104,473,5,NULL),(104,463,5,1),(104,464,6,NULL),(104,465,6,NULL),(104,466,6,NULL),(104,467,6,NULL),(104,468,6,NULL),(104,469,6,NULL),(104,470,6,NULL),(104,471,6,NULL),(104,472,6,NULL),(104,473,6,NULL),(104,463,6,1),(104,464,7,NULL),(104,465,7,NULL),(104,466,7,NULL),(104,467,7,NULL),(104,468,7,NULL),(104,469,7,NULL),(104,470,7,NULL),(104,471,7,NULL),(104,472,7,NULL),(104,473,7,NULL),(104,463,7,1),(104,464,8,NULL),(104,465,8,NULL),(104,466,8,NULL),(104,467,8,NULL),(104,468,8,NULL),(104,469,8,NULL),(104,470,8,NULL),(104,471,8,NULL),(104,472,8,NULL),(104,473,8,NULL),(104,463,8,1),(104,464,10,NULL),(104,465,10,NULL),(104,466,10,NULL),(104,467,10,NULL),(104,468,10,NULL),(104,469,10,NULL),(104,470,10,NULL),(104,471,10,NULL),(104,472,10,NULL),(104,473,10,NULL),(104,463,10,1),(104,464,11,NULL),(104,465,11,NULL),(104,466,11,NULL),(104,467,11,NULL),(104,468,11,NULL),(104,469,11,NULL),(104,470,11,NULL),(104,471,11,NULL),(104,472,11,NULL),(104,473,11,NULL),(104,463,11,1),(104,464,12,NULL),(104,465,12,NULL),(104,466,12,NULL),(104,467,12,NULL),(104,468,12,NULL),(104,469,12,NULL),(104,470,12,NULL),(104,471,12,NULL),(104,472,12,NULL),(104,473,12,NULL),(104,463,12,1),(104,464,13,NULL),(104,465,13,NULL),(104,466,13,NULL),(104,467,13,NULL),(104,468,13,NULL),(104,469,13,NULL),(104,470,13,NULL),(104,471,13,NULL),(104,472,13,NULL),(104,473,13,NULL),(104,463,13,1),(105,450,3,NULL),(105,451,3,NULL),(105,452,3,NULL),(105,453,3,NULL),(105,454,3,NULL),(105,455,3,NULL),(105,456,3,NULL),(105,457,3,NULL),(105,458,3,NULL),(105,459,3,NULL),(105,460,3,NULL),(105,461,3,NULL),(105,462,3,NULL),(105,449,3,1),(105,450,4,NULL),(105,451,4,NULL),(105,452,4,NULL),(105,453,4,NULL),(105,454,4,NULL),(105,455,4,NULL),(105,456,4,NULL),(105,457,4,NULL),(105,458,4,NULL),(105,459,4,NULL),(105,460,4,NULL),(105,461,4,NULL),(105,462,4,NULL),(105,449,4,1),(105,450,5,NULL),(105,451,5,NULL),(105,452,5,NULL),(105,453,5,NULL),(105,454,5,NULL),(105,455,5,NULL),(105,456,5,NULL),(105,457,5,NULL),(105,458,5,NULL),(105,459,5,NULL),(105,460,5,NULL),(105,461,5,NULL),(105,462,5,NULL),(105,449,5,1),(105,450,6,NULL),(105,451,6,NULL),(105,452,6,NULL),(105,453,6,NULL),(105,454,6,NULL),(105,455,6,NULL),(105,456,6,NULL),(105,457,6,NULL),(105,458,6,NULL),(105,459,6,NULL),(105,460,6,NULL),(105,461,6,NULL),(105,462,6,NULL),(105,449,6,1),(105,450,7,NULL),(105,451,7,NULL),(105,452,7,NULL),(105,453,7,NULL),(105,454,7,NULL),(105,455,7,NULL),(105,456,7,NULL),(105,457,7,NULL),(105,458,7,NULL),(105,459,7,NULL),(105,460,7,NULL),(105,461,7,NULL),(105,462,7,NULL),(105,449,7,1),(105,450,8,NULL),(105,451,8,NULL),(105,452,8,NULL),(105,453,8,NULL),(105,454,8,NULL),(105,455,8,NULL),(105,456,8,NULL),(105,457,8,NULL),(105,458,8,NULL),(105,459,8,NULL),(105,460,8,NULL),(105,461,8,NULL),(105,462,8,NULL),(105,449,8,1),(105,450,10,NULL),(105,451,10,NULL),(105,452,10,NULL),(105,453,10,NULL),(105,454,10,NULL),(105,455,10,NULL),(105,456,10,NULL),(105,457,10,NULL),(105,458,10,NULL),(105,459,10,NULL),(105,460,10,NULL),(105,461,10,NULL),(105,462,10,NULL),(105,449,10,1),(105,450,11,NULL),(105,451,11,NULL),(105,452,11,NULL),(105,453,11,NULL),(105,454,11,NULL),(105,455,11,NULL),(105,456,11,NULL),(105,457,11,NULL),(105,458,11,NULL),(105,459,11,NULL),(105,460,11,NULL),(105,461,11,NULL),(105,462,11,NULL),(105,449,11,1),(105,450,12,NULL),(105,451,12,NULL),(105,452,12,NULL),(105,453,12,NULL),(105,454,12,NULL),(105,455,12,NULL),(105,456,12,NULL),(105,457,12,NULL),(105,458,12,NULL),(105,459,12,NULL),(105,460,12,NULL),(105,461,12,NULL),(105,462,12,NULL),(105,449,12,1),(105,450,13,NULL),(105,451,13,NULL),(105,452,13,NULL),(105,453,13,NULL),(105,454,13,NULL),(105,455,13,NULL),(105,456,13,NULL),(105,457,13,NULL),(105,458,13,NULL),(105,459,13,NULL),(105,460,13,NULL),(105,461,13,NULL),(105,462,13,NULL),(105,449,13,1),(106,444,3,NULL),(106,445,3,NULL),(106,446,3,NULL),(106,447,3,NULL),(106,448,3,NULL),(106,443,3,1),(106,444,4,NULL),(106,445,4,NULL),(106,446,4,NULL),(106,447,4,NULL),(106,448,4,NULL),(106,443,4,1),(106,444,5,NULL),(106,445,5,NULL),(106,446,5,NULL),(106,447,5,NULL),(106,448,5,NULL),(106,443,5,1),(106,444,6,NULL),(106,445,6,NULL),(106,446,6,NULL),(106,447,6,NULL),(106,448,6,NULL),(106,443,6,1),(106,444,7,NULL),(106,445,7,NULL),(106,446,7,NULL),(106,447,7,NULL),(106,448,7,NULL),(106,443,7,1),(106,444,8,NULL),(106,445,8,NULL),(106,446,8,NULL),(106,447,8,NULL),(106,448,8,NULL),(106,443,8,1),(106,444,10,NULL),(106,445,10,NULL),(106,446,10,NULL),(106,447,10,NULL),(106,448,10,NULL),(106,443,10,1),(106,444,11,NULL),(106,445,11,NULL),(106,446,11,NULL),(106,447,11,NULL),(106,448,11,NULL),(106,443,11,1),(106,444,12,NULL),(106,445,12,NULL),(106,446,12,NULL),(106,447,12,NULL),(106,448,12,NULL),(106,443,12,1),(106,444,13,NULL),(106,445,13,NULL),(106,446,13,NULL),(106,447,13,NULL),(106,448,13,NULL),(106,443,13,1),(107,438,3,NULL),(107,439,3,NULL),(107,440,3,NULL),(107,441,3,NULL),(107,442,3,NULL),(107,437,3,1),(107,438,4,NULL),(107,439,4,NULL),(107,440,4,NULL),(107,441,4,NULL),(107,442,4,NULL),(107,437,4,1),(107,438,5,NULL),(107,439,5,NULL),(107,440,5,NULL),(107,441,5,NULL),(107,442,5,NULL),(107,437,5,1),(107,438,6,NULL),(107,439,6,NULL),(107,440,6,NULL),(107,441,6,NULL),(107,442,6,NULL),(107,437,6,1),(107,438,7,NULL),(107,439,7,NULL),(107,440,7,NULL),(107,441,7,NULL),(107,442,7,NULL),(107,437,7,1),(107,438,8,NULL),(107,439,8,NULL),(107,440,8,NULL),(107,441,8,NULL),(107,442,8,NULL),(107,437,8,1),(107,438,10,NULL),(107,439,10,NULL),(107,440,10,NULL),(107,441,10,NULL),(107,442,10,NULL),(107,437,10,1),(107,438,11,NULL),(107,439,11,NULL),(107,440,11,NULL),(107,441,11,NULL),(107,442,11,NULL),(107,437,11,1),(107,438,12,NULL),(107,439,12,NULL),(107,440,12,NULL),(107,441,12,NULL),(107,442,12,NULL),(107,437,12,1),(107,438,13,NULL),(107,439,13,NULL),(107,440,13,NULL),(107,441,13,NULL),(107,442,13,NULL),(107,437,13,1),(108,432,3,NULL),(108,433,3,NULL),(108,434,3,NULL),(108,435,3,NULL),(108,436,3,NULL),(108,431,3,1),(108,432,4,NULL),(108,433,4,NULL),(108,434,4,NULL),(108,435,4,NULL),(108,436,4,NULL),(108,431,4,1),(108,432,5,NULL),(108,433,5,NULL),(108,434,5,NULL),(108,435,5,NULL),(108,436,5,NULL),(108,431,5,1),(108,432,6,NULL),(108,433,6,NULL),(108,434,6,NULL),(108,435,6,NULL),(108,436,6,NULL),(108,431,6,1),(108,432,7,NULL),(108,433,7,NULL),(108,434,7,NULL),(108,435,7,NULL),(108,436,7,NULL),(108,431,7,1),(108,432,8,NULL),(108,433,8,NULL),(108,434,8,NULL),(108,435,8,NULL),(108,436,8,NULL),(108,431,8,1),(108,432,10,NULL),(108,433,10,NULL),(108,434,10,NULL),(108,435,10,NULL),(108,436,10,NULL),(108,431,10,1),(108,432,11,NULL),(108,433,11,NULL),(108,434,11,NULL),(108,435,11,NULL),(108,436,11,NULL),(108,431,11,1),(108,432,12,NULL),(108,433,12,NULL),(108,434,12,NULL),(108,435,12,NULL),(108,436,12,NULL),(108,431,12,1),(108,432,13,NULL),(108,433,13,NULL),(108,434,13,NULL),(108,435,13,NULL),(108,436,13,NULL),(108,431,13,1),(109,423,3,NULL),(109,424,3,NULL),(109,425,3,NULL),(109,426,3,NULL),(109,427,3,NULL),(109,428,3,NULL),(109,429,3,NULL),(109,430,3,NULL),(109,422,3,1),(109,423,4,NULL),(109,424,4,NULL),(109,425,4,NULL),(109,426,4,NULL),(109,427,4,NULL),(109,428,4,NULL),(109,429,4,NULL),(109,430,4,NULL),(109,422,4,1),(109,423,5,NULL),(109,424,5,NULL),(109,425,5,NULL),(109,426,5,NULL),(109,427,5,NULL),(109,428,5,NULL),(109,429,5,NULL),(109,430,5,NULL),(109,422,5,1),(109,423,6,NULL),(109,424,6,NULL),(109,425,6,NULL),(109,426,6,NULL),(109,427,6,NULL),(109,428,6,NULL),(109,429,6,NULL),(109,430,6,NULL),(109,422,6,1),(109,423,7,NULL),(109,424,7,NULL),(109,425,7,NULL),(109,426,7,NULL),(109,427,7,NULL),(109,428,7,NULL),(109,429,7,NULL),(109,430,7,NULL),(109,422,7,1),(109,423,8,NULL),(109,424,8,NULL),(109,425,8,NULL),(109,426,8,NULL),(109,427,8,NULL),(109,428,8,NULL),(109,429,8,NULL),(109,430,8,NULL),(109,422,8,1),(109,423,10,NULL),(109,424,10,NULL),(109,425,10,NULL),(109,426,10,NULL),(109,427,10,NULL),(109,428,10,NULL),(109,429,10,NULL),(109,430,10,NULL),(109,422,10,1),(109,423,11,NULL),(109,424,11,NULL),(109,425,11,NULL),(109,426,11,NULL),(109,427,11,NULL),(109,428,11,NULL),(109,429,11,NULL),(109,430,11,NULL),(109,422,11,1),(109,423,12,NULL),(109,424,12,NULL),(109,425,12,NULL),(109,426,12,NULL),(109,427,12,NULL),(109,428,12,NULL),(109,429,12,NULL),(109,430,12,NULL),(109,422,12,1),(109,423,13,NULL),(109,424,13,NULL),(109,425,13,NULL),(109,426,13,NULL),(109,427,13,NULL),(109,428,13,NULL),(109,429,13,NULL),(109,430,13,NULL),(109,422,13,1),(110,416,3,NULL),(110,569,3,NULL),(110,568,3,1),(110,416,4,NULL),(110,569,4,NULL),(110,568,4,1),(110,416,5,NULL),(110,569,5,NULL),(110,568,5,1),(110,416,6,NULL),(110,569,6,NULL),(110,568,6,1),(110,416,7,NULL),(110,569,7,NULL),(110,568,7,1),(110,416,8,NULL),(110,569,8,NULL),(110,568,8,1),(110,416,10,NULL),(110,569,10,NULL),(110,568,10,1),(110,416,11,NULL),(110,569,11,NULL),(110,568,11,1),(110,416,12,NULL),(110,569,12,NULL),(110,568,12,1),(110,416,13,NULL),(110,569,13,NULL),(110,568,13,1),(111,415,3,NULL),(111,417,3,NULL),(111,418,3,NULL),(111,419,3,NULL),(111,414,3,1),(111,415,4,NULL),(111,417,4,NULL),(111,418,4,NULL),(111,419,4,NULL),(111,414,4,1),(111,415,5,NULL),(111,417,5,NULL),(111,418,5,NULL),(111,419,5,NULL),(111,414,5,1),(111,415,6,NULL),(111,417,6,NULL),(111,418,6,NULL),(111,419,6,NULL),(111,414,6,1),(111,415,7,NULL),(111,417,7,NULL),(111,418,7,NULL),(111,419,7,NULL),(111,414,7,1),(111,415,8,NULL),(111,417,8,NULL),(111,418,8,NULL),(111,419,8,NULL),(111,414,8,1),(111,415,10,NULL),(111,417,10,NULL),(111,418,10,NULL),(111,419,10,NULL),(111,414,10,1),(111,415,11,NULL),(111,417,11,NULL),(111,418,11,NULL),(111,419,11,NULL),(111,414,11,1),(111,415,12,NULL),(111,417,12,NULL),(111,418,12,NULL),(111,419,12,NULL),(111,414,12,1),(111,415,13,NULL),(111,417,13,NULL),(111,418,13,NULL),(111,419,13,NULL),(111,414,13,1),(112,559,3,NULL),(112,560,3,NULL),(112,558,3,1),(112,559,4,NULL),(112,560,4,NULL),(112,558,4,1),(112,559,5,NULL),(112,560,5,NULL),(112,558,5,1),(112,559,6,NULL),(112,560,6,NULL),(112,558,6,1),(112,559,7,NULL),(112,560,7,NULL),(112,558,7,1),(112,559,8,NULL),(112,560,8,NULL),(112,558,8,1),(112,559,10,NULL),(112,560,10,NULL),(112,558,10,1),(112,559,11,NULL),(112,560,11,NULL),(112,558,11,1),(112,559,12,NULL),(112,560,12,NULL),(112,558,12,1),(112,559,13,NULL),(112,560,13,NULL),(112,558,13,1),(113,557,3,NULL),(113,561,3,NULL),(113,556,3,1),(113,557,4,NULL),(113,561,4,NULL),(113,556,4,1),(113,557,5,NULL),(113,561,5,NULL),(113,556,5,1),(113,557,6,NULL),(113,561,6,NULL),(113,556,6,1),(113,557,7,NULL),(113,561,7,NULL),(113,556,7,1),(113,557,8,NULL),(113,561,8,NULL),(113,556,8,1),(113,557,10,NULL),(113,561,10,NULL),(113,556,10,1),(113,557,11,NULL),(113,561,11,NULL),(113,556,11,1),(113,557,12,NULL),(113,561,12,NULL),(113,556,12,1),(113,557,13,NULL),(113,561,13,NULL),(113,556,13,1),(114,554,3,NULL),(114,555,3,NULL),(114,553,3,1),(114,554,4,NULL),(114,555,4,NULL),(114,553,4,1),(114,554,5,NULL),(114,555,5,NULL),(114,553,5,1),(114,554,6,NULL),(114,555,6,NULL),(114,553,6,1),(114,554,7,NULL),(114,555,7,NULL),(114,553,7,1),(114,554,8,NULL),(114,555,8,NULL),(114,553,8,1),(114,554,10,NULL),(114,555,10,NULL),(114,553,10,1),(114,554,11,NULL),(114,555,11,NULL),(114,553,11,1),(114,554,12,NULL),(114,555,12,NULL),(114,553,12,1),(114,554,13,NULL),(114,555,13,NULL),(114,553,13,1),(115,404,3,NULL),(115,406,3,NULL),(115,407,3,NULL),(115,408,3,NULL),(115,409,3,NULL),(115,410,3,NULL),(115,411,3,NULL),(115,412,3,NULL),(115,413,3,NULL),(115,405,3,1),(115,404,4,NULL),(115,406,4,NULL),(115,407,4,NULL),(115,408,4,NULL),(115,409,4,NULL),(115,410,4,NULL),(115,411,4,NULL),(115,412,4,NULL),(115,413,4,NULL),(115,405,4,1),(115,404,5,NULL),(115,406,5,NULL),(115,407,5,NULL),(115,408,5,NULL),(115,409,5,NULL),(115,410,5,NULL),(115,411,5,NULL),(115,412,5,NULL),(115,413,5,NULL),(115,405,5,1),(115,404,6,NULL),(115,406,6,NULL),(115,407,6,NULL),(115,408,6,NULL),(115,409,6,NULL),(115,410,6,NULL),(115,411,6,NULL),(115,412,6,NULL),(115,413,6,NULL),(115,405,6,1),(115,404,7,NULL),(115,406,7,NULL),(115,407,7,NULL),(115,408,7,NULL),(115,409,7,NULL),(115,410,7,NULL),(115,411,7,NULL),(115,412,7,NULL),(115,413,7,NULL),(115,405,7,1),(115,404,8,NULL),(115,406,8,NULL),(115,407,8,NULL),(115,408,8,NULL),(115,409,8,NULL),(115,410,8,NULL),(115,411,8,NULL),(115,412,8,NULL),(115,413,8,NULL),(115,405,8,1),(115,404,10,NULL),(115,406,10,NULL),(115,407,10,NULL),(115,408,10,NULL),(115,409,10,NULL),(115,410,10,NULL),(115,411,10,NULL),(115,412,10,NULL),(115,413,10,NULL),(115,405,10,1),(115,404,11,NULL),(115,406,11,NULL),(115,407,11,NULL),(115,408,11,NULL),(115,409,11,NULL),(115,410,11,NULL),(115,411,11,NULL),(115,412,11,NULL),(115,413,11,NULL),(115,405,11,1),(115,404,12,NULL),(115,406,12,NULL),(115,407,12,NULL),(115,408,12,NULL),(115,409,12,NULL),(115,410,12,NULL),(115,411,12,NULL),(115,412,12,NULL),(115,413,12,NULL),(115,405,12,1),(115,404,13,NULL),(115,406,13,NULL),(115,407,13,NULL),(115,408,13,NULL),(115,409,13,NULL),(115,410,13,NULL),(115,411,13,NULL),(115,412,13,NULL),(115,413,13,NULL),(115,405,13,1),(116,393,3,NULL),(116,394,3,NULL),(116,395,3,NULL),(116,396,3,NULL),(116,397,3,NULL),(116,398,3,NULL),(116,399,3,NULL),(116,400,3,NULL),(116,401,3,NULL),(116,402,3,NULL),(116,403,3,NULL),(116,392,3,1),(116,393,4,NULL),(116,394,4,NULL),(116,395,4,NULL),(116,396,4,NULL),(116,397,4,NULL),(116,398,4,NULL),(116,399,4,NULL),(116,400,4,NULL),(116,401,4,NULL),(116,402,4,NULL),(116,403,4,NULL),(116,392,4,1),(116,393,5,NULL),(116,394,5,NULL),(116,395,5,NULL),(116,396,5,NULL),(116,397,5,NULL),(116,398,5,NULL),(116,399,5,NULL),(116,400,5,NULL),(116,401,5,NULL),(116,402,5,NULL),(116,403,5,NULL),(116,392,5,1),(116,393,6,NULL),(116,394,6,NULL),(116,395,6,NULL),(116,396,6,NULL),(116,397,6,NULL),(116,398,6,NULL),(116,399,6,NULL),(116,400,6,NULL),(116,401,6,NULL),(116,402,6,NULL),(116,403,6,NULL),(116,392,6,1),(116,393,7,NULL),(116,394,7,NULL),(116,395,7,NULL),(116,396,7,NULL),(116,397,7,NULL),(116,398,7,NULL),(116,399,7,NULL),(116,400,7,NULL),(116,401,7,NULL),(116,402,7,NULL),(116,403,7,NULL),(116,392,7,1),(116,393,8,NULL),(116,394,8,NULL),(116,395,8,NULL),(116,396,8,NULL),(116,397,8,NULL),(116,398,8,NULL),(116,399,8,NULL),(116,400,8,NULL),(116,401,8,NULL),(116,402,8,NULL),(116,403,8,NULL),(116,392,8,1),(116,393,10,NULL),(116,394,10,NULL),(116,395,10,NULL),(116,396,10,NULL),(116,397,10,NULL),(116,398,10,NULL),(116,399,10,NULL),(116,400,10,NULL),(116,401,10,NULL),(116,402,10,NULL),(116,403,10,NULL),(116,392,10,1),(116,393,11,NULL),(116,394,11,NULL),(116,395,11,NULL),(116,396,11,NULL),(116,397,11,NULL),(116,398,11,NULL),(116,399,11,NULL),(116,400,11,NULL),(116,401,11,NULL),(116,402,11,NULL),(116,403,11,NULL),(116,392,11,1),(116,393,12,NULL),(116,394,12,NULL),(116,395,12,NULL),(116,396,12,NULL),(116,397,12,NULL),(116,398,12,NULL),(116,399,12,NULL),(116,400,12,NULL),(116,401,12,NULL),(116,402,12,NULL),(116,403,12,NULL),(116,392,12,1),(116,393,13,NULL),(116,394,13,NULL),(116,395,13,NULL),(116,396,13,NULL),(116,397,13,NULL),(116,398,13,NULL),(116,399,13,NULL),(116,400,13,NULL),(116,401,13,NULL),(116,402,13,NULL),(116,403,13,NULL),(116,392,13,1),(117,382,3,NULL),(117,384,3,NULL),(117,385,3,NULL),(117,386,3,NULL),(117,387,3,NULL),(117,388,3,NULL),(117,389,3,NULL),(117,390,3,NULL),(117,391,3,NULL),(117,383,3,1),(117,382,4,NULL),(117,384,4,NULL),(117,385,4,NULL),(117,386,4,NULL),(117,387,4,NULL),(117,388,4,NULL),(117,389,4,NULL),(117,390,4,NULL),(117,391,4,NULL),(117,383,4,1),(117,382,5,NULL),(117,384,5,NULL),(117,385,5,NULL),(117,386,5,NULL),(117,387,5,NULL),(117,388,5,NULL),(117,389,5,NULL),(117,390,5,NULL),(117,391,5,NULL),(117,383,5,1),(117,382,6,NULL),(117,384,6,NULL),(117,385,6,NULL),(117,386,6,NULL),(117,387,6,NULL),(117,388,6,NULL),(117,389,6,NULL),(117,390,6,NULL),(117,391,6,NULL),(117,383,6,1),(117,382,7,NULL),(117,384,7,NULL),(117,385,7,NULL),(117,386,7,NULL),(117,387,7,NULL),(117,388,7,NULL),(117,389,7,NULL),(117,390,7,NULL),(117,391,7,NULL),(117,383,7,1),(117,382,8,NULL),(117,384,8,NULL),(117,385,8,NULL),(117,386,8,NULL),(117,387,8,NULL),(117,388,8,NULL),(117,389,8,NULL),(117,390,8,NULL),(117,391,8,NULL),(117,383,8,1),(117,382,10,NULL),(117,384,10,NULL),(117,385,10,NULL),(117,386,10,NULL),(117,387,10,NULL),(117,388,10,NULL),(117,389,10,NULL),(117,390,10,NULL),(117,391,10,NULL),(117,383,10,1),(117,382,11,NULL),(117,384,11,NULL),(117,385,11,NULL),(117,386,11,NULL),(117,387,11,NULL),(117,388,11,NULL),(117,389,11,NULL),(117,390,11,NULL),(117,391,11,NULL),(117,383,11,1),(117,382,12,NULL),(117,384,12,NULL),(117,385,12,NULL),(117,386,12,NULL),(117,387,12,NULL),(117,388,12,NULL),(117,389,12,NULL),(117,390,12,NULL),(117,391,12,NULL),(117,383,12,1),(117,382,13,NULL),(117,384,13,NULL),(117,385,13,NULL),(117,386,13,NULL),(117,387,13,NULL),(117,388,13,NULL),(117,389,13,NULL),(117,390,13,NULL),(117,391,13,NULL),(117,383,13,1),(118,374,3,NULL),(118,375,3,NULL),(118,376,3,NULL),(118,377,3,NULL),(118,378,3,NULL),(118,379,3,NULL),(118,380,3,NULL),(118,381,3,NULL),(118,373,3,1),(118,374,4,NULL),(118,375,4,NULL),(118,376,4,NULL),(118,377,4,NULL),(118,378,4,NULL),(118,379,4,NULL),(118,380,4,NULL),(118,381,4,NULL),(118,373,4,1),(118,374,5,NULL),(118,375,5,NULL),(118,376,5,NULL),(118,377,5,NULL),(118,378,5,NULL),(118,379,5,NULL),(118,380,5,NULL),(118,381,5,NULL),(118,373,5,1),(118,374,6,NULL),(118,375,6,NULL),(118,376,6,NULL),(118,377,6,NULL),(118,378,6,NULL),(118,379,6,NULL),(118,380,6,NULL),(118,381,6,NULL),(118,373,6,1),(118,374,7,NULL),(118,375,7,NULL),(118,376,7,NULL),(118,377,7,NULL),(118,378,7,NULL),(118,379,7,NULL),(118,380,7,NULL),(118,381,7,NULL),(118,373,7,1),(118,374,8,NULL),(118,375,8,NULL),(118,376,8,NULL),(118,377,8,NULL),(118,378,8,NULL),(118,379,8,NULL),(118,380,8,NULL),(118,381,8,NULL),(118,373,8,1),(118,374,10,NULL),(118,375,10,NULL),(118,376,10,NULL),(118,377,10,NULL),(118,378,10,NULL),(118,379,10,NULL),(118,380,10,NULL),(118,381,10,NULL),(118,373,10,1),(118,374,11,NULL),(118,375,11,NULL),(118,376,11,NULL),(118,377,11,NULL),(118,378,11,NULL),(118,379,11,NULL),(118,380,11,NULL),(118,381,11,NULL),(118,373,11,1),(118,374,12,NULL),(118,375,12,NULL),(118,376,12,NULL),(118,377,12,NULL),(118,378,12,NULL),(118,379,12,NULL),(118,380,12,NULL),(118,381,12,NULL),(118,373,12,1),(118,374,13,NULL),(118,375,13,NULL),(118,376,13,NULL),(118,377,13,NULL),(118,378,13,NULL),(118,379,13,NULL),(118,380,13,NULL),(118,381,13,NULL),(118,373,13,1),(119,563,3,NULL),(119,564,3,NULL),(119,565,3,NULL),(119,566,3,NULL),(119,567,3,NULL),(119,562,3,1),(119,563,4,NULL),(119,564,4,NULL),(119,565,4,NULL),(119,566,4,NULL),(119,567,4,NULL),(119,562,4,1),(119,563,5,NULL),(119,564,5,NULL),(119,565,5,NULL),(119,566,5,NULL),(119,567,5,NULL),(119,562,5,1),(119,563,6,NULL),(119,564,6,NULL),(119,565,6,NULL),(119,566,6,NULL),(119,567,6,NULL),(119,562,6,1),(119,563,7,NULL),(119,564,7,NULL),(119,565,7,NULL),(119,566,7,NULL),(119,567,7,NULL),(119,562,7,1),(119,563,8,NULL),(119,564,8,NULL),(119,565,8,NULL),(119,566,8,NULL),(119,567,8,NULL),(119,562,8,1),(119,563,10,NULL),(119,564,10,NULL),(119,565,10,NULL),(119,566,10,NULL),(119,567,10,NULL),(119,562,10,1),(119,563,11,NULL),(119,564,11,NULL),(119,565,11,NULL),(119,566,11,NULL),(119,567,11,NULL),(119,562,11,1),(119,563,12,NULL),(119,564,12,NULL),(119,565,12,NULL),(119,566,12,NULL),(119,567,12,NULL),(119,562,12,1),(119,563,13,NULL),(119,564,13,NULL),(119,565,13,NULL),(119,566,13,NULL),(119,567,13,NULL),(119,562,13,1),(120,364,3,NULL),(120,365,3,NULL),(120,366,3,NULL),(120,367,3,NULL),(120,368,3,NULL),(120,369,3,NULL),(120,370,3,NULL),(120,371,3,NULL),(120,372,3,NULL),(120,363,3,1),(120,364,4,NULL),(120,365,4,NULL),(120,366,4,NULL),(120,367,4,NULL),(120,368,4,NULL),(120,369,4,NULL),(120,370,4,NULL),(120,371,4,NULL),(120,372,4,NULL),(120,363,4,1),(120,364,5,NULL),(120,365,5,NULL),(120,366,5,NULL),(120,367,5,NULL),(120,368,5,NULL),(120,369,5,NULL),(120,370,5,NULL),(120,371,5,NULL),(120,372,5,NULL),(120,363,5,1),(120,364,6,NULL),(120,365,6,NULL),(120,366,6,NULL),(120,367,6,NULL),(120,368,6,NULL),(120,369,6,NULL),(120,370,6,NULL),(120,371,6,NULL),(120,372,6,NULL),(120,363,6,1),(120,364,7,NULL),(120,365,7,NULL),(120,366,7,NULL),(120,367,7,NULL),(120,368,7,NULL),(120,369,7,NULL),(120,370,7,NULL),(120,371,7,NULL),(120,372,7,NULL),(120,363,7,1),(120,364,8,NULL),(120,365,8,NULL),(120,366,8,NULL),(120,367,8,NULL),(120,368,8,NULL),(120,369,8,NULL),(120,370,8,NULL),(120,371,8,NULL),(120,372,8,NULL),(120,363,8,1),(120,364,10,NULL),(120,365,10,NULL),(120,366,10,NULL),(120,367,10,NULL),(120,368,10,NULL),(120,369,10,NULL),(120,370,10,NULL),(120,371,10,NULL),(120,372,10,NULL),(120,363,10,1),(120,364,11,NULL),(120,365,11,NULL),(120,366,11,NULL),(120,367,11,NULL),(120,368,11,NULL),(120,369,11,NULL),(120,370,11,NULL),(120,371,11,NULL),(120,372,11,NULL),(120,363,11,1),(120,364,12,NULL),(120,365,12,NULL),(120,366,12,NULL),(120,367,12,NULL),(120,368,12,NULL),(120,369,12,NULL),(120,370,12,NULL),(120,371,12,NULL),(120,372,12,NULL),(120,363,12,1),(120,364,13,NULL),(120,365,13,NULL),(120,366,13,NULL),(120,367,13,NULL),(120,368,13,NULL),(120,369,13,NULL),(120,370,13,NULL),(120,371,13,NULL),(120,372,13,NULL),(120,363,13,1),(121,354,3,NULL),(121,355,3,NULL),(121,356,3,NULL),(121,357,3,NULL),(121,358,3,NULL),(121,359,3,NULL),(121,360,3,NULL),(121,361,3,NULL),(121,362,3,NULL),(121,353,3,1),(121,354,4,NULL),(121,355,4,NULL),(121,356,4,NULL),(121,357,4,NULL),(121,358,4,NULL),(121,359,4,NULL),(121,360,4,NULL),(121,361,4,NULL),(121,362,4,NULL),(121,353,4,1),(121,354,5,NULL),(121,355,5,NULL),(121,356,5,NULL),(121,357,5,NULL),(121,358,5,NULL),(121,359,5,NULL),(121,360,5,NULL),(121,361,5,NULL),(121,362,5,NULL),(121,353,5,1),(121,354,6,NULL),(121,355,6,NULL),(121,356,6,NULL),(121,357,6,NULL),(121,358,6,NULL),(121,359,6,NULL),(121,360,6,NULL),(121,361,6,NULL),(121,362,6,NULL),(121,353,6,1),(121,354,7,NULL),(121,355,7,NULL),(121,356,7,NULL),(121,357,7,NULL),(121,358,7,NULL),(121,359,7,NULL),(121,360,7,NULL),(121,361,7,NULL),(121,362,7,NULL),(121,353,7,1),(121,354,8,NULL),(121,355,8,NULL),(121,356,8,NULL),(121,357,8,NULL),(121,358,8,NULL),(121,359,8,NULL),(121,360,8,NULL),(121,361,8,NULL),(121,362,8,NULL),(121,353,8,1),(121,354,10,NULL),(121,355,10,NULL),(121,356,10,NULL),(121,357,10,NULL),(121,358,10,NULL),(121,359,10,NULL),(121,360,10,NULL),(121,361,10,NULL),(121,362,10,NULL),(121,353,10,1),(121,354,11,NULL),(121,355,11,NULL),(121,356,11,NULL),(121,357,11,NULL),(121,358,11,NULL),(121,359,11,NULL),(121,360,11,NULL),(121,361,11,NULL),(121,362,11,NULL),(121,353,11,1),(121,354,12,NULL),(121,355,12,NULL),(121,356,12,NULL),(121,357,12,NULL),(121,358,12,NULL),(121,359,12,NULL),(121,360,12,NULL),(121,361,12,NULL),(121,362,12,NULL),(121,353,12,1),(121,354,13,NULL),(121,355,13,NULL),(121,356,13,NULL),(121,357,13,NULL),(121,358,13,NULL),(121,359,13,NULL),(121,360,13,NULL),(121,361,13,NULL),(121,362,13,NULL),(121,353,13,1),(122,343,3,NULL),(122,344,3,NULL),(122,345,3,NULL),(122,346,3,NULL),(122,347,3,NULL),(122,348,3,NULL),(122,349,3,NULL),(122,350,3,NULL),(122,351,3,NULL),(122,352,3,NULL),(122,342,3,1),(122,343,4,NULL),(122,344,4,NULL),(122,345,4,NULL),(122,346,4,NULL),(122,347,4,NULL),(122,348,4,NULL),(122,349,4,NULL),(122,350,4,NULL),(122,351,4,NULL),(122,352,4,NULL),(122,342,4,1),(122,343,5,NULL),(122,344,5,NULL),(122,345,5,NULL),(122,346,5,NULL),(122,347,5,NULL),(122,348,5,NULL),(122,349,5,NULL),(122,350,5,NULL),(122,351,5,NULL),(122,352,5,NULL),(122,342,5,1),(122,343,6,NULL),(122,344,6,NULL),(122,345,6,NULL),(122,346,6,NULL),(122,347,6,NULL),(122,348,6,NULL),(122,349,6,NULL),(122,350,6,NULL),(122,351,6,NULL),(122,352,6,NULL),(122,342,6,1),(122,343,7,NULL),(122,344,7,NULL),(122,345,7,NULL),(122,346,7,NULL),(122,347,7,NULL),(122,348,7,NULL),(122,349,7,NULL),(122,350,7,NULL),(122,351,7,NULL),(122,352,7,NULL),(122,342,7,1),(122,343,8,NULL),(122,344,8,NULL),(122,345,8,NULL),(122,346,8,NULL),(122,347,8,NULL),(122,348,8,NULL),(122,349,8,NULL),(122,350,8,NULL),(122,351,8,NULL),(122,352,8,NULL),(122,342,8,1),(122,343,10,NULL),(122,344,10,NULL),(122,345,10,NULL),(122,346,10,NULL),(122,347,10,NULL),(122,348,10,NULL),(122,349,10,NULL),(122,350,10,NULL),(122,351,10,NULL),(122,352,10,NULL),(122,342,10,1),(122,343,11,NULL),(122,344,11,NULL),(122,345,11,NULL),(122,346,11,NULL),(122,347,11,NULL),(122,348,11,NULL),(122,349,11,NULL),(122,350,11,NULL),(122,351,11,NULL),(122,352,11,NULL),(122,342,11,1),(122,343,12,NULL),(122,344,12,NULL),(122,345,12,NULL),(122,346,12,NULL),(122,347,12,NULL),(122,348,12,NULL),(122,349,12,NULL),(122,350,12,NULL),(122,351,12,NULL),(122,352,12,NULL),(122,342,12,1),(122,343,13,NULL),(122,344,13,NULL),(122,345,13,NULL),(122,346,13,NULL),(122,347,13,NULL),(122,348,13,NULL),(122,349,13,NULL),(122,350,13,NULL),(122,351,13,NULL),(122,352,13,NULL),(122,342,13,1),(123,333,3,NULL),(123,334,3,NULL),(123,335,3,NULL),(123,336,3,NULL),(123,337,3,NULL),(123,338,3,NULL),(123,339,3,NULL),(123,340,3,NULL),(123,341,3,NULL),(123,332,3,1),(123,333,4,NULL),(123,334,4,NULL),(123,335,4,NULL),(123,336,4,NULL),(123,337,4,NULL),(123,338,4,NULL),(123,339,4,NULL),(123,340,4,NULL),(123,341,4,NULL),(123,332,4,1),(123,333,5,NULL),(123,334,5,NULL),(123,335,5,NULL),(123,336,5,NULL),(123,337,5,NULL),(123,338,5,NULL),(123,339,5,NULL),(123,340,5,NULL),(123,341,5,NULL),(123,332,5,1),(123,333,6,NULL),(123,334,6,NULL),(123,335,6,NULL),(123,336,6,NULL),(123,337,6,NULL),(123,338,6,NULL),(123,339,6,NULL),(123,340,6,NULL),(123,341,6,NULL),(123,332,6,1),(123,333,7,NULL),(123,334,7,NULL),(123,335,7,NULL),(123,336,7,NULL),(123,337,7,NULL),(123,338,7,NULL),(123,339,7,NULL),(123,340,7,NULL),(123,341,7,NULL),(123,332,7,1),(123,333,8,NULL),(123,334,8,NULL),(123,335,8,NULL),(123,336,8,NULL),(123,337,8,NULL),(123,338,8,NULL),(123,339,8,NULL),(123,340,8,NULL),(123,341,8,NULL),(123,332,8,1),(123,333,10,NULL),(123,334,10,NULL),(123,335,10,NULL),(123,336,10,NULL),(123,337,10,NULL),(123,338,10,NULL),(123,339,10,NULL),(123,340,10,NULL),(123,341,10,NULL),(123,332,10,1),(123,333,11,NULL),(123,334,11,NULL),(123,335,11,NULL),(123,336,11,NULL),(123,337,11,NULL),(123,338,11,NULL),(123,339,11,NULL),(123,340,11,NULL),(123,341,11,NULL),(123,332,11,1),(123,333,12,NULL),(123,334,12,NULL),(123,335,12,NULL),(123,336,12,NULL),(123,337,12,NULL),(123,338,12,NULL),(123,339,12,NULL),(123,340,12,NULL),(123,341,12,NULL),(123,332,12,1),(123,333,13,NULL),(123,334,13,NULL),(123,335,13,NULL),(123,336,13,NULL),(123,337,13,NULL),(123,338,13,NULL),(123,339,13,NULL),(123,340,13,NULL),(123,341,13,NULL),(123,332,13,1),(124,531,3,NULL),(124,535,3,NULL),(124,536,3,NULL),(124,539,3,NULL),(124,542,3,NULL),(124,543,3,NULL),(124,544,3,NULL),(124,545,3,NULL),(124,528,3,1),(124,531,4,NULL),(124,535,4,NULL),(124,536,4,NULL),(124,539,4,NULL),(124,542,4,NULL),(124,543,4,NULL),(124,544,4,NULL),(124,545,4,NULL),(124,528,4,1),(124,531,5,NULL),(124,535,5,NULL),(124,536,5,NULL),(124,539,5,NULL),(124,542,5,NULL),(124,543,5,NULL),(124,544,5,NULL),(124,545,5,NULL),(124,528,5,1),(124,531,6,NULL),(124,535,6,NULL),(124,536,6,NULL),(124,539,6,NULL),(124,542,6,NULL),(124,543,6,NULL),(124,544,6,NULL),(124,545,6,NULL),(124,528,6,1),(124,531,7,NULL),(124,535,7,NULL),(124,536,7,NULL),(124,539,7,NULL),(124,542,7,NULL),(124,543,7,NULL),(124,544,7,NULL),(124,545,7,NULL),(124,528,7,1),(124,531,8,NULL),(124,535,8,NULL),(124,536,8,NULL),(124,539,8,NULL),(124,542,8,NULL),(124,543,8,NULL),(124,544,8,NULL),(124,545,8,NULL),(124,528,8,1),(124,531,10,NULL),(124,535,10,NULL),(124,536,10,NULL),(124,539,10,NULL),(124,542,10,NULL),(124,543,10,NULL),(124,544,10,NULL),(124,545,10,NULL),(124,528,10,1),(124,531,11,NULL),(124,535,11,NULL),(124,536,11,NULL),(124,539,11,NULL),(124,542,11,NULL),(124,543,11,NULL),(124,544,11,NULL),(124,545,11,NULL),(124,528,11,1),(124,531,12,NULL),(124,535,12,NULL),(124,536,12,NULL),(124,539,12,NULL),(124,542,12,NULL),(124,543,12,NULL),(124,544,12,NULL),(124,545,12,NULL),(124,528,12,1),(124,531,13,NULL),(124,535,13,NULL),(124,536,13,NULL),(124,539,13,NULL),(124,542,13,NULL),(124,543,13,NULL),(124,544,13,NULL),(124,545,13,NULL),(124,528,13,1),(125,527,3,NULL),(125,529,3,NULL),(125,534,3,NULL),(125,538,3,NULL),(125,521,3,1),(125,527,4,NULL),(125,529,4,NULL),(125,534,4,NULL),(125,538,4,NULL),(125,521,4,1),(125,527,5,NULL),(125,529,5,NULL),(125,534,5,NULL),(125,538,5,NULL),(125,521,5,1),(125,527,6,NULL),(125,529,6,NULL),(125,534,6,NULL),(125,538,6,NULL),(125,521,6,1),(125,527,7,NULL),(125,529,7,NULL),(125,534,7,NULL),(125,538,7,NULL),(125,521,7,1),(125,527,8,NULL),(125,529,8,NULL),(125,534,8,NULL),(125,538,8,NULL),(125,521,8,1),(125,527,10,NULL),(125,529,10,NULL),(125,534,10,NULL),(125,538,10,NULL),(125,521,10,1),(125,527,11,NULL),(125,529,11,NULL),(125,534,11,NULL),(125,538,11,NULL),(125,521,11,1),(125,527,12,NULL),(125,529,12,NULL),(125,534,12,NULL),(125,538,12,NULL),(125,521,12,1),(125,527,13,NULL),(125,529,13,NULL),(125,534,13,NULL),(125,538,13,NULL),(125,521,13,1),(126,520,3,NULL),(126,522,3,NULL),(126,530,3,NULL),(126,533,3,NULL),(126,537,3,NULL),(126,540,3,NULL),(126,541,3,NULL),(126,515,3,1),(126,520,4,NULL),(126,522,4,NULL),(126,530,4,NULL),(126,533,4,NULL),(126,537,4,NULL),(126,540,4,NULL),(126,541,4,NULL),(126,515,4,1),(126,520,5,NULL),(126,522,5,NULL),(126,530,5,NULL),(126,533,5,NULL),(126,537,5,NULL),(126,540,5,NULL),(126,541,5,NULL),(126,515,5,1),(126,520,6,NULL),(126,522,6,NULL),(126,530,6,NULL),(126,533,6,NULL),(126,537,6,NULL),(126,540,6,NULL),(126,541,6,NULL),(126,515,6,1),(126,520,7,NULL),(126,522,7,NULL),(126,530,7,NULL),(126,533,7,NULL),(126,537,7,NULL),(126,540,7,NULL),(126,541,7,NULL),(126,515,7,1),(126,520,8,NULL),(126,522,8,NULL),(126,530,8,NULL),(126,533,8,NULL),(126,537,8,NULL),(126,540,8,NULL),(126,541,8,NULL),(126,515,8,1),(126,520,10,NULL),(126,522,10,NULL),(126,530,10,NULL),(126,533,10,NULL),(126,537,10,NULL),(126,540,10,NULL),(126,541,10,NULL),(126,515,10,1),(126,520,11,NULL),(126,522,11,NULL),(126,530,11,NULL),(126,533,11,NULL),(126,537,11,NULL),(126,540,11,NULL),(126,541,11,NULL),(126,515,11,1),(126,520,12,NULL),(126,522,12,NULL),(126,530,12,NULL),(126,533,12,NULL),(126,537,12,NULL),(126,540,12,NULL),(126,541,12,NULL),(126,515,12,1),(126,520,13,NULL),(126,522,13,NULL),(126,530,13,NULL),(126,533,13,NULL),(126,537,13,NULL),(126,540,13,NULL),(126,541,13,NULL),(126,515,13,1),(127,510,3,NULL),(127,513,3,NULL),(127,514,3,NULL),(127,518,3,NULL),(127,519,3,NULL),(127,525,3,NULL),(127,526,3,NULL),(127,532,3,NULL),(127,508,3,1),(127,510,4,NULL),(127,513,4,NULL),(127,514,4,NULL),(127,518,4,NULL),(127,519,4,NULL),(127,525,4,NULL),(127,526,4,NULL),(127,532,4,NULL),(127,508,4,1),(127,510,5,NULL),(127,513,5,NULL),(127,514,5,NULL),(127,518,5,NULL),(127,519,5,NULL),(127,525,5,NULL),(127,526,5,NULL),(127,532,5,NULL),(127,508,5,1),(127,510,6,NULL),(127,513,6,NULL),(127,514,6,NULL),(127,518,6,NULL),(127,519,6,NULL),(127,525,6,NULL),(127,526,6,NULL),(127,532,6,NULL),(127,508,6,1),(127,510,7,NULL),(127,513,7,NULL),(127,514,7,NULL),(127,518,7,NULL),(127,519,7,NULL),(127,525,7,NULL),(127,526,7,NULL),(127,532,7,NULL),(127,508,7,1),(127,510,8,NULL),(127,513,8,NULL),(127,514,8,NULL),(127,518,8,NULL),(127,519,8,NULL),(127,525,8,NULL),(127,526,8,NULL),(127,532,8,NULL),(127,508,8,1),(127,510,10,NULL),(127,513,10,NULL),(127,514,10,NULL),(127,518,10,NULL),(127,519,10,NULL),(127,525,10,NULL),(127,526,10,NULL),(127,532,10,NULL),(127,508,10,1),(127,510,11,NULL),(127,513,11,NULL),(127,514,11,NULL),(127,518,11,NULL),(127,519,11,NULL),(127,525,11,NULL),(127,526,11,NULL),(127,532,11,NULL),(127,508,11,1),(127,510,12,NULL),(127,513,12,NULL),(127,514,12,NULL),(127,518,12,NULL),(127,519,12,NULL),(127,525,12,NULL),(127,526,12,NULL),(127,532,12,NULL),(127,508,12,1),(127,510,13,NULL),(127,513,13,NULL),(127,514,13,NULL),(127,518,13,NULL),(127,519,13,NULL),(127,525,13,NULL),(127,526,13,NULL),(127,532,13,NULL),(127,508,13,1),(128,503,3,NULL),(128,509,3,NULL),(128,511,3,NULL),(128,512,3,NULL),(128,516,3,NULL),(128,517,3,NULL),(128,523,3,NULL),(128,524,3,NULL),(128,504,3,1),(128,503,4,NULL),(128,509,4,NULL),(128,511,4,NULL),(128,512,4,NULL),(128,516,4,NULL),(128,517,4,NULL),(128,523,4,NULL),(128,524,4,NULL),(128,504,4,1),(128,503,5,NULL),(128,509,5,NULL),(128,511,5,NULL),(128,512,5,NULL),(128,516,5,NULL),(128,517,5,NULL),(128,523,5,NULL),(128,524,5,NULL),(128,504,5,1),(128,503,6,NULL),(128,509,6,NULL),(128,511,6,NULL),(128,512,6,NULL),(128,516,6,NULL),(128,517,6,NULL),(128,523,6,NULL),(128,524,6,NULL),(128,504,6,1),(128,503,7,NULL),(128,509,7,NULL),(128,511,7,NULL),(128,512,7,NULL),(128,516,7,NULL),(128,517,7,NULL),(128,523,7,NULL),(128,524,7,NULL),(128,504,7,1),(128,503,8,NULL),(128,509,8,NULL),(128,511,8,NULL),(128,512,8,NULL),(128,516,8,NULL),(128,517,8,NULL),(128,523,8,NULL),(128,524,8,NULL),(128,504,8,1),(128,503,10,NULL),(128,509,10,NULL),(128,511,10,NULL),(128,512,10,NULL),(128,516,10,NULL),(128,517,10,NULL),(128,523,10,NULL),(128,524,10,NULL),(128,504,10,1),(128,503,11,NULL),(128,509,11,NULL),(128,511,11,NULL),(128,512,11,NULL),(128,516,11,NULL),(128,517,11,NULL),(128,523,11,NULL),(128,524,11,NULL),(128,504,11,1),(128,503,12,NULL),(128,509,12,NULL),(128,511,12,NULL),(128,512,12,NULL),(128,516,12,NULL),(128,517,12,NULL),(128,523,12,NULL),(128,524,12,NULL),(128,504,12,1),(128,503,13,NULL),(128,509,13,NULL),(128,511,13,NULL),(128,512,13,NULL),(128,516,13,NULL),(128,517,13,NULL),(128,523,13,NULL),(128,524,13,NULL),(128,504,13,1),(129,497,3,NULL),(129,499,3,NULL),(129,500,3,NULL),(129,501,3,NULL),(129,502,3,NULL),(129,505,3,NULL),(129,506,3,NULL),(129,507,3,NULL),(129,498,3,1),(129,497,4,NULL),(129,499,4,NULL),(129,500,4,NULL),(129,501,4,NULL),(129,502,4,NULL),(129,505,4,NULL),(129,506,4,NULL),(129,507,4,NULL),(129,498,4,1),(129,497,5,NULL),(129,499,5,NULL),(129,500,5,NULL),(129,501,5,NULL),(129,502,5,NULL),(129,505,5,NULL),(129,506,5,NULL),(129,507,5,NULL),(129,498,5,1),(129,497,6,NULL),(129,499,6,NULL),(129,500,6,NULL),(129,501,6,NULL),(129,502,6,NULL),(129,505,6,NULL),(129,506,6,NULL),(129,507,6,NULL),(129,498,6,1),(129,497,7,NULL),(129,499,7,NULL),(129,500,7,NULL),(129,501,7,NULL),(129,502,7,NULL),(129,505,7,NULL),(129,506,7,NULL),(129,507,7,NULL),(129,498,7,1),(129,497,8,NULL),(129,499,8,NULL),(129,500,8,NULL),(129,501,8,NULL),(129,502,8,NULL),(129,505,8,NULL),(129,506,8,NULL),(129,507,8,NULL),(129,498,8,1),(129,497,10,NULL),(129,499,10,NULL),(129,500,10,NULL),(129,501,10,NULL),(129,502,10,NULL),(129,505,10,NULL),(129,506,10,NULL),(129,507,10,NULL),(129,498,10,1),(129,497,11,NULL),(129,499,11,NULL),(129,500,11,NULL),(129,501,11,NULL),(129,502,11,NULL),(129,505,11,NULL),(129,506,11,NULL),(129,507,11,NULL),(129,498,11,1),(129,497,12,NULL),(129,499,12,NULL),(129,500,12,NULL),(129,501,12,NULL),(129,502,12,NULL),(129,505,12,NULL),(129,506,12,NULL),(129,507,12,NULL),(129,498,12,1),(129,497,13,NULL),(129,499,13,NULL),(129,500,13,NULL),(129,501,13,NULL),(129,502,13,NULL),(129,505,13,NULL),(129,506,13,NULL),(129,507,13,NULL),(129,498,13,1),(130,580,3,1),(130,580,4,1),(130,580,5,1),(130,580,6,1),(130,580,7,1),(130,580,8,1),(130,580,10,1),(130,580,11,1),(130,580,12,1),(130,580,13,1),(131,581,3,1),(131,581,4,1),(131,581,5,1),(131,581,6,1),(131,581,7,1),(131,581,8,1),(131,581,10,1),(131,581,11,1),(131,581,12,1),(131,581,13,1);

--
-- Table structure for table `ps_image_type`
--

CREATE TABLE `ps_image_type` (
  `id_image_type` int(10) unsigned NOT NULL AUTO_INCREMENT,
  `name` varchar(64) NOT NULL,
  `width` int(10) unsigned NOT NULL,
  `height` int(10) unsigned NOT NULL,
  `products` tinyint(1) NOT NULL DEFAULT '1',
  `categories` tinyint(1) NOT NULL DEFAULT '1',
  `manufacturers` tinyint(1) NOT NULL DEFAULT '1',
  `suppliers` tinyint(1) NOT NULL DEFAULT '1',
  `stores` tinyint(1) NOT NULL DEFAULT '1',
  PRIMARY KEY (`id_image_type`),
  KEY `image_type_name` (`name`)
) ENGINE=InnoDB AUTO_INCREMENT=10 DEFAULT CHARSET=utf8;

--
-- Dumping data for table `ps_image_type`
--

INSERT INTO `ps_image_type` VALUES (1,'cart_default',125,156,1,0,0,0,0),(2,'small_default',98,122,1,1,1,1,0),(3,'medium_default',450,562,1,0,1,1,0),(4,'home_default',276,345,1,0,0,0,0),(5,'special_default',216,275,1,0,0,0,0),(6,'large_default',800,1000,1,0,1,1,0),(7,'category_default',870,159,0,1,0,0,0),(8,'stores_default',170,115,0,0,0,0,1),(9,'extralarge_default',1200,1200,1,0,0,0,0);

--
-- Table structure for table `ps_import_match`
--

CREATE TABLE `ps_import_match` (
  `id_import_match` int(10) NOT NULL AUTO_INCREMENT,
  `name` varchar(32) NOT NULL,
  `match` text NOT NULL,
  `skip` int(2) NOT NULL,
  PRIMARY KEY (`id_import_match`)
) ENGINE=InnoDB AUTO_INCREMENT=8 DEFAULT CHARSET=utf8;

--
-- Dumping data for table `ps_import_match`
--

INSERT INTO `ps_import_match` VALUES (6,'Description Import','id|name|description_short|description',1),(7,'InitialImport','no|manufacturer|supplier|reference|supplier_reference|ean13|price_tin|id_tax_rules_group|name',1);

--
-- Table structure for table `ps_info`
--

CREATE TABLE `ps_info` (
  `id_info` int(10) unsigned NOT NULL AUTO_INCREMENT,
  PRIMARY KEY (`id_info`)
) ENGINE=InnoDB AUTO_INCREMENT=2 DEFAULT CHARSET=utf8;

--
-- Dumping data for table `ps_info`
--

INSERT INTO `ps_info` VALUES (1);

--
-- Table structure for table `ps_info_lang`
--

CREATE TABLE `ps_info_lang` (
  `id_info` int(10) unsigned NOT NULL,
  `id_lang` int(10) unsigned NOT NULL,
  `text` text NOT NULL,
  `id_shop` int(10) unsigned NOT NULL,
  PRIMARY KEY (`id_info`,`id_lang`,`id_shop`)
) ENGINE=InnoDB DEFAULT CHARSET=utf8;

--
-- Dumping data for table `ps_info_lang`
--

INSERT INTO `ps_info_lang` VALUES (1,1,'<h3>Custom Text Block</h3>\n<p><strong class=\"dark\">Lorem ipsum dolor sit amet conse ctetu</strong></p>\n<p>Sit amet conse ctetur adipisicing elit, sed do eiusmod tempor incididunt ut labore et dolore magna aliqua. Ut enim ad minim veniam, quis nostrud exercitation ullamco laboris nisi ut aliquip ex ea commodo consequat. Duis aute irure dolor in reprehenderit.</p>',5),(1,2,'<h3>Custom Text Block</h3>\n<p><strong class=\"dark\">Lorem ipsum dolor sit amet conse ctetu</strong></p>\n<p>Sit amet conse ctetur adipisicing elit, sed do eiusmod tempor incididunt ut labore et dolore magna aliqua. Ut enim ad minim veniam, quis nostrud exercitation ullamco laboris nisi ut aliquip ex ea commodo consequat. Duis aute irure dolor in reprehenderit.</p>',5),(1,3,'<h3>Custom Text Block</h3>\n<p><strong class=\"dark\">Lorem ipsum dolor sit amet conse ctetu</strong></p>\n<p>Sit amet conse ctetur adipisicing elit, sed do eiusmod tempor incididunt ut labore et dolore magna aliqua. Ut enim ad minim veniam, quis nostrud exercitation ullamco laboris nisi ut aliquip ex ea commodo consequat. Duis aute irure dolor in reprehenderit.</p>',5),(1,4,'<h3>Custom Text Block</h3>\n<p><strong class=\"dark\">Lorem ipsum dolor sit amet conse ctetu</strong></p>\n<p>Sit amet conse ctetur adipisicing elit, sed do eiusmod tempor incididunt ut labore et dolore magna aliqua. Ut enim ad minim veniam, quis nostrud exercitation ullamco laboris nisi ut aliquip ex ea commodo consequat. Duis aute irure dolor in reprehenderit.</p>',5);

--
-- Table structure for table `ps_info_shop`
--

CREATE TABLE `ps_info_shop` (
  `id_info` int(10) unsigned NOT NULL,
  `id_shop` int(10) unsigned NOT NULL,
  PRIMARY KEY (`id_info`,`id_shop`)
) ENGINE=InnoDB DEFAULT CHARSET=utf8;

--
-- Dumping data for table `ps_info_shop`
--

INSERT INTO `ps_info_shop` VALUES (1,5);

--
-- Table structure for table `ps_lang`
--

CREATE TABLE `ps_lang` (
  `id_lang` int(11) NOT NULL AUTO_INCREMENT,
  `name` varchar(32) CHARACTER SET utf8 NOT NULL,
  `active` tinyint(1) NOT NULL,
  `iso_code` varchar(2) CHARACTER SET utf8 NOT NULL,
  `language_code` varchar(5) CHARACTER SET utf8 NOT NULL,
  `locale` varchar(5) CHARACTER SET utf8 NOT NULL,
  `date_format_lite` varchar(32) CHARACTER SET utf8 NOT NULL,
  `date_format_full` varchar(32) CHARACTER SET utf8 NOT NULL,
  `is_rtl` tinyint(1) NOT NULL,
  PRIMARY KEY (`id_lang`)
) ENGINE=InnoDB AUTO_INCREMENT=5 DEFAULT CHARSET=utf8 COLLATE=utf8_unicode_ci;

--
-- Dumping data for table `ps_lang`
--

INSERT INTO `ps_lang` VALUES (1,'English (English)',1,'en','en-us','en-US','m/d/Y','m/d/Y H:i:s',0),(2,'Deutsch (German)',1,'de','de','de-DE','d.m.Y','d.m.Y H:i:s',0),(3,'Français (French)',1,'fr','fr','fr-FR','d/m/Y','d/m/Y H:i:s',0),(4,'Italiano (Italian)',1,'it','it','it-IT','d/m/Y','d/m/Y H:i:s',0);

--
-- Table structure for table `ps_lang_shop`
--

CREATE TABLE `ps_lang_shop` (
  `id_lang` int(11) NOT NULL,
  `id_shop` int(11) NOT NULL,
  PRIMARY KEY (`id_lang`,`id_shop`),
  KEY `IDX_2F43BFC7BA299860` (`id_lang`),
  KEY `IDX_2F43BFC7274A50A0` (`id_shop`)
) ENGINE=InnoDB DEFAULT CHARSET=utf8 COLLATE=utf8_unicode_ci;

--
-- Dumping data for table `ps_lang_shop`
--

INSERT INTO `ps_lang_shop` VALUES (1,1),(1,3),(1,4),(1,5),(1,6),(1,7),(1,8),(1,9),(1,10),(1,11),(1,12),(1,13),(2,1),(2,3),(2,4),(2,5),(2,6),(2,7),(2,8),(2,9),(2,10),(2,11),(2,12),(2,13),(3,1),(3,3),(3,4),(3,5),(3,6),(3,7),(3,8),(3,9),(3,10),(3,11),(3,12),(3,13),(4,1),(4,3),(4,4),(4,5),(4,6),(4,7),(4,8),(4,9),(4,10),(4,11),(4,12),(4,13);

--
-- Table structure for table `ps_layered_category`
--

CREATE TABLE `ps_layered_category` (
  `id_layered_category` int(10) unsigned NOT NULL AUTO_INCREMENT,
  `id_shop` int(11) unsigned NOT NULL,
  `id_category` int(10) unsigned NOT NULL,
  `id_value` int(10) unsigned DEFAULT '0',
  `type` enum('category','id_feature','id_attribute_group','quantity','condition','manufacturer','weight','price') NOT NULL,
  `position` int(10) unsigned NOT NULL,
  `filter_type` int(10) unsigned NOT NULL DEFAULT '0',
  `filter_show_limit` int(10) unsigned NOT NULL DEFAULT '0',
  PRIMARY KEY (`id_layered_category`),
  KEY `id_category` (`id_category`,`type`)
) ENGINE=InnoDB AUTO_INCREMENT=365 DEFAULT CHARSET=latin1;

--
-- Dumping data for table `ps_layered_category`
--

INSERT INTO `ps_layered_category` VALUES (1,5,2,NULL,'category',1,0,0),(2,5,2,NULL,'quantity',2,0,0),(3,5,2,NULL,'condition',3,0,0),(4,5,2,NULL,'manufacturer',4,0,0),(5,5,2,NULL,'weight',5,1,0),(6,5,2,NULL,'price',6,1,0),(7,5,2,1,'id_attribute_group',7,0,0),(8,5,2,2,'id_attribute_group',8,0,0),(9,5,2,3,'id_attribute_group',9,0,0),(10,5,2,4,'id_attribute_group',10,0,0),(11,5,2,9,'id_feature',11,0,0),(12,5,2,10,'id_feature',12,0,0),(13,5,2,11,'id_feature',13,0,0),(14,5,2,12,'id_feature',14,0,0),(15,5,26,NULL,'category',1,0,0),(16,5,26,NULL,'quantity',2,0,0),(17,5,26,NULL,'condition',3,0,0),(18,5,26,NULL,'manufacturer',4,0,0),(19,5,26,NULL,'weight',5,1,0),(20,5,26,NULL,'price',6,1,0),(21,5,26,1,'id_attribute_group',7,0,0),(22,5,26,2,'id_attribute_group',8,0,0),(23,5,26,3,'id_attribute_group',9,0,0),(24,5,26,4,'id_attribute_group',10,0,0),(25,5,26,9,'id_feature',11,0,0),(26,5,26,10,'id_feature',12,0,0),(27,5,26,11,'id_feature',13,0,0),(28,5,26,12,'id_feature',14,0,0),(29,5,27,NULL,'category',1,0,0),(30,5,27,NULL,'quantity',2,0,0),(31,5,27,NULL,'condition',3,0,0),(32,5,27,NULL,'manufacturer',4,0,0),(33,5,27,NULL,'weight',5,1,0),(34,5,27,NULL,'price',6,1,0),(35,5,27,1,'id_attribute_group',7,0,0),(36,5,27,2,'id_attribute_group',8,0,0),(37,5,27,3,'id_attribute_group',9,0,0),(38,5,27,4,'id_attribute_group',10,0,0),(39,5,27,9,'id_feature',11,0,0),(40,5,27,10,'id_feature',12,0,0),(41,5,27,11,'id_feature',13,0,0),(42,5,27,12,'id_feature',14,0,0),(43,4,2,NULL,'category',1,0,0),(44,4,2,NULL,'quantity',2,0,0),(45,4,2,NULL,'condition',3,0,0),(46,4,2,NULL,'manufacturer',4,0,0),(47,4,2,NULL,'weight',5,1,0),(48,4,2,NULL,'price',6,1,0),(49,4,2,1,'id_attribute_group',7,0,0),(50,4,2,2,'id_attribute_group',8,0,0),(51,4,2,3,'id_attribute_group',9,0,0),(52,4,2,4,'id_attribute_group',10,0,0),(53,4,2,9,'id_feature',11,0,0),(54,4,2,10,'id_feature',12,0,0),(55,4,2,11,'id_feature',13,0,0),(56,4,2,12,'id_feature',14,0,0),(57,4,31,NULL,'category',1,0,0),(58,4,31,NULL,'quantity',2,0,0),(59,4,31,NULL,'condition',3,0,0),(60,4,31,NULL,'manufacturer',4,0,0),(61,4,31,NULL,'weight',5,1,0),(62,4,31,NULL,'price',6,1,0),(63,4,31,1,'id_attribute_group',7,0,0),(64,4,31,2,'id_attribute_group',8,0,0),(65,4,31,3,'id_attribute_group',9,0,0),(66,4,31,4,'id_attribute_group',10,0,0),(67,4,31,9,'id_feature',11,0,0),(68,4,31,10,'id_feature',12,0,0),(69,4,31,11,'id_feature',13,0,0),(70,4,31,12,'id_feature',14,0,0),(71,6,2,NULL,'category',1,0,0),(72,6,2,NULL,'quantity',2,0,0),(73,6,2,NULL,'condition',3,0,0),(74,6,2,NULL,'manufacturer',4,0,0),(75,6,2,NULL,'weight',5,1,0),(76,6,2,NULL,'price',6,1,0),(77,6,2,1,'id_attribute_group',7,0,0),(78,6,2,3,'id_attribute_group',8,0,0),(79,6,2,2,'id_attribute_group',9,0,0),(80,6,2,4,'id_attribute_group',10,0,0),(81,6,2,9,'id_feature',11,0,0),(82,6,2,10,'id_feature',12,0,0),(83,6,2,11,'id_feature',13,0,0),(84,6,2,12,'id_feature',14,0,0),(85,6,28,NULL,'category',1,0,0),(86,6,28,NULL,'quantity',2,0,0),(87,6,28,NULL,'condition',3,0,0),(88,6,28,NULL,'manufacturer',4,0,0),(89,6,28,NULL,'weight',5,1,0),(90,6,28,NULL,'price',6,1,0),(91,6,28,1,'id_attribute_group',7,0,0),(92,6,28,3,'id_attribute_group',8,0,0),(93,6,28,2,'id_attribute_group',9,0,0),(94,6,28,4,'id_attribute_group',10,0,0),(95,6,28,9,'id_feature',11,0,0),(96,6,28,10,'id_feature',12,0,0),(97,6,28,11,'id_feature',13,0,0),(98,6,28,12,'id_feature',14,0,0),(99,6,29,NULL,'category',1,0,0),(100,6,29,NULL,'quantity',2,0,0),(101,6,29,NULL,'condition',3,0,0),(102,6,29,NULL,'manufacturer',4,0,0),(103,6,29,NULL,'weight',5,1,0),(104,6,29,NULL,'price',6,1,0),(105,6,29,1,'id_attribute_group',7,0,0),(106,6,29,3,'id_attribute_group',8,0,0),(107,6,29,2,'id_attribute_group',9,0,0),(108,6,29,4,'id_attribute_group',10,0,0),(109,6,29,9,'id_feature',11,0,0),(110,6,29,10,'id_feature',12,0,0),(111,6,29,11,'id_feature',13,0,0),(112,6,29,12,'id_feature',14,0,0),(113,6,30,NULL,'category',1,0,0),(114,6,30,NULL,'quantity',2,0,0),(115,6,30,NULL,'condition',3,0,0),(116,6,30,NULL,'manufacturer',4,0,0),(117,6,30,NULL,'weight',5,1,0),(118,6,30,NULL,'price',6,1,0),(119,6,30,1,'id_attribute_group',7,0,0),(120,6,30,3,'id_attribute_group',8,0,0),(121,6,30,2,'id_attribute_group',9,0,0),(122,6,30,4,'id_attribute_group',10,0,0),(123,6,30,9,'id_feature',11,0,0),(124,6,30,10,'id_feature',12,0,0),(125,6,30,11,'id_feature',13,0,0),(126,6,30,12,'id_feature',14,0,0),(127,3,2,NULL,'category',1,0,0),(128,3,2,NULL,'quantity',2,0,0),(129,3,2,NULL,'condition',3,0,0),(130,3,2,NULL,'manufacturer',4,0,0),(131,3,2,NULL,'weight',5,1,0),(132,3,2,NULL,'price',6,1,0),(133,3,2,1,'id_attribute_group',7,0,0),(134,3,2,2,'id_attribute_group',8,0,0),(135,3,2,3,'id_attribute_group',9,0,0),(136,3,2,4,'id_attribute_group',10,0,0),(137,3,2,9,'id_feature',11,0,0),(138,3,2,10,'id_feature',12,0,0),(139,3,2,11,'id_feature',13,0,0),(140,3,2,12,'id_feature',14,0,0),(141,3,10,NULL,'category',1,0,0),(142,3,10,NULL,'quantity',2,0,0),(143,3,10,NULL,'condition',3,0,0),(144,3,10,NULL,'manufacturer',4,0,0),(145,3,10,NULL,'weight',5,1,0),(146,3,10,NULL,'price',6,1,0),(147,3,10,1,'id_attribute_group',7,0,0),(148,3,10,2,'id_attribute_group',8,0,0),(149,3,10,3,'id_attribute_group',9,0,0),(150,3,10,4,'id_attribute_group',10,0,0),(151,3,10,9,'id_feature',11,0,0),(152,3,10,10,'id_feature',12,0,0),(153,3,10,11,'id_feature',13,0,0),(154,3,10,12,'id_feature',14,0,0),(155,3,18,NULL,'category',1,0,0),(156,3,18,NULL,'quantity',2,0,0),(157,3,18,NULL,'condition',3,0,0),(158,3,18,NULL,'manufacturer',4,0,0),(159,3,18,NULL,'weight',5,1,0),(160,3,18,NULL,'price',6,1,0),(161,3,18,1,'id_attribute_group',7,0,0),(162,3,18,2,'id_attribute_group',8,0,0),(163,3,18,3,'id_attribute_group',9,0,0),(164,3,18,4,'id_attribute_group',10,0,0),(165,3,18,9,'id_feature',11,0,0),(166,3,18,10,'id_feature',12,0,0),(167,3,18,11,'id_feature',13,0,0),(168,3,18,12,'id_feature',14,0,0),(169,3,19,NULL,'category',1,0,0),(170,3,19,NULL,'quantity',2,0,0),(171,3,19,NULL,'condition',3,0,0),(172,3,19,NULL,'manufacturer',4,0,0),(173,3,19,NULL,'weight',5,1,0),(174,3,19,NULL,'price',6,1,0),(175,3,19,1,'id_attribute_group',7,0,0),(176,3,19,2,'id_attribute_group',8,0,0),(177,3,19,3,'id_attribute_group',9,0,0),(178,3,19,4,'id_attribute_group',10,0,0),(179,3,19,9,'id_feature',11,0,0),(180,3,19,10,'id_feature',12,0,0),(181,3,19,11,'id_feature',13,0,0),(182,3,19,12,'id_feature',14,0,0),(183,3,20,NULL,'category',1,0,0),(184,3,20,NULL,'quantity',2,0,0),(185,3,20,NULL,'condition',3,0,0),(186,3,20,NULL,'manufacturer',4,0,0),(187,3,20,NULL,'weight',5,1,0),(188,3,20,NULL,'price',6,1,0),(189,3,20,1,'id_attribute_group',7,0,0),(190,3,20,2,'id_attribute_group',8,0,0),(191,3,20,3,'id_attribute_group',9,0,0),(192,3,20,4,'id_attribute_group',10,0,0),(193,3,20,9,'id_feature',11,0,0),(194,3,20,10,'id_feature',12,0,0),(195,3,20,11,'id_feature',13,0,0),(196,3,20,12,'id_feature',14,0,0),(197,3,21,NULL,'category',1,0,0),(198,3,21,NULL,'quantity',2,0,0),(199,3,21,NULL,'condition',3,0,0),(200,3,21,NULL,'manufacturer',4,0,0),(201,3,21,NULL,'weight',5,1,0),(202,3,21,NULL,'price',6,1,0),(203,3,21,1,'id_attribute_group',7,0,0),(204,3,21,2,'id_attribute_group',8,0,0),(205,3,21,3,'id_attribute_group',9,0,0),(206,3,21,4,'id_attribute_group',10,0,0),(207,3,21,9,'id_feature',11,0,0),(208,3,21,10,'id_feature',12,0,0),(209,3,21,11,'id_feature',13,0,0),(210,3,21,12,'id_feature',14,0,0),(211,3,22,NULL,'category',1,0,0),(212,3,22,NULL,'quantity',2,0,0),(213,3,22,NULL,'condition',3,0,0),(214,3,22,NULL,'manufacturer',4,0,0),(215,3,22,NULL,'weight',5,1,0),(216,3,22,NULL,'price',6,1,0),(217,3,22,1,'id_attribute_group',7,0,0),(218,3,22,2,'id_attribute_group',8,0,0),(219,3,22,3,'id_attribute_group',9,0,0),(220,3,22,4,'id_attribute_group',10,0,0),(221,3,22,9,'id_feature',11,0,0),(222,3,22,10,'id_feature',12,0,0),(223,3,22,11,'id_feature',13,0,0),(224,3,22,12,'id_feature',14,0,0),(225,3,15,NULL,'category',1,0,0),(226,3,15,NULL,'quantity',2,0,0),(227,3,15,NULL,'condition',3,0,0),(228,3,15,NULL,'manufacturer',4,0,0),(229,3,15,NULL,'weight',5,1,0),(230,3,15,NULL,'price',6,1,0),(231,3,15,1,'id_attribute_group',7,0,0),(232,3,15,2,'id_attribute_group',8,0,0),(233,3,15,3,'id_attribute_group',9,0,0),(234,3,15,4,'id_attribute_group',10,0,0),(235,3,15,9,'id_feature',11,0,0),(236,3,15,10,'id_feature',12,0,0),(237,3,15,11,'id_feature',13,0,0),(238,3,15,12,'id_feature',14,0,0),(239,3,16,NULL,'category',1,0,0),(240,3,16,NULL,'quantity',2,0,0),(241,3,16,NULL,'condition',3,0,0),(242,3,16,NULL,'manufacturer',4,0,0),(243,3,16,NULL,'weight',5,1,0),(244,3,16,NULL,'price',6,1,0),(245,3,16,1,'id_attribute_group',7,0,0),(246,3,16,2,'id_attribute_group',8,0,0),(247,3,16,3,'id_attribute_group',9,0,0),(248,3,16,4,'id_attribute_group',10,0,0),(249,3,16,9,'id_feature',11,0,0),(250,3,16,10,'id_feature',12,0,0),(251,3,16,11,'id_feature',13,0,0),(252,3,16,12,'id_feature',14,0,0),(253,3,17,NULL,'category',1,0,0),(254,3,17,NULL,'quantity',2,0,0),(255,3,17,NULL,'condition',3,0,0),(256,3,17,NULL,'manufacturer',4,0,0),(257,3,17,NULL,'weight',5,1,0),(258,3,17,NULL,'price',6,1,0),(259,3,17,1,'id_attribute_group',7,0,0),(260,3,17,2,'id_attribute_group',8,0,0),(261,3,17,3,'id_attribute_group',9,0,0),(262,3,17,4,'id_attribute_group',10,0,0),(263,3,17,9,'id_feature',11,0,0),(264,3,17,10,'id_feature',12,0,0),(265,3,17,11,'id_feature',13,0,0),(266,3,17,12,'id_feature',14,0,0),(267,3,11,NULL,'category',1,0,0),(268,3,11,NULL,'quantity',2,0,0),(269,3,11,NULL,'condition',3,0,0),(270,3,11,NULL,'manufacturer',4,0,0),(271,3,11,NULL,'weight',5,1,0),(272,3,11,NULL,'price',6,1,0),(273,3,11,1,'id_attribute_group',7,0,0),(274,3,11,2,'id_attribute_group',8,0,0),(275,3,11,3,'id_attribute_group',9,0,0),(276,3,11,4,'id_attribute_group',10,0,0),(277,3,11,9,'id_feature',11,0,0),(278,3,11,10,'id_feature',12,0,0),(279,3,11,11,'id_feature',13,0,0),(280,3,11,12,'id_feature',14,0,0),(281,3,12,NULL,'category',1,0,0),(282,3,12,NULL,'quantity',2,0,0),(283,3,12,NULL,'condition',3,0,0),(284,3,12,NULL,'manufacturer',4,0,0),(285,3,12,NULL,'weight',5,1,0),(286,3,12,NULL,'price',6,1,0),(287,3,12,1,'id_attribute_group',7,0,0),(288,3,12,2,'id_attribute_group',8,0,0),(289,3,12,3,'id_attribute_group',9,0,0),(290,3,12,4,'id_attribute_group',10,0,0),(291,3,12,9,'id_feature',11,0,0),(292,3,12,10,'id_feature',12,0,0),(293,3,12,11,'id_feature',13,0,0),(294,3,12,12,'id_feature',14,0,0),(295,3,13,NULL,'category',1,0,0),(296,3,13,NULL,'quantity',2,0,0),(297,3,13,NULL,'condition',3,0,0),(298,3,13,NULL,'manufacturer',4,0,0),(299,3,13,NULL,'weight',5,1,0),(300,3,13,NULL,'price',6,1,0),(301,3,13,1,'id_attribute_group',7,0,0),(302,3,13,2,'id_attribute_group',8,0,0),(303,3,13,3,'id_attribute_group',9,0,0),(304,3,13,4,'id_attribute_group',10,0,0),(305,3,13,9,'id_feature',11,0,0),(306,3,13,10,'id_feature',12,0,0),(307,3,13,11,'id_feature',13,0,0),(308,3,13,12,'id_feature',14,0,0),(309,3,23,NULL,'category',1,0,0),(310,3,23,NULL,'quantity',2,0,0),(311,3,23,NULL,'condition',3,0,0),(312,3,23,NULL,'manufacturer',4,0,0),(313,3,23,NULL,'weight',5,1,0),(314,3,23,NULL,'price',6,1,0),(315,3,23,1,'id_attribute_group',7,0,0),(316,3,23,2,'id_attribute_group',8,0,0),(317,3,23,3,'id_attribute_group',9,0,0),(318,3,23,4,'id_attribute_group',10,0,0),(319,3,23,9,'id_feature',11,0,0),(320,3,23,10,'id_feature',12,0,0),(321,3,23,11,'id_feature',13,0,0),(322,3,23,12,'id_feature',14,0,0),(323,3,24,NULL,'category',1,0,0),(324,3,24,NULL,'quantity',2,0,0),(325,3,24,NULL,'condition',3,0,0),(326,3,24,NULL,'manufacturer',4,0,0),(327,3,24,NULL,'weight',5,1,0),(328,3,24,NULL,'price',6,1,0),(329,3,24,1,'id_attribute_group',7,0,0),(330,3,24,2,'id_attribute_group',8,0,0),(331,3,24,3,'id_attribute_group',9,0,0),(332,3,24,4,'id_attribute_group',10,0,0),(333,3,24,9,'id_feature',11,0,0),(334,3,24,10,'id_feature',12,0,0),(335,3,24,11,'id_feature',13,0,0),(336,3,24,12,'id_feature',14,0,0),(337,3,25,NULL,'category',1,0,0),(338,3,25,NULL,'quantity',2,0,0),(339,3,25,NULL,'condition',3,0,0),(340,3,25,NULL,'manufacturer',4,0,0),(341,3,25,NULL,'weight',5,1,0),(342,3,25,NULL,'price',6,1,0),(343,3,25,1,'id_attribute_group',7,0,0),(344,3,25,2,'id_attribute_group',8,0,0),(345,3,25,3,'id_attribute_group',9,0,0),(346,3,25,4,'id_attribute_group',10,0,0),(347,3,25,9,'id_feature',11,0,0),(348,3,25,10,'id_feature',12,0,0),(349,3,25,11,'id_feature',13,0,0),(350,3,25,12,'id_feature',14,0,0),(351,3,14,NULL,'category',1,0,0),(352,3,14,NULL,'quantity',2,0,0),(353,3,14,NULL,'condition',3,0,0),(354,3,14,NULL,'manufacturer',4,0,0),(355,3,14,NULL,'weight',5,1,0),(356,3,14,NULL,'price',6,1,0),(357,3,14,1,'id_attribute_group',7,0,0),(358,3,14,2,'id_attribute_group',8,0,0),(359,3,14,3,'id_attribute_group',9,0,0),(360,3,14,4,'id_attribute_group',10,0,0),(361,3,14,9,'id_feature',11,0,0),(362,3,14,10,'id_feature',12,0,0),(363,3,14,11,'id_feature',13,0,0),(364,3,14,12,'id_feature',14,0,0);

--
-- Table structure for table `ps_layered_filter`
--

CREATE TABLE `ps_layered_filter` (
  `id_layered_filter` int(10) unsigned NOT NULL AUTO_INCREMENT,
  `name` varchar(64) NOT NULL,
  `filters` text,
  `n_categories` int(10) unsigned NOT NULL,
  `date_add` datetime NOT NULL,
  PRIMARY KEY (`id_layered_filter`)
) ENGINE=InnoDB AUTO_INCREMENT=5 DEFAULT CHARSET=utf8;

--
-- Dumping data for table `ps_layered_filter`
--

INSERT INTO `ps_layered_filter` VALUES (1,'Geomag','a:16:{s:10:\"categories\";a:17:{i:0;i:2;i:1;i:10;i:2;i:18;i:3;i:19;i:4;i:20;i:5;i:21;i:6;i:22;i:7;i:15;i:8;i:16;i:9;i:17;i:10;i:11;i:11;i:12;i:12;i:13;i:13;i:23;i:14;i:24;i:15;i:25;i:16;i:14;}s:9:\"shop_list\";a:1:{i:0;i:3;}s:31:\"layered_selection_subcategories\";a:2:{s:11:\"filter_type\";i:0;s:17:\"filter_show_limit\";i:0;}s:23:\"layered_selection_stock\";a:2:{s:11:\"filter_type\";i:0;s:17:\"filter_show_limit\";i:0;}s:27:\"layered_selection_condition\";a:2:{s:11:\"filter_type\";i:0;s:17:\"filter_show_limit\";i:0;}s:30:\"layered_selection_manufacturer\";a:2:{s:11:\"filter_type\";i:0;s:17:\"filter_show_limit\";i:0;}s:31:\"layered_selection_weight_slider\";a:2:{s:11:\"filter_type\";i:1;s:17:\"filter_show_limit\";i:0;}s:30:\"layered_selection_price_slider\";a:2:{s:11:\"filter_type\";i:1;s:17:\"filter_show_limit\";i:0;}s:22:\"layered_selection_ag_1\";a:2:{s:11:\"filter_type\";i:0;s:17:\"filter_show_limit\";i:0;}s:22:\"layered_selection_ag_2\";a:2:{s:11:\"filter_type\";i:0;s:17:\"filter_show_limit\";i:0;}s:22:\"layered_selection_ag_3\";a:2:{s:11:\"filter_type\";i:0;s:17:\"filter_show_limit\";i:0;}s:22:\"layered_selection_ag_4\";a:2:{s:11:\"filter_type\";i:0;s:17:\"filter_show_limit\";i:0;}s:24:\"layered_selection_feat_9\";a:2:{s:11:\"filter_type\";i:0;s:17:\"filter_show_limit\";i:0;}s:25:\"layered_selection_feat_10\";a:2:{s:11:\"filter_type\";i:0;s:17:\"filter_show_limit\";i:0;}s:25:\"layered_selection_feat_11\";a:2:{s:11:\"filter_type\";i:0;s:17:\"filter_show_limit\";i:0;}s:25:\"layered_selection_feat_12\";a:2:{s:11:\"filter_type\";i:0;s:17:\"filter_show_limit\";i:0;}}',17,'2018-06-12 18:05:21'),(2,'Carioca','a:16:{s:10:\"categories\";a:3:{i:0;i:2;i:1;i:26;i:2;i:27;}s:9:\"shop_list\";a:1:{i:0;i:5;}s:31:\"layered_selection_subcategories\";a:2:{s:11:\"filter_type\";i:0;s:17:\"filter_show_limit\";i:0;}s:23:\"layered_selection_stock\";a:2:{s:11:\"filter_type\";i:0;s:17:\"filter_show_limit\";i:0;}s:27:\"layered_selection_condition\";a:2:{s:11:\"filter_type\";i:0;s:17:\"filter_show_limit\";i:0;}s:30:\"layered_selection_manufacturer\";a:2:{s:11:\"filter_type\";i:0;s:17:\"filter_show_limit\";i:0;}s:31:\"layered_selection_weight_slider\";a:2:{s:11:\"filter_type\";i:1;s:17:\"filter_show_limit\";i:0;}s:30:\"layered_selection_price_slider\";a:2:{s:11:\"filter_type\";i:1;s:17:\"filter_show_limit\";i:0;}s:22:\"layered_selection_ag_1\";a:2:{s:11:\"filter_type\";i:0;s:17:\"filter_show_limit\";i:0;}s:22:\"layered_selection_ag_2\";a:2:{s:11:\"filter_type\";i:0;s:17:\"filter_show_limit\";i:0;}s:22:\"layered_selection_ag_3\";a:2:{s:11:\"filter_type\";i:0;s:17:\"filter_show_limit\";i:0;}s:22:\"layered_selection_ag_4\";a:2:{s:11:\"filter_type\";i:0;s:17:\"filter_show_limit\";i:0;}s:24:\"layered_selection_feat_9\";a:2:{s:11:\"filter_type\";i:0;s:17:\"filter_show_limit\";i:0;}s:25:\"layered_selection_feat_10\";a:2:{s:11:\"filter_type\";i:0;s:17:\"filter_show_limit\";i:0;}s:25:\"layered_selection_feat_11\";a:2:{s:11:\"filter_type\";i:0;s:17:\"filter_show_limit\";i:0;}s:25:\"layered_selection_feat_12\";a:2:{s:11:\"filter_type\";i:0;s:17:\"filter_show_limit\";i:0;}}',3,'2018-06-21 17:41:21'),(3,'NanoBlock','a:16:{s:10:\"categories\";a:4:{i:0;i:2;i:1;i:28;i:2;i:29;i:3;i:30;}s:9:\"shop_list\";a:1:{i:0;i:6;}s:31:\"layered_selection_subcategories\";a:2:{s:11:\"filter_type\";i:0;s:17:\"filter_show_limit\";i:0;}s:23:\"layered_selection_stock\";a:2:{s:11:\"filter_type\";i:0;s:17:\"filter_show_limit\";i:0;}s:27:\"layered_selection_condition\";a:2:{s:11:\"filter_type\";i:0;s:17:\"filter_show_limit\";i:0;}s:30:\"layered_selection_manufacturer\";a:2:{s:11:\"filter_type\";i:0;s:17:\"filter_show_limit\";i:0;}s:31:\"layered_selection_weight_slider\";a:2:{s:11:\"filter_type\";i:1;s:17:\"filter_show_limit\";i:0;}s:30:\"layered_selection_price_slider\";a:2:{s:11:\"filter_type\";i:1;s:17:\"filter_show_limit\";i:0;}s:22:\"layered_selection_ag_1\";a:2:{s:11:\"filter_type\";i:0;s:17:\"filter_show_limit\";i:0;}s:22:\"layered_selection_ag_3\";a:2:{s:11:\"filter_type\";i:0;s:17:\"filter_show_limit\";i:0;}s:22:\"layered_selection_ag_2\";a:2:{s:11:\"filter_type\";i:0;s:17:\"filter_show_limit\";i:0;}s:22:\"layered_selection_ag_4\";a:2:{s:11:\"filter_type\";i:0;s:17:\"filter_show_limit\";i:0;}s:24:\"layered_selection_feat_9\";a:2:{s:11:\"filter_type\";i:0;s:17:\"filter_show_limit\";i:0;}s:25:\"layered_selection_feat_10\";a:2:{s:11:\"filter_type\";i:0;s:17:\"filter_show_limit\";i:0;}s:25:\"layered_selection_feat_11\";a:2:{s:11:\"filter_type\";i:0;s:17:\"filter_show_limit\";i:0;}s:25:\"layered_selection_feat_12\";a:2:{s:11:\"filter_type\";i:0;s:17:\"filter_show_limit\";i:0;}}',4,'2018-06-12 18:05:44'),(4,'Quercetti','a:16:{s:10:\"categories\";a:2:{i:0;i:2;i:1;i:31;}s:9:\"shop_list\";a:1:{i:0;i:4;}s:31:\"layered_selection_subcategories\";a:2:{s:11:\"filter_type\";i:0;s:17:\"filter_show_limit\";i:0;}s:23:\"layered_selection_stock\";a:2:{s:11:\"filter_type\";i:0;s:17:\"filter_show_limit\";i:0;}s:27:\"layered_selection_condition\";a:2:{s:11:\"filter_type\";i:0;s:17:\"filter_show_limit\";i:0;}s:30:\"layered_selection_manufacturer\";a:2:{s:11:\"filter_type\";i:0;s:17:\"filter_show_limit\";i:0;}s:31:\"layered_selection_weight_slider\";a:2:{s:11:\"filter_type\";i:1;s:17:\"filter_show_limit\";i:0;}s:30:\"layered_selection_price_slider\";a:2:{s:11:\"filter_type\";i:1;s:17:\"filter_show_limit\";i:0;}s:22:\"layered_selection_ag_1\";a:2:{s:11:\"filter_type\";i:0;s:17:\"filter_show_limit\";i:0;}s:22:\"layered_selection_ag_2\";a:2:{s:11:\"filter_type\";i:0;s:17:\"filter_show_limit\";i:0;}s:22:\"layered_selection_ag_3\";a:2:{s:11:\"filter_type\";i:0;s:17:\"filter_show_limit\";i:0;}s:22:\"layered_selection_ag_4\";a:2:{s:11:\"filter_type\";i:0;s:17:\"filter_show_limit\";i:0;}s:24:\"layered_selection_feat_9\";a:2:{s:11:\"filter_type\";i:0;s:17:\"filter_show_limit\";i:0;}s:25:\"layered_selection_feat_10\";a:2:{s:11:\"filter_type\";i:0;s:17:\"filter_show_limit\";i:0;}s:25:\"layered_selection_feat_11\";a:2:{s:11:\"filter_type\";i:0;s:17:\"filter_show_limit\";i:0;}s:25:\"layered_selection_feat_12\";a:2:{s:11:\"filter_type\";i:0;s:17:\"filter_show_limit\";i:0;}}',2,'2018-06-12 18:10:39');

--
-- Table structure for table `ps_layered_filter_shop`
--

CREATE TABLE `ps_layered_filter_shop` (
  `id_layered_filter` int(10) unsigned NOT NULL,
  `id_shop` int(11) unsigned NOT NULL,
  PRIMARY KEY (`id_layered_filter`,`id_shop`),
  KEY `id_shop` (`id_shop`)
) ENGINE=InnoDB DEFAULT CHARSET=utf8;

--
-- Dumping data for table `ps_layered_filter_shop`
--

INSERT INTO `ps_layered_filter_shop` VALUES (1,3),(4,4),(2,5),(3,6);

--
-- Table structure for table `ps_layered_indexable_attribute_group`
--

CREATE TABLE `ps_layered_indexable_attribute_group` (
  `id_attribute_group` int(11) NOT NULL,
  `indexable` tinyint(1) NOT NULL DEFAULT '0',
  PRIMARY KEY (`id_attribute_group`)
) ENGINE=InnoDB DEFAULT CHARSET=utf8;

--
-- Dumping data for table `ps_layered_indexable_attribute_group`
--

INSERT INTO `ps_layered_indexable_attribute_group` VALUES (1,1),(2,1),(3,1),(4,1);

--
-- Table structure for table `ps_layered_indexable_attribute_group_lang_value`
--

CREATE TABLE `ps_layered_indexable_attribute_group_lang_value` (
  `id_attribute_group` int(11) NOT NULL,
  `id_lang` int(11) NOT NULL,
  `url_name` varchar(128) DEFAULT NULL,
  `meta_title` varchar(128) DEFAULT NULL,
  PRIMARY KEY (`id_attribute_group`,`id_lang`)
) ENGINE=InnoDB DEFAULT CHARSET=utf8;

--
-- Dumping data for table `ps_layered_indexable_attribute_group_lang_value`
--


--
-- Table structure for table `ps_layered_indexable_attribute_lang_value`
--

CREATE TABLE `ps_layered_indexable_attribute_lang_value` (
  `id_attribute` int(11) NOT NULL,
  `id_lang` int(11) NOT NULL,
  `url_name` varchar(128) DEFAULT NULL,
  `meta_title` varchar(128) DEFAULT NULL,
  PRIMARY KEY (`id_attribute`,`id_lang`)
) ENGINE=InnoDB DEFAULT CHARSET=utf8;

--
-- Dumping data for table `ps_layered_indexable_attribute_lang_value`
--


--
-- Table structure for table `ps_layered_indexable_feature`
--

CREATE TABLE `ps_layered_indexable_feature` (
  `id_feature` int(11) NOT NULL,
  `indexable` tinyint(1) NOT NULL DEFAULT '0',
  PRIMARY KEY (`id_feature`)
) ENGINE=InnoDB DEFAULT CHARSET=utf8;

--
-- Dumping data for table `ps_layered_indexable_feature`
--


--
-- Table structure for table `ps_layered_indexable_feature_lang_value`
--

CREATE TABLE `ps_layered_indexable_feature_lang_value` (
  `id_feature` int(11) NOT NULL,
  `id_lang` int(11) NOT NULL,
  `url_name` varchar(128) NOT NULL,
  `meta_title` varchar(128) DEFAULT NULL,
  PRIMARY KEY (`id_feature`,`id_lang`)
) ENGINE=InnoDB DEFAULT CHARSET=utf8;

--
-- Dumping data for table `ps_layered_indexable_feature_lang_value`
--


--
-- Table structure for table `ps_layered_indexable_feature_value_lang_value`
--

CREATE TABLE `ps_layered_indexable_feature_value_lang_value` (
  `id_feature_value` int(11) NOT NULL,
  `id_lang` int(11) NOT NULL,
  `url_name` varchar(128) DEFAULT NULL,
  `meta_title` varchar(128) DEFAULT NULL,
  PRIMARY KEY (`id_feature_value`,`id_lang`)
) ENGINE=InnoDB DEFAULT CHARSET=utf8;

--
-- Dumping data for table `ps_layered_indexable_feature_value_lang_value`
--

INSERT INTO `ps_layered_indexable_feature_value_lang_value` VALUES (19,1,'',''),(19,2,'',''),(19,3,'',''),(19,4,'',''),(20,1,'',''),(20,2,'',''),(20,3,'',''),(20,4,'',''),(21,1,'',''),(21,2,'',''),(21,3,'',''),(21,4,'',''),(23,1,'',''),(23,2,'',''),(23,3,'',''),(23,4,'',''),(24,1,'',''),(24,2,'',''),(24,3,'',''),(24,4,'',''),(26,1,'',''),(26,2,'',''),(26,3,'',''),(26,4,'',''),(28,1,'',''),(28,2,'',''),(28,3,'',''),(28,4,'',''),(29,1,'',''),(29,2,'',''),(29,3,'',''),(29,4,'',''),(30,1,'',''),(30,2,'',''),(30,3,'',''),(30,4,'',''),(31,1,'',''),(31,2,'',''),(31,3,'',''),(31,4,'',''),(52,1,'',''),(52,2,'',''),(52,3,'',''),(52,4,'',''),(53,1,'',''),(53,2,'',''),(53,3,'',''),(53,4,'',''),(54,1,'',''),(54,2,'',''),(54,3,'',''),(54,4,'',''),(55,1,'',''),(55,2,'',''),(55,3,'',''),(55,4,'',''),(56,1,'',''),(56,2,'',''),(56,3,'',''),(56,4,'',''),(57,1,'',''),(57,2,'',''),(57,3,'',''),(57,4,'',''),(58,1,'',''),(58,2,'',''),(58,3,'',''),(58,4,'',''),(59,1,'',''),(59,2,'',''),(59,3,'',''),(59,4,'',''),(60,1,'',''),(60,2,'',''),(60,3,'',''),(60,4,'',''),(61,1,'',''),(61,2,'',''),(61,3,'',''),(61,4,'',''),(62,1,'',''),(62,2,'',''),(62,3,'',''),(62,4,'',''),(63,1,'',''),(63,2,'',''),(63,3,'',''),(63,4,'',''),(64,1,'',''),(64,2,'',''),(64,3,'',''),(64,4,'',''),(65,1,'',''),(65,2,'',''),(65,3,'',''),(65,4,'',''),(66,1,'',''),(66,2,'',''),(66,3,'',''),(66,4,'',''),(67,1,'',''),(67,2,'',''),(67,3,'',''),(67,4,'',''),(68,1,'',''),(68,2,'',''),(68,3,'',''),(68,4,'',''),(69,1,'',''),(69,2,'',''),(69,3,'',''),(69,4,'',''),(70,1,'',''),(70,2,'',''),(70,3,'',''),(70,4,'',''),(71,1,'',''),(71,2,'',''),(71,3,'',''),(71,4,'',''),(72,1,'',''),(72,2,'',''),(72,3,'',''),(72,4,'',''),(73,1,'',''),(73,2,'',''),(73,3,'',''),(73,4,'',''),(74,1,'',''),(74,2,'',''),(74,3,'',''),(74,4,'',''),(75,1,'',''),(75,2,'',''),(75,3,'',''),(75,4,'',''),(76,1,'',''),(76,2,'',''),(76,3,'',''),(76,4,'',''),(77,1,'',''),(77,2,'',''),(77,3,'',''),(77,4,'',''),(78,1,'',''),(78,2,'',''),(78,3,'',''),(78,4,'',''),(79,1,'',''),(79,2,'',''),(79,3,'',''),(79,4,'',''),(80,1,'',''),(80,2,'',''),(80,3,'',''),(80,4,'',''),(81,1,'',''),(81,2,'',''),(81,3,'',''),(81,4,'',''),(82,1,'',''),(82,2,'',''),(82,3,'',''),(82,4,'',''),(83,1,'',''),(83,2,'',''),(83,3,'',''),(83,4,'',''),(84,1,'',''),(84,2,'',''),(84,3,'',''),(84,4,'',''),(85,1,'',''),(85,2,'',''),(85,3,'',''),(85,4,'',''),(86,1,'',''),(86,2,'',''),(86,3,'',''),(86,4,'',''),(87,1,'',''),(87,2,'',''),(87,3,'',''),(87,4,'',''),(124,1,'',''),(124,2,'',''),(124,3,'',''),(124,4,'',''),(125,1,'',''),(125,2,'',''),(125,3,'',''),(125,4,'',''),(126,1,'',''),(126,2,'',''),(126,3,'',''),(126,4,'',''),(127,1,'',''),(127,2,'',''),(127,3,'',''),(127,4,'',''),(128,1,'',''),(128,2,'',''),(128,3,'',''),(128,4,'',''),(129,1,'',''),(129,2,'',''),(129,3,'',''),(129,4,'',''),(130,1,'',''),(130,2,'',''),(130,3,'',''),(130,4,'',''),(131,1,'',''),(131,2,'',''),(131,3,'',''),(131,4,'',''),(132,1,'',''),(132,2,'',''),(132,3,'',''),(132,4,'',''),(133,1,'',''),(133,2,'',''),(133,3,'',''),(133,4,'',''),(134,1,'',''),(134,2,'',''),(134,3,'',''),(134,4,'',''),(135,1,'',''),(135,2,'',''),(135,3,'',''),(135,4,'',''),(136,1,'',''),(136,2,'',''),(136,3,'',''),(136,4,'',''),(137,1,'',''),(137,2,'',''),(137,3,'',''),(137,4,'',''),(138,1,'',''),(138,2,'',''),(138,3,'',''),(138,4,'',''),(139,1,'',''),(139,2,'',''),(139,3,'',''),(139,4,'',''),(140,1,'',''),(140,2,'',''),(140,3,'',''),(140,4,'',''),(141,1,'',''),(141,2,'',''),(141,3,'',''),(141,4,'',''),(142,1,'',''),(142,2,'',''),(142,3,'',''),(142,4,'',''),(143,1,'',''),(143,2,'',''),(143,3,'',''),(143,4,'',''),(144,1,'',''),(144,2,'',''),(144,3,'',''),(144,4,'',''),(145,1,'',''),(145,2,'',''),(145,3,'',''),(145,4,'',''),(146,1,'',''),(146,2,'',''),(146,3,'',''),(146,4,'',''),(147,1,'',''),(147,2,'',''),(147,3,'',''),(147,4,'',''),(148,1,'',''),(148,2,'',''),(148,3,'',''),(148,4,'',''),(149,1,'',''),(149,2,'',''),(149,3,'',''),(149,4,'',''),(150,1,'',''),(150,2,'',''),(150,3,'',''),(150,4,'',''),(151,1,'',''),(151,2,'',''),(151,3,'',''),(151,4,'',''),(152,1,'',''),(152,2,'',''),(152,3,'',''),(152,4,'',''),(153,1,'',''),(153,2,'',''),(153,3,'',''),(153,4,'',''),(154,1,'',''),(154,2,'',''),(154,3,'',''),(154,4,'',''),(155,1,'',''),(155,2,'',''),(155,3,'',''),(155,4,'',''),(156,1,'',''),(156,2,'',''),(156,3,'',''),(156,4,'',''),(157,1,'',''),(157,2,'',''),(157,3,'',''),(157,4,'',''),(158,1,'',''),(158,2,'',''),(158,3,'',''),(158,4,'',''),(159,1,'',''),(159,2,'',''),(159,3,'',''),(159,4,'',''),(160,1,'',''),(160,2,'',''),(160,3,'',''),(160,4,'',''),(161,1,'',''),(161,2,'',''),(161,3,'',''),(161,4,'',''),(162,1,'',''),(162,2,'',''),(162,3,'',''),(162,4,'',''),(163,1,'',''),(163,2,'',''),(163,3,'',''),(163,4,'',''),(164,1,'',''),(164,2,'',''),(164,3,'',''),(164,4,'',''),(165,1,'',''),(165,2,'',''),(165,3,'',''),(165,4,'',''),(166,1,'',''),(166,2,'',''),(166,3,'',''),(166,4,'',''),(167,1,'',''),(167,2,'',''),(167,3,'',''),(167,4,'',''),(168,1,'',''),(168,2,'',''),(168,3,'',''),(168,4,'',''),(169,1,'',''),(169,2,'',''),(169,3,'',''),(169,4,'',''),(170,1,'',''),(170,2,'',''),(170,3,'',''),(170,4,'',''),(171,1,'',''),(171,2,'',''),(171,3,'',''),(171,4,'',''),(172,1,'',''),(172,2,'',''),(172,3,'',''),(172,4,'',''),(173,1,'',''),(173,2,'',''),(173,3,'',''),(173,4,'',''),(174,1,'',''),(174,2,'',''),(174,3,'',''),(174,4,'',''),(175,1,'',''),(175,2,'',''),(175,3,'',''),(175,4,'',''),(176,1,'',''),(176,2,'',''),(176,3,'',''),(176,4,'',''),(177,1,'',''),(177,2,'',''),(177,3,'',''),(177,4,'',''),(178,1,'',''),(178,2,'',''),(178,3,'',''),(178,4,'',''),(179,1,'',''),(179,2,'',''),(179,3,'',''),(179,4,'',''),(180,1,'',''),(180,2,'',''),(180,3,'',''),(180,4,'',''),(181,1,'',''),(181,2,'',''),(181,3,'',''),(181,4,'',''),(182,1,'',''),(182,2,'',''),(182,3,'',''),(182,4,'',''),(183,1,'',''),(183,2,'',''),(183,3,'',''),(183,4,'',''),(184,1,'',''),(184,2,'',''),(184,3,'',''),(184,4,'',''),(185,1,'',''),(185,2,'',''),(185,3,'',''),(185,4,'',''),(186,1,'',''),(186,2,'',''),(186,3,'',''),(186,4,'',''),(187,1,'',''),(187,2,'',''),(187,3,'',''),(187,4,'',''),(188,1,'',''),(188,2,'',''),(188,3,'',''),(188,4,'',''),(189,1,'',''),(189,2,'',''),(189,3,'',''),(189,4,'',''),(190,1,'',''),(190,2,'',''),(190,3,'',''),(190,4,'',''),(191,1,'',''),(191,2,'',''),(191,3,'',''),(191,4,'',''),(192,1,'',''),(192,2,'',''),(192,3,'',''),(192,4,'',''),(193,1,'',''),(193,2,'',''),(193,3,'',''),(193,4,'',''),(194,1,'',''),(194,2,'',''),(194,3,'',''),(194,4,'',''),(195,1,'',''),(195,2,'',''),(195,3,'',''),(195,4,'',''),(196,1,'',''),(196,2,'',''),(196,3,'',''),(196,4,'',''),(197,1,'',''),(197,2,'',''),(197,3,'',''),(197,4,'',''),(198,1,'',''),(198,2,'',''),(198,3,'',''),(198,4,'',''),(199,1,'',''),(199,2,'',''),(199,3,'',''),(199,4,'','');

--
-- Table structure for table `ps_layered_price_index`
--

CREATE TABLE `ps_layered_price_index` (
  `id_product` int(11) NOT NULL,
  `id_currency` int(11) NOT NULL,
  `id_shop` int(11) NOT NULL,
  `price_min` int(11) NOT NULL,
  `price_max` int(11) NOT NULL,
  PRIMARY KEY (`id_product`,`id_currency`,`id_shop`),
  KEY `id_currency` (`id_currency`),
  KEY `price_min` (`price_min`),
  KEY `price_max` (`price_max`)
) ENGINE=InnoDB DEFAULT CHARSET=utf8;

--
-- Dumping data for table `ps_layered_price_index`
--

INSERT INTO `ps_layered_price_index` VALUES (1,1,1,20,22),(1,1,3,20,22),(1,1,4,20,22),(1,1,5,20,22),(1,1,6,20,22),(1,1,7,20,22),(2,1,1,28,31),(3,1,1,29,31),(4,1,1,29,31),(5,1,1,29,31),(6,1,1,11,13),(7,1,1,11,13),(8,1,1,11,13),(9,1,1,18,20),(10,1,1,18,20),(11,1,1,18,20),(12,1,1,9,10),(13,1,1,9,10),(14,1,1,9,10),(15,1,1,35,38),(16,1,1,12,14),(17,1,1,12,14),(18,1,1,12,14),(19,1,1,13,15),(20,1,1,22,24),(20,1,3,22,24),(20,1,4,22,24),(20,1,5,22,24),(20,1,6,22,24),(20,1,7,22,24),(21,1,1,0,0),(21,1,3,0,0),(21,1,4,0,0),(21,1,5,0,0),(21,1,6,0,0),(21,1,7,0,0),(22,1,1,0,0),(22,1,3,0,0),(22,1,4,0,0),(22,1,5,0,0),(22,1,6,0,0),(22,1,7,0,0),(23,1,1,0,0),(23,1,3,0,0),(23,1,4,0,0),(23,1,5,0,0),(23,1,6,0,0),(23,1,7,0,0),(24,1,1,0,0),(24,1,3,0,0),(24,1,4,0,0),(24,1,5,0,0),(24,1,6,0,0),(24,1,7,0,0),(25,1,1,0,0),(25,1,3,0,0),(25,1,4,0,0),(25,1,5,20,22),(25,1,6,0,0),(25,1,7,0,0),(26,1,1,0,0),(26,1,3,0,0),(26,1,4,0,0),(26,1,5,22,24),(26,1,6,0,0),(26,1,7,0,0),(27,1,1,0,0),(27,1,3,0,0),(27,1,4,0,0),(27,1,5,22,24),(27,1,6,0,0),(27,1,7,0,0),(28,1,1,0,0),(28,1,3,0,0),(28,1,4,0,0),(28,1,5,22,24),(28,1,6,0,0),(28,1,7,0,0),(29,1,1,0,0),(29,1,3,0,0),(29,1,4,0,0),(29,1,5,22,24),(29,1,6,0,0),(29,1,7,0,0),(30,1,1,0,0),(30,1,3,0,0),(30,1,4,0,0),(30,1,5,22,24),(30,1,6,0,0),(30,1,7,0,0),(31,1,1,0,0),(31,1,3,0,0),(31,1,4,0,0),(31,1,5,22,24),(31,1,6,0,0),(31,1,7,0,0),(32,1,1,0,0),(32,1,3,0,0),(32,1,4,0,0),(32,1,5,0,0),(32,1,6,0,0),(32,1,7,0,0),(33,1,1,0,0),(33,1,3,0,0),(33,1,4,0,0),(33,1,5,0,0),(33,1,6,0,0),(33,1,7,0,0),(34,1,1,0,0),(34,1,3,0,0),(34,1,4,0,0),(34,1,5,0,0),(34,1,6,0,0),(34,1,7,0,0),(35,1,1,0,0),(35,1,3,0,0),(35,1,4,0,0),(35,1,5,0,0),(35,1,6,0,0),(35,1,7,0,0),(36,1,1,0,0),(36,1,3,0,0),(36,1,4,0,0),(36,1,5,0,0),(36,1,6,0,0),(36,1,7,0,0),(37,1,1,0,0),(37,1,3,0,0),(37,1,4,0,0),(37,1,5,0,0),(37,1,6,0,0),(37,1,7,0,0),(38,1,1,0,0),(38,1,3,0,0),(38,1,4,0,0),(38,1,5,0,0),(38,1,6,0,0),(38,1,7,0,0),(39,1,1,0,0),(39,1,3,0,0),(39,1,4,19,21),(39,1,5,0,0),(39,1,6,0,0),(39,1,7,0,0),(40,1,1,0,0),(40,1,3,0,0),(40,1,4,19,21),(40,1,5,0,0),(40,1,6,0,0),(40,1,7,0,0),(41,1,1,0,0),(41,1,3,0,0),(41,1,4,19,21),(41,1,5,0,0),(41,1,6,0,0),(41,1,7,0,0),(42,1,1,0,0),(42,1,3,0,0),(42,1,4,43,47),(42,1,5,0,0),(42,1,6,0,0),(42,1,7,0,0),(43,1,1,0,0),(43,1,3,0,0),(43,1,4,43,47),(43,1,5,0,0),(43,1,6,0,0),(43,1,7,0,0),(44,1,1,0,0),(44,1,3,0,0),(44,1,4,77,84),(44,1,5,0,0),(44,1,6,0,0),(44,1,7,0,0),(45,1,1,0,0),(45,1,3,0,0),(45,1,4,19,21),(45,1,5,0,0),(45,1,6,0,0),(45,1,7,0,0),(46,1,1,0,0),(46,1,3,0,0),(46,1,4,52,57),(46,1,5,0,0),(46,1,6,0,0),(46,1,7,0,0),(47,1,1,0,0),(47,1,3,0,0),(47,1,4,52,57),(47,1,5,0,0),(47,1,6,0,0),(47,1,7,0,0),(48,1,1,0,0),(48,1,3,0,0),(48,1,4,19,21),(48,1,5,0,0),(48,1,6,0,0),(48,1,7,0,0),(49,1,1,0,0),(49,1,3,0,0),(49,1,4,0,0),(49,1,5,0,0),(49,1,6,46,50),(49,1,7,0,0),(50,1,1,0,0),(50,1,3,0,0),(50,1,4,0,0),(50,1,5,0,0),(50,1,6,23,25),(50,1,7,0,0),(51,1,1,0,0),(51,1,3,0,0),(51,1,4,0,0),(51,1,5,0,0),(51,1,6,32,35),(51,1,7,0,0),(52,1,1,0,0),(52,1,3,0,0),(52,1,4,0,0),(52,1,5,0,0),(52,1,6,23,25),(52,1,7,0,0),(53,1,1,0,0),(53,1,3,0,0),(53,1,4,0,0),(53,1,5,0,0),(53,1,6,23,25),(53,1,7,0,0),(54,1,1,0,0),(54,1,3,0,0),(54,1,4,0,0),(54,1,5,0,0),(54,1,6,23,25),(54,1,7,0,0),(55,1,1,0,0),(55,1,3,0,0),(55,1,4,0,0),(55,1,5,0,0),(55,1,6,23,25),(55,1,7,0,0),(56,1,1,0,0),(56,1,3,0,0),(56,1,4,0,0),(56,1,5,0,0),(56,1,6,23,25),(56,1,7,0,0),(57,1,1,0,0),(57,1,3,0,0),(57,1,4,0,0),(57,1,5,0,0),(57,1,6,23,25),(57,1,7,0,0),(58,1,1,0,0),(58,1,3,0,0),(58,1,4,0,0),(58,1,5,0,0),(58,1,6,23,25),(58,1,7,0,0),(59,1,1,0,0),(59,1,3,0,0),(59,1,4,0,0),(59,1,5,0,0),(59,1,6,23,25),(59,1,7,0,0),(60,1,1,0,0),(60,1,3,0,0),(60,1,4,0,0),(60,1,5,0,0),(60,1,6,23,25),(60,1,7,0,0),(61,1,1,0,0),(61,1,3,0,0),(61,1,4,0,0),(61,1,5,0,0),(61,1,6,23,25),(61,1,7,0,0),(62,1,1,0,0),(62,1,3,0,0),(62,1,4,0,0),(62,1,5,0,0),(62,1,6,23,25),(62,1,7,0,0),(63,1,1,0,0),(63,1,3,0,0),(63,1,4,0,0),(63,1,5,0,0),(63,1,6,23,25),(63,1,7,0,0),(64,1,1,0,0),(64,1,3,0,0),(64,1,4,0,0),(64,1,5,0,0),(64,1,6,23,25),(64,1,7,0,0),(65,1,1,0,0),(65,1,3,0,0),(65,1,4,0,0),(65,1,5,0,0),(65,1,6,23,25),(65,1,7,0,0),(66,1,1,0,0),(66,1,3,0,0),(66,1,4,0,0),(66,1,5,0,0),(66,1,6,23,25),(66,1,7,0,0),(67,1,1,0,0),(67,1,3,0,0),(67,1,4,0,0),(67,1,5,0,0),(67,1,6,23,25),(67,1,7,0,0),(68,1,1,0,0),(68,1,3,0,0),(68,1,4,0,0),(68,1,5,0,0),(68,1,6,23,25),(68,1,7,0,0),(69,1,1,0,0),(69,1,3,0,0),(69,1,4,0,0),(69,1,5,0,0),(69,1,6,23,25),(69,1,7,0,0),(70,1,1,0,0),(70,1,3,0,0),(70,1,4,0,0),(70,1,5,0,0),(70,1,6,23,25),(70,1,7,0,0),(71,1,1,0,0),(71,1,3,0,0),(71,1,4,0,0),(71,1,5,0,0),(71,1,6,23,25),(71,1,7,0,0),(72,1,1,0,0),(72,1,3,0,0),(72,1,4,0,0),(72,1,5,0,0),(72,1,6,23,25),(72,1,7,0,0),(73,1,1,0,0),(73,1,3,0,0),(73,1,4,0,0),(73,1,5,0,0),(73,1,6,23,25),(73,1,7,0,0),(74,1,1,0,0),(74,1,3,0,0),(74,1,4,0,0),(74,1,5,0,0),(74,1,6,23,25),(74,1,7,0,0),(75,1,1,0,0),(75,1,3,0,0),(75,1,4,0,0),(75,1,5,0,0),(75,1,6,92,100),(75,1,7,0,0),(76,1,1,0,0),(76,1,3,0,0),(76,1,4,0,0),(76,1,5,0,0),(76,1,6,92,100),(76,1,7,0,0),(77,1,1,0,0),(77,1,3,29,32),(77,1,4,0,0),(77,1,5,0,0),(77,1,6,0,0),(77,1,7,0,0),(78,1,1,0,0),(78,1,3,44,48),(78,1,4,0,0),(78,1,5,0,0),(78,1,6,0,0),(78,1,7,0,0),(79,1,1,0,0),(79,1,3,43,47),(79,1,4,0,0),(79,1,5,0,0),(79,1,6,0,0),(79,1,7,0,0),(80,1,1,0,0),(80,1,3,60,65),(80,1,4,0,0),(80,1,5,0,0),(80,1,6,0,0),(80,1,7,0,0),(81,1,1,0,0),(81,1,3,85,92),(81,1,4,0,0),(81,1,5,0,0),(81,1,6,0,0),(81,1,7,0,0),(82,1,1,0,0),(82,1,3,64,70),(82,1,4,0,0),(82,1,5,0,0),(82,1,6,0,0),(82,1,7,0,0),(83,1,1,0,0),(83,1,3,129,140),(83,1,4,0,0),(83,1,5,0,0),(83,1,6,0,0),(83,1,7,0,0),(84,1,1,0,0),(84,1,3,27,30),(84,1,4,0,0),(84,1,5,0,0),(84,1,6,0,0),(84,1,7,0,0),(85,1,1,0,0),(85,1,3,37,40),(85,1,4,0,0),(85,1,5,0,0),(85,1,6,0,0),(85,1,7,0,0),(86,1,1,0,0),(86,1,3,27,30),(86,1,4,0,0),(86,1,5,0,0),(86,1,6,0,0),(86,1,7,0,0),(87,1,1,0,0),(87,1,3,37,40),(87,1,4,0,0),(87,1,5,0,0),(87,1,6,0,0),(87,1,7,0,0),(88,1,1,0,0),(88,1,3,37,40),(88,1,4,0,0),(88,1,5,0,0),(88,1,6,0,0),(88,1,7,0,0),(89,1,1,0,0),(89,1,3,46,50),(89,1,4,0,0),(89,1,5,0,0),(89,1,6,0,0),(89,1,7,0,0),(90,1,1,0,0),(90,1,3,20,22),(90,1,4,0,0),(90,1,5,0,0),(90,1,6,0,0),(90,1,7,0,0),(91,1,1,0,0),(91,1,3,32,35),(91,1,4,0,0),(91,1,5,0,0),(91,1,6,0,0),(91,1,7,0,0),(92,1,1,0,0),(92,1,3,46,50),(92,1,4,0,0),(92,1,5,0,0),(92,1,6,0,0),(92,1,7,0,0),(93,1,1,0,0),(93,1,3,64,70),(93,1,4,0,0),(93,1,5,0,0),(93,1,6,0,0),(93,1,7,0,0),(94,1,1,0,0),(94,1,3,22,24),(94,1,4,0,0),(94,1,5,0,0),(94,1,6,0,0),(94,1,7,0,0),(95,1,1,0,0),(95,1,3,33,36),(95,1,4,0,0),(95,1,5,0,0),(95,1,6,0,0),(95,1,7,0,0),(96,1,1,0,0),(96,1,3,52,57),(96,1,4,0,0),(96,1,5,0,0),(96,1,6,0,0),(96,1,7,0,0),(97,1,1,0,0),(97,1,3,29,32),(97,1,4,0,0),(97,1,5,0,0),(97,1,6,0,0),(97,1,7,0,0),(98,1,1,0,0),(98,1,3,45,49),(98,1,4,0,0),(98,1,5,0,0),(98,1,6,0,0),(98,1,7,0,0),(99,1,1,0,0),(99,1,3,46,50),(99,1,4,0,0),(99,1,5,0,0),(99,1,6,0,0),(99,1,7,0,0),(100,1,1,0,0),(100,1,3,23,25),(100,1,4,0,0),(100,1,5,0,0),(100,1,6,0,0),(100,1,7,0,0),(101,1,1,0,0),(101,1,3,38,42),(101,1,4,0,0),(101,1,5,0,0),(101,1,6,0,0),(101,1,7,0,0),(102,1,1,0,0),(102,1,3,55,60),(102,1,4,0,0),(102,1,5,0,0),(102,1,6,0,0),(102,1,7,0,0),(103,1,1,0,0),(103,1,3,78,85),(103,1,4,0,0),(103,1,5,0,0),(103,1,6,0,0),(103,1,7,0,0),(104,1,1,0,0),(104,1,3,22,24),(104,1,4,0,0),(104,1,5,0,0),(104,1,6,0,0),(104,1,7,0,0),(105,1,1,0,0),(105,1,3,31,34),(105,1,4,0,0),(105,1,5,0,0),(105,1,6,0,0),(105,1,7,0,0),(106,1,1,0,0),(106,1,3,29,31),(106,1,4,0,0),(106,1,5,0,0),(106,1,6,0,0),(106,1,7,0,0),(107,1,1,0,0),(107,1,3,48,52),(107,1,4,0,0),(107,1,5,0,0),(107,1,6,0,0),(107,1,7,0,0),(108,1,1,0,0),(108,1,3,77,84),(108,1,4,0,0),(108,1,5,0,0),(108,1,6,0,0),(108,1,7,0,0),(109,1,1,0,0),(109,1,3,64,70),(109,1,4,0,0),(109,1,5,0,0),(109,1,6,0,0),(109,1,7,0,0),(110,1,1,0,0),(110,1,3,22,24),(110,1,4,0,0),(110,1,5,0,0),(110,1,6,0,0),(110,1,7,0,0),(111,1,1,0,0),(111,1,3,37,41),(111,1,4,0,0),(111,1,5,0,0),(111,1,6,0,0),(111,1,7,0,0),(112,1,1,0,0),(112,1,3,46,50),(112,1,4,0,0),(112,1,5,0,0),(112,1,6,0,0),(112,1,7,0,0),(113,1,1,0,0),(113,1,3,46,50),(113,1,4,0,0),(113,1,5,0,0),(113,1,6,0,0),(113,1,7,0,0),(114,1,1,0,0),(114,1,3,46,50),(114,1,4,0,0),(114,1,5,0,0),(114,1,6,0,0),(114,1,7,0,0),(115,1,1,0,0),(115,1,3,32,35),(115,1,4,0,0),(115,1,5,0,0),(115,1,6,0,0),(115,1,7,0,0),(116,1,1,0,0),(116,1,3,32,35),(116,1,4,0,0),(116,1,5,0,0),(116,1,6,0,0),(116,1,7,0,0),(117,1,1,0,0),(117,1,3,35,39),(117,1,4,0,0),(117,1,5,0,0),(117,1,6,0,0),(117,1,7,0,0),(118,1,1,0,0),(118,1,3,38,42),(118,1,4,0,0),(118,1,5,0,0),(118,1,6,0,0),(118,1,7,0,0),(119,1,1,0,0),(119,1,3,32,35),(119,1,4,0,0),(119,1,5,0,0),(119,1,6,0,0),(119,1,7,0,0),(120,1,1,0,0),(120,1,3,32,35),(120,1,4,0,0),(120,1,5,0,0),(120,1,6,0,0),(120,1,7,0,0),(121,1,1,0,0),(121,1,3,42,45),(121,1,4,0,0),(121,1,5,0,0),(121,1,6,0,0),(121,1,7,0,0),(122,1,1,0,0),(122,1,3,42,45),(122,1,4,0,0),(122,1,5,0,0),(122,1,6,0,0),(122,1,7,0,0),(123,1,1,0,0),(123,1,3,42,45),(123,1,4,0,0),(123,1,5,0,0),(123,1,6,0,0),(123,1,7,0,0),(124,1,1,0,0),(124,1,3,29,32),(124,1,4,0,0),(124,1,5,0,0),(124,1,6,0,0),(124,1,7,0,0),(125,1,1,0,0),(125,1,3,29,32),(125,1,4,0,0),(125,1,5,0,0),(125,1,6,0,0),(125,1,7,0,0),(126,1,1,0,0),(126,1,3,29,32),(126,1,4,0,0),(126,1,5,0,0),(126,1,6,0,0),(126,1,7,0,0),(127,1,1,0,0),(127,1,3,29,32),(127,1,4,0,0),(127,1,5,0,0),(127,1,6,0,0),(127,1,7,0,0),(128,1,1,0,0),(128,1,3,29,32),(128,1,4,0,0),(128,1,5,0,0),(128,1,6,0,0),(128,1,7,0,0),(129,1,1,0,0),(129,1,3,29,32),(129,1,4,0,0),(129,1,5,0,0),(129,1,6,0,0),(129,1,7,0,0),(130,1,1,0,0),(130,1,3,0,0),(130,1,4,0,0),(130,1,5,0,0),(130,1,6,0,0),(130,1,7,23,25),(131,1,1,0,0),(131,1,3,0,0),(131,1,4,0,0),(131,1,5,0,0),(131,1,6,0,0),(131,1,7,23,25);

--
