-- Table structure for table `ps_layered_product_attribute`
--

CREATE TABLE `ps_layered_product_attribute` (
  `id_attribute` int(10) unsigned NOT NULL,
  `id_product` int(10) unsigned NOT NULL,
  `id_attribute_group` int(10) unsigned NOT NULL DEFAULT '0',
  `id_shop` int(10) unsigned NOT NULL DEFAULT '1',
  PRIMARY KEY (`id_attribute`,`id_product`,`id_shop`),
  UNIQUE KEY `id_attribute_group` (`id_attribute_group`,`id_attribute`,`id_product`,`id_shop`)
) ENGINE=InnoDB DEFAULT CHARSET=utf8;

--
-- Dumping data for table `ps_layered_product_attribute`
--


--
-- Table structure for table `ps_leftbannerinfo`
--

CREATE TABLE `ps_leftbannerinfo` (
  `id_leftbannerinfo` int(10) unsigned NOT NULL AUTO_INCREMENT,
  `id_shop` int(10) unsigned DEFAULT NULL,
  PRIMARY KEY (`id_leftbannerinfo`)
) ENGINE=InnoDB DEFAULT CHARSET=utf8;

--
-- Dumping data for table `ps_leftbannerinfo`
--


--
-- Table structure for table `ps_leftbannerinfo_lang`
--

CREATE TABLE `ps_leftbannerinfo_lang` (
  `id_leftbannerinfo` int(10) unsigned NOT NULL,
  `id_lang` int(10) unsigned NOT NULL,
  `text` text NOT NULL,
  PRIMARY KEY (`id_leftbannerinfo`,`id_lang`)
) ENGINE=InnoDB DEFAULT CHARSET=utf8;

--
-- Dumping data for table `ps_leftbannerinfo_lang`
--


--
-- Table structure for table `ps_link_block`
--

CREATE TABLE `ps_link_block` (
  `id_link_block` int(10) unsigned NOT NULL AUTO_INCREMENT,
  `id_hook` int(1) unsigned DEFAULT NULL,
  `position` int(10) unsigned NOT NULL DEFAULT '0',
  `content` text,
  PRIMARY KEY (`id_link_block`)
) ENGINE=InnoDB AUTO_INCREMENT=4 DEFAULT CHARSET=utf8;

--
-- Dumping data for table `ps_link_block`
--

INSERT INTO `ps_link_block` VALUES (1,35,1,'{\"cms\":[false],\"product\":[\"prices-drop\",\"new-products\",\"best-sales\"],\"static\":[false]}'),(2,35,2,'{\"cms\":[\"5\"],\"product\":[false],\"static\":[\"contact\",\"my-account\"]}'),(3,35,3,'{\"cms\":[\"2\",\"3\"],\"product\":[false],\"static\":[false]}');

--
-- Table structure for table `ps_link_block_lang`
--

CREATE TABLE `ps_link_block_lang` (
  `id_link_block` int(10) unsigned NOT NULL,
  `id_lang` int(10) unsigned NOT NULL,
  `name` varchar(40) NOT NULL DEFAULT '',
  `custom_content` text,
  PRIMARY KEY (`id_link_block`,`id_lang`)
) ENGINE=InnoDB DEFAULT CHARSET=utf8;

--
-- Dumping data for table `ps_link_block_lang`
--

INSERT INTO `ps_link_block_lang` VALUES (1,1,'Products','[]'),(1,2,'Produkte','[]'),(1,3,'Produits','[]'),(1,4,'Prodotti','[]'),(2,1,'Customer Service','[]'),(2,2,'Kundendienst','[]'),(2,3,'Service à la clientèle','[]'),(2,4,'Servizio Clienti','[]'),(3,1,'Information','[]'),(3,2,'Informationen','[]'),(3,3,'Information','[]'),(3,4,'Informazioni','[]');

--
-- Table structure for table `ps_link_block_shop`
--

CREATE TABLE `ps_link_block_shop` (
  `id_link_block` int(10) unsigned NOT NULL AUTO_INCREMENT,
  `id_shop` int(10) unsigned NOT NULL,
  PRIMARY KEY (`id_link_block`,`id_shop`)
) ENGINE=InnoDB DEFAULT CHARSET=utf8;

--
-- Dumping data for table `ps_link_block_shop`
--


--
-- Table structure for table `ps_linksmenutop`
--

CREATE TABLE `ps_linksmenutop` (
  `id_linksmenutop` int(10) unsigned NOT NULL AUTO_INCREMENT,
  `id_shop` int(11) unsigned NOT NULL,
  `new_window` tinyint(1) NOT NULL,
  PRIMARY KEY (`id_linksmenutop`),
  KEY `id_shop` (`id_shop`)
) ENGINE=InnoDB AUTO_INCREMENT=7 DEFAULT CHARSET=utf8;

--
-- Dumping data for table `ps_linksmenutop`
--

INSERT INTO `ps_linksmenutop` VALUES (1,1,0),(3,4,1),(4,9,0),(5,12,1),(6,9,0);

--
-- Table structure for table `ps_linksmenutop_lang`
--

CREATE TABLE `ps_linksmenutop_lang` (
  `id_linksmenutop` int(11) unsigned NOT NULL,
  `id_lang` int(11) unsigned NOT NULL,
  `id_shop` int(11) unsigned NOT NULL,
  `label` varchar(128) NOT NULL,
  `link` varchar(128) NOT NULL,
  KEY `id_linksmenutop` (`id_linksmenutop`,`id_lang`,`id_shop`)
) ENGINE=InnoDB DEFAULT CHARSET=utf8;

--
-- Dumping data for table `ps_linksmenutop_lang`
--

INSERT INTO `ps_linksmenutop_lang` VALUES (1,1,1,'Home','https://tandg.quicklysa.ch/en/'),(1,2,1,'Home','https://tandg.quicklysa.ch/de/'),(1,3,1,'Home','https://tandg.quicklysa.ch/fr/'),(1,4,1,'Home','https://tandg.quicklysa.ch/it/'),(3,1,4,'Pixelart Photo Guide Creator','https://www.quercettiart.it/en/'),(3,2,4,'Pixelart Photo Guide Creator','https://www.quercettiart.it/en/'),(3,3,4,'Pixelart Photo Guide Creator','https://www.quercettiart.it/en/'),(3,4,4,'Pixelart Photo Guide Creator','https://www.quercettiart.it'),(4,1,9,'0','0'),(4,2,9,'0','0'),(4,3,9,'0','0'),(4,4,9,'0','0'),(5,1,12,'0','0'),(5,2,12,'0','0'),(5,3,12,'0','0'),(5,4,12,'0','0'),(6,1,9,'Home','http://eu.toys-and-games.com'),(6,2,9,'','http://'),(6,3,9,'','http://'),(6,4,9,'','http://');

--
-- Table structure for table `ps_log`
--

CREATE TABLE `ps_log` (
  `id_log` int(10) unsigned NOT NULL AUTO_INCREMENT,
  `severity` tinyint(1) NOT NULL,
  `error_code` int(11) DEFAULT NULL,
  `message` text NOT NULL,
  `object_type` varchar(32) DEFAULT NULL,
  `object_id` int(10) unsigned DEFAULT NULL,
  `id_employee` int(10) unsigned DEFAULT NULL,
  `date_add` datetime NOT NULL,
  `date_upd` datetime NOT NULL,
  PRIMARY KEY (`id_log`)
) ENGINE=InnoDB AUTO_INCREMENT=987 DEFAULT CHARSET=utf8;

--
-- Dumping data for table `ps_log`
--

INSERT INTO `ps_log` VALUES (1,1,0,'Back office connection from 31.44.38.2','',0,1,'2018-05-11 14:42:00','2018-05-11 14:42:00'),(2,1,0,'Product catalog filters stored.','',0,1,'2018-05-11 14:43:31','2018-05-11 14:43:31'),(3,1,0,'Products deleted: (19).','',0,1,'2018-05-11 14:44:20','2018-05-11 14:44:20'),(4,1,0,'Products deleted: (18).','',0,1,'2018-05-11 14:44:21','2018-05-11 14:44:21'),(5,1,0,'Products deleted: (17).','',0,1,'2018-05-11 14:44:22','2018-05-11 14:44:22'),(6,1,0,'Products deleted: (16).','',0,1,'2018-05-11 14:44:23','2018-05-11 14:44:23'),(7,1,0,'Products deleted: (15).','',0,1,'2018-05-11 14:44:24','2018-05-11 14:44:24'),(8,1,0,'Products deleted: (14).','',0,1,'2018-05-11 14:44:24','2018-05-11 14:44:24'),(9,1,0,'Products deleted: (13).','',0,1,'2018-05-11 14:44:25','2018-05-11 14:44:25'),(10,1,0,'Products deleted: (12).','',0,1,'2018-05-11 14:44:26','2018-05-11 14:44:26'),(11,1,0,'Products deleted: (11).','',0,1,'2018-05-11 14:44:27','2018-05-11 14:44:27'),(12,1,0,'Category deletion','Category',3,1,'2018-05-11 14:47:24','2018-05-11 14:47:24'),(13,1,0,'Category deletion','Category',6,1,'2018-05-11 14:47:24','2018-05-11 14:47:24'),(14,1,0,'Category deletion','Category',9,1,'2018-05-11 14:47:24','2018-05-11 14:47:24'),(15,1,0,'Products deleted: (10).','',0,1,'2018-05-11 14:54:55','2018-05-11 14:54:55'),(16,1,0,'Products deleted: (9).','',0,1,'2018-05-11 14:54:56','2018-05-11 14:54:56'),(17,1,0,'Products deleted: (8).','',0,1,'2018-05-11 14:54:57','2018-05-11 14:54:57'),(18,1,0,'Products deleted: (7).','',0,1,'2018-05-11 14:54:57','2018-05-11 14:54:57'),(19,1,0,'Products deleted: (6).','',0,1,'2018-05-11 14:54:58','2018-05-11 14:54:58'),(20,1,0,'Products deleted: (5).','',0,1,'2018-05-11 14:54:59','2018-05-11 14:54:59'),(21,1,0,'Products deleted: (4).','',0,1,'2018-05-11 14:55:00','2018-05-11 14:55:00'),(22,1,0,'Products deleted: (3).','',0,1,'2018-05-11 14:55:01','2018-05-11 14:55:01'),(23,1,0,'Products deleted: (2).','',0,1,'2018-05-11 14:55:02','2018-05-11 14:55:02'),(24,1,0,'Products deleted: (1).','',0,1,'2018-05-11 14:55:03','2018-05-11 14:55:03'),(25,1,0,'ShopGroup addition','ShopGroup',2,1,'2018-05-11 15:01:29','2018-05-11 15:01:29'),(26,1,0,'ShopGroup deletion','ShopGroup',2,1,'2018-05-11 15:02:07','2018-05-11 15:02:07'),(27,1,0,'ShopGroup addition','ShopGroup',3,1,'2018-05-11 15:02:36','2018-05-11 15:02:36'),(28,1,0,'Shop modification','Shop',1,1,'2018-05-11 15:03:28','2018-05-11 15:03:28'),(29,1,0,'Shop deletion','Shop',2,1,'2018-05-11 15:04:09','2018-05-11 15:04:09'),(30,1,0,'ShopGroup modification','ShopGroup',3,1,'2018-05-11 15:04:33','2018-05-11 15:04:33'),(31,1,0,'ShopUrl addition','ShopUrl',2,1,'2018-05-11 15:06:08','2018-05-11 15:06:08'),(32,1,0,'ShopUrl addition','ShopUrl',3,1,'2018-05-11 15:07:06','2018-05-11 15:07:06'),(33,1,0,'ShopUrl addition','ShopUrl',4,1,'2018-05-11 15:07:11','2018-05-11 15:07:11'),(34,1,0,'ShopUrl addition','ShopUrl',5,1,'2018-05-11 15:07:18','2018-05-11 15:07:18'),(35,1,0,'ShopUrl addition','ShopUrl',6,1,'2018-05-11 15:07:29','2018-05-11 15:07:29'),(36,1,0,'Shop modification','Shop',7,1,'2018-05-11 15:14:16','2018-05-11 15:14:16'),(37,1,0,'Back office connection from 31.44.38.2','',0,1,'2018-05-11 16:08:19','2018-05-11 16:08:19'),(38,1,0,'Back office connection from 31.44.38.2','',0,1,'2018-05-11 16:08:21','2018-05-11 16:08:21'),(39,1,0,'Back office connection from 31.44.38.2','',0,1,'2018-05-14 18:30:18','2018-05-14 18:30:18'),(40,1,0,'Back office connection from 31.44.38.2','',0,1,'2018-05-15 10:22:54','2018-05-15 10:22:54'),(41,1,0,'TaxRulesGroup modification','TaxRulesGroup',1,1,'2018-05-15 10:36:13','2018-05-15 10:36:13'),(42,1,0,'Feature deletion','Feature',1,1,'2018-05-15 10:45:22','2018-05-15 10:45:22'),(43,1,0,'Feature deletion','Feature',2,1,'2018-05-15 10:45:22','2018-05-15 10:45:22'),(44,1,0,'Feature deletion','Feature',3,1,'2018-05-15 10:45:22','2018-05-15 10:45:22'),(45,1,0,'Feature deletion','Feature',4,1,'2018-05-15 10:45:22','2018-05-15 10:45:22'),(46,1,0,'Feature deletion','Feature',5,1,'2018-05-15 10:45:22','2018-05-15 10:45:22'),(47,1,0,'Feature addition','Feature',6,1,'2018-05-15 10:46:29','2018-05-15 10:46:29'),(48,1,0,'FeatureValue addition','FeatureValue',19,1,'2018-05-15 10:47:38','2018-05-15 10:47:38'),(49,1,0,'FeatureValue addition','FeatureValue',20,1,'2018-05-15 10:47:53','2018-05-15 10:47:53'),(50,1,0,'FeatureValue addition','FeatureValue',21,1,'2018-05-15 10:47:59','2018-05-15 10:47:59'),(51,1,0,'FeatureValue addition','FeatureValue',22,1,'2018-05-15 10:48:06','2018-05-15 10:48:06'),(52,1,0,'FeatureValue addition','FeatureValue',23,1,'2018-05-15 10:48:17','2018-05-15 10:48:17'),(53,1,0,'FeatureValue addition','FeatureValue',24,1,'2018-05-15 10:48:29','2018-05-15 10:48:29'),(54,1,0,'FeatureValue addition','FeatureValue',25,1,'2018-05-15 10:48:34','2018-05-15 10:48:34'),(55,1,0,'FeatureValue addition','FeatureValue',26,1,'2018-05-15 10:48:42','2018-05-15 10:48:42'),(56,1,0,'FeatureValue addition','FeatureValue',27,1,'2018-05-15 10:48:47','2018-05-15 10:48:47'),(57,1,0,'FeatureValue addition','FeatureValue',28,1,'2018-05-15 10:48:55','2018-05-15 10:48:55'),(58,1,0,'FeatureValue addition','FeatureValue',29,1,'2018-05-15 10:49:07','2018-05-15 10:49:07'),(59,1,0,'FeatureValue deletion','FeatureValue',22,1,'2018-05-15 10:49:27','2018-05-15 10:49:27'),(60,1,0,'FeatureValue deletion','FeatureValue',25,1,'2018-05-15 10:49:27','2018-05-15 10:49:27'),(61,1,0,'FeatureValue deletion','FeatureValue',27,1,'2018-05-15 10:49:27','2018-05-15 10:49:27'),(62,1,0,'Products import (from 0 to 5)','',0,1,'2018-05-15 10:55:49','2018-05-15 10:55:49'),(63,3,0,'Data from PrestaShop Addons is invalid, and cannot fallback on cache. ','',0,1,'2018-05-15 11:10:03','2018-05-15 11:10:03'),(64,1,0,'Products import (from 0 to 5)','',0,1,'2018-05-15 11:13:56','2018-05-15 11:13:56'),(65,1,0,'Products import (from 5 to 20)','',0,1,'2018-05-15 11:13:57','2018-05-15 11:13:57'),(66,1,0,'Products import (from 25 to 80)','',0,1,'2018-05-15 11:13:58','2018-05-15 11:13:58'),(67,1,0,'Products import (from 0 to 5)','',0,1,'2018-05-15 11:16:54','2018-05-15 11:16:54'),(68,1,0,'Products import (from 5 to 20)','',0,1,'2018-05-15 11:16:55','2018-05-15 11:16:55'),(69,1,0,'Products import (from 25 to 80)','',0,1,'2018-05-15 11:16:56','2018-05-15 11:16:56'),(70,1,0,'Back office connection from 31.44.38.2','',0,1,'2018-05-15 13:27:14','2018-05-15 13:27:14'),(71,1,0,'CMS deletion','CMS',6,1,'2018-05-15 13:47:16','2018-05-15 13:47:16'),(72,1,0,'CMS deletion','CMS',7,1,'2018-05-15 13:47:16','2018-05-15 13:47:16'),(73,1,0,'CMS deletion','CMS',8,1,'2018-05-15 13:47:16','2018-05-15 13:47:16'),(74,1,0,'CMS deletion','CMS',9,1,'2018-05-15 13:47:16','2018-05-15 13:47:16'),(75,1,0,'Back office connection from 31.44.38.2','',0,1,'2018-05-15 14:25:55','2018-05-15 14:25:55'),(76,1,0,'Products deleted: (20).','',0,1,'2018-05-15 14:26:06','2018-05-15 14:26:06'),(77,1,0,'Back office connection from 31.44.38.2','',0,1,'2018-05-15 14:48:07','2018-05-15 14:48:07'),(78,1,0,'Feature addition','Feature',7,1,'2018-05-15 15:07:08','2018-05-15 15:07:08'),(79,1,0,'FeatureValue addition','FeatureValue',30,1,'2018-05-15 15:07:24','2018-05-15 15:07:24'),(80,1,0,'FeatureValue addition','FeatureValue',31,1,'2018-05-15 15:07:27','2018-05-15 15:07:27'),(81,1,0,'Back office connection from 31.44.38.2','',0,1,'2018-05-15 16:15:38','2018-05-15 16:15:38'),(82,1,0,'Product modification','Product',25,1,'2018-05-15 16:18:28','2018-05-15 16:18:28'),(83,1,0,'Product modification','Product',25,1,'2018-05-15 16:19:06','2018-05-15 16:19:06'),(84,1,0,'Products import (from 0 to 5)','',0,1,'2018-05-15 16:23:20','2018-05-15 16:23:20'),(85,1,0,'Products import (from 5 to 20)','',0,1,'2018-05-15 16:23:21','2018-05-15 16:23:21'),(86,1,0,'Products import (from 0 to 5)','',0,1,'2018-05-15 16:23:22','2018-05-15 16:23:22'),(87,1,0,'Products import (from 5 to 15)','',0,1,'2018-05-15 16:23:23','2018-05-15 16:23:23'),(88,1,0,'Products import (from 0 to 5)','',0,1,'2018-05-15 16:23:23','2018-05-15 16:23:23'),(89,1,0,'Back office connection from 31.44.38.2','',0,1,'2018-05-15 17:05:50','2018-05-15 17:05:50'),(90,1,0,'Product modification','Product',25,1,'2018-05-15 17:16:44','2018-05-15 17:16:44'),(91,1,0,'Product modification','Product',25,1,'2018-05-15 17:17:17','2018-05-15 17:17:17'),(92,1,0,'Product modification','Product',25,1,'2018-05-15 17:17:19','2018-05-15 17:17:19'),(93,1,0,'Product modification','Product',25,1,'2018-05-15 17:17:21','2018-05-15 17:17:21'),(94,1,0,'Products import (from 0 to 5)','',0,1,'2018-05-15 17:27:39','2018-05-15 17:27:39'),(95,1,0,'Products import (from 5 to 20)','',0,1,'2018-05-15 17:27:40','2018-05-15 17:27:40'),(96,1,0,'Products import (from 0 to 5)','',0,1,'2018-05-15 17:27:42','2018-05-15 17:27:42'),(97,1,0,'Products import (from 5 to 11)','',0,1,'2018-05-15 17:27:44','2018-05-15 17:27:44'),(98,1,0,'Products import (from 0 to 5)','',0,1,'2018-05-15 17:27:44','2018-05-15 17:27:44'),(99,1,0,'Products deleted: (32).','',0,1,'2018-05-15 17:29:08','2018-05-15 17:29:08'),(100,1,0,'Products deleted: (33).','',0,1,'2018-05-15 17:29:09','2018-05-15 17:29:09'),(101,1,0,'Products deleted: (34).','',0,1,'2018-05-15 17:29:10','2018-05-15 17:29:10'),(102,1,0,'Products deleted: (35).','',0,1,'2018-05-15 17:29:11','2018-05-15 17:29:11'),(103,1,0,'Products deleted: (36).','',0,1,'2018-05-15 17:29:12','2018-05-15 17:29:12'),(104,1,0,'Products deleted: (37).','',0,1,'2018-05-15 17:29:13','2018-05-15 17:29:13'),(105,1,0,'Products deleted: (38).','',0,1,'2018-05-15 17:29:13','2018-05-15 17:29:13'),(106,1,0,'Product modification','Product',26,1,'2018-05-15 17:57:19','2018-05-15 17:57:19'),(107,1,0,'Back office connection from 31.44.38.2','',0,1,'2018-05-16 09:47:31','2018-05-16 09:47:31'),(108,1,0,'Products import (from 0 to 5)','',0,1,'2018-05-16 09:57:01','2018-05-16 09:57:01'),(109,1,0,'Products import (from 5 to 20)','',0,1,'2018-05-16 09:57:02','2018-05-16 09:57:02'),(110,1,0,'Products import (from 0 to 5)','',0,1,'2018-05-16 09:57:04','2018-05-16 09:57:04'),(111,1,0,'Products import (from 5 to 12)','',0,1,'2018-05-16 09:57:06','2018-05-16 09:57:06'),(112,1,0,'Products import (from 0 to 5)','',0,1,'2018-05-16 09:57:06','2018-05-16 09:57:06'),(113,1,0,'Products import (from 0 to 5)','',0,1,'2018-05-16 10:00:07','2018-05-16 10:00:07'),(114,1,0,'Products import (from 5 to 20)','',0,1,'2018-05-16 10:00:07','2018-05-16 10:00:07'),(115,1,0,'Products import (from 0 to 5)','',0,1,'2018-05-16 10:00:09','2018-05-16 10:00:09'),(116,1,0,'Products import (from 5 to 13)','',0,1,'2018-05-16 10:00:11','2018-05-16 10:00:11'),(117,1,0,'Products import (from 0 to 5)','',0,1,'2018-05-16 10:00:12','2018-05-16 10:00:12'),(118,1,0,'Products import (from 0 to 5)','',0,1,'2018-05-16 10:01:59','2018-05-16 10:01:59'),(119,1,0,'Products import (from 5 to 20)','',0,1,'2018-05-16 10:02:00','2018-05-16 10:02:00'),(120,1,0,'Products import (from 0 to 5)','',0,1,'2018-05-16 10:02:01','2018-05-16 10:02:01'),(121,1,0,'Products import (from 5 to 14)','',0,1,'2018-05-16 10:02:03','2018-05-16 10:02:03'),(122,1,0,'Products import (from 0 to 5)','',0,1,'2018-05-16 10:02:03','2018-05-16 10:02:03'),(123,1,0,'Products import (from 0 to 5)','',0,1,'2018-05-16 10:02:56','2018-05-16 10:02:56'),(124,1,0,'Products import (from 5 to 20)','',0,1,'2018-05-16 10:02:57','2018-05-16 10:02:57'),(125,1,0,'Products import (from 0 to 5)','',0,1,'2018-05-16 10:02:58','2018-05-16 10:02:58'),(126,1,0,'Products import (from 5 to 13)','',0,1,'2018-05-16 10:03:00','2018-05-16 10:03:00'),(127,1,0,'Products import (from 0 to 5)','',0,1,'2018-05-16 10:03:01','2018-05-16 10:03:01'),(128,1,0,'Product modification','Product',48,1,'2018-05-16 10:06:44','2018-05-16 10:06:44'),(129,1,0,'ImageType modification','ImageType',6,1,'2018-05-16 10:18:58','2018-05-16 10:18:58'),(130,1,0,'Back office connection from 31.44.38.2','',0,1,'2018-05-16 10:37:36','2018-05-16 10:37:36'),(131,1,0,'Back office connection from 31.44.38.2','',0,1,'2018-05-16 10:57:47','2018-05-16 10:57:47'),(132,1,0,'Back office connection from 31.44.38.2','',0,1,'2018-05-16 11:04:27','2018-05-16 11:04:27'),(133,1,0,'Back office connection from 31.44.38.2','',0,1,'2018-05-16 17:36:56','2018-05-16 17:36:56'),(134,1,0,'Products import (from 0 to 5)','',0,1,'2018-05-16 17:42:13','2018-05-16 17:42:13'),(135,1,0,'Products import (from 5 to 20)','',0,1,'2018-05-16 17:42:14','2018-05-16 17:42:14'),(136,1,0,'Products import (from 0 to 5)','',0,1,'2018-05-16 17:42:17','2018-05-16 17:42:17'),(137,1,0,'Products import (from 5 to 9)','',0,1,'2018-05-16 17:42:18','2018-05-16 17:42:18'),(138,1,0,'Products import (from 0 to 5)','',0,1,'2018-05-16 17:42:19','2018-05-16 17:42:19'),(139,1,0,'Products import (from 0 to 5)','',0,1,'2018-05-16 17:42:40','2018-05-16 17:42:40'),(140,1,0,'Products import (from 5 to 20)','',0,1,'2018-05-16 17:42:41','2018-05-16 17:42:41'),(141,1,0,'Products import (from 0 to 5)','',0,1,'2018-05-16 17:42:43','2018-05-16 17:42:43'),(142,1,0,'Products import (from 5 to 9)','',0,1,'2018-05-16 17:42:45','2018-05-16 17:42:45'),(143,1,0,'Products import (from 0 to 5)','',0,1,'2018-05-16 17:42:46','2018-05-16 17:42:46'),(144,1,0,'Products import (from 0 to 5)','',0,1,'2018-05-16 17:43:06','2018-05-16 17:43:06'),(145,1,0,'Products import (from 5 to 20)','',0,1,'2018-05-16 17:43:07','2018-05-16 17:43:07'),(146,1,0,'Products import (from 0 to 5)','',0,1,'2018-05-16 17:43:10','2018-05-16 17:43:10'),(147,1,0,'Products import (from 5 to 9)','',0,1,'2018-05-16 17:43:12','2018-05-16 17:43:12'),(148,1,0,'Products import (from 0 to 5)','',0,1,'2018-05-16 17:43:12','2018-05-16 17:43:12'),(149,1,0,'Products import (from 0 to 5)','',0,1,'2018-05-16 17:43:32','2018-05-16 17:43:32'),(150,1,0,'Products import (from 5 to 20)','',0,1,'2018-05-16 17:43:33','2018-05-16 17:43:33'),(151,1,0,'Products import (from 0 to 5)','',0,1,'2018-05-16 17:43:36','2018-05-16 17:43:36'),(152,1,0,'Products import (from 5 to 8)','',0,1,'2018-05-16 17:43:38','2018-05-16 17:43:38'),(153,1,0,'Products import (from 0 to 5)','',0,1,'2018-05-16 17:43:39','2018-05-16 17:43:39'),(154,1,0,'Products import (from 0 to 5)','',0,1,'2018-05-16 17:48:57','2018-05-16 17:48:57'),(155,1,0,'Products import (from 5 to 20)','',0,1,'2018-05-16 17:48:58','2018-05-16 17:48:58'),(156,1,0,'Products import (from 25 to 80)','',0,1,'2018-05-16 17:48:59','2018-05-16 17:48:59'),(157,1,0,'Products import (from 0 to 5)','',0,1,'2018-05-16 17:49:01','2018-05-16 17:49:01'),(158,1,0,'Products import (from 5 to 10)','',0,1,'2018-05-16 17:49:05','2018-05-16 17:49:05'),(159,1,0,'Products import (from 15 to 15)','',0,1,'2018-05-16 17:49:09','2018-05-16 17:49:09'),(160,1,0,'Products import (from 0 to 5)','',0,1,'2018-05-16 17:49:10','2018-05-16 17:49:10'),(161,1,0,'Products import (from 0 to 5)','',0,1,'2018-05-16 17:54:15','2018-05-16 17:54:15'),(162,1,0,'Products import (from 5 to 20)','',0,1,'2018-05-16 17:54:16','2018-05-16 17:54:16'),(163,1,0,'Products import (from 25 to 71)','',0,1,'2018-05-16 17:54:17','2018-05-16 17:54:17'),(164,1,0,'Products import (from 0 to 5)','',0,1,'2018-05-16 17:54:20','2018-05-16 17:54:20'),(165,1,0,'Products import (from 5 to 9)','',0,1,'2018-05-16 17:54:24','2018-05-16 17:54:24'),(166,1,0,'Products import (from 14 to 11)','',0,1,'2018-05-16 17:54:28','2018-05-16 17:54:28'),(167,1,0,'Products import (from 25 to 12)','',0,1,'2018-05-16 17:54:30','2018-05-16 17:54:30'),(168,1,0,'Products import (from 0 to 5)','',0,1,'2018-05-16 17:54:31','2018-05-16 17:54:31'),(169,1,0,'Products import (from 0 to 5)','',0,1,'2018-05-16 17:54:55','2018-05-16 17:54:55'),(170,1,0,'Products import (from 5 to 20)','',0,1,'2018-05-16 17:54:56','2018-05-16 17:54:56'),(171,1,0,'Products import (from 25 to 80)','',0,1,'2018-05-16 17:54:57','2018-05-16 17:54:57'),(172,1,0,'Products import (from 0 to 5)','',0,1,'2018-05-16 17:55:00','2018-05-16 17:55:00'),(173,1,0,'Products import (from 5 to 9)','',0,1,'2018-05-16 17:55:03','2018-05-16 17:55:03'),(174,1,0,'Products import (from 14 to 12)','',0,1,'2018-05-16 17:55:08','2018-05-16 17:55:08'),(175,1,0,'Products import (from 26 to 12)','',0,1,'2018-05-16 17:55:10','2018-05-16 17:55:10'),(176,1,0,'Products import (from 0 to 5)','',0,1,'2018-05-16 17:55:11','2018-05-16 17:55:11'),(177,1,0,'Products import (from 0 to 5)','',0,1,'2018-05-16 17:55:48','2018-05-16 17:55:48'),(178,1,0,'Products import (from 5 to 20)','',0,1,'2018-05-16 17:55:50','2018-05-16 17:55:50'),(179,1,0,'Products import (from 25 to 79)','',0,1,'2018-05-16 17:55:51','2018-05-16 17:55:51'),(180,1,0,'Products import (from 0 to 5)','',0,1,'2018-05-16 17:55:53','2018-05-16 17:55:53'),(181,1,0,'Products import (from 5 to 9)','',0,1,'2018-05-16 17:55:57','2018-05-16 17:55:57'),(182,1,0,'Products import (from 14 to 12)','',0,1,'2018-05-16 17:56:01','2018-05-16 17:56:01'),(183,1,0,'Products import (from 26 to 13)','',0,1,'2018-05-16 17:56:03','2018-05-16 17:56:03'),(184,1,0,'Products import (from 0 to 5)','',0,1,'2018-05-16 17:56:04','2018-05-16 17:56:04'),(185,1,0,'Products import (from 0 to 5)','',0,1,'2018-05-16 17:59:47','2018-05-16 17:59:47'),(186,1,0,'Products import (from 5 to 20)','',0,1,'2018-05-16 17:59:48','2018-05-16 17:59:48'),(187,1,0,'Products import (from 25 to 80)','',0,1,'2018-05-16 17:59:49','2018-05-16 17:59:49'),(188,1,0,'Products import (from 0 to 5)','',0,1,'2018-05-16 17:59:51','2018-05-16 17:59:51'),(189,1,0,'Products import (from 5 to 10)','',0,1,'2018-05-16 17:59:55','2018-05-16 17:59:55'),(190,1,0,'Products import (from 15 to 14)','',0,1,'2018-05-16 17:59:59','2018-05-16 17:59:59'),(191,1,0,'Products import (from 29 to 16)','',0,1,'2018-05-16 18:00:05','2018-05-16 18:00:05'),(192,1,0,'Products import (from 45 to 14)','',0,1,'2018-05-16 18:00:08','2018-05-16 18:00:08'),(193,1,0,'Products import (from 0 to 5)','',0,1,'2018-05-16 18:00:09','2018-05-16 18:00:09'),(194,1,0,'Products import (from 0 to 5)','',0,1,'2018-05-16 18:04:08','2018-05-16 18:04:08'),(195,1,0,'Products import (from 5 to 20)','',0,1,'2018-05-16 18:04:09','2018-05-16 18:04:09'),(196,1,0,'Products import (from 25 to 80)','',0,1,'2018-05-16 18:04:11','2018-05-16 18:04:11'),(197,1,0,'Products import (from 0 to 5)','',0,1,'2018-05-16 18:04:13','2018-05-16 18:04:13'),(198,1,0,'Products import (from 5 to 9)','',0,1,'2018-05-16 18:04:17','2018-05-16 18:04:17'),(199,1,0,'Products import (from 14 to 12)','',0,1,'2018-05-16 18:04:21','2018-05-16 18:04:21'),(200,1,0,'Products import (from 26 to 13)','',0,1,'2018-05-16 18:04:26','2018-05-16 18:04:26'),(201,1,0,'Products import (from 39 to 13)','',0,1,'2018-05-16 18:04:31','2018-05-16 18:04:31'),(202,1,0,'Products import (from 52 to 13)','',0,1,'2018-05-16 18:04:32','2018-05-16 18:04:32'),(203,1,0,'Products import (from 0 to 5)','',0,1,'2018-05-16 18:04:33','2018-05-16 18:04:33'),(204,1,0,'Products import (from 0 to 5)','',0,1,'2018-05-16 18:04:53','2018-05-16 18:04:53'),(205,1,0,'Products import (from 5 to 20)','',0,1,'2018-05-16 18:04:54','2018-05-16 18:04:54'),(206,1,0,'Products import (from 25 to 80)','',0,1,'2018-05-16 18:04:55','2018-05-16 18:04:55'),(207,1,0,'Products import (from 0 to 5)','',0,1,'2018-05-16 18:04:58','2018-05-16 18:04:58'),(208,1,0,'Products import (from 5 to 10)','',0,1,'2018-05-16 18:05:02','2018-05-16 18:05:02'),(209,1,0,'Products import (from 15 to 13)','',0,1,'2018-05-16 18:05:07','2018-05-16 18:05:07'),(210,1,0,'Products import (from 28 to 12)','',0,1,'2018-05-16 18:05:12','2018-05-16 18:05:12'),(211,1,0,'Products import (from 40 to 12)','',0,1,'2018-05-16 18:05:16','2018-05-16 18:05:16'),(212,1,0,'Products import (from 52 to 12)','',0,1,'2018-05-16 18:05:17','2018-05-16 18:05:17'),(213,1,0,'Products import (from 0 to 5)','',0,1,'2018-05-16 18:05:19','2018-05-16 18:05:19'),(214,1,0,'Products import (from 0 to 5)','',0,1,'2018-05-16 18:05:47','2018-05-16 18:05:47'),(215,1,0,'Products import (from 5 to 20)','',0,1,'2018-05-16 18:05:48','2018-05-16 18:05:48'),(216,1,0,'Products import (from 25 to 79)','',0,1,'2018-05-16 18:05:50','2018-05-16 18:05:50'),(217,1,0,'Products import (from 0 to 5)','',0,1,'2018-05-16 18:05:52','2018-05-16 18:05:52'),(218,1,0,'Products import (from 5 to 9)','',0,1,'2018-05-16 18:05:56','2018-05-16 18:05:56'),(219,1,0,'Products import (from 14 to 12)','',0,1,'2018-05-16 18:06:00','2018-05-16 18:06:00'),(220,1,0,'Products import (from 26 to 13)','',0,1,'2018-05-16 18:06:05','2018-05-16 18:06:05'),(221,1,0,'Products import (from 39 to 13)','',0,1,'2018-05-16 18:06:10','2018-05-16 18:06:10'),(222,1,0,'Products import (from 52 to 12)','',0,1,'2018-05-16 18:06:12','2018-05-16 18:06:12'),(223,1,0,'Products import (from 0 to 5)','',0,1,'2018-05-16 18:06:12','2018-05-16 18:06:12'),(224,1,0,'Products import (from 0 to 5)','',0,1,'2018-05-16 18:06:40','2018-05-16 18:06:40'),(225,1,0,'Products import (from 5 to 20)','',0,1,'2018-05-16 18:06:42','2018-05-16 18:06:42'),(226,1,0,'Products import (from 25 to 74)','',0,1,'2018-05-16 18:06:43','2018-05-16 18:06:43'),(227,1,0,'Products import (from 0 to 5)','',0,1,'2018-05-16 18:06:46','2018-05-16 18:06:46'),(228,1,0,'Products import (from 5 to 9)','',0,1,'2018-05-16 18:06:50','2018-05-16 18:06:50'),(229,1,0,'Products import (from 14 to 10)','',0,1,'2018-05-16 18:06:54','2018-05-16 18:06:54'),(230,1,0,'Products import (from 24 to 12)','',0,1,'2018-05-16 18:06:59','2018-05-16 18:06:59'),(231,1,0,'Products import (from 36 to 13)','',0,1,'2018-05-16 18:07:04','2018-05-16 18:07:04'),(232,1,0,'Products import (from 49 to 13)','',0,1,'2018-05-16 18:07:06','2018-05-16 18:07:06'),(233,1,0,'Products import (from 0 to 5)','',0,1,'2018-05-16 18:07:07','2018-05-16 18:07:07'),(234,1,0,'Back office connection from 31.44.38.2','',0,1,'2018-05-16 18:07:34','2018-05-16 18:07:34'),(235,1,0,'Back office connection from 31.44.38.2','',0,1,'2018-05-16 18:07:35','2018-05-16 18:07:35'),(236,1,0,'Back office connection from 31.44.38.2','',0,1,'2018-05-16 18:07:36','2018-05-16 18:07:36'),(237,1,0,'Back office connection from 31.44.38.2','',0,1,'2018-05-16 18:07:37','2018-05-16 18:07:37'),(238,1,0,'Back office connection from 31.44.38.2','',0,1,'2018-05-16 18:08:05','2018-05-16 18:08:05'),(239,1,0,'Back office connection from 31.44.38.2','',0,1,'2018-05-16 18:09:01','2018-05-16 18:09:01'),(240,1,0,'Products import (from 0 to 5)','',0,1,'2018-05-16 18:12:40','2018-05-16 18:12:40'),(241,1,0,'Products import (from 5 to 20)','',0,1,'2018-05-16 18:12:41','2018-05-16 18:12:41'),(242,1,0,'Products import (from 25 to 77)','',0,1,'2018-05-16 18:12:42','2018-05-16 18:12:42'),(243,1,0,'Products import (from 0 to 5)','',0,1,'2018-05-16 18:12:45','2018-05-16 18:12:45'),(244,1,0,'Products import (from 5 to 9)','',0,1,'2018-05-16 18:12:48','2018-05-16 18:12:48'),(245,1,0,'Products import (from 14 to 11)','',0,1,'2018-05-16 18:12:54','2018-05-16 18:12:54'),(246,1,0,'Products import (from 25 to 10)','',0,1,'2018-05-16 18:12:58','2018-05-16 18:12:58'),(247,1,0,'Products import (from 0 to 5)','',0,1,'2018-05-16 18:13:00','2018-05-16 18:13:00'),(248,1,0,'Products import (from 0 to 5)','',0,1,'2018-05-16 18:13:19','2018-05-16 18:13:19'),(249,1,0,'Products import (from 5 to 20)','',0,1,'2018-05-16 18:13:21','2018-05-16 18:13:21'),(250,1,0,'Products import (from 25 to 68)','',0,1,'2018-05-16 18:13:22','2018-05-16 18:13:22'),(251,1,0,'Products import (from 0 to 5)','',0,1,'2018-05-16 18:13:24','2018-05-16 18:13:24'),(252,1,0,'Products import (from 5 to 10)','',0,1,'2018-05-16 18:13:28','2018-05-16 18:13:28'),(253,1,0,'Products import (from 15 to 13)','',0,1,'2018-05-16 18:13:35','2018-05-16 18:13:35'),(254,1,0,'Products import (from 28 to 9)','',0,1,'2018-05-16 18:13:39','2018-05-16 18:13:39'),(255,1,0,'Products import (from 0 to 5)','',0,1,'2018-05-16 18:13:39','2018-05-16 18:13:39'),(256,1,0,'Products import (from 0 to 5)','',0,1,'2018-05-16 18:13:59','2018-05-16 18:13:59'),(257,1,0,'Products import (from 5 to 20)','',0,1,'2018-05-16 18:14:00','2018-05-16 18:14:00'),(258,1,0,'Products import (from 25 to 80)','',0,1,'2018-05-16 18:14:01','2018-05-16 18:14:01'),(259,1,0,'Products import (from 0 to 5)','',0,1,'2018-05-16 18:14:04','2018-05-16 18:14:04'),(260,1,0,'Products import (from 5 to 9)','',0,1,'2018-05-16 18:14:08','2018-05-16 18:14:08'),(261,1,0,'Products import (from 14 to 11)','',0,1,'2018-05-16 18:14:13','2018-05-16 18:14:13'),(262,1,0,'Products import (from 25 to 11)','',0,1,'2018-05-16 18:14:15','2018-05-16 18:14:15'),(263,1,0,'Products import (from 0 to 5)','',0,1,'2018-05-16 18:14:15','2018-05-16 18:14:15'),(264,1,0,'Back office connection from 31.44.38.2','',0,1,'2018-05-16 18:16:05','2018-05-16 18:16:05'),(265,1,0,'Back office connection from 31.44.38.2','',0,1,'2018-05-16 19:09:56','2018-05-16 19:09:56'),(266,1,0,'Product modification','Product',49,1,'2018-05-16 19:10:49','2018-05-16 19:10:49'),(267,1,0,'Product modification','Product',50,1,'2018-05-16 19:11:03','2018-05-16 19:11:03'),(268,1,0,'Products import (from 0 to 5)','',0,1,'2018-05-16 19:30:13','2018-05-16 19:30:13'),(269,1,0,'Products import (from 5 to 20)','',0,1,'2018-05-16 19:30:14','2018-05-16 19:30:14'),(270,1,0,'Products import (from 25 to 80)','',0,1,'2018-05-16 19:30:14','2018-05-16 19:30:14'),(271,1,0,'Products import (from 0 to 5)','',0,1,'2018-05-16 19:31:19','2018-05-16 19:31:19'),(272,1,0,'Products import (from 5 to 5)','',0,1,'2018-05-16 19:32:52','2018-05-16 19:32:52'),(273,1,0,'Products import (from 10 to 5)','',0,1,'2018-05-16 19:33:46','2018-05-16 19:33:46'),(274,1,0,'Category addition','Category',10,1,'2018-05-16 19:36:20','2018-05-16 19:36:20'),(275,1,0,'Category modification','Category',10,1,'2018-05-16 19:36:44','2018-05-16 19:36:44'),(276,1,0,'Category addition','Category',11,1,'2018-05-16 19:37:10','2018-05-16 19:37:10'),(277,1,0,'Category addition','Category',12,1,'2018-05-16 19:37:22','2018-05-16 19:37:22'),(278,1,0,'Category addition','Category',13,1,'2018-05-16 19:37:31','2018-05-16 19:37:31'),(279,1,0,'Category addition','Category',14,1,'2018-05-16 19:37:51','2018-05-16 19:37:51'),(280,1,0,'Categories import (from 0 to 5)','',0,1,'2018-05-16 19:48:46','2018-05-16 19:48:46'),(281,1,0,'Categories import (from 5 to 20)','',0,1,'2018-05-16 19:48:46','2018-05-16 19:48:46'),(282,1,0,'Categories import (from 0 to 5)','',0,1,'2018-05-16 19:48:47','2018-05-16 19:48:47'),(283,1,0,'Categories import (from 5 to 20)','',0,1,'2018-05-16 19:48:49','2018-05-16 19:48:49'),(284,1,0,'Product modification','Product',129,1,'2018-05-16 19:49:53','2018-05-16 19:49:53'),(285,1,0,'Product modification','Product',128,1,'2018-05-16 19:50:06','2018-05-16 19:50:06'),(286,1,0,'Product modification','Product',127,1,'2018-05-16 19:50:22','2018-05-16 19:50:22'),(287,1,0,'Product modification','Product',126,1,'2018-05-16 19:50:33','2018-05-16 19:50:33'),(288,1,0,'Product modification','Product',126,1,'2018-05-16 19:50:42','2018-05-16 19:50:42'),(289,1,0,'Product modification','Product',125,1,'2018-05-16 19:50:58','2018-05-16 19:50:58'),(290,1,0,'Product modification','Product',124,1,'2018-05-16 19:51:07','2018-05-16 19:51:07'),(291,1,0,'Product modification','Product',114,1,'2018-05-16 19:51:16','2018-05-16 19:51:16'),(292,1,0,'Product modification','Product',113,1,'2018-05-16 19:51:27','2018-05-16 19:51:27'),(293,1,0,'Product modification','Product',112,1,'2018-05-16 19:51:36','2018-05-16 19:51:36'),(294,1,0,'Product modification','Product',123,1,'2018-05-16 19:53:01','2018-05-16 19:53:01'),(295,1,0,'Product modification','Product',122,1,'2018-05-16 19:53:52','2018-05-16 19:53:52'),(296,1,0,'Product modification','Product',121,1,'2018-05-16 19:54:16','2018-05-16 19:54:16'),(297,1,0,'Product modification','Product',120,1,'2018-05-16 19:54:38','2018-05-16 19:54:38'),(298,1,0,'Product modification','Product',118,1,'2018-05-16 19:55:37','2018-05-16 19:55:37'),(299,1,0,'Product modification','Product',117,1,'2018-05-16 19:56:05','2018-05-16 19:56:05'),(300,1,0,'Product modification','Product',116,1,'2018-05-16 19:56:35','2018-05-16 19:56:35'),(301,1,0,'Product modification','Product',116,1,'2018-05-16 19:56:41','2018-05-16 19:56:41'),(302,1,0,'Product modification','Product',115,1,'2018-05-16 19:57:04','2018-05-16 19:57:04'),(303,1,0,'Back office connection from 31.44.38.2','',0,1,'2018-05-16 20:05:55','2018-05-16 20:05:55'),(304,1,0,'Product modification','Product',111,1,'2018-05-16 20:07:28','2018-05-16 20:07:28'),(305,1,0,'Product modification','Product',110,1,'2018-05-16 20:08:03','2018-05-16 20:08:03'),(306,1,0,'Product modification','Product',109,1,'2018-05-16 20:08:57','2018-05-16 20:08:57'),(307,1,0,'Product modification','Product',108,1,'2018-05-16 20:09:45','2018-05-16 20:09:45'),(308,1,0,'Product modification','Product',107,1,'2018-05-16 20:10:27','2018-05-16 20:10:27'),(309,1,0,'Product modification','Product',106,1,'2018-05-16 20:10:58','2018-05-16 20:10:58'),(310,1,0,'Product modification','Product',105,1,'2018-05-16 20:12:12','2018-05-16 20:12:12'),(311,1,0,'Product modification','Product',105,1,'2018-05-16 20:12:28','2018-05-16 20:12:28'),(312,1,0,'Product modification','Product',104,1,'2018-05-16 20:15:10','2018-05-16 20:15:10'),(313,1,0,'Product modification','Product',103,1,'2018-05-16 20:15:28','2018-05-16 20:15:28'),(314,1,0,'Product modification','Product',102,1,'2018-05-16 20:15:35','2018-05-16 20:15:35'),(315,1,0,'Product modification','Product',101,1,'2018-05-16 20:15:41','2018-05-16 20:15:41'),(316,1,0,'Product modification','Product',99,1,'2018-05-16 20:17:01','2018-05-16 20:17:01'),(317,1,0,'Product modification','Product',98,1,'2018-05-16 20:17:09','2018-05-16 20:17:09'),(318,1,0,'Product modification','Product',97,1,'2018-05-16 20:17:26','2018-05-16 20:17:26'),(319,1,0,'Product modification','Product',121,1,'2018-05-16 20:29:23','2018-05-16 20:29:23'),(320,1,0,'Product modification','Product',113,1,'2018-05-16 20:30:23','2018-05-16 20:30:23'),(321,1,0,'Products import (from 0 to 5)','',0,1,'2018-05-16 20:38:51','2018-05-16 20:38:51'),(322,1,0,'Products import (from 5 to 20)','',0,1,'2018-05-16 20:38:52','2018-05-16 20:38:52'),(323,1,0,'Products import (from 25 to 80)','',0,1,'2018-05-16 20:38:53','2018-05-16 20:38:53'),(324,1,0,'Products import (from 0 to 5)','',0,1,'2018-05-16 20:38:55','2018-05-16 20:38:55'),(325,1,0,'Products import (from 5 to 13)','',0,1,'2018-05-16 20:38:59','2018-05-16 20:38:59'),(326,1,0,'Products import (from 18 to 14)','',0,1,'2018-05-16 20:39:03','2018-05-16 20:39:03'),(327,1,0,'Products import (from 32 to 16)','',0,1,'2018-05-16 20:39:08','2018-05-16 20:39:08'),(328,1,0,'Products import (from 48 to 16)','',0,1,'2018-05-16 20:39:10','2018-05-16 20:39:10'),(329,1,0,'Products import (from 0 to 5)','',0,1,'2018-05-16 20:39:11','2018-05-16 20:39:11'),(330,1,0,'Products import (from 0 to 5)','',0,1,'2018-05-16 20:41:02','2018-05-16 20:41:02'),(331,1,0,'Products import (from 5 to 20)','',0,1,'2018-05-16 20:41:03','2018-05-16 20:41:03'),(332,1,0,'Products import (from 25 to 80)','',0,1,'2018-05-16 20:41:04','2018-05-16 20:41:04'),(333,1,0,'Products import (from 0 to 5)','',0,1,'2018-05-16 20:41:06','2018-05-16 20:41:06'),(334,1,0,'Products import (from 5 to 12)','',0,1,'2018-05-16 20:41:10','2018-05-16 20:41:10'),(335,1,0,'Products import (from 17 to 14)','',0,1,'2018-05-16 20:41:14','2018-05-16 20:41:14'),(336,1,0,'Products import (from 31 to 15)','',0,1,'2018-05-16 20:41:19','2018-05-16 20:41:19'),(337,1,0,'Products import (from 46 to 15)','',0,1,'2018-05-16 20:41:23','2018-05-16 20:41:23'),(338,1,0,'Products import (from 0 to 5)','',0,1,'2018-05-16 20:41:23','2018-05-16 20:41:23'),(339,1,0,'Products import (from 0 to 5)','',0,1,'2018-05-16 20:46:24','2018-05-16 20:46:24'),(340,1,0,'Products import (from 5 to 20)','',0,1,'2018-05-16 20:46:25','2018-05-16 20:46:25'),(341,1,0,'Products import (from 25 to 80)','',0,1,'2018-05-16 20:46:25','2018-05-16 20:46:25'),(342,1,0,'Products import (from 0 to 5)','',0,1,'2018-05-16 20:46:28','2018-05-16 20:46:28'),(343,1,0,'Products import (from 5 to 11)','',0,1,'2018-05-16 20:46:32','2018-05-16 20:46:32'),(344,1,0,'Products import (from 16 to 13)','',0,1,'2018-05-16 20:46:35','2018-05-16 20:46:35'),(345,1,0,'Products import (from 0 to 5)','',0,1,'2018-05-16 20:46:35','2018-05-16 20:46:35'),(346,1,0,'Product modification','Product',93,1,'2018-05-16 20:46:42','2018-05-16 20:46:42'),(347,1,0,'Product modification','Product',92,1,'2018-05-16 20:46:51','2018-05-16 20:46:51'),(348,1,0,'Product modification','Product',91,1,'2018-05-16 20:46:57','2018-05-16 20:46:57'),(349,1,0,'Product modification','Product',90,1,'2018-05-16 20:47:04','2018-05-16 20:47:04'),(350,1,0,'Back office connection from 31.44.38.2','',0,1,'2018-05-17 08:40:01','2018-05-17 08:40:01'),(351,1,0,'Back office connection from 178.174.43.210','',0,1,'2018-05-17 11:29:36','2018-05-17 11:29:36'),(352,1,0,'Back office connection from 62.2.137.140','',0,1,'2018-05-17 12:43:23','2018-05-17 12:43:23'),(353,1,0,'Back office connection from 31.44.38.2','',0,1,'2018-05-18 09:43:48','2018-05-18 09:43:48'),(354,1,0,'Back office connection from 31.44.38.2','',0,1,'2018-05-18 10:24:42','2018-05-18 10:24:42'),(355,1,0,'Back office connection from 31.44.38.2','',0,1,'2018-05-18 11:20:02','2018-05-18 11:20:02'),(356,1,0,'Back office connection from 31.44.38.2','',0,1,'2018-05-18 12:49:42','2018-05-18 12:49:42'),(357,1,0,'CartRule addition','CartRule',1,1,'2018-05-18 13:24:10','2018-05-18 13:24:10'),(358,1,0,'Product modification','Product',89,1,'2018-05-18 13:49:21','2018-05-18 13:49:21'),(359,1,0,'Product modification','Product',88,1,'2018-05-18 13:49:23','2018-05-18 13:49:23'),(360,1,0,'Product modification','Product',87,1,'2018-05-18 13:49:26','2018-05-18 13:49:26'),(361,1,0,'Product modification','Product',86,1,'2018-05-18 13:49:30','2018-05-18 13:49:30'),(362,1,0,'Product modification','Product',85,1,'2018-05-18 13:49:33','2018-05-18 13:49:33'),(363,1,0,'Product modification','Product',84,1,'2018-05-18 13:49:39','2018-05-18 13:49:39'),(364,1,0,'Product modification','Product',83,1,'2018-05-18 13:49:42','2018-05-18 13:49:42'),(365,1,0,'Product modification','Product',82,1,'2018-05-18 13:49:45','2018-05-18 13:49:45'),(366,1,0,'Product modification','Product',82,1,'2018-05-18 13:49:48','2018-05-18 13:49:48'),(367,1,0,'Product modification','Product',119,1,'2018-05-18 13:50:32','2018-05-18 13:50:32'),(368,1,0,'Product modification','Product',100,1,'2018-05-18 13:50:39','2018-05-18 13:50:39'),(369,1,0,'Product modification','Product',96,1,'2018-05-18 13:50:56','2018-05-18 13:50:56'),(370,1,0,'Product modification','Product',95,1,'2018-05-18 13:51:01','2018-05-18 13:51:01'),(371,1,0,'Product modification','Product',94,1,'2018-05-18 13:51:06','2018-05-18 13:51:06'),(372,1,0,'Product modification','Product',81,1,'2018-05-18 13:51:42','2018-05-18 13:51:42'),(373,1,0,'Product modification','Product',80,1,'2018-05-18 13:51:47','2018-05-18 13:51:47'),(374,1,0,'Product modification','Product',79,1,'2018-05-18 13:51:51','2018-05-18 13:51:51'),(375,1,0,'Product modification','Product',78,1,'2018-05-18 13:51:53','2018-05-18 13:51:53'),(376,1,0,'Product modification','Product',77,1,'2018-05-18 13:51:56','2018-05-18 13:51:56'),(377,1,0,'Product modification','Product',89,1,'2018-05-18 13:52:40','2018-05-18 13:52:40'),(378,1,0,'Product modification','Product',88,1,'2018-05-18 13:52:53','2018-05-18 13:52:53'),(379,1,0,'Product modification','Product',89,1,'2018-05-18 13:53:15','2018-05-18 13:53:15'),(380,1,0,'Product modification','Product',88,1,'2018-05-18 13:53:22','2018-05-18 13:53:22'),(381,1,0,'Product modification','Product',87,1,'2018-05-18 13:53:41','2018-05-18 13:53:41'),(382,1,0,'Product modification','Product',86,1,'2018-05-18 13:53:55','2018-05-18 13:53:55'),(383,1,0,'Product modification','Product',85,1,'2018-05-18 13:54:11','2018-05-18 13:54:11'),(384,1,0,'Product modification','Product',84,1,'2018-05-18 13:54:32','2018-05-18 13:54:32'),(385,1,0,'Product modification','Product',83,1,'2018-05-18 13:54:53','2018-05-18 13:54:53'),(386,1,0,'Product modification','Product',82,1,'2018-05-18 13:55:04','2018-05-18 13:55:04'),(387,1,0,'Back office connection from 31.44.38.2','',0,1,'2018-05-18 14:40:56','2018-05-18 14:40:56'),(388,1,0,'Product modification','Product',93,1,'2018-05-18 14:42:06','2018-05-18 14:42:06'),(389,1,0,'Product modification','Product',92,1,'2018-05-18 14:42:16','2018-05-18 14:42:16'),(390,1,0,'Product modification','Product',91,1,'2018-05-18 14:42:56','2018-05-18 14:42:56'),(391,1,0,'Product modification','Product',90,1,'2018-05-18 14:43:04','2018-05-18 14:43:04'),(392,1,0,'Product modification','Product',96,1,'2018-05-18 14:43:17','2018-05-18 14:43:17'),(393,1,0,'Product modification','Product',95,1,'2018-05-18 14:43:28','2018-05-18 14:43:28'),(394,1,0,'Product modification','Product',94,1,'2018-05-18 14:43:41','2018-05-18 14:43:41'),(395,1,0,'Product modification','Product',99,1,'2018-05-18 14:43:53','2018-05-18 14:43:53'),(396,1,0,'Product modification','Product',98,1,'2018-05-18 14:44:02','2018-05-18 14:44:02'),(397,1,0,'Product modification','Product',97,1,'2018-05-18 14:44:11','2018-05-18 14:44:11'),(398,1,0,'Product modification','Product',105,1,'2018-05-18 14:44:20','2018-05-18 14:44:20'),(399,1,0,'Product modification','Product',104,1,'2018-05-18 14:44:28','2018-05-18 14:44:28'),(400,1,0,'Products import (from 0 to 5)','',0,1,'2018-05-18 14:47:35','2018-05-18 14:47:35'),(401,1,0,'Products import (from 0 to 5)','',0,1,'2018-05-18 14:47:36','2018-05-18 14:47:36'),(402,1,0,'Products import (from 0 to 5)','',0,1,'2018-05-18 14:47:37','2018-05-18 14:47:37'),(403,1,0,'Products import (from 0 to 5)','',0,1,'2018-05-18 14:49:16','2018-05-18 14:49:16'),(404,1,0,'Products import (from 0 to 5)','',0,1,'2018-05-18 14:49:17','2018-05-18 14:49:17'),(405,1,0,'Products import (from 0 to 5)','',0,1,'2018-05-18 14:49:17','2018-05-18 14:49:17'),(406,1,0,'Products import (from 0 to 5)','',0,1,'2018-05-18 14:50:17','2018-05-18 14:50:17'),(407,1,0,'Products import (from 5 to 20)','',0,1,'2018-05-18 14:50:18','2018-05-18 14:50:18'),(408,1,0,'Products import (from 25 to 80)','',0,1,'2018-05-18 14:50:18','2018-05-18 14:50:18'),(409,1,0,'Products import (from 0 to 5)','',0,1,'2018-05-18 14:50:20','2018-05-18 14:50:20'),(410,1,0,'Products import (from 5 to 13)','',0,1,'2018-05-18 14:50:24','2018-05-18 14:50:24'),(411,1,0,'Products import (from 0 to 5)','',0,1,'2018-05-18 14:51:51','2018-05-18 14:51:51'),(412,1,0,'Products import (from 5 to 20)','',0,1,'2018-05-18 14:51:51','2018-05-18 14:51:51'),(413,1,0,'Products import (from 25 to 80)','',0,1,'2018-05-18 14:51:52','2018-05-18 14:51:52'),(414,1,0,'Products import (from 0 to 5)','',0,1,'2018-05-18 14:51:54','2018-05-18 14:51:54'),(415,1,0,'Products import (from 5 to 13)','',0,1,'2018-05-18 14:51:58','2018-05-18 14:51:58'),(416,1,0,'Products import (from 18 to 15)','',0,1,'2018-05-18 14:52:03','2018-05-18 14:52:03'),(417,1,0,'Products import (from 33 to 16)','',0,1,'2018-05-18 14:52:07','2018-05-18 14:52:07'),(418,1,0,'Products import (from 49 to 16)','',0,1,'2018-05-18 14:52:09','2018-05-18 14:52:09'),(419,1,0,'Products import (from 0 to 5)','',0,1,'2018-05-18 14:52:09','2018-05-18 14:52:09'),(420,1,0,'Products import (from 0 to 5)','',0,1,'2018-05-18 14:52:41','2018-05-18 14:52:41'),(421,1,0,'Products import (from 5 to 20)','',0,1,'2018-05-18 14:52:41','2018-05-18 14:52:41'),(422,1,0,'Products import (from 25 to 80)','',0,1,'2018-05-18 14:52:42','2018-05-18 14:52:42'),(423,1,0,'Products import (from 0 to 5)','',0,1,'2018-05-18 14:52:44','2018-05-18 14:52:44'),(424,1,0,'Products import (from 5 to 15)','',0,1,'2018-05-18 14:52:49','2018-05-18 14:52:49'),(425,1,0,'Products import (from 20 to 15)','',0,1,'2018-05-18 14:52:53','2018-05-18 14:52:53'),(426,1,0,'Products import (from 35 to 15)','',0,1,'2018-05-18 14:52:58','2018-05-18 14:52:58'),(427,1,0,'Feature deletion','Feature',8,1,'2018-05-18 14:52:58','2018-05-18 14:52:58'),(428,1,0,'Products import (from 50 to 15)','',0,1,'2018-05-18 14:53:00','2018-05-18 14:53:00'),(429,1,0,'Products import (from 0 to 5)','',0,1,'2018-05-18 14:53:00','2018-05-18 14:53:00'),(430,1,0,'Products import (from 0 to 5)','',0,1,'2018-05-18 14:54:35','2018-05-18 14:54:35'),(431,1,0,'Products import (from 5 to 20)','',0,1,'2018-05-18 14:54:35','2018-05-18 14:54:35'),(432,1,0,'Products import (from 25 to 80)','',0,1,'2018-05-18 14:54:36','2018-05-18 14:54:36'),(433,1,0,'Products import (from 0 to 5)','',0,1,'2018-05-18 14:54:38','2018-05-18 14:54:38'),(434,1,0,'Products import (from 5 to 13)','',0,1,'2018-05-18 14:54:42','2018-05-18 14:54:42'),(435,1,0,'Products import (from 18 to 15)','',0,1,'2018-05-18 14:54:47','2018-05-18 14:54:47'),(436,1,0,'Products import (from 33 to 14)','',0,1,'2018-05-18 14:54:52','2018-05-18 14:54:52'),(437,1,0,'Products import (from 47 to 16)','',0,1,'2018-05-18 14:54:54','2018-05-18 14:54:54'),(438,1,0,'Products import (from 0 to 5)','',0,1,'2018-05-18 14:54:55','2018-05-18 14:54:55'),(439,1,0,'Product modification','Product',83,1,'2018-05-18 14:55:03','2018-05-18 14:55:03'),(440,1,0,'Product modification','Product',104,1,'2018-05-18 14:58:01','2018-05-18 14:58:01'),(441,1,0,'Product modification','Product',98,1,'2018-05-18 14:58:38','2018-05-18 14:58:38'),(442,1,0,'Product modification','Product',97,1,'2018-05-18 14:58:44','2018-05-18 14:58:44'),(443,1,0,'Product modification','Product',96,1,'2018-05-18 14:58:54','2018-05-18 14:58:54'),(444,1,0,'Product modification','Product',95,1,'2018-05-18 14:59:00','2018-05-18 14:59:00'),(445,1,0,'Product modification','Product',94,1,'2018-05-18 14:59:07','2018-05-18 14:59:07'),(446,1,0,'Product modification','Product',93,1,'2018-05-18 14:59:13','2018-05-18 14:59:13'),(447,1,0,'Product modification','Product',92,1,'2018-05-18 14:59:20','2018-05-18 14:59:20'),(448,1,0,'Product modification','Product',91,1,'2018-05-18 14:59:26','2018-05-18 14:59:26'),(449,1,0,'Product modification','Product',90,1,'2018-05-18 14:59:36','2018-05-18 14:59:36'),(450,1,0,'Product modification','Product',90,1,'2018-05-18 14:59:43','2018-05-18 14:59:43'),(451,1,0,'Product modification','Product',89,1,'2018-05-18 14:59:48','2018-05-18 14:59:48'),(452,1,0,'Product modification','Product',88,1,'2018-05-18 14:59:53','2018-05-18 14:59:53'),(453,1,0,'Product modification','Product',87,1,'2018-05-18 14:59:59','2018-05-18 14:59:59'),(454,1,0,'Product modification','Product',86,1,'2018-05-18 15:00:05','2018-05-18 15:00:05'),(455,1,0,'Product modification','Product',85,1,'2018-05-18 15:00:24','2018-05-18 15:00:24'),(456,1,0,'Product modification','Product',84,1,'2018-05-18 15:00:35','2018-05-18 15:00:35'),(457,1,0,'Product modification','Product',82,1,'2018-05-18 15:00:56','2018-05-18 15:00:56'),(458,1,0,'Product modification','Product',83,1,'2018-05-18 15:01:48','2018-05-18 15:01:48'),(459,1,0,'Product modification','Product',117,1,'2018-05-18 15:02:03','2018-05-18 15:02:03'),(460,1,0,'Product modification','Product',116,1,'2018-05-18 15:02:06','2018-05-18 15:02:06'),(461,1,0,'Products import (from 0 to 5)','',0,1,'2018-05-18 15:05:10','2018-05-18 15:05:10'),(462,1,0,'Products import (from 5 to 20)','',0,1,'2018-05-18 15:05:11','2018-05-18 15:05:11'),(463,1,0,'Products import (from 25 to 80)','',0,1,'2018-05-18 15:05:12','2018-05-18 15:05:12'),(464,1,0,'Products import (from 0 to 5)','',0,1,'2018-05-18 15:05:14','2018-05-18 15:05:14'),(465,1,0,'Products import (from 5 to 13)','',0,1,'2018-05-18 15:05:18','2018-05-18 15:05:18'),(466,1,0,'Products import (from 18 to 14)','',0,1,'2018-05-18 15:05:22','2018-05-18 15:05:22'),(467,1,0,'Products import (from 32 to 16)','',0,1,'2018-05-18 15:05:29','2018-05-18 15:05:29'),(468,1,0,'Products import (from 48 to 12)','',0,1,'2018-05-18 15:05:33','2018-05-18 15:05:33'),(469,1,0,'Products import (from 60 to 14)','',0,1,'2018-05-18 15:05:39','2018-05-18 15:05:39'),(470,1,0,'Products import (from 74 to 12)','',0,1,'2018-05-18 15:05:43','2018-05-18 15:05:43'),(471,1,0,'Product modification','Product',84,1,'2018-05-18 15:05:44','2018-05-18 15:05:44'),(472,1,0,'Products import (from 86 to 13)','',0,1,'2018-05-18 15:05:49','2018-05-18 15:05:49'),(473,1,0,'Products import (from 99 to 11)','',0,1,'2018-05-18 15:05:51','2018-05-18 15:05:51'),(474,1,0,'Products import (from 0 to 5)','',0,1,'2018-05-18 15:05:51','2018-05-18 15:05:51'),(475,1,0,'Feature deletion','Feature',6,1,'2018-05-18 15:06:33','2018-05-18 15:06:33'),(476,1,0,'Feature deletion','Feature',7,1,'2018-05-18 15:06:33','2018-05-18 15:06:33'),(477,1,0,'Back office connection from 31.44.38.2','',0,1,'2018-05-18 16:33:56','2018-05-18 16:33:56'),(478,1,0,'Products import (from 0 to 5)','',0,1,'2018-05-18 16:35:26','2018-05-18 16:35:26'),(479,1,0,'Products import (from 5 to 20)','',0,1,'2018-05-18 16:35:26','2018-05-18 16:35:26'),(480,1,0,'Products import (from 25 to 80)','',0,1,'2018-05-18 16:35:28','2018-05-18 16:35:28'),(481,1,0,'Products import (from 0 to 5)','',0,1,'2018-05-18 16:35:31','2018-05-18 16:35:31'),(482,1,0,'Products import (from 5 to 8)','',0,1,'2018-05-18 16:35:35','2018-05-18 16:35:35'),(483,1,0,'Products import (from 13 to 9)','',0,1,'2018-05-18 16:35:40','2018-05-18 16:35:40'),(484,1,0,'Products import (from 22 to 9)','',0,1,'2018-05-18 16:35:45','2018-05-18 16:35:45'),(485,1,0,'Products import (from 31 to 7)','',0,1,'2018-05-18 16:35:49','2018-05-18 16:35:49'),(486,1,0,'Products import (from 38 to 8)','',0,1,'2018-05-18 16:35:54','2018-05-18 16:35:54'),(487,1,0,'Products import (from 46 to 8)','',0,1,'2018-05-18 16:35:58','2018-05-18 16:35:58'),(488,1,0,'Products import (from 54 to 9)','',0,1,'2018-05-18 16:36:04','2018-05-18 16:36:04'),(489,1,0,'Products import (from 63 to 8)','',0,1,'2018-05-18 16:36:08','2018-05-18 16:36:08'),(490,1,0,'Products import (from 71 to 9)','',0,1,'2018-05-18 16:36:13','2018-05-18 16:36:13'),(491,1,0,'Products import (from 80 to 8)','',0,1,'2018-05-18 16:36:18','2018-05-18 16:36:18'),(492,1,0,'Products import (from 88 to 8)','',0,1,'2018-05-18 16:36:22','2018-05-18 16:36:22'),(493,1,0,'Products import (from 96 to 9)','',0,1,'2018-05-18 16:36:26','2018-05-18 16:36:26'),(494,1,0,'Products import (from 0 to 5)','',0,1,'2018-05-18 16:36:26','2018-05-18 16:36:26'),(495,1,0,'FeatureValue deletion','FeatureValue',9,1,'2018-05-18 16:38:04','2018-05-18 16:38:04'),(496,1,0,'FeatureValue deletion','FeatureValue',10,1,'2018-05-18 16:38:04','2018-05-18 16:38:04'),(497,1,0,'FeatureValue deletion','FeatureValue',88,1,'2018-05-18 16:38:04','2018-05-18 16:38:04'),(498,1,0,'FeatureValue deletion','FeatureValue',89,1,'2018-05-18 16:38:04','2018-05-18 16:38:04'),(499,1,0,'FeatureValue deletion','FeatureValue',90,1,'2018-05-18 16:38:04','2018-05-18 16:38:04'),(500,1,0,'FeatureValue deletion','FeatureValue',91,1,'2018-05-18 16:38:04','2018-05-18 16:38:04'),(501,1,0,'FeatureValue deletion','FeatureValue',92,1,'2018-05-18 16:38:04','2018-05-18 16:38:04'),(502,1,0,'FeatureValue deletion','FeatureValue',11,1,'2018-05-18 16:38:17','2018-05-18 16:38:17'),(503,1,0,'FeatureValue deletion','FeatureValue',12,1,'2018-05-18 16:38:17','2018-05-18 16:38:17'),(504,1,0,'FeatureValue deletion','FeatureValue',13,1,'2018-05-18 16:38:17','2018-05-18 16:38:17'),(505,1,0,'FeatureValue deletion','FeatureValue',14,1,'2018-05-18 16:38:17','2018-05-18 16:38:17'),(506,1,0,'FeatureValue deletion','FeatureValue',93,1,'2018-05-18 16:38:17','2018-05-18 16:38:17'),(507,1,0,'FeatureValue deletion','FeatureValue',94,1,'2018-05-18 16:38:17','2018-05-18 16:38:17'),(508,1,0,'FeatureValue deletion','FeatureValue',95,1,'2018-05-18 16:38:17','2018-05-18 16:38:17'),(509,1,0,'FeatureValue deletion','FeatureValue',96,1,'2018-05-18 16:38:17','2018-05-18 16:38:17'),(510,1,0,'FeatureValue deletion','FeatureValue',97,1,'2018-05-18 16:38:17','2018-05-18 16:38:17'),(511,1,0,'FeatureValue deletion','FeatureValue',98,1,'2018-05-18 16:38:17','2018-05-18 16:38:17'),(512,1,0,'FeatureValue deletion','FeatureValue',99,1,'2018-05-18 16:38:17','2018-05-18 16:38:17'),(513,1,0,'FeatureValue deletion','FeatureValue',100,1,'2018-05-18 16:38:17','2018-05-18 16:38:17'),(514,1,0,'FeatureValue deletion','FeatureValue',101,1,'2018-05-18 16:38:17','2018-05-18 16:38:17'),(515,1,0,'FeatureValue deletion','FeatureValue',102,1,'2018-05-18 16:38:17','2018-05-18 16:38:17'),(516,1,0,'FeatureValue deletion','FeatureValue',103,1,'2018-05-18 16:38:17','2018-05-18 16:38:17'),(517,1,0,'FeatureValue deletion','FeatureValue',104,1,'2018-05-18 16:38:17','2018-05-18 16:38:17'),(518,1,0,'FeatureValue deletion','FeatureValue',105,1,'2018-05-18 16:38:17','2018-05-18 16:38:17'),(519,1,0,'FeatureValue deletion','FeatureValue',106,1,'2018-05-18 16:38:17','2018-05-18 16:38:17'),(520,1,0,'FeatureValue deletion','FeatureValue',107,1,'2018-05-18 16:38:17','2018-05-18 16:38:17'),(521,1,0,'FeatureValue deletion','FeatureValue',108,1,'2018-05-18 16:38:17','2018-05-18 16:38:17'),(522,1,0,'FeatureValue deletion','FeatureValue',109,1,'2018-05-18 16:38:17','2018-05-18 16:38:17'),(523,1,0,'FeatureValue deletion','FeatureValue',110,1,'2018-05-18 16:38:17','2018-05-18 16:38:17'),(524,1,0,'FeatureValue deletion','FeatureValue',111,1,'2018-05-18 16:38:17','2018-05-18 16:38:17'),(525,1,0,'FeatureValue deletion','FeatureValue',112,1,'2018-05-18 16:38:17','2018-05-18 16:38:17'),(526,1,0,'FeatureValue deletion','FeatureValue',113,1,'2018-05-18 16:38:17','2018-05-18 16:38:17'),(527,1,0,'FeatureValue deletion','FeatureValue',114,1,'2018-05-18 16:38:18','2018-05-18 16:38:18'),(528,1,0,'FeatureValue deletion','FeatureValue',115,1,'2018-05-18 16:38:18','2018-05-18 16:38:18'),(529,1,0,'FeatureValue deletion','FeatureValue',116,1,'2018-05-18 16:38:18','2018-05-18 16:38:18'),(530,1,0,'FeatureValue deletion','FeatureValue',117,1,'2018-05-18 16:38:18','2018-05-18 16:38:18'),(531,1,0,'FeatureValue deletion','FeatureValue',118,1,'2018-05-18 16:38:18','2018-05-18 16:38:18'),(532,1,0,'FeatureValue deletion','FeatureValue',119,1,'2018-05-18 16:38:18','2018-05-18 16:38:18'),(533,1,0,'FeatureValue deletion','FeatureValue',120,1,'2018-05-18 16:38:18','2018-05-18 16:38:18'),(534,1,0,'FeatureValue deletion','FeatureValue',121,1,'2018-05-18 16:38:18','2018-05-18 16:38:18'),(535,1,0,'FeatureValue deletion','FeatureValue',122,1,'2018-05-18 16:38:18','2018-05-18 16:38:18'),(536,1,0,'FeatureValue deletion','FeatureValue',123,1,'2018-05-18 16:38:18','2018-05-18 16:38:18'),(537,1,0,'Products import (from 0 to 5)','',0,1,'2018-05-18 16:47:12','2018-05-18 16:47:12'),(538,1,0,'Products import (from 5 to 20)','',0,1,'2018-05-18 16:47:12','2018-05-18 16:47:12'),(539,1,0,'Products import (from 25 to 80)','',0,1,'2018-05-18 16:47:14','2018-05-18 16:47:14'),(540,1,0,'Products import (from 105 to 100)','',0,1,'2018-05-18 16:47:15','2018-05-18 16:47:15'),(541,1,0,'Products import (from 0 to 5)','',0,1,'2018-05-18 16:47:18','2018-05-18 16:47:18'),(542,1,0,'Products import (from 5 to 8)','',0,1,'2018-05-18 16:47:22','2018-05-18 16:47:22'),(543,1,0,'Products import (from 13 to 9)','',0,1,'2018-05-18 16:47:27','2018-05-18 16:47:27'),(544,1,0,'Products import (from 22 to 9)','',0,1,'2018-05-18 16:47:31','2018-05-18 16:47:31'),(545,1,0,'Products import (from 31 to 9)','',0,1,'2018-05-18 16:47:36','2018-05-18 16:47:36'),(546,1,0,'Products import (from 40 to 10)','',0,1,'2018-05-18 16:47:42','2018-05-18 16:47:42'),(547,1,0,'Products import (from 50 to 8)','',0,1,'2018-05-18 16:47:46','2018-05-18 16:47:46'),(548,1,0,'Products import (from 58 to 8)','',0,1,'2018-05-18 16:47:51','2018-05-18 16:47:51'),(549,1,0,'Products import (from 66 to 8)','',0,1,'2018-05-18 16:47:56','2018-05-18 16:47:56'),(550,1,0,'Products import (from 74 to 7)','',0,1,'2018-05-18 16:48:01','2018-05-18 16:48:01'),(551,1,0,'Products import (from 81 to 8)','',0,1,'2018-05-18 16:48:05','2018-05-18 16:48:05'),(552,1,0,'Products import (from 89 to 9)','',0,1,'2018-05-18 16:48:11','2018-05-18 16:48:11'),(553,1,0,'Products import (from 98 to 7)','',0,1,'2018-05-18 16:48:15','2018-05-18 16:48:15'),(554,1,0,'Products import (from 105 to 7)','',0,1,'2018-05-18 16:48:20','2018-05-18 16:48:20'),(555,1,0,'Products import (from 112 to 7)','',0,1,'2018-05-18 16:48:23','2018-05-18 16:48:23'),(556,1,0,'Products import (from 119 to 9)','',0,1,'2018-05-18 16:48:28','2018-05-18 16:48:28'),(557,1,0,'Products import (from 128 to 8)','',0,1,'2018-05-18 16:48:33','2018-05-18 16:48:33'),(558,1,0,'Products import (from 136 to 9)','',0,1,'2018-05-18 16:48:37','2018-05-18 16:48:37'),(559,1,0,'Products import (from 145 to 9)','',0,1,'2018-05-18 16:48:42','2018-05-18 16:48:42'),(560,1,0,'Products import (from 154 to 8)','',0,1,'2018-05-18 16:48:47','2018-05-18 16:48:47'),(561,1,0,'Products import (from 162 to 8)','',0,1,'2018-05-18 16:48:51','2018-05-18 16:48:51'),(562,1,0,'Products import (from 170 to 9)','',0,1,'2018-05-18 16:48:56','2018-05-18 16:48:56'),(563,1,0,'Products import (from 179 to 9)','',0,1,'2018-05-18 16:49:01','2018-05-18 16:49:01'),(564,1,0,'Products import (from 188 to 9)','',0,1,'2018-05-18 16:49:03','2018-05-18 16:49:03'),(565,1,0,'Products import (from 0 to 5)','',0,1,'2018-05-18 16:49:04','2018-05-18 16:49:04'),(566,1,0,'Products import (from 0 to 5)','',0,1,'2018-05-18 16:49:47','2018-05-18 16:49:47'),(567,1,0,'Products import (from 5 to 20)','',0,1,'2018-05-18 16:49:47','2018-05-18 16:49:47'),(568,1,0,'Products import (from 25 to 80)','',0,1,'2018-05-18 16:49:48','2018-05-18 16:49:48'),(569,1,0,'Products import (from 0 to 5)','',0,1,'2018-05-18 16:49:50','2018-05-18 16:49:50'),(570,1,0,'Products import (from 5 to 13)','',0,1,'2018-05-18 16:49:54','2018-05-18 16:49:54'),(571,1,0,'Products import (from 18 to 15)','',0,1,'2018-05-18 16:49:59','2018-05-18 16:49:59'),(572,1,0,'Products import (from 33 to 15)','',0,1,'2018-05-18 16:50:04','2018-05-18 16:50:04'),(573,1,0,'Products import (from 48 to 16)','',0,1,'2018-05-18 16:50:05','2018-05-18 16:50:05'),(574,1,0,'Products import (from 0 to 5)','',0,1,'2018-05-18 16:50:06','2018-05-18 16:50:06'),(575,1,0,'Products import (from 0 to 5)','',0,1,'2018-05-18 16:50:42','2018-05-18 16:50:42'),(576,1,0,'Products import (from 5 to 20)','',0,1,'2018-05-18 16:50:43','2018-05-18 16:50:43'),(577,1,0,'Products import (from 25 to 80)','',0,1,'2018-05-18 16:50:44','2018-05-18 16:50:44'),(578,1,0,'Products import (from 0 to 5)','',0,1,'2018-05-18 16:50:45','2018-05-18 16:50:45'),(579,1,0,'Products import (from 5 to 13)','',0,1,'2018-05-18 16:50:50','2018-05-18 16:50:50'),(580,1,0,'Products import (from 18 to 13)','',0,1,'2018-05-18 16:50:55','2018-05-18 16:50:55'),(581,1,0,'Products import (from 31 to 13)','',0,1,'2018-05-18 16:50:59','2018-05-18 16:50:59'),(582,1,0,'Products import (from 44 to 14)','',0,1,'2018-05-18 16:51:03','2018-05-18 16:51:03'),(583,1,0,'Products import (from 0 to 5)','',0,1,'2018-05-18 16:51:03','2018-05-18 16:51:03'),(584,1,0,'Products import (from 0 to 5)','',0,1,'2018-05-18 16:52:39','2018-05-18 16:52:39'),(585,1,0,'Products import (from 5 to 20)','',0,1,'2018-05-18 16:52:40','2018-05-18 16:52:40'),(586,1,0,'Products import (from 25 to 80)','',0,1,'2018-05-18 16:52:41','2018-05-18 16:52:41'),(587,1,0,'Products import (from 0 to 5)','',0,1,'2018-05-18 16:52:43','2018-05-18 16:52:43'),(588,1,0,'Products import (from 5 to 12)','',0,1,'2018-05-18 16:52:47','2018-05-18 16:52:47'),(589,1,0,'Products import (from 17 to 14)','',0,1,'2018-05-18 16:52:52','2018-05-18 16:52:52'),(590,1,0,'Products import (from 31 to 15)','',0,1,'2018-05-18 16:52:57','2018-05-18 16:52:57'),(591,1,0,'Products import (from 46 to 15)','',0,1,'2018-05-18 16:52:59','2018-05-18 16:52:59'),(592,1,0,'Products import (from 0 to 5)','',0,1,'2018-05-18 16:52:59','2018-05-18 16:52:59'),(593,1,0,'Products import (from 0 to 5)','',0,1,'2018-05-18 16:59:16','2018-05-18 16:59:16'),(594,1,0,'Products import (from 5 to 20)','',0,1,'2018-05-18 16:59:17','2018-05-18 16:59:17'),(595,1,0,'Products import (from 25 to 80)','',0,1,'2018-05-18 16:59:17','2018-05-18 16:59:17'),(596,1,0,'Products import (from 0 to 5)','',0,1,'2018-05-18 16:59:19','2018-05-18 16:59:19'),(597,1,0,'Products import (from 5 to 13)','',0,1,'2018-05-18 16:59:24','2018-05-18 16:59:24'),(598,1,0,'Products import (from 18 to 14)','',0,1,'2018-05-18 16:59:28','2018-05-18 16:59:28'),(599,1,0,'Products import (from 32 to 15)','',0,1,'2018-05-18 16:59:33','2018-05-18 16:59:33'),(600,1,0,'Products import (from 47 to 15)','',0,1,'2018-05-18 16:59:35','2018-05-18 16:59:35'),(601,1,0,'Products import (from 0 to 5)','',0,1,'2018-05-18 16:59:36','2018-05-18 16:59:36'),(602,1,0,'Products import (from 0 to 5)','',0,1,'2018-05-18 17:00:33','2018-05-18 17:00:33'),(603,1,0,'Products import (from 5 to 20)','',0,1,'2018-05-18 17:00:33','2018-05-18 17:00:33'),(604,1,0,'Products import (from 0 to 5)','',0,1,'2018-05-18 17:00:35','2018-05-18 17:00:35'),(605,1,0,'Products import (from 5 to 12)','',0,1,'2018-05-18 17:00:36','2018-05-18 17:00:36'),(606,1,0,'Products import (from 0 to 5)','',0,1,'2018-05-18 17:00:37','2018-05-18 17:00:37'),(607,1,0,'Products import (from 0 to 5)','',0,1,'2018-05-18 17:00:51','2018-05-18 17:00:51'),(608,1,0,'Products import (from 5 to 20)','',0,1,'2018-05-18 17:00:52','2018-05-18 17:00:52'),(609,1,0,'Products import (from 0 to 5)','',0,1,'2018-05-18 17:00:54','2018-05-18 17:00:54'),(610,1,0,'Products import (from 5 to 12)','',0,1,'2018-05-18 17:00:55','2018-05-18 17:00:55'),(611,1,0,'Products import (from 0 to 5)','',0,1,'2018-05-18 17:00:55','2018-05-18 17:00:55'),(612,1,0,'Products import (from 0 to 5)','',0,1,'2018-05-18 17:01:08','2018-05-18 17:01:08'),(613,1,0,'Products import (from 5 to 20)','',0,1,'2018-05-18 17:01:09','2018-05-18 17:01:09'),(614,1,0,'Products import (from 0 to 5)','',0,1,'2018-05-18 17:01:11','2018-05-18 17:01:11'),(615,1,0,'Products import (from 5 to 13)','',0,1,'2018-05-18 17:01:12','2018-05-18 17:01:12'),(616,1,0,'Products import (from 0 to 5)','',0,1,'2018-05-18 17:01:12','2018-05-18 17:01:12'),(617,1,0,'Products import (from 0 to 5)','',0,1,'2018-05-18 17:01:31','2018-05-18 17:01:31'),(618,1,0,'Products import (from 5 to 20)','',0,1,'2018-05-18 17:01:31','2018-05-18 17:01:31'),(619,1,0,'Products import (from 0 to 5)','',0,1,'2018-05-18 17:01:33','2018-05-18 17:01:33'),(620,1,0,'Products import (from 5 to 14)','',0,1,'2018-05-18 17:01:34','2018-05-18 17:01:34'),(621,1,0,'Products import (from 0 to 5)','',0,1,'2018-05-18 17:01:34','2018-05-18 17:01:34'),(622,1,0,'Products import (from 0 to 5)','',0,1,'2018-05-18 17:01:56','2018-05-18 17:01:56'),(623,1,0,'Products import (from 5 to 20)','',0,1,'2018-05-18 17:01:57','2018-05-18 17:01:57'),(624,1,0,'Products import (from 25 to 80)','',0,1,'2018-05-18 17:01:57','2018-05-18 17:01:57'),(625,1,0,'Products import (from 0 to 5)','',0,1,'2018-05-18 17:01:59','2018-05-18 17:01:59'),(626,1,0,'Products import (from 5 to 14)','',0,1,'2018-05-18 17:02:03','2018-05-18 17:02:03'),(627,1,0,'Products import (from 19 to 15)','',0,1,'2018-05-18 17:02:06','2018-05-18 17:02:06'),(628,1,0,'Products import (from 0 to 5)','',0,1,'2018-05-18 17:02:07','2018-05-18 17:02:07'),(629,1,0,'Products import (from 0 to 5)','',0,1,'2018-05-18 17:02:30','2018-05-18 17:02:30'),(630,1,0,'Products import (from 5 to 20)','',0,1,'2018-05-18 17:02:31','2018-05-18 17:02:31'),(631,1,0,'Products import (from 25 to 80)','',0,1,'2018-05-18 17:02:31','2018-05-18 17:02:31'),(632,1,0,'Products import (from 0 to 5)','',0,1,'2018-05-18 17:02:33','2018-05-18 17:02:33'),(633,1,0,'Products import (from 5 to 13)','',0,1,'2018-05-18 17:02:37','2018-05-18 17:02:37'),(634,1,0,'Products import (from 18 to 15)','',0,1,'2018-05-18 17:02:41','2018-05-18 17:02:41'),(635,1,0,'Products import (from 0 to 5)','',0,1,'2018-05-18 17:02:41','2018-05-18 17:02:41'),(636,1,0,'Products import (from 0 to 5)','',0,1,'2018-05-18 17:02:58','2018-05-18 17:02:58'),(637,1,0,'Products import (from 5 to 20)','',0,1,'2018-05-18 17:02:58','2018-05-18 17:02:58'),(638,1,0,'Products import (from 25 to 80)','',0,1,'2018-05-18 17:02:59','2018-05-18 17:02:59'),(639,1,0,'Products import (from 0 to 5)','',0,1,'2018-05-18 17:03:01','2018-05-18 17:03:01'),(640,1,0,'Products import (from 5 to 12)','',0,1,'2018-05-18 17:03:05','2018-05-18 17:03:05'),(641,1,0,'Products import (from 17 to 15)','',0,1,'2018-05-18 17:03:08','2018-05-18 17:03:08'),(642,1,0,'Products import (from 0 to 5)','',0,1,'2018-05-18 17:03:08','2018-05-18 17:03:08'),(643,1,0,'Products import (from 0 to 5)','',0,1,'2018-05-18 17:03:22','2018-05-18 17:03:22'),(644,1,0,'Products import (from 5 to 20)','',0,1,'2018-05-18 17:03:23','2018-05-18 17:03:23'),(645,1,0,'Products import (from 25 to 80)','',0,1,'2018-05-18 17:03:24','2018-05-18 17:03:24'),(646,1,0,'Products import (from 0 to 5)','',0,1,'2018-05-18 17:03:25','2018-05-18 17:03:25'),(647,1,0,'Products import (from 5 to 14)','',0,1,'2018-05-18 17:03:30','2018-05-18 17:03:30'),(648,1,0,'Products import (from 19 to 15)','',0,1,'2018-05-18 17:03:33','2018-05-18 17:03:33'),(649,1,0,'Products import (from 0 to 5)','',0,1,'2018-05-18 17:03:33','2018-05-18 17:03:33'),(650,1,0,'Products import (from 0 to 5)','',0,1,'2018-05-18 17:07:18','2018-05-18 17:07:18'),(651,1,0,'Products import (from 5 to 20)','',0,1,'2018-05-18 17:07:19','2018-05-18 17:07:19'),(652,1,0,'Products import (from 0 to 5)','',0,1,'2018-05-18 17:07:21','2018-05-18 17:07:21'),(653,1,0,'Products import (from 5 to 11)','',0,1,'2018-05-18 17:07:23','2018-05-18 17:07:23'),(654,1,0,'Products import (from 0 to 5)','',0,1,'2018-05-18 17:07:23','2018-05-18 17:07:23'),(655,1,0,'Products import (from 0 to 5)','',0,1,'2018-05-18 17:07:38','2018-05-18 17:07:38'),(656,1,0,'Products import (from 5 to 20)','',0,1,'2018-05-18 17:07:39','2018-05-18 17:07:39'),(657,1,0,'Products import (from 0 to 5)','',0,1,'2018-05-18 17:07:41','2018-05-18 17:07:41'),(658,1,0,'Products import (from 5 to 14)','',0,1,'2018-05-18 17:07:42','2018-05-18 17:07:42'),(659,1,0,'Products import (from 0 to 5)','',0,1,'2018-05-18 17:07:43','2018-05-18 17:07:43'),(660,1,0,'Products import (from 0 to 5)','',0,1,'2018-05-18 17:09:04','2018-05-18 17:09:04'),(661,1,0,'Products import (from 5 to 20)','',0,1,'2018-05-18 17:09:05','2018-05-18 17:09:05'),(662,1,0,'Products import (from 0 to 5)','',0,1,'2018-05-18 17:09:07','2018-05-18 17:09:07'),(663,1,0,'Products import (from 5 to 13)','',0,1,'2018-05-18 17:09:08','2018-05-18 17:09:08'),(664,1,0,'Products import (from 0 to 5)','',0,1,'2018-05-18 17:09:09','2018-05-18 17:09:09'),(665,1,0,'Products import (from 0 to 5)','',0,1,'2018-05-18 17:09:25','2018-05-18 17:09:25'),(666,1,0,'Products import (from 5 to 20)','',0,1,'2018-05-18 17:09:25','2018-05-18 17:09:25'),(667,1,0,'Products import (from 0 to 5)','',0,1,'2018-05-18 17:09:27','2018-05-18 17:09:27'),(668,1,0,'Products import (from 5 to 12)','',0,1,'2018-05-18 17:09:29','2018-05-18 17:09:29'),(669,1,0,'Products import (from 0 to 5)','',0,1,'2018-05-18 17:09:29','2018-05-18 17:09:29'),(670,1,0,'Products import (from 0 to 5)','',0,1,'2018-05-18 17:09:56','2018-05-18 17:09:56'),(671,1,0,'Products import (from 5 to 20)','',0,1,'2018-05-18 17:09:57','2018-05-18 17:09:57'),(672,1,0,'Products import (from 0 to 5)','',0,1,'2018-05-18 17:09:58','2018-05-18 17:09:58'),(673,1,0,'Products import (from 5 to 12)','',0,1,'2018-05-18 17:10:00','2018-05-18 17:10:00'),(674,1,0,'Products import (from 0 to 5)','',0,1,'2018-05-18 17:10:01','2018-05-18 17:10:01'),(675,1,0,'Feature modification','Feature',9,1,'2018-05-18 17:11:57','2018-05-18 17:11:57'),(676,1,0,'Back office connection from 31.44.38.2','',0,1,'2018-05-30 16:07:53','2018-05-30 16:07:53'),(677,1,0,'Back office connection from 31.44.38.2','',0,1,'2018-05-30 18:04:56','2018-05-30 18:04:56'),(678,1,0,'Back office connection from 31.44.38.2','',0,1,'2018-06-05 14:40:16','2018-06-05 14:40:16'),(679,1,0,'Product modification','Product',69,1,'2018-06-05 14:42:27','2018-06-05 14:42:27'),(680,1,0,'Product modification','Product',76,1,'2018-06-05 14:42:43','2018-06-05 14:42:43'),(681,1,0,'Product modification','Product',114,1,'2018-06-05 14:44:01','2018-06-05 14:44:01'),(682,1,0,'Product modification','Product',112,1,'2018-06-05 14:44:42','2018-06-05 14:44:42'),(683,1,0,'Product modification','Product',113,1,'2018-06-05 14:44:46','2018-06-05 14:44:46'),(684,1,0,'Product modification','Product',110,1,'2018-06-05 14:45:44','2018-06-05 14:45:44'),(685,1,0,'Product modification','Product',119,1,'2018-06-05 14:45:46','2018-06-05 14:45:46'),(686,1,0,'Product modification','Product',97,1,'2018-06-05 14:46:34','2018-06-05 14:46:34'),(687,1,0,'Product modification','Product',99,1,'2018-06-05 14:46:44','2018-06-05 14:46:44'),(688,1,0,'Product modification','Product',129,1,'2018-06-05 14:47:04','2018-06-05 14:47:04'),(689,1,0,'Product modification','Product',102,1,'2018-06-05 14:48:24','2018-06-05 14:48:24'),(690,1,0,'Back office connection from 31.44.38.2','',0,1,'2018-06-05 16:01:37','2018-06-05 16:01:37'),(691,1,0,'Back office connection from 31.44.38.2','',0,1,'2018-06-05 17:00:35','2018-06-05 17:00:35'),(692,1,0,'Back office connection from 31.44.38.2','',0,1,'2018-06-12 15:57:23','2018-06-12 15:57:23'),(693,1,0,'Back office connection from 31.44.38.2','',0,1,'2018-06-12 17:30:15','2018-06-12 17:30:15'),(694,1,0,'Category addition','Category',26,1,'2018-06-12 17:31:59','2018-06-12 17:31:59'),(695,1,0,'Category addition','Category',27,1,'2018-06-12 17:32:17','2018-06-12 17:32:17'),(696,1,0,'Product modification','Product',28,1,'2018-06-12 17:34:05','2018-06-12 17:34:05'),(697,1,0,'Product modification','Product',25,1,'2018-06-12 17:34:23','2018-06-12 17:34:23'),(698,1,0,'Product modification','Product',26,1,'2018-06-12 17:34:34','2018-06-12 17:34:34'),(699,1,0,'Product modification','Product',27,1,'2018-06-12 17:34:42','2018-06-12 17:34:42'),(700,1,0,'Product modification','Product',28,1,'2018-06-12 17:34:49','2018-06-12 17:34:49'),(701,1,0,'Product modification','Product',29,1,'2018-06-12 17:34:54','2018-06-12 17:34:54'),(702,1,0,'Product modification','Product',30,1,'2018-06-12 17:35:00','2018-06-12 17:35:00'),(703,1,0,'Product modification','Product',31,1,'2018-06-12 17:35:05','2018-06-12 17:35:05'),(704,1,0,'Category addition','Category',28,1,'2018-06-12 17:37:59','2018-06-12 17:37:59'),(705,1,0,'Category addition','Category',29,1,'2018-06-12 17:39:14','2018-06-12 17:39:14'),(706,1,0,'Category addition','Category',30,1,'2018-06-12 17:40:38','2018-06-12 17:40:38'),(707,1,0,'Product modification','Product',49,1,'2018-06-12 17:41:32','2018-06-12 17:41:32'),(708,1,0,'Product modification','Product',50,1,'2018-06-12 17:41:43','2018-06-12 17:41:43'),(709,1,0,'Product modification','Product',51,1,'2018-06-12 17:41:50','2018-06-12 17:41:50'),(710,1,0,'Product modification','Product',52,1,'2018-06-12 17:42:19','2018-06-12 17:42:19'),(711,1,0,'Product modification','Product',52,1,'2018-06-12 17:42:23','2018-06-12 17:42:23'),(712,1,0,'Product modification','Product',53,1,'2018-06-12 17:42:32','2018-06-12 17:42:32'),(713,1,0,'Product modification','Product',54,1,'2018-06-12 17:42:39','2018-06-12 17:42:39'),(714,1,0,'Product modification','Product',55,1,'2018-06-12 17:42:51','2018-06-12 17:42:51'),(715,1,0,'Product modification','Product',56,1,'2018-06-12 17:42:58','2018-06-12 17:42:58'),(716,1,0,'Product modification','Product',57,1,'2018-06-12 17:43:14','2018-06-12 17:43:14'),(717,1,0,'Product modification','Product',58,1,'2018-06-12 17:43:21','2018-06-12 17:43:21'),(718,1,0,'Product modification','Product',59,1,'2018-06-12 17:44:00','2018-06-12 17:44:00'),(719,1,0,'Product modification','Product',60,1,'2018-06-12 17:44:04','2018-06-12 17:44:04'),(720,1,0,'Product modification','Product',61,1,'2018-06-12 17:44:16','2018-06-12 17:44:16'),(721,1,0,'Product modification','Product',62,1,'2018-06-12 17:44:28','2018-06-12 17:44:28'),(722,1,0,'Product modification','Product',63,1,'2018-06-12 17:44:33','2018-06-12 17:44:33'),(723,1,0,'Product modification','Product',64,1,'2018-06-12 17:44:41','2018-06-12 17:44:41'),(724,1,0,'Product modification','Product',65,1,'2018-06-12 17:44:47','2018-06-12 17:44:47'),(725,1,0,'Product modification','Product',66,1,'2018-06-12 17:44:53','2018-06-12 17:44:53'),(726,1,0,'Product modification','Product',67,1,'2018-06-12 17:44:57','2018-06-12 17:44:57'),(727,1,0,'Product modification','Product',68,1,'2018-06-12 17:45:05','2018-06-12 17:45:05'),(728,1,0,'Product modification','Product',69,1,'2018-06-12 17:45:12','2018-06-12 17:45:12'),(729,1,0,'Product modification','Product',70,1,'2018-06-12 17:45:18','2018-06-12 17:45:18'),(730,1,0,'Product modification','Product',71,1,'2018-06-12 17:45:25','2018-06-12 17:45:25'),(731,1,0,'Product modification','Product',72,1,'2018-06-12 17:45:37','2018-06-12 17:45:37'),(732,1,0,'Product modification','Product',73,1,'2018-06-12 17:45:42','2018-06-12 17:45:42'),(733,1,0,'Product modification','Product',74,1,'2018-06-12 17:45:49','2018-06-12 17:45:49'),(734,1,0,'Product modification','Product',75,1,'2018-06-12 17:45:55','2018-06-12 17:45:55'),(735,1,0,'Product modification','Product',76,1,'2018-06-12 17:45:59','2018-06-12 17:45:59'),(736,1,0,'Product modification','Product',81,1,'2018-06-12 18:03:48','2018-06-12 18:03:48'),(737,1,0,'Category addition','Category',31,1,'2018-06-12 18:09:01','2018-06-12 18:09:01'),(738,1,0,'Product modification','Product',39,1,'2018-06-12 18:09:26','2018-06-12 18:09:26'),(739,1,0,'Product modification','Product',40,1,'2018-06-12 18:09:28','2018-06-12 18:09:28'),(740,1,0,'Product modification','Product',41,1,'2018-06-12 18:09:34','2018-06-12 18:09:34'),(741,1,0,'Product modification','Product',42,1,'2018-06-12 18:09:42','2018-06-12 18:09:42'),(742,1,0,'Product modification','Product',43,1,'2018-06-12 18:09:46','2018-06-12 18:09:46'),(743,1,0,'Product modification','Product',44,1,'2018-06-12 18:09:51','2018-06-12 18:09:51'),(744,1,0,'Product modification','Product',45,1,'2018-06-12 18:09:58','2018-06-12 18:09:58'),(745,1,0,'Product modification','Product',46,1,'2018-06-12 18:10:02','2018-06-12 18:10:02'),(746,1,0,'Product modification','Product',47,1,'2018-06-12 18:10:07','2018-06-12 18:10:07'),(747,1,0,'Product modification','Product',48,1,'2018-06-12 18:10:11','2018-06-12 18:10:11'),(748,1,0,'Product modification','Product',44,1,'2018-06-12 18:14:04','2018-06-12 18:14:04'),(749,1,0,'Product modification','Product',43,1,'2018-06-12 18:14:40','2018-06-12 18:14:40'),(750,1,0,'Product modification','Product',130,1,'2018-06-12 18:57:00','2018-06-12 18:57:00'),(751,1,0,'Product modification','Product',130,1,'2018-06-12 18:57:15','2018-06-12 18:57:15'),(752,1,0,'Product modification','Product',130,1,'2018-06-12 18:57:23','2018-06-12 18:57:23'),(753,1,0,'Product modification','Product',130,1,'2018-06-12 18:58:04','2018-06-12 18:58:04'),(754,1,0,'Product modification','Product',130,1,'2018-06-12 18:58:15','2018-06-12 18:58:15'),(755,1,0,'Product modification','Product',130,1,'2018-06-12 18:58:46','2018-06-12 18:58:46'),(756,1,0,'Product modification','Product',130,1,'2018-06-12 19:00:58','2018-06-12 19:00:58'),(757,1,0,'Product modification','Product',130,1,'2018-06-12 19:02:55','2018-06-12 19:02:55'),(758,1,0,'Product modification','Product',130,1,'2018-06-12 19:04:36','2018-06-12 19:04:36'),(759,1,0,'Product modification','Product',130,1,'2018-06-12 19:06:40','2018-06-12 19:06:40'),(760,1,0,'Product modification','Product',130,1,'2018-06-12 19:08:13','2018-06-12 19:08:13'),(761,1,0,'Product modification','Product',130,1,'2018-06-12 19:08:41','2018-06-12 19:08:41'),(762,1,0,'Product modification','Product',130,1,'2018-06-12 19:09:35','2018-06-12 19:09:35'),(763,1,0,'Product modification','Product',130,1,'2018-06-12 19:12:48','2018-06-12 19:12:48'),(764,1,0,'Product modification','Product',130,1,'2018-06-12 19:13:02','2018-06-12 19:13:02'),(765,1,0,'Product modification','Product',130,1,'2018-06-12 19:15:16','2018-06-12 19:15:16'),(766,1,0,'Category addition','Category',32,1,'2018-06-13 16:04:48','2018-06-13 16:04:48'),(767,1,0,'Category addition','Category',33,1,'2018-06-14 12:46:26','2018-06-14 12:46:26'),(768,1,0,'Category addition','Category',34,1,'2018-06-14 12:47:24','2018-06-14 12:47:24'),(769,1,0,'Category addition','Category',35,1,'2018-06-14 12:47:51','2018-06-14 12:47:51'),(770,1,0,'Category modification','Category',34,1,'2018-06-14 12:48:55','2018-06-14 12:48:55'),(771,1,0,'Category addition','Category',36,1,'2018-06-14 12:49:32','2018-06-14 12:49:32'),(772,1,0,'Category modification','Category',2,1,'2018-06-21 17:38:44','2018-06-21 17:38:44'),(773,1,0,'Category modification','Category',2,1,'2018-06-21 17:39:31','2018-06-21 17:39:31'),(774,1,0,'Product modification','Product',49,1,'2018-06-21 17:42:53','2018-06-21 17:42:53'),(775,1,0,'Product modification','Product',25,1,'2018-06-21 18:14:01','2018-06-21 18:14:01'),(776,1,0,'Product modification','Product',129,1,'2018-06-21 18:15:38','2018-06-21 18:15:38'),(777,1,0,'Product modification','Product',128,1,'2018-06-21 18:15:42','2018-06-21 18:15:42'),(778,1,0,'Product modification','Product',127,1,'2018-06-21 18:15:46','2018-06-21 18:15:46'),(779,1,0,'Product modification','Product',126,1,'2018-06-21 18:15:55','2018-06-21 18:15:55'),(780,1,0,'Product modification','Product',125,1,'2018-06-21 18:16:00','2018-06-21 18:16:00'),(781,1,0,'Products import (from 0 to 5)','',0,1,'2018-06-21 18:18:12','2018-06-21 18:18:12'),(782,1,0,'Products import (from 5 to 20)','',0,1,'2018-06-21 18:18:13','2018-06-21 18:18:13'),(783,1,0,'Products import (from 25 to 80)','',0,1,'2018-06-21 18:18:14','2018-06-21 18:18:14'),(784,1,0,'Products import (from 0 to 5)','',0,1,'2018-06-21 18:18:16','2018-06-21 18:18:16'),(785,1,0,'Products import (from 5 to 13)','',0,1,'2018-06-21 18:18:20','2018-06-21 18:18:20'),(786,1,0,'Products import (from 18 to 15)','',0,1,'2018-06-21 18:18:24','2018-06-21 18:18:24'),(787,1,0,'Products import (from 33 to 16)','',0,1,'2018-06-21 18:18:30','2018-06-21 18:18:30'),(788,1,0,'Products import (from 49 to 15)','',0,1,'2018-06-21 18:18:31','2018-06-21 18:18:31'),(789,1,0,'Products import (from 0 to 5)','',0,1,'2018-06-21 18:18:32','2018-06-21 18:18:32'),(790,1,0,'Products import (from 0 to 5)','',0,1,'2018-06-21 18:19:32','2018-06-21 18:19:32'),(791,1,0,'Products import (from 5 to 20)','',0,1,'2018-06-21 18:19:33','2018-06-21 18:19:33'),(792,1,0,'Products import (from 25 to 80)','',0,1,'2018-06-21 18:19:34','2018-06-21 18:19:34'),(793,1,0,'Products import (from 0 to 5)','',0,1,'2018-06-21 18:19:37','2018-06-21 18:19:37'),(794,1,0,'Back office connection from 31.44.38.2','',0,1,'2018-06-26 13:56:26','2018-06-26 13:56:26'),(795,1,0,'Products import (from 0 to 5)','',0,1,'2018-06-26 13:57:40','2018-06-26 13:57:40'),(796,1,0,'Products import (from 5 to 20)','',0,1,'2018-06-26 13:57:40','2018-06-26 13:57:40'),(797,1,0,'Products import (from 0 to 5)','',0,1,'2018-06-26 13:57:42','2018-06-26 13:57:42'),(798,1,0,'Products import (from 5 to 15)','',0,1,'2018-06-26 13:57:43','2018-06-26 13:57:43'),(799,1,0,'Products import (from 0 to 5)','',0,1,'2018-06-26 13:57:43','2018-06-26 13:57:43'),(800,1,0,'Products import (from 0 to 5)','',0,1,'2018-06-26 13:58:01','2018-06-26 13:58:01'),(801,1,0,'Products import (from 5 to 20)','',0,1,'2018-06-26 13:58:02','2018-06-26 13:58:02'),(802,1,0,'Products import (from 0 to 5)','',0,1,'2018-06-26 13:58:04','2018-06-26 13:58:04'),(803,1,0,'Products import (from 5 to 13)','',0,1,'2018-06-26 13:58:05','2018-06-26 13:58:05'),(804,1,0,'Products import (from 0 to 5)','',0,1,'2018-06-26 13:58:05','2018-06-26 13:58:05'),(805,1,0,'Products import (from 0 to 5)','',0,1,'2018-06-26 13:58:18','2018-06-26 13:58:18'),(806,1,0,'Products import (from 5 to 20)','',0,1,'2018-06-26 13:58:19','2018-06-26 13:58:19'),(807,1,0,'Products import (from 0 to 5)','',0,1,'2018-06-26 13:58:20','2018-06-26 13:58:20'),(808,1,0,'Products import (from 5 to 14)','',0,1,'2018-06-26 13:58:21','2018-06-26 13:58:21'),(809,1,0,'Products import (from 0 to 5)','',0,1,'2018-06-26 13:58:22','2018-06-26 13:58:22'),(810,1,0,'Products import (from 0 to 5)','',0,1,'2018-06-26 13:58:35','2018-06-26 13:58:35'),(811,1,0,'Products import (from 5 to 20)','',0,1,'2018-06-26 13:58:35','2018-06-26 13:58:35'),(812,1,0,'Products import (from 0 to 5)','',0,1,'2018-06-26 13:58:37','2018-06-26 13:58:37'),(813,1,0,'Products import (from 5 to 14)','',0,1,'2018-06-26 13:58:38','2018-06-26 13:58:38'),(814,1,0,'Products import (from 0 to 5)','',0,1,'2018-06-26 13:58:38','2018-06-26 13:58:38'),(815,1,0,'Products import (from 0 to 5)','',0,1,'2018-06-26 14:01:27','2018-06-26 14:01:27'),(816,1,0,'Products import (from 5 to 20)','',0,1,'2018-06-26 14:01:28','2018-06-26 14:01:28'),(817,1,0,'Products import (from 25 to 80)','',0,1,'2018-06-26 14:01:29','2018-06-26 14:01:29'),(818,1,0,'Products import (from 0 to 5)','',0,1,'2018-06-26 14:01:32','2018-06-26 14:01:32'),(819,1,0,'Products import (from 5 to 9)','',0,1,'2018-06-26 14:01:36','2018-06-26 14:01:36'),(820,1,0,'Products import (from 14 to 9)','',0,1,'2018-06-26 14:01:40','2018-06-26 14:01:40'),(821,1,0,'Products import (from 23 to 10)','',0,1,'2018-06-26 14:01:45','2018-06-26 14:01:45'),(822,1,0,'Products import (from 33 to 10)','',0,1,'2018-06-26 14:01:50','2018-06-26 14:01:50'),(823,1,0,'Products import (from 43 to 11)','',0,1,'2018-06-26 14:01:55','2018-06-26 14:01:55'),(824,1,0,'Products import (from 54 to 11)','',0,1,'2018-06-26 14:02:00','2018-06-26 14:02:00'),(825,1,0,'Products import (from 65 to 11)','',0,1,'2018-06-26 14:02:05','2018-06-26 14:02:05'),(826,1,0,'Products import (from 76 to 10)','',0,1,'2018-06-26 14:02:09','2018-06-26 14:02:09'),(827,1,0,'Products import (from 86 to 10)','',0,1,'2018-06-26 14:02:14','2018-06-26 14:02:14'),(828,1,0,'Products import (from 96 to 10)','',0,1,'2018-06-26 14:02:15','2018-06-26 14:02:15'),(829,1,0,'Products import (from 0 to 5)','',0,1,'2018-06-26 14:02:16','2018-06-26 14:02:16'),(830,1,0,'Products import (from 0 to 5)','',0,1,'2018-06-26 14:04:25','2018-06-26 14:04:25'),(831,1,0,'Products import (from 5 to 20)','',0,1,'2018-06-26 14:04:26','2018-06-26 14:04:26'),(832,1,0,'Products import (from 25 to 80)','',0,1,'2018-06-26 14:04:27','2018-06-26 14:04:27'),(833,1,0,'Products import (from 0 to 5)','',0,1,'2018-06-26 14:04:30','2018-06-26 14:04:30'),(834,1,0,'Products import (from 5 to 10)','',0,1,'2018-06-26 14:04:34','2018-06-26 14:04:34'),(835,1,0,'Products import (from 15 to 10)','',0,1,'2018-06-26 14:04:40','2018-06-26 14:04:40'),(836,1,0,'Products import (from 25 to 9)','',0,1,'2018-06-26 14:04:44','2018-06-26 14:04:44'),(837,1,0,'Products import (from 34 to 10)','',0,1,'2018-06-26 14:04:49','2018-06-26 14:04:49'),(838,1,0,'Products import (from 44 to 10)','',0,1,'2018-06-26 14:04:54','2018-06-26 14:04:54'),(839,1,0,'Products import (from 54 to 10)','',0,1,'2018-06-26 14:04:59','2018-06-26 14:04:59'),(840,1,0,'Products import (from 64 to 10)','',0,1,'2018-06-26 14:05:04','2018-06-26 14:05:04'),(841,1,0,'Products import (from 74 to 9)','',0,1,'2018-06-26 14:05:08','2018-06-26 14:05:08'),(842,1,0,'Products import (from 83 to 10)','',0,1,'2018-06-26 14:05:13','2018-06-26 14:05:13'),(843,1,0,'Products import (from 93 to 10)','',0,1,'2018-06-26 14:05:16','2018-06-26 14:05:16'),(844,1,0,'Products import (from 0 to 5)','',0,1,'2018-06-26 14:05:16','2018-06-26 14:05:16'),(845,1,0,'Products import (from 0 to 5)','',0,1,'2018-06-26 14:05:37','2018-06-26 14:05:37'),(846,1,0,'Products import (from 5 to 20)','',0,1,'2018-06-26 14:05:38','2018-06-26 14:05:38'),(847,1,0,'Products import (from 25 to 80)','',0,1,'2018-06-26 14:05:39','2018-06-26 14:05:39'),(848,1,0,'Products import (from 0 to 5)','',0,1,'2018-06-26 14:05:42','2018-06-26 14:05:42'),(849,1,0,'Products import (from 5 to 9)','',0,1,'2018-06-26 14:05:46','2018-06-26 14:05:46'),(850,1,0,'Products import (from 14 to 10)','',0,1,'2018-06-26 14:05:52','2018-06-26 14:05:52'),(851,1,0,'Products import (from 24 to 9)','',0,1,'2018-06-26 14:05:56','2018-06-26 14:05:56'),(852,1,0,'Products import (from 33 to 10)','',0,1,'2018-06-26 14:06:01','2018-06-26 14:06:01'),(853,1,0,'Products import (from 43 to 10)','',0,1,'2018-06-26 14:06:06','2018-06-26 14:06:06'),(854,1,0,'Products import (from 53 to 9)','',0,1,'2018-06-26 14:06:11','2018-06-26 14:06:11'),(855,1,0,'Products import (from 62 to 9)','',0,1,'2018-06-26 14:06:15','2018-06-26 14:06:15'),(856,1,0,'Products import (from 71 to 10)','',0,1,'2018-06-26 14:06:19','2018-06-26 14:06:19'),(857,1,0,'Products import (from 81 to 11)','',0,1,'2018-06-26 14:06:24','2018-06-26 14:06:24'),(858,1,0,'Products import (from 92 to 10)','',0,1,'2018-06-26 14:06:27','2018-06-26 14:06:27'),(859,1,0,'Products import (from 0 to 5)','',0,1,'2018-06-26 14:06:28','2018-06-26 14:06:28'),(860,1,0,'Products import (from 0 to 5)','',0,1,'2018-06-26 14:21:38','2018-06-26 14:21:38'),(861,1,0,'Products import (from 5 to 20)','',0,1,'2018-06-26 14:21:39','2018-06-26 14:21:39'),(862,1,0,'Products import (from 0 to 5)','',0,1,'2018-06-26 14:21:41','2018-06-26 14:21:41'),(863,1,0,'Products import (from 5 to 9)','',0,1,'2018-06-26 14:21:42','2018-06-26 14:21:42'),(864,1,0,'Products import (from 0 to 5)','',0,1,'2018-06-26 14:21:43','2018-06-26 14:21:43'),(865,1,0,'Products import (from 0 to 5)','',0,1,'2018-06-26 14:24:59','2018-06-26 14:24:59'),(866,1,0,'Products import (from 5 to 20)','',0,1,'2018-06-26 14:25:00','2018-06-26 14:25:00'),(867,1,0,'Products import (from 25 to 80)','',0,1,'2018-06-26 14:25:01','2018-06-26 14:25:01'),(868,1,0,'Products import (from 0 to 5)','',0,1,'2018-06-26 14:25:04','2018-06-26 14:25:04'),(869,1,0,'Products import (from 5 to 9)','',0,1,'2018-06-26 14:25:08','2018-06-26 14:25:08'),(870,1,0,'Products import (from 14 to 11)','',0,1,'2018-06-26 14:25:13','2018-06-26 14:25:13'),(871,1,0,'Products import (from 25 to 11)','',0,1,'2018-06-26 14:25:18','2018-06-26 14:25:18'),(872,1,0,'Products import (from 36 to 10)','',0,1,'2018-06-26 14:25:23','2018-06-26 14:25:23'),(873,1,0,'Products import (from 46 to 11)','',0,1,'2018-06-26 14:25:28','2018-06-26 14:25:28'),(874,1,0,'Products import (from 57 to 10)','',0,1,'2018-06-26 14:25:32','2018-06-26 14:25:32'),(875,1,0,'Products import (from 67 to 10)','',0,1,'2018-06-26 14:25:37','2018-06-26 14:25:37'),(876,1,0,'Products import (from 77 to 10)','',0,1,'2018-06-26 14:25:42','2018-06-26 14:25:42'),(877,1,0,'Products import (from 87 to 10)','',0,1,'2018-06-26 14:25:46','2018-06-26 14:25:46'),(878,1,0,'Products import (from 97 to 10)','',0,1,'2018-06-26 14:25:47','2018-06-26 14:25:47'),(879,1,0,'Products import (from 0 to 5)','',0,1,'2018-06-26 14:25:48','2018-06-26 14:25:48'),(880,1,0,'Contact deletion','Contact',1,1,'2018-06-26 17:24:48','2018-06-26 17:24:48'),(881,1,0,'Store deletion','Store',2,1,'2018-06-26 17:25:00','2018-06-26 17:25:00'),(882,1,0,'Store deletion','Store',3,1,'2018-06-26 17:25:00','2018-06-26 17:25:00'),(883,1,0,'Store deletion','Store',4,1,'2018-06-26 17:25:00','2018-06-26 17:25:00'),(884,1,0,'Store deletion','Store',5,1,'2018-06-26 17:25:00','2018-06-26 17:25:00'),(885,1,0,'Store deletion','Store',2,1,'2018-06-26 17:44:57','2018-06-26 17:44:57'),(886,1,0,'Store deletion','Store',3,1,'2018-06-26 17:44:57','2018-06-26 17:44:57'),(887,1,0,'Store deletion','Store',4,1,'2018-06-26 17:44:57','2018-06-26 17:44:57'),(888,1,0,'Store deletion','Store',5,1,'2018-06-26 17:44:57','2018-06-26 17:44:57'),(889,1,0,'Store modification','Store',1,1,'2018-06-26 18:15:59','2018-06-26 18:15:59'),(890,1,0,'Product duplicated: (from 130 to 131).','',0,1,'2018-07-05 09:02:35','2018-07-05 09:02:35'),(891,1,0,'Product modification','Product',131,1,'2018-07-05 09:03:36','2018-07-05 09:03:36'),(892,1,0,'Product modification','Product',131,1,'2018-07-05 09:03:38','2018-07-05 09:03:38'),(893,1,0,'Product modification','Product',131,1,'2018-07-05 09:03:55','2018-07-05 09:03:55'),(894,1,0,'Product modification','Product',131,1,'2018-07-05 09:06:52','2018-07-05 09:06:52'),(895,1,0,'Product modification','Product',131,1,'2018-07-05 09:07:21','2018-07-05 09:07:21'),(896,1,0,'Product modification','Product',131,1,'2018-07-05 09:07:47','2018-07-05 09:07:47'),(897,1,0,'Product modification','Product',131,1,'2018-07-05 09:09:43','2018-07-05 09:09:43'),(898,1,0,'Product modification','Product',131,1,'2018-07-05 09:11:40','2018-07-05 09:11:40'),(899,1,0,'Product modification','Product',131,1,'2018-07-05 09:11:58','2018-07-05 09:11:58'),(900,1,0,'Contact deletion','Contact',1,1,'2018-07-05 09:58:05','2018-07-05 09:58:05'),(901,1,0,'Contact modification','Contact',2,1,'2018-07-05 09:58:21','2018-07-05 09:58:21'),(902,3,0,'You must specify as many arguments (%d, %s ...) as the original string.','',0,1,'2018-07-05 10:30:06','2018-07-05 10:30:06'),(903,1,0,'Category addition','Category',37,1,'2018-07-05 11:50:29','2018-07-05 11:50:29'),(904,1,0,'Product modification','Product',131,1,'2018-07-05 11:51:22','2018-07-05 11:51:22'),(905,1,0,'Product modification','Product',130,1,'2018-07-05 11:51:28','2018-07-05 11:51:28'),(906,1,0,'Back office connection from 31.44.38.2','',0,1,'2018-07-10 16:54:52','2018-07-10 16:54:52'),(907,1,0,'Back office connection from 31.44.38.2','',0,1,'2018-07-10 17:12:56','2018-07-10 17:12:56'),(908,1,0,'Back office connection from 31.44.38.2','',0,1,'2018-07-11 10:17:46','2018-07-11 10:17:46'),(909,1,0,'Back office connection from 31.44.38.2','',0,1,'2018-07-12 14:16:35','2018-07-12 14:16:35'),(910,1,0,'Back office connection from 31.44.38.2','',0,1,'2018-07-12 14:55:49','2018-07-12 14:55:49'),(911,1,0,'Back office connection from 31.44.38.2','',0,1,'2018-07-16 09:06:11','2018-07-16 09:06:11'),(912,1,0,'Back office connection from 31.44.38.2','',0,1,'2018-07-16 11:13:41','2018-07-16 11:13:41'),(913,1,0,'Back office connection from 31.44.38.2','',0,1,'2018-07-16 11:49:57','2018-07-16 11:49:57'),(914,1,0,'Product modification','Product',48,1,'2018-07-16 11:52:37','2018-07-16 11:52:37'),(915,1,0,'Product modification','Product',48,1,'2018-07-16 11:53:23','2018-07-16 11:53:23'),(916,1,0,'Back office connection from 31.44.38.2','',0,1,'2018-07-16 12:28:15','2018-07-16 12:28:15'),(917,1,0,'Meta modification','Meta',2,1,'2018-07-16 17:59:07','2018-07-16 17:59:07'),(918,1,0,'Meta modification','Meta',2,1,'2018-07-16 17:59:32','2018-07-16 17:59:32'),(919,1,0,'Meta modification','Meta',2,1,'2018-07-16 17:59:43','2018-07-16 17:59:43'),(920,1,0,'Alias deletion','Alias',1,1,'2018-07-16 18:05:53','2018-07-16 18:05:53'),(921,1,0,'Alias deletion','Alias',2,1,'2018-07-16 18:05:53','2018-07-16 18:05:53'),(922,1,0,'Meta modification','Meta',2,1,'2018-07-16 18:06:46','2018-07-16 18:06:46'),(923,1,0,'Meta modification','Meta',2,1,'2018-07-16 18:07:00','2018-07-16 18:07:00'),(924,1,0,'Meta modification','Meta',2,1,'2018-07-16 18:07:12','2018-07-16 18:07:12'),(925,1,0,'Meta modification','Meta',2,1,'2018-07-16 18:07:26','2018-07-16 18:07:26'),(926,1,0,'Meta modification','Meta',2,1,'2018-07-16 18:07:36','2018-07-16 18:07:36'),(927,1,0,'ShopGroup modification','ShopGroup',3,1,'2018-07-16 18:10:05','2018-07-16 18:10:05'),(928,1,0,'ShopGroup modification','ShopGroup',3,1,'2018-07-16 18:10:09','2018-07-16 18:10:09'),(929,1,0,'ShopGroup modification','ShopGroup',3,1,'2018-07-16 18:14:33','2018-07-16 18:14:33'),(930,1,0,'Back office connection from 31.44.38.2','',0,1,'2018-07-17 11:18:30','2018-07-17 11:18:30'),(931,1,0,'Back office connection from 31.44.38.2','',0,1,'2018-07-17 12:52:53','2018-07-17 12:52:53'),(932,1,0,'ImageType addition','ImageType',9,1,'2018-07-17 12:53:31','2018-07-17 12:53:31'),(933,1,0,'ImageType modification','ImageType',9,1,'2018-07-17 12:53:44','2018-07-17 12:53:44'),(934,1,0,'Back office connection from 31.44.38.2','',0,1,'2018-07-20 11:09:09','2018-07-20 11:09:09'),(935,1,0,'Back office connection from 31.44.38.2','',0,1,'2018-07-20 11:36:13','2018-07-20 11:36:13'),(936,1,0,'Meta modification','Meta',8,1,'2018-07-20 11:38:48','2018-07-20 11:38:48'),(937,1,0,'Meta modification','Meta',8,1,'2018-07-20 11:39:04','2018-07-20 11:39:04'),(938,1,0,'Meta modification','Meta',8,1,'2018-07-20 11:39:17','2018-07-20 11:39:17'),(939,1,0,'Meta modification','Meta',8,1,'2018-07-20 11:39:28','2018-07-20 11:39:28'),(940,1,0,'Meta modification','Meta',8,1,'2018-07-20 11:39:44','2018-07-20 11:39:44'),(941,1,0,'Meta modification','Meta',8,1,'2018-07-20 11:39:56','2018-07-20 11:39:56'),(942,1,0,'Back office connection from 31.44.38.2','',0,1,'2018-07-20 12:51:02','2018-07-20 12:51:02'),(943,1,0,'CartRule addition','CartRule',2,1,'2018-08-03 11:45:07','2018-08-03 11:45:07'),(944,1,0,'CartRule modification','CartRule',2,1,'2018-08-03 11:51:57','2018-08-03 11:51:57'),(945,1,0,'Back office connection from 88.149.151.169','',0,1,'2018-09-11 10:25:35','2018-09-11 10:25:35'),(946,1,0,'Back office connection from 88.149.151.169','',0,1,'2018-09-26 14:28:09','2018-09-26 14:28:09'),(947,1,0,'Back office connection from 88.149.151.169','',0,1,'2018-09-26 14:33:12','2018-09-26 14:33:12'),(948,1,0,'Back office connection from 85.18.167.41','',0,1,'2018-09-26 23:24:21','2018-09-26 23:24:21'),(949,1,0,'ShopGroup modification','ShopGroup',3,1,'2018-09-26 23:24:42','2018-09-26 23:24:42'),(950,1,0,'ShopGroup addition','ShopGroup',4,1,'2018-09-26 23:24:56','2018-09-26 23:24:56'),(951,1,0,'ShopUrl modification','ShopUrl',1,1,'2018-09-26 23:26:51','2018-09-26 23:26:51'),(952,1,0,'ShopUrl modification','ShopUrl',5,1,'2018-09-26 23:27:40','2018-09-26 23:27:40'),(953,1,0,'ShopUrl modification','ShopUrl',2,1,'2018-09-26 23:28:06','2018-09-26 23:28:06'),(954,1,0,'ShopUrl modification','ShopUrl',3,1,'2018-09-26 23:28:11','2018-09-26 23:28:11'),(955,1,0,'ShopUrl modification','ShopUrl',4,1,'2018-09-26 23:28:16','2018-09-26 23:28:16'),(956,1,0,'ShopUrl modification','ShopUrl',6,1,'2018-09-26 23:28:22','2018-09-26 23:28:22'),(957,1,0,'ShopUrl addition','ShopUrl',7,1,'2018-09-26 23:29:07','2018-09-26 23:29:07'),(958,1,0,'ShopUrl addition','ShopUrl',8,1,'2018-09-26 23:32:15','2018-09-26 23:32:15'),(959,1,0,'ShopUrl addition','ShopUrl',9,1,'2018-09-26 23:32:43','2018-09-26 23:32:43'),(960,1,0,'ShopUrl addition','ShopUrl',10,1,'2018-09-26 23:33:04','2018-09-26 23:33:04'),(961,1,0,'ShopUrl addition','ShopUrl',11,1,'2018-09-26 23:33:15','2018-09-26 23:33:15'),(962,1,0,'ShopUrl addition','ShopUrl',12,1,'2018-09-26 23:33:26','2018-09-26 23:33:26'),(963,1,0,'ShopUrl modification','ShopUrl',10,1,'2018-09-27 00:13:44','2018-09-27 00:13:44'),(964,1,0,'ShopUrl modification','ShopUrl',9,1,'2018-09-27 00:13:59','2018-09-27 00:13:59'),(965,1,0,'ShopUrl modification','ShopUrl',8,1,'2018-09-27 00:14:08','2018-09-27 00:14:08'),(966,1,0,'ShopUrl modification','ShopUrl',7,1,'2018-09-27 00:14:20','2018-09-27 00:14:20'),(967,1,0,'ShopUrl modification','ShopUrl',6,1,'2018-09-27 00:14:38','2018-09-27 00:14:38'),(968,1,0,'ShopUrl modification','ShopUrl',5,1,'2018-09-27 00:14:51','2018-09-27 00:14:51'),(969,1,0,'ShopUrl modification','ShopUrl',4,1,'2018-09-27 00:15:03','2018-09-27 00:15:03'),(970,1,0,'ShopUrl modification','ShopUrl',3,1,'2018-09-27 00:15:12','2018-09-27 00:15:12'),(971,1,0,'ShopUrl modification','ShopUrl',2,1,'2018-09-27 00:15:21','2018-09-27 00:15:21'),(972,1,0,'ShopUrl modification','ShopUrl',1,1,'2018-09-27 00:15:28','2018-09-27 00:15:28'),(973,1,0,'Back office connection from 85.18.167.41','',0,1,'2018-09-27 00:16:27','2018-09-27 00:16:27'),(974,1,0,'ShopUrl modification','ShopUrl',12,1,'2018-09-27 00:17:02','2018-09-27 00:17:02'),(975,1,0,'ShopUrl modification','ShopUrl',11,1,'2018-09-27 00:17:13','2018-09-27 00:17:13'),(976,1,0,'ShopGroup deletion','ShopGroup',1,1,'2018-09-27 00:21:05','2018-09-27 00:21:05'),(977,1,0,'Back office connection from 85.18.167.41','',0,1,'2018-09-27 00:27:28','2018-09-27 00:27:28'),(978,1,0,'Currency addition','Currency',2,1,'2018-09-27 00:29:56','2018-09-27 00:29:56'),(979,1,0,'Currency modification','Currency',1,1,'2018-09-27 00:30:11','2018-09-27 00:30:11'),(980,1,0,'ShopUrl modification','ShopUrl',5,1,'2018-09-27 00:55:49','2018-09-27 00:55:49'),(981,1,0,'ShopUrl modification','ShopUrl',8,1,'2018-09-27 00:56:10','2018-09-27 00:56:10'),(982,1,0,'ShopUrl modification','ShopUrl',8,1,'2018-09-27 00:56:23','2018-09-27 00:56:23'),(983,1,0,'ShopUrl modification','ShopUrl',8,1,'2018-09-27 00:59:59','2018-09-27 00:59:59'),(984,1,0,'Back office connection from 88.149.151.169','',0,1,'2018-09-27 08:17:54','2018-09-27 08:17:54'),(985,1,0,'Back office connection from 88.149.151.169','',0,1,'2018-09-27 08:55:58','2018-09-27 08:55:58'),(986,1,0,'Back office connection from 88.149.151.169','',0,1,'2018-09-27 09:48:44','2018-09-27 09:48:44');

--
-- Table structure for table `ps_mail`
--

CREATE TABLE `ps_mail` (
  `id_mail` int(11) unsigned NOT NULL AUTO_INCREMENT,
  `recipient` varchar(126) NOT NULL,
  `template` varchar(62) NOT NULL,
  `subject` varchar(254) NOT NULL,
  `id_lang` int(11) unsigned NOT NULL,
  `date_add` timestamp NOT NULL DEFAULT CURRENT_TIMESTAMP,
  PRIMARY KEY (`id_mail`),
  KEY `recipient` (`recipient`(10))
) ENGINE=InnoDB AUTO_INCREMENT=55 DEFAULT CHARSET=utf8;

--
-- Dumping data for table `ps_mail`
--

INSERT INTO `ps_mail` VALUES (1,'jacopo.briccola@quicklysa.ch','account','[Toys And Games] Welcome!',1,'2018-05-15 09:58:54'),(2,'jacopo.briccola@quicklysa.ch','import','[Toys And Games] Import complete',1,'2018-05-15 14:23:24'),(3,'jacopo.briccola@quicklysa.ch','import','[Toys And Games] Import complete',1,'2018-05-15 15:27:45'),(4,'jacopo.briccola@quicklysa.ch','import','[Toys And Games] Import complete',1,'2018-05-16 07:57:06'),(5,'jacopo.briccola@quicklysa.ch','import','[Toys And Games] Import complete',1,'2018-05-16 08:00:12'),(6,'jacopo.briccola@quicklysa.ch','import','[Toys And Games] Import complete',1,'2018-05-16 08:02:03'),(7,'jacopo.briccola@quicklysa.ch','import','[Toys And Games] Import complete',1,'2018-05-16 08:03:01'),(8,'jacopo.briccola@quicklysa.ch','import','[Toys And Games] Import complete',1,'2018-05-16 15:42:19'),(9,'jacopo.briccola@quicklysa.ch','import','[Toys And Games] Import complete',1,'2018-05-16 15:42:46'),(10,'jacopo.briccola@quicklysa.ch','import','[Toys And Games] Import complete',1,'2018-05-16 15:43:13'),(11,'jacopo.briccola@quicklysa.ch','import','[Toys And Games] Import complete',1,'2018-05-16 15:43:39'),(12,'jacopo.briccola@quicklysa.ch','import','[Toys And Games] Import complete',1,'2018-05-16 15:49:10'),(13,'jacopo.briccola@quicklysa.ch','import','[Toys And Games] Import complete',1,'2018-05-16 15:54:31'),(14,'jacopo.briccola@quicklysa.ch','import','[Toys And Games] Import complete',1,'2018-05-16 15:55:11'),(15,'jacopo.briccola@quicklysa.ch','import','[Toys And Games] Import complete',1,'2018-05-16 15:56:04'),(16,'jacopo.briccola@quicklysa.ch','import','[Toys And Games] Import complete',1,'2018-05-16 16:00:09'),(17,'jacopo.briccola@quicklysa.ch','import','[Toys And Games] Import complete',1,'2018-05-16 16:04:34'),(18,'jacopo.briccola@quicklysa.ch','import','[Toys And Games] Import complete',1,'2018-05-16 16:05:19'),(19,'jacopo.briccola@quicklysa.ch','import','[Toys And Games] Import complete',1,'2018-05-16 16:06:13'),(20,'jacopo.briccola@quicklysa.ch','import','[Toys And Games] Import complete',1,'2018-05-16 16:07:07'),(21,'jacopo.briccola@quicklysa.ch','import','[Toys And Games] Import complete',1,'2018-05-16 16:13:01'),(22,'jacopo.briccola@quicklysa.ch','import','[Toys And Games] Import complete',1,'2018-05-16 16:13:40'),(23,'jacopo.briccola@quicklysa.ch','import','[Toys And Games] Import complete',1,'2018-05-16 16:14:16'),(24,'jacopo.briccola@quicklysa.ch','import','[Toys And Games] Import complete',1,'2018-05-16 17:48:49'),(25,'jacopo.briccola@quicklysa.ch','import','[Toys And Games] Import complete',1,'2018-05-16 18:39:11'),(26,'jacopo.briccola@quicklysa.ch','import','[Toys And Games] Import complete',1,'2018-05-16 18:41:23'),(27,'jacopo.briccola@quicklysa.ch','import','[Toys And Games] Import complete',1,'2018-05-16 18:46:35'),(28,'jmb@jacopobriccola.com','newsletter_voucher','[Toys And Games] Newsletter voucher',1,'2018-05-18 11:19:22'),(29,'jmb@jacopobriccola.com','newsletter_conf','[Toys And Games] Newsletter confirmation',1,'2018-05-18 11:19:22'),(30,'jacopo.briccola@quicklysa.ch','import','[Toys And Games] Import complete',1,'2018-05-18 12:47:37'),(31,'jacopo.briccola@quicklysa.ch','import','[Toys And Games] Import complete',1,'2018-05-18 12:49:17'),(32,'jacopo.briccola@quicklysa.ch','import','[Toys And Games] Import complete',1,'2018-05-18 12:52:09'),(33,'jacopo.briccola@quicklysa.ch','import','[Toys And Games] Import complete',1,'2018-05-18 12:53:00'),(34,'jacopo.briccola@quicklysa.ch','import','[Toys And Games] Import complete',1,'2018-05-18 13:05:51'),(35,'jacopo.briccola@quicklysa.ch','import','[Toys And Games] Import complete',1,'2018-05-18 14:36:26'),(36,'jacopo.briccola@quicklysa.ch','import','[Toys And Games] Import complete',1,'2018-05-18 14:49:04'),(37,'jacopo.briccola@quicklysa.ch','import','[Toys And Games] Import complete',1,'2018-05-18 14:50:06'),(38,'jacopo.briccola@quicklysa.ch','import','[Toys And Games] Import complete',1,'2018-05-18 14:51:03'),(39,'jacopo.briccola@quicklysa.ch','import','[Toys And Games] Import complete',1,'2018-05-18 14:53:00'),(40,'jacopo.briccola@quicklysa.ch','import','[Toys And Games] Import complete',1,'2018-05-18 14:59:36'),(41,'jacopo.briccola@quicklysa.ch','import','[Toys And Games] Import complete',1,'2018-05-18 15:00:37'),(42,'jacopo.briccola@quicklysa.ch','import','[Toys And Games] Import complete',1,'2018-05-18 15:00:55'),(43,'jacopo.briccola@quicklysa.ch','import','[Toys And Games] Import complete',1,'2018-05-18 15:01:12'),(44,'jacopo.briccola@quicklysa.ch','import','[Toys And Games] Import complete',1,'2018-05-18 15:01:34'),(45,'jacopo.briccola@quicklysa.ch','import','[Toys And Games] Import complete',1,'2018-05-18 15:02:07'),(46,'jacopo.briccola@quicklysa.ch','import','[Toys And Games] Import complete',1,'2018-05-18 15:02:41'),(47,'jacopo.briccola@quicklysa.ch','import','[Toys And Games] Import complete',1,'2018-05-18 15:03:09'),(48,'jacopo.briccola@quicklysa.ch','import','[Toys And Games] Import complete',1,'2018-05-18 15:03:33'),(49,'jacopo.briccola@quicklysa.ch','import','[Toys And Games] Import complete',1,'2018-05-18 15:07:23'),(50,'jacopo.briccola@quicklysa.ch','import','[Toys And Games] Import complete',1,'2018-05-18 15:07:43'),(51,'jacopo.briccola@quicklysa.ch','import','[Toys And Games] Import complete',1,'2018-05-18 15:09:09'),(52,'jacopo.briccola@quicklysa.ch','import','[Toys And Games] Import complete',1,'2018-05-18 15:09:30'),(53,'jacopo.briccola@quicklysa.ch','import','[Toys And Games] Import complete',1,'2018-05-18 15:10:01'),(54,'jacopo.briccola@quicklysa.ch','import','[Toys And Games] Import complete',1,'2018-06-26 11:57:43');

--
-- Table structure for table `ps_manufacturer`
--

CREATE TABLE `ps_manufacturer` (
  `id_manufacturer` int(10) unsigned NOT NULL AUTO_INCREMENT,
  `name` varchar(64) NOT NULL,
  `date_add` datetime NOT NULL,
  `date_upd` datetime NOT NULL,
  `active` tinyint(1) NOT NULL DEFAULT '0',
  PRIMARY KEY (`id_manufacturer`)
) ENGINE=InnoDB AUTO_INCREMENT=7 DEFAULT CHARSET=utf8;

--
-- Dumping data for table `ps_manufacturer`
--

INSERT INTO `ps_manufacturer` VALUES (1,'Studio Design','2018-05-11 14:38:13','2018-05-11 14:38:13',1),(2,'Graphic Corner','2018-05-11 14:38:13','2018-05-11 14:38:13',1),(3,'Carioca','2018-05-15 11:13:58','2018-05-15 11:13:58',1),(4,'Quercetti','2018-05-16 09:57:02','2018-05-16 09:57:02',1),(5,'NanoBlock','2018-05-16 17:49:00','2018-05-16 17:49:00',1),(6,'Geomag','2018-05-16 17:59:50','2018-05-16 17:59:50',1);

--
-- Table structure for table `ps_manufacturer_lang`
--

CREATE TABLE `ps_manufacturer_lang` (
  `id_manufacturer` int(10) unsigned NOT NULL,
  `id_lang` int(10) unsigned NOT NULL,
  `description` text,
  `short_description` text,
  `meta_title` varchar(128) DEFAULT NULL,
  `meta_keywords` varchar(255) DEFAULT NULL,
  `meta_description` varchar(255) DEFAULT NULL,
  PRIMARY KEY (`id_manufacturer`,`id_lang`)
) ENGINE=InnoDB DEFAULT CHARSET=utf8;

--
-- Dumping data for table `ps_manufacturer_lang`
--

INSERT INTO `ps_manufacturer_lang` VALUES (1,1,'<p><span style=\"font-size:10pt;font-family:Arial;font-style:normal;\">Studio Design offers a range of items from ready-to-wear collections to contemporary objects. The brand has been presenting new ideas and trends since its creation in 2012.</span></p>','','','',''),(1,2,'<p><span style=\"font-size:10pt;font-family:Arial;font-style:normal;\">Studio Design offers a range of items from ready-to-wear collections to contemporary objects. The brand has been presenting new ideas and trends since its creation in 2012.</span></p>','','','',''),(1,3,'<p><span style=\"font-size:10pt;font-family:Arial;font-style:normal;\">Studio Design propose une gamme de produits variée : prêt-à-porter, objets de décoration, accessoires de maison... Depuis sa création en 2012, la marque apporte des idées et des tendances nouvelles à travers ses collections. </span></p>','','','',''),(1,4,'<p><span style=\"font-size:10pt;font-family:Arial;font-style:normal;\">Studio Design offers a range of items from ready-to-wear collections to contemporary objects. The brand has been presenting new ideas and trends since its creation in 2012.</span></p>','','','',''),(2,1,'<p><span style=\"font-size:10pt;font-family:Arial;font-style:normal;\">Since 2010, Graphic Corner offers a large choice of quality posters, available on paper and many other formats. </span></p>','','','',''),(2,2,'<p><span style=\"font-size:10pt;font-family:Arial;font-style:normal;\">Since 2010, Graphic Corner offers a large choice of quality posters, available on paper and many other formats. </span></p>','','','',''),(2,3,'<p><span style=\"font-size:10pt;font-family:Arial;font-style:normal;\">Graphic Corner propose depuis 2010 un large choix d\'affiches et de posters disponibles en version papier et sur de nombreux supports. </span></p>','','','',''),(2,4,'<p><span style=\"font-size:10pt;font-family:Arial;font-style:normal;\">Since 2010, Graphic Corner offers a large choice of quality posters, available on paper and many other formats. </span></p>','','','',''),(3,1,'','','','',''),(3,2,'','','','',''),(3,3,'','','','',''),(3,4,'','','','',''),(4,1,'','','','',''),(4,2,'','','','',''),(4,3,'','','','',''),(4,4,'','','','',''),(5,1,'','','','',''),(5,2,'','','','',''),(5,3,'','','','',''),(5,4,'','','','',''),(6,1,'','','','',''),(6,2,'','','','',''),(6,3,'','','','',''),(6,4,'','','','','');

--
-- Table structure for table `ps_manufacturer_shop`
--

CREATE TABLE `ps_manufacturer_shop` (
  `id_manufacturer` int(11) unsigned NOT NULL,
  `id_shop` int(11) unsigned NOT NULL,
  PRIMARY KEY (`id_manufacturer`,`id_shop`),
  KEY `id_shop` (`id_shop`)
) ENGINE=InnoDB DEFAULT CHARSET=utf8;

--
-- Dumping data for table `ps_manufacturer_shop`
--

INSERT INTO `ps_manufacturer_shop` VALUES (1,1),(2,1),(3,1),(1,3),(2,3),(3,3),(6,3),(1,4),(2,4),(3,4),(4,4),(1,5),(2,5),(3,5),(1,6),(2,6),(3,6),(5,6),(1,7),(2,7),(3,7),(1,8),(2,8),(3,8),(1,9),(2,9),(3,9),(1,10),(2,10),(3,10),(6,10),(1,11),(2,11),(3,11),(5,11),(1,12),(2,12),(3,12),(4,12),(1,13),(2,13),(3,13);

--
-- Table structure for table `ps_memcached_servers`
--

CREATE TABLE `ps_memcached_servers` (
  `id_memcached_server` int(11) unsigned NOT NULL AUTO_INCREMENT,
  `ip` varchar(254) NOT NULL,
  `port` int(11) unsigned NOT NULL,
  `weight` int(11) unsigned NOT NULL,
  PRIMARY KEY (`id_memcached_server`)
) ENGINE=InnoDB DEFAULT CHARSET=utf8;

--
-- Dumping data for table `ps_memcached_servers`
--


--
-- Table structure for table `ps_message`
--

CREATE TABLE `ps_message` (
  `id_message` int(10) unsigned NOT NULL AUTO_INCREMENT,
  `id_cart` int(10) unsigned DEFAULT NULL,
  `id_customer` int(10) unsigned NOT NULL,
  `id_employee` int(10) unsigned DEFAULT NULL,
  `id_order` int(10) unsigned NOT NULL,
  `message` text NOT NULL,
  `private` tinyint(1) unsigned NOT NULL DEFAULT '1',
  `date_add` datetime NOT NULL,
  PRIMARY KEY (`id_message`),
  KEY `message_order` (`id_order`),
  KEY `id_cart` (`id_cart`),
  KEY `id_customer` (`id_customer`),
  KEY `id_employee` (`id_employee`)
) ENGINE=InnoDB DEFAULT CHARSET=utf8;

--
-- Dumping data for table `ps_message`
--


--
-- Table structure for table `ps_message_readed`
--

CREATE TABLE `ps_message_readed` (
  `id_message` int(10) unsigned NOT NULL,
  `id_employee` int(10) unsigned NOT NULL,
  `date_add` datetime NOT NULL,
  PRIMARY KEY (`id_message`,`id_employee`)
) ENGINE=InnoDB DEFAULT CHARSET=utf8;

--
-- Dumping data for table `ps_message_readed`
--


--
-- Table structure for table `ps_meta`
--

CREATE TABLE `ps_meta` (
  `id_meta` int(10) unsigned NOT NULL AUTO_INCREMENT,
  `page` varchar(64) NOT NULL,
  `configurable` tinyint(1) unsigned NOT NULL DEFAULT '1',
  PRIMARY KEY (`id_meta`),
  UNIQUE KEY `page` (`page`)
) ENGINE=InnoDB AUTO_INCREMENT=48 DEFAULT CHARSET=utf8;

--
-- Dumping data for table `ps_meta`
--



--
-- Table structure for table `ps_meta_lang`
--

CREATE TABLE `ps_meta_lang` (
  `id_meta` int(10) unsigned NOT NULL,
  `id_shop` int(11) unsigned NOT NULL DEFAULT '1',
  `id_lang` int(10) unsigned NOT NULL,
  `title` varchar(128) DEFAULT NULL,
  `description` varchar(255) DEFAULT NULL,
  `keywords` varchar(255) DEFAULT NULL,
  `url_rewrite` varchar(254) NOT NULL,
  PRIMARY KEY (`id_meta`,`id_shop`,`id_lang`),
  KEY `id_shop` (`id_shop`),
  KEY `id_lang` (`id_lang`)
) ENGINE=InnoDB DEFAULT CHARSET=utf8;

--
-- Dumping data for table `ps_meta_lang`
--



--
-- Table structure for table `ps_module`
--

CREATE TABLE `ps_module` (
  `id_module` int(10) unsigned NOT NULL AUTO_INCREMENT,
  `name` varchar(64) NOT NULL,
  `active` tinyint(1) unsigned NOT NULL DEFAULT '0',
  `version` varchar(8) NOT NULL,
  PRIMARY KEY (`id_module`),
  UNIQUE KEY `name_UNIQUE` (`name`),
  KEY `name` (`name`)
) ENGINE=InnoDB AUTO_INCREMENT=80 DEFAULT CHARSET=utf8;

--
-- Dumping data for table `ps_module`
--

INSERT INTO `ps_module` VALUES (1,'contactform',1,'4.1.1'),(2,'dashactivity',1,'2.0.2'),(3,'dashtrends',1,'2.0.2'),(4,'dashgoals',1,'2.0.2'),(5,'dashproducts',1,'2.0.3'),(6,'graphnvd3',1,'2.0.0'),(7,'gridhtml',1,'2.0.0'),(8,'ps_banner',1,'2.1.0'),(9,'ps_categorytree',1,'2.0.0'),(10,'ps_checkpayment',1,'2.0.3'),(11,'ps_contactinfo',1,'3.1.0'),(12,'ps_currencyselector',1,'2.0.0'),(13,'ps_customeraccountlinks',1,'3.1.0'),(14,'ps_customersignin',1,'2.0.2'),(15,'ps_customtext',1,'3.0.0'),(16,'ps_emailsubscription',1,'2.3.0'),(17,'ps_facetedsearch',1,'2.1.2'),(18,'ps_featuredproducts',1,'2.0.0'),(19,'ps_imageslider',1,'2.1.1'),(20,'ps_languageselector',1,'2.0.2'),(21,'ps_linklist',1,'2.1.5'),(22,'ps_mainmenu',1,'2.1.1'),(23,'ps_searchbar',1,'2.0.1'),(24,'ps_sharebuttons',1,'2.0.1'),(25,'ps_shoppingcart',1,'2.0.1'),(26,'ps_socialfollow',1,'2.0.0'),(27,'ps_wirepayment',1,'2.0.4'),(28,'pagesnotfound',1,'2.0.0'),(29,'sekeywords',1,'2.0.0'),(30,'statsbestcategories',1,'2.0.0'),(31,'statsbestcustomers',1,'2.0.2'),(32,'statsbestproducts',1,'2.0.0'),(33,'statsbestsuppliers',1,'2.0.0'),(34,'statsbestvouchers',1,'2.0.0'),(35,'statscarrier',1,'2.0.0'),(36,'statscatalog',1,'2.0.1'),(37,'statscheckup',1,'2.0.0'),(38,'statsdata',1,'2.0.0'),(39,'statsequipment',1,'2.0.0'),(40,'statsforecast',1,'2.0.3'),(41,'statslive',1,'2.0.2'),(42,'statsnewsletter',1,'2.0.2'),(43,'statsorigin',1,'2.0.2'),(44,'statspersonalinfos',1,'2.0.2'),(45,'statsproduct',1,'2.0.3'),(46,'statsregistrations',1,'2.0.0'),(47,'statssales',1,'2.0.0'),(48,'statssearch',1,'2.0.1'),(49,'statsstock',1,'2.0.0'),(50,'statsvisits',1,'2.0.2'),(51,'welcome',1,'4.0.2'),(52,'gamification',1,'2.0.2'),(53,'cronjobs',1,'1.4.0'),(54,'psaddonsconnect',1,'1.0.1'),(55,'blockreassurance',1,'3.0.1'),(56,'otheaderrightblock',1,'1.0.0'),(57,'othomeslider',1,'1.0.0'),(58,'otbannerblock',1,'1.0.0'),(59,'otaboutblock',1,'1.0.0'),(60,'otfeaturedproducts',1,'1.0.0'),(61,'ottestimonialblock',1,'1.0.0'),(62,'otspecials',1,'1.0.0'),(63,'otbrandlist',1,'1.0.0'),(64,'otshippingblock',1,'1.0.0'),(65,'otfooterbottomleftblock',1,'1.0.0'),(66,'otfooterbottomrightblock',1,'1.0.0'),(67,'otfooterbottomblock',1,'1.0.0'),(68,'otleftbannerblock',1,'1.0.0'),(69,'otleftnewproducts',1,'1.0.1'),(70,'customtextdesign',1,'5.7.7'),(72,'paypal',1,'4.4.2'),(73,'psgdpr',1,'1.1.0'),(74,'othomeslidermobile',1,'1.0.0'),(77,'custompopup',1,'1.2.0'),(78,'advansedwishlist',1,'1.5.1'),(79,'bonnewsletter',1,'1.0.1');

--
-- Table structure for table `ps_module_carrier`
--

CREATE TABLE `ps_module_carrier` (
  `id_module` int(10) unsigned NOT NULL,
  `id_shop` int(11) unsigned NOT NULL DEFAULT '1',
  `id_reference` int(11) NOT NULL,
  PRIMARY KEY (`id_module`,`id_shop`,`id_reference`)
) ENGINE=InnoDB DEFAULT CHARSET=utf8;

--
-- Dumping data for table `ps_module_carrier`
--

INSERT INTO `ps_module_carrier` VALUES (72,1,1),(72,1,2),(72,3,1),(72,3,2),(72,4,1),(72,4,2),(72,5,1),(72,5,2),(72,6,1),(72,6,2),(72,7,1),(72,7,2);

--
-- Table structure for table `ps_module_country`
--

CREATE TABLE `ps_module_country` (
  `id_module` int(10) unsigned NOT NULL,
  `id_shop` int(11) unsigned NOT NULL DEFAULT '1',
  `id_country` int(10) unsigned NOT NULL,
  PRIMARY KEY (`id_module`,`id_shop`,`id_country`)
) ENGINE=InnoDB DEFAULT CHARSET=utf8;

--
-- Dumping data for table `ps_module_country`
--

INSERT INTO `ps_module_country` VALUES (10,1,19),(10,3,19),(10,4,19),(10,5,19),(10,6,19),(10,7,19),(10,8,19),(10,9,19),(10,10,19),(10,11,19),(10,12,19),(10,13,19),(27,1,19),(27,3,19),(27,4,19),(27,5,19),(27,6,19),(27,7,19),(27,8,19),(27,9,19),(27,10,19),(27,11,19),(27,12,19),(27,13,19),(72,1,19),(72,3,19),(72,4,19),(72,5,19),(72,6,19),(72,7,19),(72,8,19),(72,9,19),(72,10,19),(72,11,19),(72,12,19),(72,13,19);

--
-- Table structure for table `ps_module_currency`
--

CREATE TABLE `ps_module_currency` (
  `id_module` int(10) unsigned NOT NULL,
  `id_shop` int(11) unsigned NOT NULL DEFAULT '1',
  `id_currency` int(11) NOT NULL,
  PRIMARY KEY (`id_module`,`id_shop`,`id_currency`),
  KEY `id_module` (`id_module`)
) ENGINE=InnoDB DEFAULT CHARSET=utf8;

--
-- Dumping data for table `ps_module_currency`
--

INSERT INTO `ps_module_currency` VALUES (72,1,-1),(72,3,-1),(72,4,-1),(72,5,-1),(72,6,-1),(72,7,-1),(72,8,-1),(72,9,-1),(72,10,-1),(72,11,-1),(72,12,-1),(72,13,-1);

--
-- Table structure for table `ps_module_group`
--

CREATE TABLE `ps_module_group` (
  `id_module` int(10) unsigned NOT NULL,
  `id_shop` int(11) unsigned NOT NULL DEFAULT '1',
  `id_group` int(11) unsigned NOT NULL,
  PRIMARY KEY (`id_module`,`id_shop`,`id_group`)
) ENGINE=InnoDB DEFAULT CHARSET=utf8;

--
-- Dumping data for table `ps_module_group`
--

INSERT INTO `ps_module_group` VALUES (1,1,1),(1,1,2),(1,1,3),(1,3,1),(1,3,2),(1,3,3),(1,4,1),(1,4,2),(1,4,3),(1,5,1),(1,5,2),(1,5,3),(1,6,1),(1,6,2),(1,6,3),(1,7,1),(1,7,2),(1,7,3),(1,8,1),(1,8,2),(1,8,3),(1,9,1),(1,9,2),(1,9,3),(1,10,1),(1,10,2),(1,10,3),(1,11,1),(1,11,2),(1,11,3),(1,12,1),(1,12,2),(1,12,3),(1,13,1),(1,13,2),(1,13,3),(2,1,1),(2,1,2),(2,1,3),(2,3,1),(2,3,2),(2,3,3),(2,4,1),(2,4,2),(2,4,3),(2,5,1),(2,5,2),(2,5,3),(2,6,1),(2,6,2),(2,6,3),(2,7,1),(2,7,2),(2,7,3),(2,8,1),(2,8,2),(2,8,3),(2,9,1),(2,9,2),(2,9,3),(2,10,1),(2,10,2),(2,10,3),(2,11,1),(2,11,2),(2,11,3),(2,12,1),(2,12,2),(2,12,3),(2,13,1),(2,13,2),(2,13,3),(3,1,1),(3,1,2),(3,1,3),(3,3,1),(3,3,2),(3,3,3),(3,4,1),(3,4,2),(3,4,3),(3,5,1),(3,5,2),(3,5,3),(3,6,1),(3,6,2),(3,6,3),(3,7,1),(3,7,2),(3,7,3),(3,8,1),(3,8,2),(3,8,3),(3,9,1),(3,9,2),(3,9,3),(3,10,1),(3,10,2),(3,10,3),(3,11,1),(3,11,2),(3,11,3),(3,12,1),(3,12,2),(3,12,3),(3,13,1),(3,13,2),(3,13,3),(4,1,1),(4,1,2),(4,1,3),(4,3,1),(4,3,2),(4,3,3),(4,4,1),(4,4,2),(4,4,3),(4,5,1),(4,5,2),(4,5,3),(4,6,1),(4,6,2),(4,6,3),(4,7,1),(4,7,2),(4,7,3),(4,8,1),(4,8,2),(4,8,3),(4,9,1),(4,9,2),(4,9,3),(4,10,1),(4,10,2),(4,10,3),(4,11,1),(4,11,2),(4,11,3),(4,12,1),(4,12,2),(4,12,3),(4,13,1),(4,13,2),(4,13,3),(5,1,1),(5,1,2),(5,1,3),(5,3,1),(5,3,2),(5,3,3),(5,4,1),(5,4,2),(5,4,3),(5,5,1),(5,5,2),(5,5,3),(5,6,1),(5,6,2),(5,6,3),(5,7,1),(5,7,2),(5,7,3),(5,8,1),(5,8,2),(5,8,3),(5,9,1),(5,9,2),(5,9,3),(5,10,1),(5,10,2),(5,10,3),(5,11,1),(5,11,2),(5,11,3),(5,12,1),(5,12,2),(5,12,3),(5,13,1),(5,13,2),(5,13,3),(6,1,1),(6,1,2),(6,1,3),(6,3,1),(6,3,2),(6,3,3),(6,4,1),(6,4,2),(6,4,3),(6,5,1),(6,5,2),(6,5,3),(6,6,1),(6,6,2),(6,6,3),(6,7,1),(6,7,2),(6,7,3),(6,8,1),(6,8,2),(6,8,3),(6,9,1),(6,9,2),(6,9,3),(6,10,1),(6,10,2),(6,10,3),(6,11,1),(6,11,2),(6,11,3),(6,12,1),(6,12,2),(6,12,3),(6,13,1),(6,13,2),(6,13,3),(7,1,1),(7,1,2),(7,1,3),(7,3,1),(7,3,2),(7,3,3),(7,4,1),(7,4,2),(7,4,3),(7,5,1),(7,5,2),(7,5,3),(7,6,1),(7,6,2),(7,6,3),(7,7,1),(7,7,2),(7,7,3),(7,8,1),(7,8,2),(7,8,3),(7,9,1),(7,9,2),(7,9,3),(7,10,1),(7,10,2),(7,10,3),(7,11,1),(7,11,2),(7,11,3),(7,12,1),(7,12,2),(7,12,3),(7,13,1),(7,13,2),(7,13,3),(8,1,1),(8,1,2),(8,1,3),(8,3,1),(8,3,2),(8,3,3),(8,4,1),(8,4,2),(8,4,3),(8,5,1),(8,5,2),(8,5,3),(8,6,1),(8,6,2),(8,6,3),(8,7,1),(8,7,2),(8,7,3),(8,8,1),(8,8,2),(8,8,3),(8,9,1),(8,9,2),(8,9,3),(8,10,1),(8,10,2),(8,10,3),(8,11,1),(8,11,2),(8,11,3),(8,12,1),(8,12,2),(8,12,3),(8,13,1),(8,13,2),(8,13,3),(9,1,1),(9,1,2),(9,1,3),(9,3,1),(9,3,2),(9,3,3),(9,4,1),(9,4,2),(9,4,3),(9,5,1),(9,5,2),(9,5,3),(9,6,1),(9,6,2),(9,6,3),(9,7,1),(9,7,2),(9,7,3),(9,8,1),(9,8,2),(9,8,3),(9,9,1),(9,9,2),(9,9,3),(9,10,1),(9,10,2),(9,10,3),(9,11,1),(9,11,2),(9,11,3),(9,12,1),(9,12,2),(9,12,3),(9,13,1),(9,13,2),(9,13,3),(11,1,1),(11,1,2),(11,1,3),(11,3,1),(11,3,2),(11,3,3),(11,4,1),(11,4,2),(11,4,3),(11,5,1),(11,5,2),(11,5,3),(11,6,1),(11,6,2),(11,6,3),(11,7,1),(11,7,2),(11,7,3),(11,8,1),(11,8,2),(11,8,3),(11,9,1),(11,9,2),(11,9,3),(11,10,1),(11,10,2),(11,10,3),(11,11,1),(11,11,2),(11,11,3),(11,12,1),(11,12,2),(11,12,3),(11,13,1),(11,13,2),(11,13,3),(12,1,1),(12,1,2),(12,1,3),(12,3,1),(12,3,2),(12,3,3),(12,4,1),(12,4,2),(12,4,3),(12,5,1),(12,5,2),(12,5,3),(12,6,1),(12,6,2),(12,6,3),(12,7,1),(12,7,2),(12,7,3),(12,8,1),(12,8,2),(12,8,3),(12,9,1),(12,9,2),(12,9,3),(12,10,1),(12,10,2),(12,10,3),(12,11,1),(12,11,2),(12,11,3),(12,12,1),(12,12,2),(12,12,3),(12,13,1),(12,13,2),(12,13,3),(13,1,1),(13,1,2),(13,1,3),(13,3,1),(13,3,2),(13,3,3),(13,4,1),(13,4,2),(13,4,3),(13,5,1),(13,5,2),(13,5,3),(13,6,1),(13,6,2),(13,6,3),(13,7,1),(13,7,2),(13,7,3),(13,8,1),(13,8,2),(13,8,3),(13,9,1),(13,9,2),(13,9,3),(13,10,1),(13,10,2),(13,10,3),(13,11,1),(13,11,2),(13,11,3),(13,12,1),(13,12,2),(13,12,3),(13,13,1),(13,13,2),(13,13,3),(14,1,1),(14,1,2),(14,1,3),(14,3,1),(14,3,2),(14,3,3),(14,4,1),(14,4,2),(14,4,3),(14,5,1),(14,5,2),(14,5,3),(14,6,1),(14,6,2),(14,6,3),(14,7,1),(14,7,2),(14,7,3),(14,8,1),(14,8,2),(14,8,3),(14,9,1),(14,9,2),(14,9,3),(14,10,1),(14,10,2),(14,10,3),(14,11,1),(14,11,2),(14,11,3),(14,12,1),(14,12,2),(14,12,3),(14,13,1),(14,13,2),(14,13,3),(15,1,1),(15,1,2),(15,1,3),(15,3,1),(15,3,2),(15,3,3),(15,4,1),(15,4,2),(15,4,3),(15,5,1),(15,5,2),(15,5,3),(15,6,1),(15,6,2),(15,6,3),(15,7,1),(15,7,2),(15,7,3),(15,8,1),(15,8,2),(15,8,3),(15,9,1),(15,9,2),(15,9,3),(15,10,1),(15,10,2),(15,10,3),(15,11,1),(15,11,2),(15,11,3),(15,12,1),(15,12,2),(15,12,3),(15,13,1),(15,13,2),(15,13,3),(16,1,1),(16,1,2),(16,1,3),(16,3,1),(16,3,2),(16,3,3),(16,4,1),(16,4,2),(16,4,3),(16,5,1),(16,5,2),(16,5,3),(16,6,1),(16,6,2),(16,6,3),(16,7,1),(16,7,2),(16,7,3),(16,8,1),(16,8,2),(16,8,3),(16,9,1),(16,9,2),(16,9,3),(16,10,1),(16,10,2),(16,10,3),(16,11,1),(16,11,2),(16,11,3),(16,12,1),(16,12,2),(16,12,3),(16,13,1),(16,13,2),(16,13,3),(17,1,1),(17,1,2),(17,1,3),(17,3,1),(17,3,2),(17,3,3),(17,4,1),(17,4,2),(17,4,3),(17,5,1),(17,5,2),(17,5,3),(17,6,1),(17,6,2),(17,6,3),(17,7,1),(17,7,2),(17,7,3),(17,8,1),(17,8,2),(17,8,3),(17,9,1),(17,9,2),(17,9,3),(17,10,1),(17,10,2),(17,10,3),(17,11,1),(17,11,2),(17,11,3),(17,12,1),(17,12,2),(17,12,3),(17,13,1),(17,13,2),(17,13,3),(18,1,1),(18,1,2),(18,1,3),(18,3,1),(18,3,2),(18,3,3),(18,4,1),(18,4,2),(18,4,3),(18,5,1),(18,5,2),(18,5,3),(18,6,1),(18,6,2),(18,6,3),(18,7,1),(18,7,2),(18,7,3),(18,8,1),(18,8,2),(18,8,3),(18,9,1),(18,9,2),(18,9,3),(18,10,1),(18,10,2),(18,10,3),(18,11,1),(18,11,2),(18,11,3),(18,12,1),(18,12,2),(18,12,3),(18,13,1),(18,13,2),(18,13,3),(19,1,1),(19,1,2),(19,1,3),(19,3,1),(19,3,2),(19,3,3),(19,4,1),(19,4,2),(19,4,3),(19,5,1),(19,5,2),(19,5,3),(19,6,1),(19,6,2),(19,6,3),(19,7,1),(19,7,2),(19,7,3),(19,8,1),(19,8,2),(19,8,3),(19,9,1),(19,9,2),(19,9,3),(19,10,1),(19,10,2),(19,10,3),(19,11,1),(19,11,2),(19,11,3),(19,12,1),(19,12,2),(19,12,3),(19,13,1),(19,13,2),(19,13,3),(20,1,1),(20,1,2),(20,1,3),(20,3,1),(20,3,2),(20,3,3),(20,4,1),(20,4,2),(20,4,3),(20,5,1),(20,5,2),(20,5,3),(20,6,1),(20,6,2),(20,6,3),(20,7,1),(20,7,2),(20,7,3),(20,8,1),(20,8,2),(20,8,3),(20,9,1),(20,9,2),(20,9,3),(20,10,1),(20,10,2),(20,10,3),(20,11,1),(20,11,2),(20,11,3),(20,12,1),(20,12,2),(20,12,3),(20,13,1),(20,13,2),(20,13,3),(21,1,1),(21,1,2),(21,1,3),(21,3,1),(21,3,2),(21,3,3),(21,4,1),(21,4,2),(21,4,3),(21,5,1),(21,5,2),(21,5,3),(21,6,1),(21,6,2),(21,6,3),(21,7,1),(21,7,2),(21,7,3),(21,8,1),(21,8,2),(21,8,3),(21,9,1),(21,9,2),(21,9,3),(21,10,1),(21,10,2),(21,10,3),(21,11,1),(21,11,2),(21,11,3),(21,12,1),(21,12,2),(21,12,3),(21,13,1),(21,13,2),(21,13,3),(22,1,1),(22,1,2),(22,1,3),(22,3,1),(22,3,2),(22,3,3),(22,4,1),(22,4,2),(22,4,3),(22,5,1),(22,5,2),(22,5,3),(22,6,1),(22,6,2),(22,6,3),(22,7,1),(22,7,2),(22,7,3),(22,8,1),(22,8,2),(22,8,3),(22,9,1),(22,9,2),(22,9,3),(22,10,1),(22,10,2),(22,10,3),(22,11,1),(22,11,2),(22,11,3),(22,12,1),(22,12,2),(22,12,3),(22,13,1),(22,13,2),(22,13,3),(23,1,1),(23,1,2),(23,1,3),(23,3,1),(23,3,2),(23,3,3),(23,4,1),(23,4,2),(23,4,3),(23,5,1),(23,5,2),(23,5,3),(23,6,1),(23,6,2),(23,6,3),(23,7,1),(23,7,2),(23,7,3),(23,8,1),(23,8,2),(23,8,3),(23,9,1),(23,9,2),(23,9,3),(23,10,1),(23,10,2),(23,10,3),(23,11,1),(23,11,2),(23,11,3),(23,12,1),(23,12,2),(23,12,3),(23,13,1),(23,13,2),(23,13,3),(24,1,1),(24,1,2),(24,1,3),(24,3,1),(24,3,2),(24,3,3),(24,4,1),(24,4,2),(24,4,3),(24,5,1),(24,5,2),(24,5,3),(24,6,1),(24,6,2),(24,6,3),(24,7,1),(24,7,2),(24,7,3),(24,8,1),(24,8,2),(24,8,3),(24,9,1),(24,9,2),(24,9,3),(24,10,1),(24,10,2),(24,10,3),(24,11,1),(24,11,2),(24,11,3),(24,12,1),(24,12,2),(24,12,3),(24,13,1),(24,13,2),(24,13,3),(25,1,1),(25,1,2),(25,1,3),(25,3,1),(25,3,2),(25,3,3),(25,4,1),(25,4,2),(25,4,3),(25,5,1),(25,5,2),(25,5,3),(25,6,1),(25,6,2),(25,6,3),(25,7,1),(25,7,2),(25,7,3),(25,8,1),(25,8,2),(25,8,3),(25,9,1),(25,9,2),(25,9,3),(25,10,1),(25,10,2),(25,10,3),(25,11,1),(25,11,2),(25,11,3),(25,12,1),(25,12,2),(25,12,3),(25,13,1),(25,13,2),(25,13,3),(26,1,1),(26,1,2),(26,1,3),(26,3,1),(26,3,2),(26,3,3),(26,4,1),(26,4,2),(26,4,3),(26,5,1),(26,5,2),(26,5,3),(26,6,1),(26,6,2),(26,6,3),(26,7,1),(26,7,2),(26,7,3),(26,8,1),(26,8,2),(26,8,3),(26,9,1),(26,9,2),(26,9,3),(26,10,1),(26,10,2),(26,10,3),(26,11,1),(26,11,2),(26,11,3),(26,12,1),(26,12,2),(26,12,3),(26,13,1),(26,13,2),(26,13,3),(28,1,1),(28,1,2),(28,1,3),(28,3,1),(28,3,2),(28,3,3),(28,4,1),(28,4,2),(28,4,3),(28,5,1),(28,5,2),(28,5,3),(28,6,1),(28,6,2),(28,6,3),(28,7,1),(28,7,2),(28,7,3),(28,8,1),(28,8,2),(28,8,3),(28,9,1),(28,9,2),(28,9,3),(28,10,1),(28,10,2),(28,10,3),(28,11,1),(28,11,2),(28,11,3),(28,12,1),(28,12,2),(28,12,3),(28,13,1),(28,13,2),(28,13,3),(29,1,1),(29,1,2),(29,1,3),(29,3,1),(29,3,2),(29,3,3),(29,4,1),(29,4,2),(29,4,3),(29,5,1),(29,5,2),(29,5,3),(29,6,1),(29,6,2),(29,6,3),(29,7,1),(29,7,2),(29,7,3),(29,8,1),(29,8,2),(29,8,3),(29,9,1),(29,9,2),(29,9,3),(29,10,1),(29,10,2),(29,10,3),(29,11,1),(29,11,2),(29,11,3),(29,12,1),(29,12,2),(29,12,3),(29,13,1),(29,13,2),(29,13,3),(30,1,1),(30,1,2),(30,1,3),(30,3,1),(30,3,2),(30,3,3),(30,4,1),(30,4,2),(30,4,3),(30,5,1),(30,5,2),(30,5,3),(30,6,1),(30,6,2),(30,6,3),(30,7,1),(30,7,2),(30,7,3),(30,8,1),(30,8,2),(30,8,3),(30,9,1),(30,9,2),(30,9,3),(30,10,1),(30,10,2),(30,10,3),(30,11,1),(30,11,2),(30,11,3),(30,12,1),(30,12,2),(30,12,3),(30,13,1),(30,13,2),(30,13,3),(31,1,1),(31,1,2),(31,1,3),(31,3,1),(31,3,2),(31,3,3),(31,4,1),(31,4,2),(31,4,3),(31,5,1),(31,5,2),(31,5,3),(31,6,1),(31,6,2),(31,6,3),(31,7,1),(31,7,2),(31,7,3),(31,8,1),(31,8,2),(31,8,3),(31,9,1),(31,9,2),(31,9,3),(31,10,1),(31,10,2),(31,10,3),(31,11,1),(31,11,2),(31,11,3),(31,12,1),(31,12,2),(31,12,3),(31,13,1),(31,13,2),(31,13,3),(32,1,1),(32,1,2),(32,1,3),(32,3,1),(32,3,2),(32,3,3),(32,4,1),(32,4,2),(32,4,3),(32,5,1),(32,5,2),(32,5,3),(32,6,1),(32,6,2),(32,6,3),(32,7,1),(32,7,2),(32,7,3),(32,8,1),(32,8,2),(32,8,3),(32,9,1),(32,9,2),(32,9,3),(32,10,1),(32,10,2),(32,10,3),(32,11,1),(32,11,2),(32,11,3),(32,12,1),(32,12,2),(32,12,3),(32,13,1),(32,13,2),(32,13,3),(33,1,1),(33,1,2),(33,1,3),(33,3,1),(33,3,2),(33,3,3),(33,4,1),(33,4,2),(33,4,3),(33,5,1),(33,5,2),(33,5,3),(33,6,1),(33,6,2),(33,6,3),(33,7,1),(33,7,2),(33,7,3),(33,8,1),(33,8,2),(33,8,3),(33,9,1),(33,9,2),(33,9,3),(33,10,1),(33,10,2),(33,10,3),(33,11,1),(33,11,2),(33,11,3),(33,12,1),(33,12,2),(33,12,3),(33,13,1),(33,13,2),(33,13,3),(34,1,1),(34,1,2),(34,1,3),(34,3,1),(34,3,2),(34,3,3),(34,4,1),(34,4,2),(34,4,3),(34,5,1),(34,5,2),(34,5,3),(34,6,1),(34,6,2),(34,6,3),(34,7,1),(34,7,2),(34,7,3),(34,8,1),(34,8,2),(34,8,3),(34,9,1),(34,9,2),(34,9,3),(34,10,1),(34,10,2),(34,10,3),(34,11,1),(34,11,2),(34,11,3),(34,12,1),(34,12,2),(34,12,3),(34,13,1),(34,13,2),(34,13,3),(35,1,1),(35,1,2),(35,1,3),(35,3,1),(35,3,2),(35,3,3),(35,4,1),(35,4,2),(35,4,3),(35,5,1),(35,5,2),(35,5,3),(35,6,1),(35,6,2),(35,6,3),(35,7,1),(35,7,2),(35,7,3),(35,8,1),(35,8,2),(35,8,3),(35,9,1),(35,9,2),(35,9,3),(35,10,1),(35,10,2),(35,10,3),(35,11,1),(35,11,2),(35,11,3),(35,12,1),(35,12,2),(35,12,3),(35,13,1),(35,13,2),(35,13,3),(36,1,1),(36,1,2),(36,1,3),(36,3,1),(36,3,2),(36,3,3),(36,4,1),(36,4,2),(36,4,3),(36,5,1),(36,5,2),(36,5,3),(36,6,1),(36,6,2),(36,6,3),(36,7,1),(36,7,2),(36,7,3),(36,8,1),(36,8,2),(36,8,3),(36,9,1),(36,9,2),(36,9,3),(36,10,1),(36,10,2),(36,10,3),(36,11,1),(36,11,2),(36,11,3),(36,12,1),(36,12,2),(36,12,3),(36,13,1),(36,13,2),(36,13,3),(37,1,1),(37,1,2),(37,1,3),(37,3,1),(37,3,2),(37,3,3),(37,4,1),(37,4,2),(37,4,3),(37,5,1),(37,5,2),(37,5,3),(37,6,1),(37,6,2),(37,6,3),(37,7,1),(37,7,2),(37,7,3),(37,8,1),(37,8,2),(37,8,3),(37,9,1),(37,9,2),(37,9,3),(37,10,1),(37,10,2),(37,10,3),(37,11,1),(37,11,2),(37,11,3),(37,12,1),(37,12,2),(37,12,3),(37,13,1),(37,13,2),(37,13,3),(38,1,1),(38,1,2),(38,1,3),(38,3,1),(38,3,2),(38,3,3),(38,4,1),(38,4,2),(38,4,3),(38,5,1),(38,5,2),(38,5,3),(38,6,1),(38,6,2),(38,6,3),(38,7,1),(38,7,2),(38,7,3),(38,8,1),(38,8,2),(38,8,3),(38,9,1),(38,9,2),(38,9,3),(38,10,1),(38,10,2),(38,10,3),(38,11,1),(38,11,2),(38,11,3),(38,12,1),(38,12,2),(38,12,3),(38,13,1),(38,13,2),(38,13,3),(39,1,1),(39,1,2),(39,1,3),(39,3,1),(39,3,2),(39,3,3),(39,4,1),(39,4,2),(39,4,3),(39,5,1),(39,5,2),(39,5,3),(39,6,1),(39,6,2),(39,6,3),(39,7,1),(39,7,2),(39,7,3),(39,8,1),(39,8,2),(39,8,3),(39,9,1),(39,9,2),(39,9,3),(39,10,1),(39,10,2),(39,10,3),(39,11,1),(39,11,2),(39,11,3),(39,12,1),(39,12,2),(39,12,3),(39,13,1),(39,13,2),(39,13,3),(40,1,1),(40,1,2),(40,1,3),(40,3,1),(40,3,2),(40,3,3),(40,4,1),(40,4,2),(40,4,3),(40,5,1),(40,5,2),(40,5,3),(40,6,1),(40,6,2),(40,6,3),(40,7,1),(40,7,2),(40,7,3),(40,8,1),(40,8,2),(40,8,3),(40,9,1),(40,9,2),(40,9,3),(40,10,1),(40,10,2),(40,10,3),(40,11,1),(40,11,2),(40,11,3),(40,12,1),(40,12,2),(40,12,3),(40,13,1),(40,13,2),(40,13,3),(41,1,1),(41,1,2),(41,1,3),(41,3,1),(41,3,2),(41,3,3),(41,4,1),(41,4,2),(41,4,3),(41,5,1),(41,5,2),(41,5,3),(41,6,1),(41,6,2),(41,6,3),(41,7,1),(41,7,2),(41,7,3),(41,8,1),(41,8,2),(41,8,3),(41,9,1),(41,9,2),(41,9,3),(41,10,1),(41,10,2),(41,10,3),(41,11,1),(41,11,2),(41,11,3),(41,12,1),(41,12,2),(41,12,3),(41,13,1),(41,13,2),(41,13,3),(42,1,1),(42,1,2),(42,1,3),(42,3,1),(42,3,2),(42,3,3),(42,4,1),(42,4,2),(42,4,3),(42,5,1),(42,5,2),(42,5,3),(42,6,1),(42,6,2),(42,6,3),(42,7,1),(42,7,2),(42,7,3),(42,8,1),(42,8,2),(42,8,3),(42,9,1),(42,9,2),(42,9,3),(42,10,1),(42,10,2),(42,10,3),(42,11,1),(42,11,2),(42,11,3),(42,12,1),(42,12,2),(42,12,3),(42,13,1),(42,13,2),(42,13,3),(43,1,1),(43,1,2),(43,1,3),(43,3,1),(43,3,2),(43,3,3),(43,4,1),(43,4,2),(43,4,3),(43,5,1),(43,5,2),(43,5,3),(43,6,1),(43,6,2),(43,6,3),(43,7,1),(43,7,2),(43,7,3),(43,8,1),(43,8,2),(43,8,3),(43,9,1),(43,9,2),(43,9,3),(43,10,1),(43,10,2),(43,10,3),(43,11,1),(43,11,2),(43,11,3),(43,12,1),(43,12,2),(43,12,3),(43,13,1),(43,13,2),(43,13,3),(44,1,1),(44,1,2),(44,1,3),(44,3,1),(44,3,2),(44,3,3),(44,4,1),(44,4,2),(44,4,3),(44,5,1),(44,5,2),(44,5,3),(44,6,1),(44,6,2),(44,6,3),(44,7,1),(44,7,2),(44,7,3),(44,8,1),(44,8,2),(44,8,3),(44,9,1),(44,9,2),(44,9,3),(44,10,1),(44,10,2),(44,10,3),(44,11,1),(44,11,2),(44,11,3),(44,12,1),(44,12,2),(44,12,3),(44,13,1),(44,13,2),(44,13,3),(45,1,1),(45,1,2),(45,1,3),(45,3,1),(45,3,2),(45,3,3),(45,4,1),(45,4,2),(45,4,3),(45,5,1),(45,5,2),(45,5,3),(45,6,1),(45,6,2),(45,6,3),(45,7,1),(45,7,2),(45,7,3),(45,8,1),(45,8,2),(45,8,3),(45,9,1),(45,9,2),(45,9,3),(45,10,1),(45,10,2),(45,10,3),(45,11,1),(45,11,2),(45,11,3),(45,12,1),(45,12,2),(45,12,3),(45,13,1),(45,13,2),(45,13,3),(46,1,1),(46,1,2),(46,1,3),(46,3,1),(46,3,2),(46,3,3),(46,4,1),(46,4,2),(46,4,3),(46,5,1),(46,5,2),(46,5,3),(46,6,1),(46,6,2),(46,6,3),(46,7,1),(46,7,2),(46,7,3),(46,8,1),(46,8,2),(46,8,3),(46,9,1),(46,9,2),(46,9,3),(46,10,1),(46,10,2),(46,10,3),(46,11,1),(46,11,2),(46,11,3),(46,12,1),(46,12,2),(46,12,3),(46,13,1),(46,13,2),(46,13,3),(47,1,1),(47,1,2),(47,1,3),(47,3,1),(47,3,2),(47,3,3),(47,4,1),(47,4,2),(47,4,3),(47,5,1),(47,5,2),(47,5,3),(47,6,1),(47,6,2),(47,6,3),(47,7,1),(47,7,2),(47,7,3),(47,8,1),(47,8,2),(47,8,3),(47,9,1),(47,9,2),(47,9,3),(47,10,1),(47,10,2),(47,10,3),(47,11,1),(47,11,2),(47,11,3),(47,12,1),(47,12,2),(47,12,3),(47,13,1),(47,13,2),(47,13,3),(48,1,1),(48,1,2),(48,1,3),(48,3,1),(48,3,2),(48,3,3),(48,4,1),(48,4,2),(48,4,3),(48,5,1),(48,5,2),(48,5,3),(48,6,1),(48,6,2),(48,6,3),(48,7,1),(48,7,2),(48,7,3),(48,8,1),(48,8,2),(48,8,3),(48,9,1),(48,9,2),(48,9,3),(48,10,1),(48,10,2),(48,10,3),(48,11,1),(48,11,2),(48,11,3),(48,12,1),(48,12,2),(48,12,3),(48,13,1),(48,13,2),(48,13,3),(49,1,1),(49,1,2),(49,1,3),(49,3,1),(49,3,2),(49,3,3),(49,4,1),(49,4,2),(49,4,3),(49,5,1),(49,5,2),(49,5,3),(49,6,1),(49,6,2),(49,6,3),(49,7,1),(49,7,2),(49,7,3),(49,8,1),(49,8,2),(49,8,3),(49,9,1),(49,9,2),(49,9,3),(49,10,1),(49,10,2),(49,10,3),(49,11,1),(49,11,2),(49,11,3),(49,12,1),(49,12,2),(49,12,3),(49,13,1),(49,13,2),(49,13,3),(50,1,1),(50,1,2),(50,1,3),(50,3,1),(50,3,2),(50,3,3),(50,4,1),(50,4,2),(50,4,3),(50,5,1),(50,5,2),(50,5,3),(50,6,1),(50,6,2),(50,6,3),(50,7,1),(50,7,2),(50,7,3),(50,8,1),(50,8,2),(50,8,3),(50,9,1),(50,9,2),(50,9,3),(50,10,1),(50,10,2),(50,10,3),(50,11,1),(50,11,2),(50,11,3),(50,12,1),(50,12,2),(50,12,3),(50,13,1),(50,13,2),(50,13,3),(51,1,1),(51,1,2),(51,1,3),(51,3,1),(51,3,2),(51,3,3),(51,4,1),(51,4,2),(51,4,3),(51,5,1),(51,5,2),(51,5,3),(51,6,1),(51,6,2),(51,6,3),(51,7,1),(51,7,2),(51,7,3),(51,8,1),(51,8,2),(51,8,3),(51,9,1),(51,9,2),(51,9,3),(51,10,1),(51,10,2),(51,10,3),(51,11,1),(51,11,2),(51,11,3),(51,12,1),(51,12,2),(51,12,3),(51,13,1),(51,13,2),(51,13,3),(52,1,1),(52,1,2),(52,1,3),(52,3,1),(52,3,2),(52,3,3),(52,4,1),(52,4,2),(52,4,3),(52,5,1),(52,5,2),(52,5,3),(52,6,1),(52,6,2),(52,6,3),(52,7,1),(52,7,2),(52,7,3),(52,8,1),(52,8,2),(52,8,3),(52,9,1),(52,9,2),(52,9,3),(52,10,1),(52,10,2),(52,10,3),(52,11,1),(52,11,2),(52,11,3),(52,12,1),(52,12,2),(52,12,3),(52,13,1),(52,13,2),(52,13,3),(53,1,1),(53,1,2),(53,1,3),(53,3,1),(53,3,2),(53,3,3),(53,4,1),(53,4,2),(53,4,3),(53,5,1),(53,5,2),(53,5,3),(53,6,1),(53,6,2),(53,6,3),(53,7,1),(53,7,2),(53,7,3),(53,8,1),(53,8,2),(53,8,3),(53,9,1),(53,9,2),(53,9,3),(53,10,1),(53,10,2),(53,10,3),(53,11,1),(53,11,2),(53,11,3),(53,12,1),(53,12,2),(53,12,3),(53,13,1),(53,13,2),(53,13,3),(54,1,1),(54,1,2),(54,1,3),(54,3,1),(54,3,2),(54,3,3),(54,4,1),(54,4,2),(54,4,3),(54,5,1),(54,5,2),(54,5,3),(54,6,1),(54,6,2),(54,6,3),(54,7,1),(54,7,2),(54,7,3),(54,8,1),(54,8,2),(54,8,3),(54,9,1),(54,9,2),(54,9,3),(54,10,1),(54,10,2),(54,10,3),(54,11,1),(54,11,2),(54,11,3),(54,12,1),(54,12,2),(54,12,3),(54,13,1),(54,13,2),(54,13,3),(55,1,1),(55,1,2),(55,1,3),(55,3,1),(55,3,2),(55,3,3),(55,4,1),(55,4,2),(55,4,3),(55,5,1),(55,5,2),(55,5,3),(55,6,1),(55,6,2),(55,6,3),(55,7,1),(55,7,2),(55,7,3),(55,8,1),(55,8,2),(55,8,3),(55,9,1),(55,9,2),(55,9,3),(55,10,1),(55,10,2),(55,10,3),(55,11,1),(55,11,2),(55,11,3),(55,12,1),(55,12,2),(55,12,3),(55,13,1),(55,13,2),(55,13,3),(56,1,1),(56,1,2),(56,1,3),(56,3,1),(56,3,2),(56,3,3),(56,4,1),(56,4,2),(56,4,3),(56,5,1),(56,5,2),(56,5,3),(56,6,1),(56,6,2),(56,6,3),(56,7,1),(56,7,2),(56,7,3),(56,8,1),(56,8,2),(56,8,3),(56,9,1),(56,9,2),(56,9,3),(56,10,1),(56,10,2),(56,10,3),(56,11,1),(56,11,2),(56,11,3),(56,12,1),(56,12,2),(56,12,3),(56,13,1),(56,13,2),(56,13,3),(57,1,1),(57,1,2),(57,1,3),(57,3,1),(57,3,2),(57,3,3),(57,4,1),(57,4,2),(57,4,3),(57,5,1),(57,5,2),(57,5,3),(57,6,1),(57,6,2),(57,6,3),(57,7,1),(57,7,2),(57,7,3),(57,8,1),(57,8,2),(57,8,3),(57,9,1),(57,9,2),(57,9,3),(57,10,1),(57,10,2),(57,10,3),(57,11,1),(57,11,2),(57,11,3),(57,12,1),(57,12,2),(57,12,3),(57,13,1),(57,13,2),(57,13,3),(58,1,1),(58,1,2),(58,1,3),(58,3,1),(58,3,2),(58,3,3),(58,4,1),(58,4,2),(58,4,3),(58,5,1),(58,5,2),(58,5,3),(58,6,1),(58,6,2),(58,6,3),(58,7,1),(58,7,2),(58,7,3),(58,8,1),(58,8,2),(58,8,3),(58,9,1),(58,9,2),(58,9,3),(58,10,1),(58,10,2),(58,10,3),(58,11,1),(58,11,2),(58,11,3),(58,12,1),(58,12,2),(58,12,3),(58,13,1),(58,13,2),(58,13,3),(59,1,1),(59,1,2),(59,1,3),(59,3,1),(59,3,2),(59,3,3),(59,4,1),(59,4,2),(59,4,3),(59,5,1),(59,5,2),(59,5,3),(59,6,1),(59,6,2),(59,6,3),(59,7,1),(59,7,2),(59,7,3),(59,8,1),(59,8,2),(59,8,3),(59,9,1),(59,9,2),(59,9,3),(59,10,1),(59,10,2),(59,10,3),(59,11,1),(59,11,2),(59,11,3),(59,12,1),(59,12,2),(59,12,3),(59,13,1),(59,13,2),(59,13,3),(60,1,1),(60,1,2),(60,1,3),(60,3,1),(60,3,2),(60,3,3),(60,4,1),(60,4,2),(60,4,3),(60,5,1),(60,5,2),(60,5,3),(60,6,1),(60,6,2),(60,6,3),(60,7,1),(60,7,2),(60,7,3),(60,8,1),(60,8,2),(60,8,3),(60,9,1),(60,9,2),(60,9,3),(60,10,1),(60,10,2),(60,10,3),(60,11,1),(60,11,2),(60,11,3),(60,12,1),(60,12,2),(60,12,3),(60,13,1),(60,13,2),(60,13,3),(61,1,1),(61,1,2),(61,1,3),(61,3,1),(61,3,2),(61,3,3),(61,4,1),(61,4,2),(61,4,3),(61,5,1),(61,5,2),(61,5,3),(61,6,1),(61,6,2),(61,6,3),(61,7,1),(61,7,2),(61,7,3),(61,8,1),(61,8,2),(61,8,3),(61,9,1),(61,9,2),(61,9,3),(61,10,1),(61,10,2),(61,10,3),(61,11,1),(61,11,2),(61,11,3),(61,12,1),(61,12,2),(61,12,3),(61,13,1),(61,13,2),(61,13,3),(62,1,1),(62,1,2),(62,1,3),(62,3,1),(62,3,2),(62,3,3),(62,4,1),(62,4,2),(62,4,3),(62,5,1),(62,5,2),(62,5,3),(62,6,1),(62,6,2),(62,6,3),(62,7,1),(62,7,2),(62,7,3),(62,8,1),(62,8,2),(62,8,3),(62,9,1),(62,9,2),(62,9,3),(62,10,1),(62,10,2),(62,10,3),(62,11,1),(62,11,2),(62,11,3),(62,12,1),(62,12,2),(62,12,3),(62,13,1),(62,13,2),(62,13,3),(63,1,1),(63,1,2),(63,1,3),(63,3,1),(63,3,2),(63,3,3),(63,4,1),(63,4,2),(63,4,3),(63,5,1),(63,5,2),(63,5,3),(63,6,1),(63,6,2),(63,6,3),(63,7,1),(63,7,2),(63,7,3),(63,8,1),(63,8,2),(63,8,3),(63,9,1),(63,9,2),(63,9,3),(63,10,1),(63,10,2),(63,10,3),(63,11,1),(63,11,2),(63,11,3),(63,12,1),(63,12,2),(63,12,3),(63,13,1),(63,13,2),(63,13,3),(64,1,1),(64,1,2),(64,1,3),(64,3,1),(64,3,2),(64,3,3),(64,4,1),(64,4,2),(64,4,3),(64,5,1),(64,5,2),(64,5,3),(64,6,1),(64,6,2),(64,6,3),(64,7,1),(64,7,2),(64,7,3),(64,8,1),(64,8,2),(64,8,3),(64,9,1),(64,9,2),(64,9,3),(64,10,1),(64,10,2),(64,10,3),(64,11,1),(64,11,2),(64,11,3),(64,12,1),(64,12,2),(64,12,3),(64,13,1),(64,13,2),(64,13,3),(65,1,1),(65,1,2),(65,1,3),(65,3,1),(65,3,2),(65,3,3),(65,4,1),(65,4,2),(65,4,3),(65,5,1),(65,5,2),(65,5,3),(65,6,1),(65,6,2),(65,6,3),(65,7,1),(65,7,2),(65,7,3),(65,8,1),(65,8,2),(65,8,3),(65,9,1),(65,9,2),(65,9,3),(65,10,1),(65,10,2),(65,10,3),(65,11,1),(65,11,2),(65,11,3),(65,12,1),(65,12,2),(65,12,3),(65,13,1),(65,13,2),(65,13,3),(66,1,1),(66,1,2),(66,1,3),(66,3,1),(66,3,2),(66,3,3),(66,4,1),(66,4,2),(66,4,3),(66,5,1),(66,5,2),(66,5,3),(66,6,1),(66,6,2),(66,6,3),(66,7,1),(66,7,2),(66,7,3),(66,8,1),(66,8,2),(66,8,3),(66,9,1),(66,9,2),(66,9,3),(66,10,1),(66,10,2),(66,10,3),(66,11,1),(66,11,2),(66,11,3),(66,12,1),(66,12,2),(66,12,3),(66,13,1),(66,13,2),(66,13,3),(67,1,1),(67,1,2),(67,1,3),(67,3,1),(67,3,2),(67,3,3),(67,4,1),(67,4,2),(67,4,3),(67,5,1),(67,5,2),(67,5,3),(67,6,1),(67,6,2),(67,6,3),(67,7,1),(67,7,2),(67,7,3),(67,8,1),(67,8,2),(67,8,3),(67,9,1),(67,9,2),(67,9,3),(67,10,1),(67,10,2),(67,10,3),(67,11,1),(67,11,2),(67,11,3),(67,12,1),(67,12,2),(67,12,3),(67,13,1),(67,13,2),(67,13,3),(68,1,1),(68,1,2),(68,1,3),(68,3,1),(68,3,2),(68,3,3),(68,4,1),(68,4,2),(68,4,3),(68,5,1),(68,5,2),(68,5,3),(68,6,1),(68,6,2),(68,6,3),(68,7,1),(68,7,2),(68,7,3),(68,8,1),(68,8,2),(68,8,3),(68,9,1),(68,9,2),(68,9,3),(68,10,1),(68,10,2),(68,10,3),(68,11,1),(68,11,2),(68,11,3),(68,12,1),(68,12,2),(68,12,3),(68,13,1),(68,13,2),(68,13,3),(69,1,1),(69,1,2),(69,1,3),(69,3,1),(69,3,2),(69,3,3),(69,4,1),(69,4,2),(69,4,3),(69,5,1),(69,5,2),(69,5,3),(69,6,1),(69,6,2),(69,6,3),(69,7,1),(69,7,2),(69,7,3),(69,8,1),(69,8,2),(69,8,3),(69,9,1),(69,9,2),(69,9,3),(69,10,1),(69,10,2),(69,10,3),(69,11,1),(69,11,2),(69,11,3),(69,12,1),(69,12,2),(69,12,3),(69,13,1),(69,13,2),(69,13,3),(70,1,1),(70,1,2),(70,1,3),(70,3,1),(70,3,2),(70,3,3),(70,4,1),(70,4,2),(70,4,3),(70,5,1),(70,5,2),(70,5,3),(70,6,1),(70,6,2),(70,6,3),(70,7,1),(70,7,2),(70,7,3),(70,8,1),(70,8,2),(70,8,3),(70,9,1),(70,9,2),(70,9,3),(70,10,1),(70,10,2),(70,10,3),(70,11,1),(70,11,2),(70,11,3),(70,12,1),(70,12,2),(70,12,3),(70,13,1),(70,13,2),(70,13,3),(72,1,1),(72,1,2),(72,1,3),(72,3,1),(72,3,2),(72,3,3),(72,4,1),(72,4,2),(72,4,3),(72,5,1),(72,5,2),(72,5,3),(72,6,1),(72,6,2),(72,6,3),(72,7,1),(72,7,2),(72,7,3),(72,8,1),(72,8,2),(72,8,3),(72,9,1),(72,9,2),(72,9,3),(72,10,1),(72,10,2),(72,10,3),(72,11,1),(72,11,2),(72,11,3),(72,12,1),(72,12,2),(72,12,3),(72,13,1),(72,13,2),(72,13,3),(73,1,1),(73,1,2),(73,1,3),(73,3,1),(73,3,2),(73,3,3),(73,4,1),(73,4,2),(73,4,3),(73,5,1),(73,5,2),(73,5,3),(73,6,1),(73,6,2),(73,6,3),(73,7,1),(73,7,2),(73,7,3),(73,8,1),(73,8,2),(73,8,3),(73,9,1),(73,9,2),(73,9,3),(73,10,1),(73,10,2),(73,10,3),(73,11,1),(73,11,2),(73,11,3),(73,12,1),(73,12,2),(73,12,3),(73,13,1),(73,13,2),(73,13,3),(74,1,1),(74,1,2),(74,1,3),(74,3,1),(74,3,2),(74,3,3),(74,4,1),(74,4,2),(74,4,3),(74,5,1),(74,5,2),(74,5,3),(74,6,1),(74,6,2),(74,6,3),(74,7,1),(74,7,2),(74,7,3),(74,8,1),(74,8,2),(74,8,3),(74,9,1),(74,9,2),(74,9,3),(74,10,1),(74,10,2),(74,10,3),(74,11,1),(74,11,2),(74,11,3),(74,12,1),(74,12,2),(74,12,3),(74,13,1),(74,13,2),(74,13,3),(77,1,1),(77,1,2),(77,1,3),(77,3,1),(77,3,2),(77,3,3),(77,4,1),(77,4,2),(77,4,3),(77,5,1),(77,5,2),(77,5,3),(77,6,1),(77,6,2),(77,6,3),(77,7,1),(77,7,2),(77,7,3),(77,8,1),(77,8,2),(77,8,3),(77,9,1),(77,9,2),(77,9,3),(77,10,1),(77,10,2),(77,10,3),(77,11,1),(77,11,2),(77,11,3),(77,12,1),(77,12,2),(77,12,3),(77,13,1),(77,13,2),(77,13,3),(78,1,1),(78,1,2),(78,1,3),(78,3,1),(78,3,2),(78,3,3),(78,4,1),(78,4,2),(78,4,3),(78,5,1),(78,5,2),(78,5,3),(78,6,1),(78,6,2),(78,6,3),(78,7,1),(78,7,2),(78,7,3),(78,8,1),(78,8,2),(78,8,3),(78,9,1),(78,9,2),(78,9,3),(78,10,1),(78,10,2),(78,10,3),(78,11,1),(78,11,2),(78,11,3),(78,12,1),(78,12,2),(78,12,3),(78,13,1),(78,13,2),(78,13,3),(79,1,1),(79,1,2),(79,1,3),(79,3,1),(79,3,2),(79,3,3),(79,4,1),(79,4,2),(79,4,3),(79,5,1),(79,5,2),(79,5,3),(79,6,1),(79,6,2),(79,6,3),(79,7,1),(79,7,2),(79,7,3),(79,8,1),(79,8,2),(79,8,3),(79,9,1),(79,9,2),(79,9,3),(79,10,1),(79,10,2),(79,10,3),(79,11,1),(79,11,2),(79,11,3),(79,12,1),(79,12,2),(79,12,3),(79,13,1),(79,13,2),(79,13,3);

--
-- Table structure for table `ps_module_history`
--

CREATE TABLE `ps_module_history` (
  `id` int(11) NOT NULL AUTO_INCREMENT,
  `id_employee` int(11) NOT NULL,
  `id_module` int(11) NOT NULL,
  `date_add` datetime NOT NULL,
  `date_upd` datetime NOT NULL,
  PRIMARY KEY (`id`)
) ENGINE=InnoDB AUTO_INCREMENT=24 DEFAULT CHARSET=utf8 COLLATE=utf8_unicode_ci;

--
-- Dumping data for table `ps_module_history`
--

INSERT INTO `ps_module_history` VALUES (1,1,22,'2018-05-11 15:10:43','2018-09-27 09:27:34'),(2,1,70,'2018-05-14 18:33:47','2018-05-14 18:33:47'),(3,1,71,'2018-05-15 11:19:05','2018-05-15 13:40:40'),(4,1,72,'2018-05-15 11:23:59','2018-07-10 17:16:08'),(5,1,59,'2018-05-15 11:43:47','2018-07-30 10:17:59'),(6,1,73,'2018-05-15 11:55:32','2018-08-14 15:09:29'),(7,1,66,'2018-05-15 13:42:15','2018-06-26 17:25:34'),(8,1,21,'2018-05-15 13:43:17','2018-07-05 10:22:15'),(9,1,57,'2018-05-18 09:44:06','2018-07-05 11:05:47'),(10,1,74,'2018-05-18 10:31:46','2018-07-05 17:44:40'),(11,1,68,'2018-05-18 11:34:48','2018-05-18 11:34:48'),(12,1,76,'2018-05-18 13:05:06','2018-05-18 13:05:06'),(13,1,16,'2018-05-18 13:12:19','2018-07-16 09:15:28'),(14,1,77,'2018-05-18 13:26:05','2018-05-18 13:43:48'),(15,1,78,'2018-06-05 17:01:35','2018-07-05 17:44:31'),(16,1,17,'2018-06-12 17:57:33','2018-07-16 18:02:02'),(17,1,60,'2018-06-14 12:43:40','2018-07-05 09:14:53'),(18,1,58,'2018-06-14 15:13:18','2018-06-14 15:13:18'),(19,1,53,'2018-06-26 13:50:54','2018-06-26 13:50:54'),(20,1,65,'2018-06-26 17:25:40','2018-06-26 18:19:57'),(21,1,67,'2018-06-26 17:25:44','2018-06-26 17:25:44'),(22,1,56,'2018-07-05 10:38:17','2018-07-05 10:38:17'),(23,1,79,'2018-07-17 11:09:17','2018-07-17 11:09:17');

--
-- Table structure for table `ps_module_preference`
--

CREATE TABLE `ps_module_preference` (
  `id_module_preference` int(11) NOT NULL AUTO_INCREMENT,
  `id_employee` int(11) NOT NULL,
  `module` varchar(255) NOT NULL,
  `interest` tinyint(1) DEFAULT NULL,
  `favorite` tinyint(1) DEFAULT NULL,
  PRIMARY KEY (`id_module_preference`),
  UNIQUE KEY `employee_module` (`id_employee`,`module`)
) ENGINE=InnoDB DEFAULT CHARSET=utf8;

--
-- Dumping data for table `ps_module_preference`
--


--
-- Table structure for table `ps_module_shop`
--

CREATE TABLE `ps_module_shop` (
  `id_module` int(11) unsigned NOT NULL,
  `id_shop` int(11) unsigned NOT NULL,
  `enable_device` tinyint(1) NOT NULL DEFAULT '7',
  PRIMARY KEY (`id_module`,`id_shop`),
  KEY `id_shop` (`id_shop`)
) ENGINE=InnoDB DEFAULT CHARSET=utf8;

--
-- Dumping data for table `ps_module_shop`
--

INSERT INTO `ps_module_shop` VALUES (1,1,7),(1,3,7),(1,4,7),(1,5,7),(1,6,7),(1,7,7),(1,8,7),(1,9,7),(1,10,7),(1,11,7),(1,12,7),(1,13,7),(2,1,7),(2,3,7),(2,4,7),(2,5,7),(2,6,7),(2,7,7),(2,8,7),(2,9,7),(2,10,7),(2,11,7),(2,12,7),(2,13,7),(3,1,7),(3,3,7),(3,4,7),(3,5,7),(3,6,7),(3,7,7),(3,8,7),(3,9,7),(3,10,7),(3,11,7),(3,12,7),(3,13,7),(4,1,7),(4,3,7),(4,4,7),(4,5,7),(4,6,7),(4,7,7),(4,8,7),(4,9,7),(4,10,7),(4,11,7),(4,12,7),(4,13,7),(5,1,7),(5,3,7),(5,4,7),(5,5,7),(5,6,7),(5,7,7),(5,8,7),(5,9,7),(5,10,7),(5,11,7),(5,12,7),(5,13,7),(6,1,7),(6,3,7),(6,4,7),(6,5,7),(6,6,7),(6,7,7),(6,8,7),(6,9,7),(6,10,7),(6,11,7),(6,12,7),(6,13,7),(7,1,7),(7,3,7),(7,4,7),(7,5,7),(7,6,7),(7,7,7),(7,8,7),(7,9,7),(7,10,7),(7,11,7),(7,12,7),(7,13,7),(9,1,7),(9,3,7),(9,4,7),(9,5,7),(9,6,7),(9,7,7),(9,8,7),(9,9,7),(9,10,7),(9,11,7),(9,12,7),(9,13,7),(10,1,7),(10,3,7),(10,4,7),(10,5,7),(10,6,7),(10,7,7),(10,8,7),(10,9,7),(10,10,7),(10,11,7),(10,12,7),(10,13,7),(11,1,7),(11,3,7),(11,4,7),(11,5,7),(11,6,7),(11,7,7),(11,8,7),(11,9,7),(11,10,7),(11,11,7),(11,12,7),(11,13,7),(12,1,7),(12,3,7),(12,4,7),(12,5,7),(12,6,7),(12,7,7),(12,8,7),(12,9,7),(12,10,7),(12,11,7),(12,12,7),(12,13,7),(13,1,7),(13,3,7),(13,4,7),(13,5,7),(13,6,7),(13,7,7),(13,8,7),(13,9,7),(13,10,7),(13,11,7),(13,12,7),(13,13,7),(14,1,7),(14,3,7),(14,4,7),(14,5,7),(14,6,7),(14,7,7),(14,8,7),(14,9,7),(14,10,7),(14,11,7),(14,12,7),(14,13,7),(16,1,7),(16,3,7),(16,4,7),(16,5,7),(16,6,7),(16,7,7),(16,8,7),(16,9,7),(16,10,7),(16,11,7),(16,12,7),(16,13,7),(17,1,7),(17,3,7),(17,4,7),(17,5,7),(17,6,7),(17,7,7),(17,8,7),(17,9,7),(17,10,7),(17,11,7),(17,12,7),(17,13,7),(20,1,7),(20,3,7),(20,4,7),(20,5,7),(20,6,7),(20,7,7),(20,8,7),(20,9,7),(20,10,7),(20,11,7),(20,12,7),(20,13,7),(21,1,7),(21,3,7),(21,4,7),(21,5,7),(21,6,7),(21,7,7),(21,8,7),(21,9,7),(21,10,7),(21,11,7),(21,12,7),(21,13,7),(22,1,7),(22,3,7),(22,4,7),(22,5,7),(22,6,7),(22,7,7),(22,8,7),(22,9,7),(22,10,7),(22,11,7),(22,12,7),(22,13,7),(23,1,7),(23,3,7),(23,4,7),(23,5,7),(23,6,7),(23,7,7),(23,8,7),(23,9,7),(23,10,7),(23,11,7),(23,12,7),(23,13,7),(24,1,7),(24,3,7),(24,4,7),(24,5,7),(24,6,7),(24,7,7),(24,8,7),(24,9,7),(24,10,7),(24,11,7),(24,12,7),(24,13,7),(25,1,7),(25,3,7),(25,4,7),(25,5,7),(25,6,7),(25,7,7),(25,8,7),(25,9,7),(25,10,7),(25,11,7),(25,12,7),(25,13,7),(26,1,7),(26,3,7),(26,4,7),(26,5,7),(26,6,7),(26,7,7),(26,8,7),(26,9,7),(26,10,7),(26,11,7),(26,12,7),(26,13,7),(27,1,7),(27,3,7),(27,4,7),(27,5,7),(27,6,7),(27,7,7),(27,8,7),(27,9,7),(27,10,7),(27,11,7),(27,12,7),(27,13,7),(28,1,7),(28,3,7),(28,4,7),(28,5,7),(28,6,7),(28,7,7),(28,8,7),(28,9,7),(28,10,7),(28,11,7),(28,12,7),(28,13,7),(29,1,7),(29,3,7),(29,4,7),(29,5,7),(29,6,7),(29,7,7),(29,8,7),(29,9,7),(29,10,7),(29,11,7),(29,12,7),(29,13,7),(30,1,7),(30,3,7),(30,4,7),(30,5,7),(30,6,7),(30,7,7),(30,8,7),(30,9,7),(30,10,7),(30,11,7),(30,12,7),(30,13,7),(31,1,7),(31,3,7),(31,4,7),(31,5,7),(31,6,7),(31,7,7),(31,8,7),(31,9,7),(31,10,7),(31,11,7),(31,12,7),(31,13,7),(32,1,7),(32,3,7),(32,4,7),(32,5,7),(32,6,7),(32,7,7),(32,8,7),(32,9,7),(32,10,7),(32,11,7),(32,12,7),(32,13,7),(33,1,7),(33,3,7),(33,4,7),(33,5,7),(33,6,7),(33,7,7),(33,8,7),(33,9,7),(33,10,7),(33,11,7),(33,12,7),(33,13,7),(34,1,7),(34,3,7),(34,4,7),(34,5,7),(34,6,7),(34,7,7),(34,8,7),(34,9,7),(34,10,7),(34,11,7),(34,12,7),(34,13,7),(35,1,7),(35,3,7),(35,4,7),(35,5,7),(35,6,7),(35,7,7),(35,8,7),(35,9,7),(35,10,7),(35,11,7),(35,12,7),(35,13,7),(36,1,7),(36,3,7),(36,4,7),(36,5,7),(36,6,7),(36,7,7),(36,8,7),(36,9,7),(36,10,7),(36,11,7),(36,12,7),(36,13,7),(37,1,7),(37,3,7),(37,4,7),(37,5,7),(37,6,7),(37,7,7),(37,8,7),(37,9,7),(37,10,7),(37,11,7),(37,12,7),(37,13,7),(38,1,7),(38,3,7),(38,4,7),(38,5,7),(38,6,7),(38,7,7),(38,8,7),(38,9,7),(38,10,7),(38,11,7),(38,12,7),(38,13,7),(39,1,7),(39,3,7),(39,4,7),(39,5,7),(39,6,7),(39,7,7),(39,8,7),(39,9,7),(39,10,7),(39,11,7),(39,12,7),(39,13,7),(40,1,7),(40,3,7),(40,4,7),(40,5,7),(40,6,7),(40,7,7),(40,8,7),(40,9,7),(40,10,7),(40,11,7),(40,12,7),(40,13,7),(41,1,7),(41,3,7),(41,4,7),(41,5,7),(41,6,7),(41,7,7),(41,8,7),(41,9,7),(41,10,7),(41,11,7),(41,12,7),(41,13,7),(42,1,7),(42,3,7),(42,4,7),(42,5,7),(42,6,7),(42,7,7),(42,8,7),(42,9,7),(42,10,7),(42,11,7),(42,12,7),(42,13,7),(43,1,7),(43,3,7),(43,4,7),(43,5,7),(43,6,7),(43,7,7),(43,8,7),(43,9,7),(43,10,7),(43,11,7),(43,12,7),(43,13,7),(44,1,7),(44,3,7),(44,4,7),(44,5,7),(44,6,7),(44,7,7),(44,8,7),(44,9,7),(44,10,7),(44,11,7),(44,12,7),(44,13,7),(45,1,7),(45,3,7),(45,4,7),(45,5,7),(45,6,7),(45,7,7),(45,8,7),(45,9,7),(45,10,7),(45,11,7),(45,12,7),(45,13,7),(46,1,7),(46,3,7),(46,4,7),(46,5,7),(46,6,7),(46,7,7),(46,8,7),(46,9,7),(46,10,7),(46,11,7),(46,12,7),(46,13,7),(47,1,7),(47,3,7),(47,4,7),(47,5,7),(47,6,7),(47,7,7),(47,8,7),(47,9,7),(47,10,7),(47,11,7),(47,12,7),(47,13,7),(48,1,7),(48,3,7),(48,4,7),(48,5,7),(48,6,7),(48,7,7),(48,8,7),(48,9,7),(48,10,7),(48,11,7),(48,12,7),(48,13,7),(49,1,7),(49,3,7),(49,4,7),(49,5,7),(49,6,7),(49,7,7),(49,8,7),(49,9,7),(49,10,7),(49,11,7),(49,12,7),(49,13,7),(50,1,7),(50,3,7),(50,4,7),(50,5,7),(50,6,7),(50,7,7),(50,8,7),(50,9,7),(50,10,7),(50,11,7),(50,12,7),(50,13,7),(51,1,7),(51,3,7),(51,4,7),(51,5,7),(51,6,7),(51,7,7),(51,8,7),(51,9,7),(51,10,7),(51,11,7),(51,12,7),(51,13,7),(52,1,7),(52,3,7),(52,4,7),(52,5,7),(52,6,7),(52,7,7),(52,8,7),(52,9,7),(52,10,7),(52,11,7),(52,12,7),(52,13,7),(53,1,7),(53,3,7),(53,4,7),(53,5,7),(53,6,7),(53,7,7),(53,8,7),(53,9,7),(53,10,7),(53,11,7),(53,12,7),(53,13,7),(54,1,7),(54,3,7),(54,4,7),(54,5,7),(54,6,7),(54,7,7),(54,8,7),(54,9,7),(54,10,7),(54,11,7),(54,12,7),(54,13,7),(55,1,7),(55,3,7),(55,4,7),(55,5,7),(55,6,7),(55,7,7),(55,8,7),(55,9,7),(55,10,7),(55,11,7),(55,12,7),(55,13,7),(56,1,7),(56,3,7),(56,4,7),(56,5,7),(56,6,7),(56,7,7),(56,8,7),(56,9,7),(56,10,7),(56,11,7),(56,12,7),(56,13,7),(57,1,7),(57,3,3),(57,4,3),(57,5,7),(57,6,3),(57,7,3),(57,8,7),(57,9,7),(57,10,3),(57,11,3),(57,12,3),(57,13,3),(59,1,7),(59,9,7),(60,1,7),(60,3,7),(60,4,7),(60,5,7),(60,6,7),(60,7,7),(60,8,7),(60,9,7),(60,10,7),(60,11,7),(60,12,7),(60,13,7),(61,1,7),(61,3,7),(61,4,7),(61,5,7),(61,6,7),(61,8,7),(61,9,7),(61,10,7),(61,11,7),(61,12,7),(62,1,7),(62,3,7),(62,4,7),(62,5,7),(62,6,7),(62,7,7),(62,8,7),(62,9,7),(62,10,7),(62,11,7),(62,12,7),(62,13,7),(63,1,7),(63,3,7),(63,4,7),(63,5,7),(63,6,7),(63,7,7),(63,8,7),(63,9,7),(63,10,7),(63,11,7),(63,12,7),(63,13,7),(64,1,7),(64,3,7),(64,4,7),(64,5,7),(64,6,7),(64,7,7),(64,8,7),(64,9,7),(64,10,7),(64,11,7),(64,12,7),(64,13,7),(65,1,7),(65,3,7),(65,4,7),(65,5,7),(65,6,7),(65,7,7),(65,8,7),(65,9,7),(65,10,7),(65,11,7),(65,12,7),(65,13,7),(66,1,7),(66,3,7),(66,4,7),(66,5,7),(66,6,7),(66,7,7),(66,8,7),(66,9,7),(66,10,7),(66,11,7),(66,12,7),(66,13,7),(67,1,7),(67,3,7),(67,4,7),(67,5,7),(67,6,7),(67,7,7),(67,8,7),(67,9,7),(67,10,7),(67,11,7),(67,12,7),(67,13,7),(68,1,7),(68,3,7),(68,4,7),(68,5,7),(68,6,7),(68,7,7),(68,8,7),(68,9,7),(68,10,7),(68,11,7),(68,12,7),(68,13,7),(69,1,7),(69,3,7),(69,4,7),(69,5,7),(69,6,7),(69,7,7),(69,8,7),(69,9,7),(69,10,7),(69,11,7),(69,12,7),(69,13,7),(70,7,7),(70,13,7),(72,1,7),(72,3,7),(72,4,7),(72,5,7),(72,6,7),(72,7,7),(72,8,7),(72,9,7),(72,10,7),(72,11,7),(72,12,7),(72,13,7),(73,1,7),(73,3,7),(73,4,7),(73,5,7),(73,6,7),(73,7,7),(73,8,7),(73,9,7),(73,10,7),(73,11,7),(73,12,7),(73,13,7),(74,1,7),(74,3,3),(74,4,3),(74,5,3),(74,6,3),(74,7,3),(74,8,3),(74,9,7),(74,10,3),(74,11,3),(74,12,3),(74,13,3),(78,1,7),(78,3,7),(78,4,7),(78,5,7),(78,6,7),(78,7,7),(78,8,7),(78,9,7),(78,10,7),(78,11,7),(78,12,7),(78,13,7);

--
-- Table structure for table `ps_operating_system`
--

CREATE TABLE `ps_operating_system` (
  `id_operating_system` int(10) unsigned NOT NULL AUTO_INCREMENT,
  `name` varchar(64) DEFAULT NULL,
  PRIMARY KEY (`id_operating_system`)
) ENGINE=InnoDB AUTO_INCREMENT=10 DEFAULT CHARSET=utf8;

--
-- Dumping data for table `ps_operating_system`
--

INSERT INTO `ps_operating_system` VALUES (1,'Windows XP'),(2,'Windows Vista'),(3,'Windows 7'),(4,'Windows 8'),(5,'Windows 8.1'),(6,'Windows 10'),(7,'MacOsX'),(8,'Linux'),(9,'Android');

--
-- Table structure for table `ps_order_carrier`
--

CREATE TABLE `ps_order_carrier` (
  `id_order_carrier` int(11) NOT NULL AUTO_INCREMENT,
  `id_order` int(11) unsigned NOT NULL,
  `id_carrier` int(11) unsigned NOT NULL,
  `id_order_invoice` int(11) unsigned DEFAULT NULL,
  `weight` decimal(20,6) DEFAULT NULL,
  `shipping_cost_tax_excl` decimal(20,6) DEFAULT NULL,
  `shipping_cost_tax_incl` decimal(20,6) DEFAULT NULL,
  `tracking_number` varchar(64) DEFAULT NULL,
  `date_add` datetime NOT NULL,
  PRIMARY KEY (`id_order_carrier`),
  KEY `id_order` (`id_order`),
  KEY `id_carrier` (`id_carrier`),
  KEY `id_order_invoice` (`id_order_invoice`)
) ENGINE=InnoDB AUTO_INCREMENT=6 DEFAULT CHARSET=utf8;

--
-- Dumping data for table `ps_order_carrier`
--

INSERT INTO `ps_order_carrier` VALUES (1,1,2,0,0.000000,2.000000,2.000000,'','2018-05-11 14:38:16'),(2,2,2,0,0.000000,2.000000,2.000000,'','2018-05-11 14:38:16'),(3,3,2,0,0.000000,2.000000,2.000000,'','2018-05-11 14:38:16'),(4,4,2,0,0.000000,2.000000,2.000000,'','2018-05-11 14:38:16'),(5,5,2,0,0.000000,2.000000,2.000000,'','2018-05-11 14:38:16');

--
-- Table structure for table `ps_order_cart_rule`
--

CREATE TABLE `ps_order_cart_rule` (
  `id_order_cart_rule` int(10) unsigned NOT NULL AUTO_INCREMENT,
  `id_order` int(10) unsigned NOT NULL,
  `id_cart_rule` int(10) unsigned NOT NULL,
  `id_order_invoice` int(10) unsigned DEFAULT '0',
  `name` varchar(254) NOT NULL,
  `value` decimal(17,2) NOT NULL DEFAULT '0.00',
  `value_tax_excl` decimal(17,2) NOT NULL DEFAULT '0.00',
  `free_shipping` tinyint(1) NOT NULL DEFAULT '0',
  PRIMARY KEY (`id_order_cart_rule`),
  KEY `id_order` (`id_order`),
  KEY `id_cart_rule` (`id_cart_rule`)
) ENGINE=InnoDB DEFAULT CHARSET=utf8;

--
-- Dumping data for table `ps_order_cart_rule`
--


--
-- Table structure for table `ps_order_detail`
--

CREATE TABLE `ps_order_detail` (
  `id_order_detail` int(10) unsigned NOT NULL AUTO_INCREMENT,
  `id_order` int(10) unsigned NOT NULL,
  `id_order_invoice` int(11) DEFAULT NULL,
  `id_warehouse` int(10) unsigned DEFAULT '0',
  `id_shop` int(11) unsigned NOT NULL,
  `product_id` int(10) unsigned NOT NULL,
  `product_attribute_id` int(10) unsigned DEFAULT NULL,
  `id_customization` int(10) unsigned DEFAULT '0',
  `product_name` varchar(255) NOT NULL,
  `product_quantity` int(10) unsigned NOT NULL DEFAULT '0',
  `product_quantity_in_stock` int(10) NOT NULL DEFAULT '0',
  `product_quantity_refunded` int(10) unsigned NOT NULL DEFAULT '0',
  `product_quantity_return` int(10) unsigned NOT NULL DEFAULT '0',
  `product_quantity_reinjected` int(10) unsigned NOT NULL DEFAULT '0',
  `product_price` decimal(20,6) NOT NULL DEFAULT '0.000000',
  `reduction_percent` decimal(10,2) NOT NULL DEFAULT '0.00',
  `reduction_amount` decimal(20,6) NOT NULL DEFAULT '0.000000',
  `reduction_amount_tax_incl` decimal(20,6) NOT NULL DEFAULT '0.000000',
  `reduction_amount_tax_excl` decimal(20,6) NOT NULL DEFAULT '0.000000',
  `group_reduction` decimal(10,2) NOT NULL DEFAULT '0.00',
  `product_quantity_discount` decimal(20,6) NOT NULL DEFAULT '0.000000',
  `product_ean13` varchar(13) DEFAULT NULL,
  `product_isbn` varchar(32) DEFAULT NULL,
  `product_upc` varchar(12) DEFAULT NULL,
  `product_reference` varchar(32) DEFAULT NULL,
  `product_supplier_reference` varchar(32) DEFAULT NULL,
  `product_weight` decimal(20,6) NOT NULL,
  `id_tax_rules_group` int(11) unsigned DEFAULT '0',
  `tax_computation_method` tinyint(1) unsigned NOT NULL DEFAULT '0',
  `tax_name` varchar(16) NOT NULL,
  `tax_rate` decimal(10,3) NOT NULL DEFAULT '0.000',
  `ecotax` decimal(21,6) NOT NULL DEFAULT '0.000000',
  `ecotax_tax_rate` decimal(5,3) NOT NULL DEFAULT '0.000',
  `discount_quantity_applied` tinyint(1) NOT NULL DEFAULT '0',
  `download_hash` varchar(255) DEFAULT NULL,
  `download_nb` int(10) unsigned DEFAULT '0',
  `download_deadline` datetime DEFAULT NULL,
  `total_price_tax_incl` decimal(20,6) NOT NULL DEFAULT '0.000000',
  `total_price_tax_excl` decimal(20,6) NOT NULL DEFAULT '0.000000',
  `unit_price_tax_incl` decimal(20,6) NOT NULL DEFAULT '0.000000',
  `unit_price_tax_excl` decimal(20,6) NOT NULL DEFAULT '0.000000',
  `total_shipping_price_tax_incl` decimal(20,6) NOT NULL DEFAULT '0.000000',
  `total_shipping_price_tax_excl` decimal(20,6) NOT NULL DEFAULT '0.000000',
  `purchase_supplier_price` decimal(20,6) NOT NULL DEFAULT '0.000000',
  `original_product_price` decimal(20,6) NOT NULL DEFAULT '0.000000',
  `original_wholesale_price` decimal(20,6) NOT NULL DEFAULT '0.000000',
  PRIMARY KEY (`id_order_detail`),
  KEY `order_detail_order` (`id_order`),
  KEY `product_id` (`product_id`),
  KEY `product_attribute_id` (`product_attribute_id`),
  KEY `id_tax_rules_group` (`id_tax_rules_group`),
  KEY `id_order_id_order_detail` (`id_order`,`id_order_detail`)
) ENGINE=InnoDB AUTO_INCREMENT=8 DEFAULT CHARSET=utf8;

--
-- Dumping data for table `ps_order_detail`
--

INSERT INTO `ps_order_detail` VALUES (1,1,0,0,1,1,1,0,'Hummingbird printed t-shirt - Color : White, Size : S',1,1,0,0,0,23.900000,0.00,0.000000,0.000000,0.000000,0.00,0.000000,'','','','demo_2','',0.000000,0,0,'',0.000,0.000000,0.000,0,'',0,'0000-00-00 00:00:00',27.000000,23.900000,23.900000,23.900000,0.000000,0.000000,0.000000,23.900000,0.000000),(2,1,0,0,1,2,9,0,'Hummingbird printed sweater - Color : White, Size : S',1,1,0,0,0,35.900000,0.00,0.000000,0.000000,0.000000,0.00,0.000000,'','','','demo_3','',0.000000,0,0,'',0.000,0.000000,0.000,0,'',0,'0000-00-00 00:00:00',35.900000,35.900000,35.900000,35.900000,0.000000,0.000000,0.000000,35.900000,0.000000),(3,2,0,0,1,4,16,0,'The adventure begins Framed poster - Size : 80x120cm',2,3,0,0,0,29.000000,0.00,0.000000,0.000000,0.000000,0.00,0.000000,'','','','demo_2','',0.000000,0,0,'',0.000,0.000000,0.000,0,'',0,'0000-00-00 00:00:00',58.000000,29.000000,29.000000,29.000000,0.000000,0.000000,0.000000,29.000000,0.000000),(4,2,0,0,1,8,0,0,'Mug Today is a good day',1,1,0,0,0,11.900000,0.00,0.000000,0.000000,0.000000,0.00,0.000000,'','','','demo_6','',0.000000,0,0,'',0.000,0.000000,0.000,0,'',0,'0000-00-00 00:00:00',11.900000,11.900000,11.900000,11.900000,0.000000,0.000000,0.000000,11.900000,0.000000),(5,3,0,0,1,16,28,0,'Mountain fox notebook Style : Ruled',1,1,0,0,0,12.900000,0.00,0.000000,0.000000,0.000000,0.00,0.000000,'','','','demo_1','',0.000000,0,0,'',0.000,0.000000,0.000,0,'',0,'0000-00-00 00:00:00',12.900000,12.900000,12.900000,12.900000,0.000000,0.000000,0.000000,12.900000,0.000000),(6,4,0,0,1,16,29,0,'Mountain fox notebook Style : Plain',1,1,0,0,0,12.900000,0.00,0.000000,0.000000,0.000000,0.00,0.000000,'','','','demo_1','',0.000000,0,0,'',0.000,0.000000,0.000,0,'',0,'0000-00-00 00:00:00',12.900000,12.900000,12.900000,12.900000,0.000000,0.000000,0.000000,12.900000,0.000000),(7,5,0,0,1,10,25,0,'Brown bear cushion Color : Black',1,1,0,0,0,18.900000,0.00,0.000000,0.000000,0.000000,0.00,0.000000,'','','','demo_1','',0.000000,0,0,'',0.000,0.000000,0.000,0,'',0,'0000-00-00 00:00:00',18.900000,18.900000,18.900000,18.900000,0.000000,0.000000,0.000000,18.900000,0.000000);

--
-- Table structure for table `ps_order_detail_tax`
--

CREATE TABLE `ps_order_detail_tax` (
  `id_order_detail` int(11) NOT NULL,
  `id_tax` int(11) NOT NULL,
  `unit_amount` decimal(16,6) NOT NULL DEFAULT '0.000000',
  `total_amount` decimal(16,6) NOT NULL DEFAULT '0.000000',
  KEY `id_order_detail` (`id_order_detail`),
  KEY `id_tax` (`id_tax`)
) ENGINE=InnoDB DEFAULT CHARSET=utf8;

--
-- Dumping data for table `ps_order_detail_tax`
--


--
-- Table structure for table `ps_order_history`
--

CREATE TABLE `ps_order_history` (
  `id_order_history` int(10) unsigned NOT NULL AUTO_INCREMENT,
  `id_employee` int(10) unsigned NOT NULL,
  `id_order` int(10) unsigned NOT NULL,
  `id_order_state` int(10) unsigned NOT NULL,
  `date_add` datetime NOT NULL,
  PRIMARY KEY (`id_order_history`),
  KEY `order_history_order` (`id_order`),
  KEY `id_employee` (`id_employee`),
  KEY `id_order_state` (`id_order_state`)
) ENGINE=InnoDB AUTO_INCREMENT=8 DEFAULT CHARSET=utf8;

--
-- Dumping data for table `ps_order_history`
--

INSERT INTO `ps_order_history` VALUES (1,0,1,1,'2018-05-11 14:38:16'),(2,0,2,1,'2018-05-11 14:38:16'),(3,0,3,1,'2018-05-11 14:38:16'),(4,0,4,1,'2018-05-11 14:38:16'),(5,0,5,10,'2018-05-11 14:38:16'),(6,1,1,6,'2018-05-11 14:38:16'),(7,1,3,8,'2018-05-11 14:38:16');

--
-- Table structure for table `ps_order_invoice`
--

CREATE TABLE `ps_order_invoice` (
  `id_order_invoice` int(11) unsigned NOT NULL AUTO_INCREMENT,
  `id_order` int(11) NOT NULL,
  `number` int(11) NOT NULL,
  `delivery_number` int(11) NOT NULL,
  `delivery_date` datetime DEFAULT NULL,
  `total_discount_tax_excl` decimal(20,6) NOT NULL DEFAULT '0.000000',
  `total_discount_tax_incl` decimal(20,6) NOT NULL DEFAULT '0.000000',
  `total_paid_tax_excl` decimal(20,6) NOT NULL DEFAULT '0.000000',
  `total_paid_tax_incl` decimal(20,6) NOT NULL DEFAULT '0.000000',
  `total_products` decimal(20,6) NOT NULL DEFAULT '0.000000',
  `total_products_wt` decimal(20,6) NOT NULL DEFAULT '0.000000',
  `total_shipping_tax_excl` decimal(20,6) NOT NULL DEFAULT '0.000000',
  `total_shipping_tax_incl` decimal(20,6) NOT NULL DEFAULT '0.000000',
  `shipping_tax_computation_method` int(10) unsigned NOT NULL,
  `total_wrapping_tax_excl` decimal(20,6) NOT NULL DEFAULT '0.000000',
  `total_wrapping_tax_incl` decimal(20,6) NOT NULL DEFAULT '0.000000',
  `shop_address` text,
  `note` text,
  `date_add` datetime NOT NULL,
  PRIMARY KEY (`id_order_invoice`),
  KEY `id_order` (`id_order`)
) ENGINE=InnoDB DEFAULT CHARSET=utf8;

--
-- Dumping data for table `ps_order_invoice`
--


--
-- Table structure for table `ps_order_invoice_payment`
--

CREATE TABLE `ps_order_invoice_payment` (
  `id_order_invoice` int(11) unsigned NOT NULL,
  `id_order_payment` int(11) unsigned NOT NULL,
  `id_order` int(11) unsigned NOT NULL,
  PRIMARY KEY (`id_order_invoice`,`id_order_payment`),
  KEY `order_payment` (`id_order_payment`),
  KEY `id_order` (`id_order`)
) ENGINE=InnoDB DEFAULT CHARSET=utf8;

--
-- Dumping data for table `ps_order_invoice_payment`
--


--
-- Table structure for table `ps_order_invoice_tax`
--

CREATE TABLE `ps_order_invoice_tax` (
  `id_order_invoice` int(11) NOT NULL,
  `type` varchar(15) NOT NULL,
  `id_tax` int(11) NOT NULL,
  `amount` decimal(10,6) NOT NULL DEFAULT '0.000000',
  KEY `id_tax` (`id_tax`)
) ENGINE=InnoDB DEFAULT CHARSET=utf8;

--
-- Dumping data for table `ps_order_invoice_tax`
--


--
-- Table structure for table `ps_order_message`
--

CREATE TABLE `ps_order_message` (
  `id_order_message` int(10) unsigned NOT NULL AUTO_INCREMENT,
  `date_add` datetime NOT NULL,
  PRIMARY KEY (`id_order_message`)
) ENGINE=InnoDB AUTO_INCREMENT=2 DEFAULT CHARSET=utf8;

--
-- Dumping data for table `ps_order_message`
--

INSERT INTO `ps_order_message` VALUES (1,'2018-05-11 14:38:17');

--
-- Table structure for table `ps_order_message_lang`
--

CREATE TABLE `ps_order_message_lang` (
  `id_order_message` int(10) unsigned NOT NULL,
  `id_lang` int(10) unsigned NOT NULL,
  `name` varchar(128) NOT NULL,
  `message` text NOT NULL,
  PRIMARY KEY (`id_order_message`,`id_lang`)
) ENGINE=InnoDB DEFAULT CHARSET=utf8;

--
-- Dumping data for table `ps_order_message_lang`
--

INSERT INTO `ps_order_message_lang` VALUES (1,1,'Delay','Hi,\n\nUnfortunately, an item on your order is currently out of stock. This may cause a slight delay in delivery.\nPlease accept our apologies and rest assured that we are working hard to rectify this.\n\nBest regards,'),(1,2,'Lieferung','Leider sind ein oder mehrere Artikel Ihrer Bestellung derzeit nicht auf Lager. Dies kann zu einer leichten Verzögerung bei Auslieferung führen. Wir entschuldigen uns und versichern Ihnen, dass Sie Ihre Bestellung schnellstmöglich erhalten.'),(1,3,'Retard','Bonjour,\n\nMalheureusement, un article que vous avez commandé est actuellement en rupture de stock. Pour cette raison, il est possible que la livraison de votre commande soit légèrement retardée.\nNous vous prions de bien vouloir accepter nos excuses. Nous faisons tout notre possible pour remédier à cette situation.\n\nCordialement,'),(1,4,'Ritardo','Buongiorno,\n\npurtroppo un articolo che hai ordinato è momentaneamente esaurito. Potrebbe pertanto verificarsi un leggero ritardo nella consegna.\nScusandoci per l\'inconveniente, ti assicuriamo che stiamo facendo del nostro meglio per risolverlo.\n\nCordiali saluti,');

--
-- Table structure for table `ps_order_payment`
--

CREATE TABLE `ps_order_payment` (
  `id_order_payment` int(11) NOT NULL AUTO_INCREMENT,
  `order_reference` varchar(9) DEFAULT NULL,
  `id_currency` int(10) unsigned NOT NULL,
  `amount` decimal(10,2) NOT NULL,
  `payment_method` varchar(255) NOT NULL,
  `conversion_rate` decimal(13,6) NOT NULL DEFAULT '1.000000',
  `transaction_id` varchar(254) DEFAULT NULL,
  `card_number` varchar(254) DEFAULT NULL,
  `card_brand` varchar(254) DEFAULT NULL,
  `card_expiration` char(7) DEFAULT NULL,
  `card_holder` varchar(254) DEFAULT NULL,
  `date_add` datetime NOT NULL,
  PRIMARY KEY (`id_order_payment`),
  KEY `order_reference` (`order_reference`)
) ENGINE=InnoDB DEFAULT CHARSET=utf8;

--
-- Dumping data for table `ps_order_payment`
--


--
-- Table structure for table `ps_order_return`
--

CREATE TABLE `ps_order_return` (
  `id_order_return` int(10) unsigned NOT NULL AUTO_INCREMENT,
  `id_customer` int(10) unsigned NOT NULL,
  `id_order` int(10) unsigned NOT NULL,
  `state` tinyint(1) unsigned NOT NULL DEFAULT '1',
  `question` text NOT NULL,
  `date_add` datetime NOT NULL,
  `date_upd` datetime NOT NULL,
  PRIMARY KEY (`id_order_return`),
  KEY `order_return_customer` (`id_customer`),
  KEY `id_order` (`id_order`)
) ENGINE=InnoDB DEFAULT CHARSET=utf8;

--
-- Dumping data for table `ps_order_return`
--


--
-- Table structure for table `ps_order_return_detail`
--

CREATE TABLE `ps_order_return_detail` (
  `id_order_return` int(10) unsigned NOT NULL,
  `id_order_detail` int(10) unsigned NOT NULL,
  `id_customization` int(10) unsigned NOT NULL DEFAULT '0',
  `product_quantity` int(10) unsigned NOT NULL DEFAULT '0',
  PRIMARY KEY (`id_order_return`,`id_order_detail`,`id_customization`)
) ENGINE=InnoDB DEFAULT CHARSET=utf8;

--
-- Dumping data for table `ps_order_return_detail`
--


--
-- Table structure for table `ps_order_return_state`
--

CREATE TABLE `ps_order_return_state` (
  `id_order_return_state` int(10) unsigned NOT NULL AUTO_INCREMENT,
  `color` varchar(32) DEFAULT NULL,
  PRIMARY KEY (`id_order_return_state`)
) ENGINE=InnoDB AUTO_INCREMENT=6 DEFAULT CHARSET=utf8;

--
-- Dumping data for table `ps_order_return_state`
--

INSERT INTO `ps_order_return_state` VALUES (1,'#4169E1'),(2,'#8A2BE2'),(3,'#32CD32'),(4,'#DC143C'),(5,'#108510');

--
-- Table structure for table `ps_order_return_state_lang`
--

CREATE TABLE `ps_order_return_state_lang` (
  `id_order_return_state` int(10) unsigned NOT NULL,
  `id_lang` int(10) unsigned NOT NULL,
  `name` varchar(64) NOT NULL,
  PRIMARY KEY (`id_order_return_state`,`id_lang`)
) ENGINE=InnoDB DEFAULT CHARSET=utf8;

--
-- Dumping data for table `ps_order_return_state_lang`
--

INSERT INTO `ps_order_return_state_lang` VALUES (1,1,'Waiting for confirmation'),(1,2,'Warten auf Bestätigung'),(1,3,'En attente de confirmation'),(1,4,'In attesa di conferma'),(2,1,'Waiting for package'),(2,2,'Sendung erwartet'),(2,3,'En attente du colis'),(2,4,'In attesa del pacco'),(3,1,'Package received'),(3,2,'Sendung erhalten'),(3,3,'Colis reçu'),(3,4,'Pacco ricevuto'),(4,1,'Return denied'),(4,2,'Rücksendung verweigert'),(4,3,'Retour refusé'),(4,4,'Reso rifiutato'),(5,1,'Return completed'),(5,2,'Rücksendung abgeschlossen'),(5,3,'Retour terminé'),(5,4,'Reso completato');

--
-- Table structure for table `ps_order_slip`
--

CREATE TABLE `ps_order_slip` (
  `id_order_slip` int(10) unsigned NOT NULL AUTO_INCREMENT,
  `conversion_rate` decimal(13,6) NOT NULL DEFAULT '1.000000',
  `id_customer` int(10) unsigned NOT NULL,
  `id_order` int(10) unsigned NOT NULL,
  `total_products_tax_excl` decimal(20,6) DEFAULT NULL,
  `total_products_tax_incl` decimal(20,6) DEFAULT NULL,
  `total_shipping_tax_excl` decimal(20,6) DEFAULT NULL,
  `total_shipping_tax_incl` decimal(20,6) DEFAULT NULL,
  `shipping_cost` tinyint(3) unsigned NOT NULL DEFAULT '0',
  `amount` decimal(10,2) NOT NULL,
  `shipping_cost_amount` decimal(10,2) NOT NULL,
  `partial` tinyint(1) NOT NULL,
  `order_slip_type` tinyint(1) unsigned NOT NULL DEFAULT '0',
  `date_add` datetime NOT NULL,
  `date_upd` datetime NOT NULL,
  PRIMARY KEY (`id_order_slip`),
  KEY `order_slip_customer` (`id_customer`),
  KEY `id_order` (`id_order`)
) ENGINE=InnoDB DEFAULT CHARSET=utf8;

--
-- Dumping data for table `ps_order_slip`
--


--
-- Table structure for table `ps_order_slip_detail`
--

CREATE TABLE `ps_order_slip_detail` (
  `id_order_slip` int(10) unsigned NOT NULL,
  `id_order_detail` int(10) unsigned NOT NULL,
  `product_quantity` int(10) unsigned NOT NULL DEFAULT '0',
  `unit_price_tax_excl` decimal(20,6) DEFAULT NULL,
  `unit_price_tax_incl` decimal(20,6) DEFAULT NULL,
  `total_price_tax_excl` decimal(20,6) DEFAULT NULL,
  `total_price_tax_incl` decimal(20,6) DEFAULT NULL,
  `amount_tax_excl` decimal(20,6) DEFAULT NULL,
  `amount_tax_incl` decimal(20,6) DEFAULT NULL,
  PRIMARY KEY (`id_order_slip`,`id_order_detail`)
) ENGINE=InnoDB DEFAULT CHARSET=utf8;

--
-- Dumping data for table `ps_order_slip_detail`
--


--
-- Table structure for table `ps_order_slip_detail_tax`
--

CREATE TABLE `ps_order_slip_detail_tax` (
  `id_order_slip_detail` int(11) unsigned NOT NULL,
  `id_tax` int(11) unsigned NOT NULL,
  `unit_amount` decimal(16,6) NOT NULL DEFAULT '0.000000',
  `total_amount` decimal(16,6) NOT NULL DEFAULT '0.000000',
  KEY `id_order_slip_detail` (`id_order_slip_detail`),
  KEY `id_tax` (`id_tax`)
) ENGINE=InnoDB DEFAULT CHARSET=utf8;

--
-- Dumping data for table `ps_order_slip_detail_tax`
--


--
-- Table structure for table `ps_order_state`
--

CREATE TABLE `ps_order_state` (
  `id_order_state` int(10) unsigned NOT NULL AUTO_INCREMENT,
  `invoice` tinyint(1) unsigned DEFAULT '0',
  `send_email` tinyint(1) unsigned NOT NULL DEFAULT '0',
  `module_name` varchar(255) DEFAULT NULL,
  `color` varchar(32) DEFAULT NULL,
  `unremovable` tinyint(1) unsigned NOT NULL,
  `hidden` tinyint(1) unsigned NOT NULL DEFAULT '0',
  `logable` tinyint(1) NOT NULL DEFAULT '0',
  `delivery` tinyint(1) unsigned NOT NULL DEFAULT '0',
  `shipped` tinyint(1) unsigned NOT NULL DEFAULT '0',
  `paid` tinyint(1) unsigned NOT NULL DEFAULT '0',
  `pdf_invoice` tinyint(1) unsigned NOT NULL DEFAULT '0',
  `pdf_delivery` tinyint(1) unsigned NOT NULL DEFAULT '0',
  `deleted` tinyint(1) unsigned NOT NULL DEFAULT '0',
  PRIMARY KEY (`id_order_state`),
  KEY `module_name` (`module_name`)
) ENGINE=InnoDB AUTO_INCREMENT=17 DEFAULT CHARSET=utf8;

--
-- Dumping data for table `ps_order_state`
--

INSERT INTO `ps_order_state` VALUES (1,0,1,'ps_checkpayment','#4169E1',1,0,0,0,0,0,0,0,0),(2,1,1,'','#32CD32',1,0,1,0,0,1,1,0,0),(3,1,1,'','#FF8C00',1,0,1,1,0,1,0,0,0),(4,1,1,'','#8A2BE2',1,0,1,1,1,1,0,0,0),(5,1,0,'','#108510',1,0,1,1,1,1,0,0,0),(6,0,1,'','#DC143C',1,0,0,0,0,0,0,0,0),(7,1,1,'','#ec2e15',1,0,0,0,0,0,0,0,0),(8,0,1,'','#8f0621',1,0,0,0,0,0,0,0,0),(9,1,1,'','#FF69B4',1,0,0,0,0,1,0,0,0),(10,0,1,'ps_wirepayment','#4169E1',1,0,0,0,0,0,0,0,0),(11,1,1,'','#32CD32',1,0,1,0,0,1,0,0,0),(12,0,1,'','#FF69B4',1,0,0,0,0,0,0,0,0),(13,0,0,'ps_cashondelivery','#4169E1',1,0,0,0,0,0,0,0,0),(14,0,0,'','#4169E1',0,0,0,0,0,0,0,0,0),(15,0,0,'','#4169E1',0,0,0,0,0,0,0,0,0),(16,0,0,'','#4169E1',0,0,0,0,0,0,0,0,0);

--
-- Table structure for table `ps_order_state_lang`
--

CREATE TABLE `ps_order_state_lang` (
  `id_order_state` int(10) unsigned NOT NULL,
  `id_lang` int(10) unsigned NOT NULL,
  `name` varchar(64) NOT NULL,
  `template` varchar(64) NOT NULL,
  PRIMARY KEY (`id_order_state`,`id_lang`)
) ENGINE=InnoDB DEFAULT CHARSET=utf8;

--
-- Dumping data for table `ps_order_state_lang`
--

INSERT INTO `ps_order_state_lang` VALUES (1,1,'Awaiting check payment','cheque'),(1,2,'Scheckzahlung wird erwartet','cheque'),(1,3,'En attente du paiement par chèque','cheque'),(1,4,'In attesa di assegno','cheque'),(2,1,'Payment accepted','payment'),(2,2,'Zahlung eingegangen','payment'),(2,3,'Paiement accepté','payment'),(2,4,'Pagamento accettato','payment'),(3,1,'Processing in progress','preparation'),(3,2,'Bestellung in Bearbeitung','preparation'),(3,3,'En cours de préparation','preparation'),(3,4,'Preparazione in corso','preparation'),(4,1,'Shipped','shipped'),(4,2,'Versand','shipped'),(4,3,'Expédié','shipped'),(4,4,'Spedito','shipped'),(5,1,'Delivered',''),(5,2,'Bestellung ausgeliefert',''),(5,3,'Livré',''),(5,4,'Consegnato',''),(6,1,'Canceled','order_canceled'),(6,2,'Bestellung storniert','order_canceled'),(6,3,'Annulé','order_canceled'),(6,4,'Annullato','order_canceled'),(7,1,'Refunded','refund'),(7,2,'Erstattet','refund'),(7,3,'Remboursé','refund'),(7,4,'Rimborsato','refund'),(8,1,'Payment error','payment_error'),(8,2,'Fehler bei der Bezahlung','payment_error'),(8,3,'Erreur de paiement','payment_error'),(8,4,'Errore di pagamento','payment_error'),(9,1,'On backorder (paid)','outofstock'),(9,2,'Artikel nicht auf Lager (bezahlt)','outofstock'),(9,3,'En attente de réapprovisionnement (payé)','outofstock'),(9,4,'In attesa di rifornimento','outofstock'),(10,1,'Awaiting bank wire payment','bankwire'),(10,2,'Warten auf Zahlungseingang Überweisung','bankwire'),(10,3,'En attente de virement bancaire','bankwire'),(10,4,'In attesa di pagamento con bonifico bancario','bankwire'),(11,1,'Remote payment accepted','payment'),(11,2,'Zahlung ausserhalb von PrestaShop eingegangen','payment'),(11,3,'Paiement à distance accepté','payment'),(11,4,'Pagamento remoto accettato','payment'),(12,1,'On backorder (not paid)','outofstock'),(12,2,'Artikel nicht auf Lager','outofstock'),(12,3,'En attente de réapprovisionnement (non payé)','outofstock'),(12,4,'In attesa di rifornimento','outofstock'),(13,1,'Awaiting Cash On Delivery validation','cashondelivery'),(13,2,'Warten auf Zahlungseingang Nachnahme','cashondelivery'),(13,3,'En attente de paiement à la livraison','cashondelivery'),(13,4,'In attesa verifica contrassegno','cashondelivery'),(14,1,'Awaiting for PayPal payment',''),(14,2,'Awaiting for PayPal payment',''),(14,3,'En attente de paiement PayPal',''),(14,4,'Awaiting for PayPal payment',''),(15,1,'Awaiting for Braintree payment',''),(15,2,'Awaiting for Braintree payment',''),(15,3,'En attente de paiement Braintree',''),(15,4,'Awaiting for Braintree payment',''),(16,1,'Awaiting for Braintree validation',''),(16,2,'Awaiting for Braintree validation',''),(16,3,'En attente de validation Braintree',''),(16,4,'Awaiting for Braintree validation','');

--
-- Table structure for table `ps_orders`
--

CREATE TABLE `ps_orders` (
  `id_order` int(10) unsigned NOT NULL AUTO_INCREMENT,
  `reference` varchar(9) DEFAULT NULL,
  `id_shop_group` int(11) unsigned NOT NULL DEFAULT '1',
  `id_shop` int(11) unsigned NOT NULL DEFAULT '1',
  `id_carrier` int(10) unsigned NOT NULL,
  `id_lang` int(10) unsigned NOT NULL,
  `id_customer` int(10) unsigned NOT NULL,
  `id_cart` int(10) unsigned NOT NULL,
  `id_currency` int(10) unsigned NOT NULL,
  `id_address_delivery` int(10) unsigned NOT NULL,
  `id_address_invoice` int(10) unsigned NOT NULL,
  `current_state` int(10) unsigned NOT NULL,
  `secure_key` varchar(32) NOT NULL DEFAULT '-1',
  `payment` varchar(255) NOT NULL,
  `conversion_rate` decimal(13,6) NOT NULL DEFAULT '1.000000',
  `module` varchar(255) DEFAULT NULL,
  `recyclable` tinyint(1) unsigned NOT NULL DEFAULT '0',
  `gift` tinyint(1) unsigned NOT NULL DEFAULT '0',
  `gift_message` text,
  `mobile_theme` tinyint(1) NOT NULL DEFAULT '0',
  `shipping_number` varchar(64) DEFAULT NULL,
  `total_discounts` decimal(20,6) NOT NULL DEFAULT '0.000000',
  `total_discounts_tax_incl` decimal(20,6) NOT NULL DEFAULT '0.000000',
  `total_discounts_tax_excl` decimal(20,6) NOT NULL DEFAULT '0.000000',
  `total_paid` decimal(20,6) NOT NULL DEFAULT '0.000000',
  `total_paid_tax_incl` decimal(20,6) NOT NULL DEFAULT '0.000000',
  `total_paid_tax_excl` decimal(20,6) NOT NULL DEFAULT '0.000000',
  `total_paid_real` decimal(20,6) NOT NULL DEFAULT '0.000000',
  `total_products` decimal(20,6) NOT NULL DEFAULT '0.000000',
  `total_products_wt` decimal(20,6) NOT NULL DEFAULT '0.000000',
  `total_shipping` decimal(20,6) NOT NULL DEFAULT '0.000000',
  `total_shipping_tax_incl` decimal(20,6) NOT NULL DEFAULT '0.000000',
  `total_shipping_tax_excl` decimal(20,6) NOT NULL DEFAULT '0.000000',
  `carrier_tax_rate` decimal(10,3) NOT NULL DEFAULT '0.000',
  `total_wrapping` decimal(20,6) NOT NULL DEFAULT '0.000000',
  `total_wrapping_tax_incl` decimal(20,6) NOT NULL DEFAULT '0.000000',
  `total_wrapping_tax_excl` decimal(20,6) NOT NULL DEFAULT '0.000000',
  `round_mode` tinyint(1) NOT NULL DEFAULT '2',
  `round_type` tinyint(1) NOT NULL DEFAULT '1',
  `invoice_number` int(10) unsigned NOT NULL DEFAULT '0',
  `delivery_number` int(10) unsigned NOT NULL DEFAULT '0',
  `invoice_date` datetime NOT NULL,
  `delivery_date` datetime NOT NULL,
  `valid` int(1) unsigned NOT NULL DEFAULT '0',
  `date_add` datetime NOT NULL,
  `date_upd` datetime NOT NULL,
  PRIMARY KEY (`id_order`),
  KEY `reference` (`reference`),
  KEY `id_customer` (`id_customer`),
  KEY `id_cart` (`id_cart`),
  KEY `invoice_number` (`invoice_number`),
  KEY `id_carrier` (`id_carrier`),
  KEY `id_lang` (`id_lang`),
  KEY `id_currency` (`id_currency`),
  KEY `id_address_delivery` (`id_address_delivery`),
  KEY `id_address_invoice` (`id_address_invoice`),
  KEY `id_shop_group` (`id_shop_group`),
  KEY `current_state` (`current_state`),
  KEY `id_shop` (`id_shop`),
  KEY `date_add` (`date_add`)
) ENGINE=InnoDB AUTO_INCREMENT=6 DEFAULT CHARSET=utf8;

--
-- Dumping data for table `ps_orders`
--

INSERT INTO `ps_orders` VALUES (1,'XKBKNABJK',1,0,2,1,1,1,1,4,4,6,'b44a6d9efd7a0076a0fbce6b15eaf3b1','Payment by check',1.000000,'ps_checkpayment',0,0,'',0,'',0.000000,0.000000,0.000000,61.800000,61.800000,61.800000,0.000000,59.800000,59.800000,2.000000,2.000000,2.000000,0.000,0.000000,0.000000,0.000000,0,0,0,0,'0000-00-00 00:00:00','0000-00-00 00:00:00',0,'2018-05-11 14:38:16','2018-05-11 14:38:16'),(2,'OHSATSERP',1,0,2,1,1,2,1,4,4,1,'b44a6d9efd7a0076a0fbce6b15eaf3b1','Payment by check',1.000000,'ps_checkpayment',0,0,'',0,'',0.000000,0.000000,0.000000,69.900000,69.900000,69.900000,0.000000,69.900000,69.900000,0.000000,0.000000,0.000000,0.000,0.000000,0.000000,0.000000,0,0,0,0,'0000-00-00 00:00:00','0000-00-00 00:00:00',0,'2018-05-11 14:38:16','2018-05-11 14:38:16'),(3,'UOYEVOLI',1,0,2,1,1,3,1,4,4,8,'b44a6d9efd7a0076a0fbce6b15eaf3b1','Payment by check',1.000000,'ps_checkpayment',0,0,'',0,'',0.000000,0.000000,0.000000,14.900000,14.900000,14.900000,0.000000,12.900000,12.900000,2.000000,2.000000,2.000000,0.000,0.000000,0.000000,0.000000,0,0,0,0,'0000-00-00 00:00:00','0000-00-00 00:00:00',0,'2018-05-11 14:38:16','2018-05-11 14:38:16'),(4,'FFATNOMMJ',1,0,2,1,1,4,1,4,4,1,'b44a6d9efd7a0076a0fbce6b15eaf3b1','Payment by check',1.000000,'ps_checkpayment',0,0,'',0,'',0.000000,0.000000,0.000000,14.900000,14.900000,14.900000,0.000000,12.900000,12.900000,2.000000,2.000000,2.000000,0.000,0.000000,0.000000,0.000000,0,0,0,0,'0000-00-00 00:00:00','0000-00-00 00:00:00',0,'2018-05-11 14:38:16','2018-05-11 14:38:16'),(5,'KHWLILZLL',1,0,2,1,1,5,1,4,4,10,'b44a6d9efd7a0076a0fbce6b15eaf3b1','Bank wire',1.000000,'ps_wirepayment',0,0,'',0,'',0.000000,0.000000,0.000000,20.900000,20.900000,20.900000,0.000000,18.900000,18.900000,2.000000,2.000000,2.000000,0.000,0.000000,0.000000,0.000000,0,0,0,0,'0000-00-00 00:00:00','0000-00-00 00:00:00',0,'2018-05-11 14:38:16','2018-05-11 14:38:16');

--
-- Table structure for table `ps_othomeslider`
--

CREATE TABLE `ps_othomeslider` (
  `id_othomeslider_slides` int(10) unsigned NOT NULL AUTO_INCREMENT,
  `id_shop` int(10) unsigned NOT NULL,
  PRIMARY KEY (`id_othomeslider_slides`,`id_shop`)
) ENGINE=InnoDB AUTO_INCREMENT=16 DEFAULT CHARSET=utf8;

--
-- Dumping data for table `ps_othomeslider`
--

INSERT INTO `ps_othomeslider` VALUES (2,1),(2,9),(3,1),(3,9),(4,2),(5,2),(6,3),(6,10),(8,4),(8,12),(10,5),(10,8),(12,6),(12,11),(14,7),(14,13),(15,7),(15,13);

--
-- Table structure for table `ps_othomeslider_slides`
--

CREATE TABLE `ps_othomeslider_slides` (
  `id_othomeslider_slides` int(10) unsigned NOT NULL AUTO_INCREMENT,
  `position` int(10) unsigned NOT NULL DEFAULT '0',
  `active` tinyint(1) unsigned NOT NULL DEFAULT '0',
  PRIMARY KEY (`id_othomeslider_slides`)
) ENGINE=InnoDB AUTO_INCREMENT=15 DEFAULT CHARSET=utf8;

--
-- Dumping data for table `ps_othomeslider_slides`
--

INSERT INTO `ps_othomeslider_slides` VALUES (2,0,1),(3,3,0),(4,0,1),(5,0,1),(6,0,1),(8,0,1),(10,0,1),(12,0,1),(14,0,1);

--
-- Table structure for table `ps_othomeslider_slides_lang`
--

CREATE TABLE `ps_othomeslider_slides_lang` (
  `id_othomeslider_slides` int(10) unsigned NOT NULL,
  `id_lang` int(10) unsigned NOT NULL,
  `title` varchar(255) NOT NULL,
  `legend` varchar(255) NOT NULL,
  `url` varchar(255) NOT NULL,
  `image` varchar(255) NOT NULL,
  PRIMARY KEY (`id_othomeslider_slides`,`id_lang`)
) ENGINE=InnoDB DEFAULT CHARSET=utf8;

--
-- Dumping data for table `ps_othomeslider_slides_lang`
--

INSERT INTO `ps_othomeslider_slides_lang` VALUES (2,1,'Sample 2','sample-2','#','864949f1b16392b8cde83b09b36645582f1842ef_toys-and-games.jpg'),(2,2,'Sample 2','sample-2','#','c6cb33ce47de97e32dc806cc34724b852c2a719b_toys-and-games.jpg'),(2,3,'Sample 2','sample-2','#','2cf8ddeb21ce602824891228568c7f8d1787ed50_toys-and-games.jpg'),(2,4,'Sample 2','sample-2','#','487092c84908b41af5b4bd62e41530803cf659b5_toys-and-games.jpg'),(3,1,'Sample 3','sample-3','#','sample-3.jpg'),(3,2,'Sample 3','sample-3','#','sample-3.jpg'),(3,3,'Sample 3','sample-3','#','sample-3.jpg'),(3,4,'Sample 3','sample-3','#','sample-3.jpg'),(4,1,'Sample 2','sample-2','#','sample-3.jpg'),(4,2,'Sample 2','sample-2','#','sample-3.jpg'),(4,3,'Sample 2','sample-2','#','sample-3.jpg'),(4,4,'Sample 2','sample-2','#','sample-3.jpg'),(5,1,'Sample 3','sample-3','#','sample-3.jpg'),(5,2,'Sample 3','sample-3','#','sample-3.jpg'),(5,3,'Sample 3','sample-3','#','sample-3.jpg'),(5,4,'Sample 3','sample-3','#','sample-3.jpg'),(6,1,'Sample 2','sample-2','#','8ce5bd65dd136cd3457bab527c4453a165cf2b2b_geomag.jpg'),(6,2,'Sample 2','sample-2','#','8a05967a7919fcda761823cc16fe4c9f81374a85_geomag.jpg'),(6,3,'Sample 2','sample-2','#','0fe64fc47071d1a9055e98aaf90aac5bc4e047bb_geomag.jpg'),(6,4,'Sample 2','sample-2','#','dd6accded72b12a687737b4bf60f54f5635298dc_geomag.jpg'),(8,1,'Sample 2','sample-2','#','8b3b958d4a3d4e59c9b98426c4631943d96fb0d8_Quercetti.jpg'),(8,2,'Sample 2','sample-2','#','5f17d3315cf43d9bb368b87c9ffe8b37be903b4e_Quercetti.jpg'),(8,3,'Sample 2','sample-2','#','b88232354e38e9600728ebecf742fb992691dc99_Quercetti.jpg'),(8,4,'Sample 2','sample-2','#','54a07e0043ae9bc96a2ace7cc669ca8f61c98200_Quercetti.jpg'),(10,1,'Sample 2','sample-2','#','2ed7d4e039f0c7bcfbe3e6dddda4d2fdcd9ca3eb_Carioca.jpg'),(10,2,'Sample 2','sample-2','#','3e146586eb3fb0cf4c0d3e30f3d61ed2e97c3391_Carioca.jpg'),(10,3,'Sample 2','sample-2','#','4f4f372a1f1202f4c22f0d0a56947babcdf87802_Carioca.jpg'),(10,4,'Sample 2','sample-2','#','3aac3cab5fbf2dadea507a0a073cdb2d66313416_Carioca.jpg'),(12,1,'Sample 2','sample-2','#','d2305e6931834e7df4d6089414cbd302e27fa1b7_Nanoblock.jpg'),(12,2,'Sample 2','sample-2','#','51cd1648bf37f926d1382d2719bd5954bb096739_Nanoblock.jpg'),(12,3,'Sample 2','sample-2','#','185b55763cc3c40127825306346816bbd3ef7966_Nanoblock.jpg'),(12,4,'Sample 2','sample-2','#','b9f63a78890f3705014eebb68e624c19345fac59_Nanoblock.jpg'),(14,1,'Sample 2','sample-2','#','d68a415136c2e92435054e1896dee5d09455de8d_magliette.jpg'),(14,2,'Sample 2','sample-2','#','55629afcee4488ceafa486b76dc4f3e3f5c6f600_magliette.jpg'),(14,3,'Sample 2','sample-2','#','d81dc02fb5e69852188cf2df2960779c75e545c6_magliette.jpg'),(14,4,'Sample 2','sample-2','#','0b4bcc5ac3f07ac4e34f4a2ce72eea9a408047c8_magliette.jpg');

--
-- Table structure for table `ps_othomeslidermobile`
--

CREATE TABLE `ps_othomeslidermobile` (
  `id_othomeslidermobile_slides` int(10) unsigned NOT NULL AUTO_INCREMENT,
  `id_shop` int(10) unsigned NOT NULL,
  PRIMARY KEY (`id_othomeslidermobile_slides`,`id_shop`)
) ENGINE=InnoDB AUTO_INCREMENT=17 DEFAULT CHARSET=utf8;

--
-- Dumping data for table `ps_othomeslidermobile`
--

INSERT INTO `ps_othomeslidermobile` VALUES (1,1),(1,9),(4,3),(4,10),(7,4),(7,12),(10,5),(10,8),(13,6),(13,11),(16,7),(16,13);

--
-- Table structure for table `ps_othomeslidermobile_slides`
--

CREATE TABLE `ps_othomeslidermobile_slides` (
  `id_othomeslidermobile_slides` int(10) unsigned NOT NULL AUTO_INCREMENT,
  `position` int(10) unsigned NOT NULL DEFAULT '0',
  `active` tinyint(1) unsigned NOT NULL DEFAULT '0',
  PRIMARY KEY (`id_othomeslidermobile_slides`)
) ENGINE=InnoDB AUTO_INCREMENT=17 DEFAULT CHARSET=utf8;

--
-- Dumping data for table `ps_othomeslidermobile_slides`
--

INSERT INTO `ps_othomeslidermobile_slides` VALUES (1,0,1),(4,0,1),(7,0,1),(10,0,1),(13,0,1),(16,0,1);

--
-- Table structure for table `ps_othomeslidermobile_slides_lang`
--

CREATE TABLE `ps_othomeslidermobile_slides_lang` (
  `id_othomeslidermobile_slides` int(10) unsigned NOT NULL,
  `id_lang` int(10) unsigned NOT NULL,
  `title` varchar(255) NOT NULL,
  `legend` varchar(255) NOT NULL,
  `url` varchar(255) NOT NULL,
  `image` varchar(255) NOT NULL,
  PRIMARY KEY (`id_othomeslidermobile_slides`,`id_lang`)
) ENGINE=InnoDB DEFAULT CHARSET=utf8;

--
-- Dumping data for table `ps_othomeslidermobile_slides_lang`
--

INSERT INTO `ps_othomeslidermobile_slides_lang` VALUES (1,1,'Sample 1','sample-1','#','b86b7ae329a3aaed1fde967c951d9468bd5b8924_toys-and-games.jpg'),(1,2,'Sample 1','sample-1','#','4b36248508664d0617467d5181d583e3c60dec42_toys-and-games.jpg'),(1,3,'Sample 1','sample-1','#','3688c976ab4a79b46c525e749ea859e975434816_toys-and-games.jpg'),(1,4,'Sample 1','sample-1','#','33c83eb17ff3c2c5d27a221b2bbc508609f2bb45_toys-and-games.jpg'),(4,1,'Sample 1','sample-1','#','5fa7e17dd92889e8172f03df58cd7ad362c9f98a_geomag.jpg'),(4,2,'Sample 1','sample-1','#','ca55d2aea2c3149ddc9c04c19e0f855eab15dbe2_geomag.jpg'),(4,3,'Sample 1','sample-1','#','e35ab68e122ac4cd2d8c3a9672003b27a23c5398_geomag.jpg'),(4,4,'Sample 1','sample-1','#','12da6f857e788247c44085bc6f438e69f2c14743_geomag.jpg'),(7,1,'Sample 1','sample-1','#','7d80b1d3606e14a008f8a725169ded0e2e451538_quercetti.jpg'),(7,2,'Sample 1','sample-1','#','7f0da4c21c4a31254d3c94a2302d86f5cfed7f6b_quercetti.jpg'),(7,3,'Sample 1','sample-1','#','118df3473f9982fca02107f6820a6f25edb2af3d_quercetti.jpg'),(7,4,'Sample 1','sample-1','#','b456d52e5809ad7d4b47d7af0ae3194d6f1903f3_quercetti.jpg'),(10,1,'Sample 1','sample-1','#','2dffb90ec9a6e0db64c9e5d5abd74b4fa4936840_carioca.jpg'),(10,2,'Sample 1','sample-1','#','8fd93863b12e87102fe6212062fcfe8cfc0cedf3_carioca.jpg'),(10,3,'Sample 1','sample-1','#','99fbf36c13bd0362270c2e9dd44b1ca4033baca3_carioca.jpg'),(10,4,'Sample 1','sample-1','#','223cce64a3c22392d208991e9b8fa9e9529ef1a0_carioca.jpg'),(13,1,'Sample 1','sample-1','#','cba2171c0714e463ec89546b3f0a3190b43d4a75_nanoblock.jpg'),(13,2,'Sample 1','sample-1','#','04f3448db5b89c1a4335002931ec72e8da3fbe38_nanoblock.jpg'),(13,3,'Sample 1','sample-1','#','795c4e70179457bdfb5b6965b793dcd801aff9dc_nanoblock.jpg'),(13,4,'Sample 1','sample-1','#','6259bf7406fb163eefe5578506676a876c8546f2_nanoblock.jpg'),(16,1,'Sample 1','sample-1','#','1e8b1431f733bf15aa3202930c37b0dda7569422_magliette.jpg'),(16,2,'Sample 1','sample-1','#','a2c7c3fef1c7c4a1e87aa993a80c7b7c1b8e0086_magliette.jpg'),(16,3,'Sample 1','sample-1','#','c662d4a069fd614a1c075785f4b53f55703a8627_magliette.jpg'),(16,4,'Sample 1','sample-1','#','ba6c9860186f373f25db9e2719cf9c8175b8bb9f_magliette.jpg');

--
-- Table structure for table `ps_pack`
--

CREATE TABLE `ps_pack` (
  `id_product_pack` int(10) unsigned NOT NULL,
  `id_product_item` int(10) unsigned NOT NULL,
  `id_product_attribute_item` int(10) unsigned NOT NULL,
  `quantity` int(10) unsigned NOT NULL DEFAULT '1',
  PRIMARY KEY (`id_product_pack`,`id_product_item`,`id_product_attribute_item`),
  KEY `product_item` (`id_product_item`,`id_product_attribute_item`)
) ENGINE=InnoDB DEFAULT CHARSET=utf8;

--
-- Dumping data for table `ps_pack`
--


--
-- Table structure for table `ps_page`
--

CREATE TABLE `ps_page` (
  `id_page` int(10) unsigned NOT NULL AUTO_INCREMENT,
  `id_page_type` int(10) unsigned NOT NULL,
  `id_object` int(10) unsigned DEFAULT NULL,
  PRIMARY KEY (`id_page`),
  KEY `id_page_type` (`id_page_type`),
  KEY `id_object` (`id_object`)
) ENGINE=InnoDB AUTO_INCREMENT=137 DEFAULT CHARSET=utf8;

--
-- Dumping data for table `ps_page`
--

INSERT INTO `ps_page` VALUES (1,1,NULL),(2,2,NULL),(3,3,NULL),(4,4,82),(5,4,84),(6,4,41),(7,4,26),(8,4,25),(9,5,NULL),(10,6,NULL),(11,7,NULL),(12,8,NULL),(13,9,NULL),(14,10,2),(15,4,131),(16,4,129),(17,10,37),(18,4,130),(19,10,11),(20,10,13),(21,10,22),(22,10,21),(23,10,15),(24,10,12),(25,10,24),(26,10,17),(27,10,23),(28,10,19),(29,4,119),(30,4,115),(31,4,95),(32,4,92),(33,4,128),(34,4,49),(35,10,16),(36,4,126),(37,4,127),(38,4,77),(39,4,78),(40,10,14),(41,4,85),(42,4,86),(43,4,83),(44,4,89),(45,10,31),(46,4,44),(47,4,40),(48,4,43),(49,4,46),(50,4,47),(51,4,48),(52,4,45),(53,4,42),(54,4,39),(55,10,27),(56,10,26),(57,4,29),(58,4,31),(59,4,30),(60,4,28),(61,4,27),(62,4,88),(63,10,32),(64,4,117),(65,4,116),(66,4,114),(67,4,112),(68,4,105),(69,4,109),(70,4,94),(71,4,103),(72,4,113),(73,4,93),(74,4,80),(75,4,102),(76,4,104),(77,4,110),(78,4,107),(79,4,108),(80,4,111),(81,4,118),(82,4,79),(83,4,123),(84,4,99),(85,4,125),(86,4,97),(87,4,81),(88,4,120),(89,4,96),(90,4,91),(91,4,90),(92,4,101),(93,4,121),(94,4,98),(95,4,122),(96,4,100),(97,4,124),(98,4,106),(99,4,87),(100,10,30),(101,4,71),(102,4,76),(103,4,73),(104,4,70),(105,4,58),(106,4,67),(107,4,69),(108,4,64),(109,4,57),(110,4,68),(111,4,74),(112,4,66),(113,10,29),(114,10,28),(115,4,75),(116,4,60),(117,4,61),(118,4,55),(119,4,53),(120,4,72),(121,4,65),(122,4,54),(123,4,59),(124,4,56),(125,4,62),(126,4,63),(127,4,51),(128,4,50),(129,4,52),(130,10,25),(131,10,10),(132,10,20),(133,10,18),(134,11,NULL),(135,12,NULL),(136,13,0);

--
-- Table structure for table `ps_page_type`
--

CREATE TABLE `ps_page_type` (
  `id_page_type` int(10) unsigned NOT NULL AUTO_INCREMENT,
  `name` varchar(255) NOT NULL,
  PRIMARY KEY (`id_page_type`),
  KEY `name` (`name`)
) ENGINE=InnoDB AUTO_INCREMENT=14 DEFAULT CHARSET=utf8;

--
-- Dumping data for table `ps_page_type`
--



--
-- Table structure for table `ps_page_viewed`
--

CREATE TABLE `ps_page_viewed` (
  `id_page` int(10) unsigned NOT NULL,
  `id_shop_group` int(10) unsigned NOT NULL DEFAULT '1',
  `id_shop` int(10) unsigned NOT NULL DEFAULT '1',
  `id_date_range` int(10) unsigned NOT NULL,
  `counter` int(10) unsigned NOT NULL,
  PRIMARY KEY (`id_page`,`id_date_range`,`id_shop`)
) ENGINE=InnoDB DEFAULT CHARSET=utf8;

--
-- Dumping data for table `ps_page_viewed`
--


--
-- Table structure for table `ps_pagenotfound`
--

CREATE TABLE `ps_pagenotfound` (
  `id_pagenotfound` int(10) unsigned NOT NULL AUTO_INCREMENT,
  `id_shop` int(10) unsigned NOT NULL DEFAULT '1',
  `id_shop_group` int(10) unsigned NOT NULL DEFAULT '1',
  `request_uri` varchar(256) NOT NULL,
  `http_referer` varchar(256) NOT NULL,
  `date_add` datetime NOT NULL,
  PRIMARY KEY (`id_pagenotfound`),
  KEY `date_add` (`date_add`)
) ENGINE=InnoDB DEFAULT CHARSET=utf8;

--
-- Dumping data for table `ps_pagenotfound`
--


--
-- Table structure for table `ps_paypal_capture`
--

CREATE TABLE `ps_paypal_capture` (
  `id_paypal_capture` int(11) NOT NULL AUTO_INCREMENT,
  `id_capture` varchar(55) DEFAULT NULL,
  `id_paypal_order` int(11) DEFAULT NULL,
  `capture_amount` float DEFAULT NULL,
  `result` varchar(255) DEFAULT NULL,
  `date_add` datetime DEFAULT NULL,
  `date_upd` datetime DEFAULT NULL,
  PRIMARY KEY (`id_paypal_capture`)
) ENGINE=InnoDB DEFAULT CHARSET=utf8;

--
-- Dumping data for table `ps_paypal_capture`
--


--
-- Table structure for table `ps_paypal_customer`
--

CREATE TABLE `ps_paypal_customer` (
  `id_paypal_customer` int(11) NOT NULL AUTO_INCREMENT,
  `id_customer` int(11) DEFAULT NULL,
  `reference` varchar(55) DEFAULT NULL,
  `method` varchar(55) DEFAULT NULL,
  `date_add` datetime DEFAULT NULL,
  `date_upd` datetime DEFAULT NULL,
  PRIMARY KEY (`id_paypal_customer`)
) ENGINE=InnoDB DEFAULT CHARSET=utf8;

--
-- Dumping data for table `ps_paypal_customer`
--


--
-- Table structure for table `ps_paypal_order`
--

CREATE TABLE `ps_paypal_order` (
  `id_paypal_order` int(11) NOT NULL AUTO_INCREMENT,
  `id_order` int(11) DEFAULT NULL,
  `id_cart` int(11) DEFAULT NULL,
  `id_transaction` varchar(55) DEFAULT NULL,
  `id_payment` varchar(55) DEFAULT NULL,
  `client_token` varchar(255) DEFAULT NULL,
  `payment_method` varchar(255) DEFAULT NULL,
  `currency` varchar(21) DEFAULT NULL,
  `total_paid` float DEFAULT NULL,
  `payment_status` varchar(255) DEFAULT NULL,
  `total_prestashop` float DEFAULT NULL,
  `method` varchar(255) DEFAULT NULL,
  `payment_tool` varchar(255) DEFAULT NULL,
  `date_add` datetime DEFAULT NULL,
  `date_upd` datetime DEFAULT NULL,
  PRIMARY KEY (`id_paypal_order`)
) ENGINE=InnoDB DEFAULT CHARSET=utf8;

--
-- Dumping data for table `ps_paypal_order`
--


--
-- Table structure for table `ps_paypal_vaulting`
--

CREATE TABLE `ps_paypal_vaulting` (
  `id_paypal_vaulting` int(11) NOT NULL AUTO_INCREMENT,
  `id_paypal_customer` int(11) DEFAULT NULL,
  `token` varchar(255) DEFAULT NULL,
  `name` varchar(255) DEFAULT NULL,
  `info` varchar(255) DEFAULT NULL,
  `payment_tool` varchar(255) DEFAULT NULL,
  `date_add` datetime DEFAULT NULL,
  `date_upd` datetime DEFAULT NULL,
  PRIMARY KEY (`id_paypal_vaulting`)
) ENGINE=InnoDB DEFAULT CHARSET=utf8;

--
-- Dumping data for table `ps_paypal_vaulting`
--


--
-- Table structure for table `ps_product`
--

CREATE TABLE `ps_product` (
  `id_product` int(10) unsigned NOT NULL AUTO_INCREMENT,
  `id_supplier` int(10) unsigned DEFAULT NULL,
  `id_manufacturer` int(10) unsigned DEFAULT NULL,
  `id_category_default` int(10) unsigned DEFAULT NULL,
  `id_shop_default` int(10) unsigned NOT NULL DEFAULT '1',
  `id_tax_rules_group` int(11) unsigned NOT NULL,
  `on_sale` tinyint(1) unsigned NOT NULL DEFAULT '0',
  `online_only` tinyint(1) unsigned NOT NULL DEFAULT '0',
  `ean13` varchar(13) DEFAULT NULL,
  `isbn` varchar(32) DEFAULT NULL,
  `upc` varchar(12) DEFAULT NULL,
  `ecotax` decimal(17,6) NOT NULL DEFAULT '0.000000',
  `quantity` int(10) NOT NULL DEFAULT '0',
  `minimal_quantity` int(10) unsigned NOT NULL DEFAULT '1',
  `low_stock_threshold` int(10) DEFAULT NULL,
  `low_stock_alert` tinyint(1) NOT NULL DEFAULT '0',
  `price` decimal(20,6) NOT NULL DEFAULT '0.000000',
  `wholesale_price` decimal(20,6) NOT NULL DEFAULT '0.000000',
  `unity` varchar(255) DEFAULT NULL,
  `unit_price_ratio` decimal(20,6) NOT NULL DEFAULT '0.000000',
  `additional_shipping_cost` decimal(20,2) NOT NULL DEFAULT '0.00',
  `reference` varchar(32) DEFAULT NULL,
  `supplier_reference` varchar(32) DEFAULT NULL,
  `location` varchar(64) DEFAULT NULL,
  `width` decimal(20,6) NOT NULL DEFAULT '0.000000',
  `height` decimal(20,6) NOT NULL DEFAULT '0.000000',
  `depth` decimal(20,6) NOT NULL DEFAULT '0.000000',
  `weight` decimal(20,6) NOT NULL DEFAULT '0.000000',
  `out_of_stock` int(10) unsigned NOT NULL DEFAULT '2',
  `additional_delivery_times` tinyint(1) unsigned NOT NULL DEFAULT '1',
  `quantity_discount` tinyint(1) DEFAULT '0',
  `customizable` tinyint(2) NOT NULL DEFAULT '0',
  `uploadable_files` tinyint(4) NOT NULL DEFAULT '0',
  `text_fields` tinyint(4) NOT NULL DEFAULT '0',
  `active` tinyint(1) unsigned NOT NULL DEFAULT '0',
  `redirect_type` enum('','404','301-product','302-product','301-category','302-category') NOT NULL DEFAULT '',
  `id_type_redirected` int(10) unsigned NOT NULL DEFAULT '0',
  `available_for_order` tinyint(1) NOT NULL DEFAULT '1',
  `available_date` date DEFAULT NULL,
  `show_condition` tinyint(1) NOT NULL DEFAULT '0',
  `condition` enum('new','used','refurbished') NOT NULL DEFAULT 'new',
  `show_price` tinyint(1) NOT NULL DEFAULT '1',
  `indexed` tinyint(1) NOT NULL DEFAULT '0',
  `visibility` enum('both','catalog','search','none') NOT NULL DEFAULT 'both',
  `cache_is_pack` tinyint(1) NOT NULL DEFAULT '0',
  `cache_has_attachments` tinyint(1) NOT NULL DEFAULT '0',
  `is_virtual` tinyint(1) NOT NULL DEFAULT '0',
  `cache_default_attribute` int(10) unsigned DEFAULT NULL,
  `date_add` datetime NOT NULL,
  `date_upd` datetime NOT NULL,
  `advanced_stock_management` tinyint(1) NOT NULL DEFAULT '0',
  `pack_stock_type` int(11) unsigned NOT NULL DEFAULT '3',
  `state` int(11) unsigned NOT NULL DEFAULT '1',
  PRIMARY KEY (`id_product`),
  KEY `product_supplier` (`id_supplier`),
  KEY `product_manufacturer` (`id_manufacturer`,`id_product`),
  KEY `id_category_default` (`id_category_default`),
  KEY `indexed` (`indexed`),
  KEY `date_add` (`date_add`),
  KEY `state` (`state`,`date_upd`)
) ENGINE=InnoDB AUTO_INCREMENT=132 DEFAULT CHARSET=utf8;

--
-- Dumping data for table `ps_product`
--

INSERT INTO `ps_product` VALUES (25,0,3,26,1,1,0,0,'8003511427368','','',0.000000,10,1,NULL,0,20.427112,0.000000,'',0.000000,0.00,'OCA 042736','','',0.000000,0.000000,0.000000,0.000000,2,1,0,0,0,0,1,'',0,1,'2018-06-26',0,'new',1,1,'both',0,0,0,0,'2018-06-26 14:25:02','2018-06-26 14:25:02',0,0,1),(26,1,3,27,1,1,0,0,'8003511428365','','',0.000000,10,1,NULL,0,22.284123,0.000000,'',0.000000,0.00,'OCA 042836','42836','',0.000000,0.000000,0.000000,0.000000,2,1,0,0,0,0,1,'',0,1,'2018-06-26',0,'new',1,1,'both',0,0,0,0,'2018-06-26 14:25:02','2018-06-26 14:25:03',0,0,1),(27,1,3,27,1,1,0,0,'8003511428372','','',0.000000,10,1,NULL,0,22.284123,0.000000,'',0.000000,0.00,'OCA 042837','42837','',0.000000,0.000000,0.000000,0.000000,2,1,0,0,0,0,1,'',0,1,'2018-06-26',0,'new',1,1,'both',0,0,0,0,'2018-06-26 14:25:03','2018-06-26 14:25:03',0,0,1),(28,1,3,27,1,1,0,0,'8003511428389','','',0.000000,10,1,NULL,0,22.284123,0.000000,'',0.000000,0.00,'OCA 042838','42838','',0.000000,0.000000,0.000000,0.000000,2,1,0,0,0,0,1,'',0,1,'2018-06-26',0,'new',1,1,'both',0,0,0,0,'2018-06-26 14:25:03','2018-06-26 14:25:03',0,0,1),(29,1,3,27,1,1,0,0,'8003511428396','','',0.000000,10,1,NULL,0,22.284123,0.000000,'',0.000000,0.00,'OCA 042839','42839','',0.000000,0.000000,0.000000,0.000000,2,1,0,0,0,0,1,'',0,1,'2018-06-26',0,'new',1,1,'both',0,0,0,0,'2018-06-26 14:25:04','2018-06-26 14:25:04',0,0,1),(30,1,3,27,1,1,0,0,'8003511458614','','',0.000000,10,1,NULL,0,22.284123,0.000000,'',0.000000,0.00,'OCA 042861','45861','',0.000000,0.000000,0.000000,0.000000,2,1,0,0,0,0,1,'',0,1,'2018-06-26',0,'new',1,1,'both',0,0,0,0,'2018-06-26 14:25:04','2018-06-26 14:25:05',0,0,1),(31,1,3,27,1,1,0,0,'8003511428891','','',0.000000,10,1,NULL,0,22.284123,0.000000,'',0.000000,0.00,'OCA 042889','42889','',0.000000,0.000000,0.000000,0.000000,2,1,0,0,0,0,1,'',0,1,'2018-06-26',0,'new',1,1,'both',0,0,0,0,'2018-06-26 14:25:05','2018-06-26 14:25:05',0,0,1),(39,2,4,31,1,1,0,0,'8007905008065','','',0.000000,10,1,NULL,0,19.498607,0.000000,'',0.000000,0.00,'QRC 000806','0806','',0.000000,0.000000,0.000000,0.000000,2,1,0,0,0,0,1,'',0,1,'2018-06-26',0,'new',1,1,'both',0,0,0,0,'2018-06-26 14:25:43','2018-06-26 14:25:43',0,0,1),(40,2,4,31,1,1,0,0,'8007905008072','','',0.000000,10,1,NULL,0,19.498607,0.000000,'',0.000000,0.00,'QRC 000807','0807','',0.000000,0.000000,0.000000,0.000000,2,1,0,0,0,0,1,'',0,1,'2018-06-26',0,'new',1,1,'both',0,0,0,0,'2018-06-26 14:25:43','2018-06-26 14:25:43',0,0,1),(41,2,4,31,1,1,0,0,'8007905008089','','',0.000000,10,1,NULL,0,19.498607,0.000000,'',0.000000,0.00,'QRC 000808','0808','',0.000000,0.000000,0.000000,0.000000,2,1,0,0,0,0,1,'',0,1,'2018-06-26',0,'new',1,1,'both',0,0,0,0,'2018-06-26 14:25:44','2018-06-26 14:25:44',0,0,1),(42,2,4,31,1,1,0,0,'8007905008096','','',0.000000,10,1,NULL,0,43.546890,0.000000,'',0.000000,0.00,'QRC 000809','0809','',0.000000,0.000000,0.000000,0.000000,2,1,0,0,0,0,1,'',0,1,'2018-06-26',0,'new',1,1,'both',0,0,0,0,'2018-06-26 14:25:44','2018-06-26 14:25:44',0,0,1),(43,2,4,31,1,1,0,0,'8007905008102','','',0.000000,10,1,NULL,0,43.546890,0.000000,'',0.000000,0.00,'QRC 000810','0810','',0.000000,0.000000,0.000000,0.000000,2,1,0,0,0,0,1,'',0,1,'2018-06-26',0,'new',1,1,'both',0,0,0,0,'2018-06-26 14:25:44','2018-06-26 14:25:45',0,0,1),(44,2,4,31,1,1,0,0,'8007905008423','','',0.000000,10,1,NULL,0,77.994429,0.000000,'',0.000000,0.00,'QRC 000842','0842','',0.000000,0.000000,0.000000,0.000000,2,1,0,0,0,0,1,'',0,1,'2018-06-26',0,'new',1,1,'both',0,0,0,0,'2018-06-26 14:25:45','2018-06-26 14:25:45',0,0,1),(45,2,4,31,1,1,0,0,'8007905008461','','',0.000000,10,1,NULL,0,19.405757,0.000000,'',0.000000,0.00,'QRC 000846','0846','',0.000000,0.000000,0.000000,0.000000,2,1,0,0,0,0,1,'',0,1,'2018-06-26',0,'new',1,1,'both',0,0,0,0,'2018-06-26 14:25:45','2018-06-26 14:25:45',0,0,1),(46,2,4,31,1,1,0,0,'8007905008485','','',0.000000,10,1,NULL,0,52.924791,0.000000,'',0.000000,0.00,'QRC 000848','0848','',0.000000,0.000000,0.000000,0.000000,2,1,0,0,0,0,1,'',0,1,'2018-06-26',0,'new',1,1,'both',0,0,0,0,'2018-06-26 14:25:46','2018-06-26 14:25:46',0,0,1),(47,2,4,31,1,1,0,0,'8007905008492','','',0.000000,10,1,NULL,0,52.924791,0.000000,'',0.000000,0.00,'QRC 000849','0849','',0.000000,0.000000,0.000000,0.000000,2,1,0,0,0,0,1,'',0,1,'2018-06-26',0,'new',1,1,'both',0,0,0,0,'2018-06-26 14:25:46','2018-06-26 14:25:46',0,0,1),(48,2,4,31,1,1,0,0,'8007905008560','','',0.000000,10,1,NULL,0,19.405757,0.000000,'',0.000000,0.00,'QRC 000856','0856','',0.000000,0.000000,0.000000,0.000000,2,1,0,0,0,0,1,'404',0,1,'2018-06-26',0,'new',1,1,'both',0,0,0,0,'2018-06-26 14:25:47','2018-07-16 11:53:23',0,0,1),(49,3,5,28,1,1,0,0,'4972825143698','','',0.000000,10,1,NULL,0,46.332405,0.000000,'',0.000000,0.00,'NAN 000001','NB-M001','',0.000000,0.000000,0.000000,0.000000,2,1,0,0,0,0,1,'',0,1,'2018-06-26',0,'new',1,1,'both',0,0,0,0,'2018-06-26 14:25:05','2018-06-26 14:25:05',0,0,1),(50,3,5,28,1,1,0,0,'828988201284','','',0.000000,10,1,NULL,0,23.119777,0.000000,'',0.000000,0.00,'NAN 000005','NB-M005','',0.000000,0.000000,0.000000,0.000000,2,1,0,0,0,0,1,'',0,1,'2018-06-26',0,'new',1,1,'both',0,0,0,0,'2018-06-26 14:25:06','2018-06-26 14:25:06',0,0,1),(51,3,5,28,1,1,0,0,'4972825146958','','',0.000000,10,1,NULL,0,32.404828,0.000000,'',0.000000,0.00,'NAN 000006','NB-M006','',0.000000,0.000000,0.000000,0.000000,2,1,0,0,0,0,1,'',0,1,'2018-06-26',0,'new',1,1,'both',0,0,0,0,'2018-06-26 14:25:06','2018-06-26 14:25:06',0,0,1),(52,3,5,29,1,1,0,0,'4972825139325','','',0.000000,10,1,NULL,0,23.119777,0.000000,'',0.000000,0.00,'NAN 000009','NB-H009','',0.000000,0.000000,0.000000,0.000000,2,1,0,0,0,0,1,'',0,1,'2018-06-26',0,'new',1,1,'both',0,0,0,0,'2018-06-26 14:25:06','2018-06-26 14:25:07',0,0,1),(53,3,5,29,1,1,0,0,'4972825142684','','',0.000000,10,1,NULL,0,23.119777,0.000000,'',0.000000,0.00,'NAN 000029','NB-H029','',0.000000,0.000000,0.000000,0.000000,2,1,0,0,0,0,1,'',0,1,'2018-06-26',0,'new',1,1,'both',0,0,0,0,'2018-06-26 14:25:07','2018-06-26 14:25:07',0,0,1),(54,3,5,29,1,1,0,0,'4972825142691','','',0.000000,10,1,NULL,0,23.119777,0.000000,'',0.000000,0.00,'NAN 000030','NB-H030','',0.000000,0.000000,0.000000,0.000000,2,1,0,0,0,0,1,'',0,1,'2018-06-26',0,'new',1,1,'both',0,0,0,0,'2018-06-26 14:25:07','2018-06-26 14:25:08',0,0,1),(55,3,5,29,1,1,0,0,'4972825144381','','',0.000000,10,1,NULL,0,23.119777,0.000000,'',0.000000,0.00,'NAN 000043','NB-H030','',0.000000,0.000000,0.000000,0.000000,2,1,0,0,0,0,1,'',0,1,'2018-06-26',0,'new',1,1,'both',0,0,0,0,'2018-06-26 14:25:08','2018-06-26 14:25:08',0,0,1),(56,3,5,29,1,1,0,0,'4972825145753','','',0.000000,10,1,NULL,0,23.119777,0.000000,'',0.000000,0.00,'NAN 000052','NB-H052','',0.000000,0.000000,0.000000,0.000000,2,1,0,0,0,0,1,'',0,1,'2018-06-26',0,'new',1,1,'both',0,0,0,0,'2018-06-26 14:25:08','2018-06-26 14:25:09',0,0,1),(57,3,5,30,1,1,0,0,'4972825149638','','',0.000000,10,1,NULL,0,23.119777,0.000000,'',0.000000,0.00,'NAN 000084','NB-H084','',0.000000,0.000000,0.000000,0.000000,2,1,0,0,0,0,1,'',0,1,'2018-06-26',0,'new',1,1,'both',0,0,0,0,'2018-06-26 14:25:09','2018-06-26 14:25:09',0,0,1),(58,3,5,30,1,1,0,0,'4972825149645','','',0.000000,10,1,NULL,0,23.119777,0.000000,'',0.000000,0.00,'NAN 000085','NB-H085','',0.000000,0.000000,0.000000,0.000000,2,1,0,0,0,0,1,'',0,1,'2018-06-26',0,'new',1,1,'both',0,0,0,0,'2018-06-26 14:25:09','2018-06-26 14:25:10',0,0,1),(59,3,5,29,1,1,0,0,'4972825149690','','',0.000000,10,1,NULL,0,23.119777,0.000000,'',0.000000,0.00,'NAN 000086','NB-H086','',0.000000,0.000000,0.000000,0.000000,2,1,0,0,0,0,1,'',0,1,'2018-06-26',0,'new',1,1,'both',0,0,0,0,'2018-06-26 14:25:10','2018-06-26 14:25:10',0,0,1),(60,3,5,29,1,1,0,0,'4972825149751','','',0.000000,10,1,NULL,0,23.119777,0.000000,'',0.000000,0.00,'NAN 000087','NB-H087','',0.000000,0.000000,0.000000,0.000000,2,1,0,0,0,0,1,'',0,1,'2018-06-26',0,'new',1,1,'both',0,0,0,0,'2018-06-26 14:25:10','2018-06-26 14:25:10',0,0,1),(61,3,5,29,1,1,0,0,'4972825201053','','',0.000000,10,1,NULL,0,23.119777,0.000000,'',0.000000,0.00,'NAN 000092','NB-H092','',0.000000,0.000000,0.000000,0.000000,2,1,0,0,0,0,1,'',0,1,'2018-06-26',0,'new',1,1,'both',0,0,0,0,'2018-06-26 14:25:11','2018-06-26 14:25:11',0,0,1),(62,3,5,29,1,1,0,0,'4972825201060','','',0.000000,10,1,NULL,0,23.119777,0.000000,'',0.000000,0.00,'NAN 000093','NB-H093','',0.000000,0.000000,0.000000,0.000000,2,1,0,0,0,0,1,'',0,1,'2018-06-26',0,'new',1,1,'both',0,0,0,0,'2018-06-26 14:25:11','2018-06-26 14:25:11',0,0,1),(63,3,5,29,1,1,0,0,'4972825149768','','',0.000000,10,1,NULL,0,23.119777,0.000000,'',0.000000,0.00,'NAN 000097','NB-H097','',0.000000,0.000000,0.000000,0.000000,2,1,0,0,0,0,1,'',0,1,'2018-06-26',0,'new',1,1,'both',0,0,0,0,'2018-06-26 14:25:11','2018-06-26 14:25:12',0,0,1),(64,3,5,29,1,1,0,0,'4972825201169','','',0.000000,10,1,NULL,0,23.119777,0.000000,'',0.000000,0.00,'NAN 000098','NB-H098','',0.000000,0.000000,0.000000,0.000000,2,1,0,0,0,0,1,'',0,1,'2018-06-26',0,'new',1,1,'both',0,0,0,0,'2018-06-26 14:25:12','2018-06-26 14:25:12',0,0,1),(65,3,5,29,1,1,0,0,'4972825201152','','',0.000000,10,1,NULL,0,23.119777,0.000000,'',0.000000,0.00,'NAN 000099','NB-PN-101','',0.000000,0.000000,0.000000,0.000000,2,1,0,0,0,0,1,'',0,1,'2018-06-26',0,'new',1,1,'both',0,0,0,0,'2018-06-26 14:25:12','2018-06-26 14:25:12',0,0,1),(66,3,5,29,1,1,0,0,'4972825201565','','',0.000000,10,1,NULL,0,23.119777,0.000000,'',0.000000,0.00,'NAN 000101','NB-H101','',0.000000,0.000000,0.000000,0.000000,2,1,0,0,0,0,1,'',0,1,'2018-06-26',0,'new',1,1,'both',0,0,0,0,'2018-06-26 14:25:13','2018-06-26 14:25:13',0,0,1),(67,3,5,29,1,1,0,0,'4972825201572','','',0.000000,10,1,NULL,0,23.119777,0.000000,'',0.000000,0.00,'NAN 000102','NB-H102','',0.000000,0.000000,0.000000,0.000000,2,1,0,0,0,0,1,'',0,1,'2018-06-26',0,'new',1,1,'both',0,0,0,0,'2018-06-26 14:25:13','2018-06-26 14:25:14',0,0,1),(68,3,5,29,1,1,0,0,'4972825201992','','',0.000000,10,1,NULL,0,23.119777,0.000000,'',0.000000,0.00,'NAN 000104','NB-H104','',0.000000,0.000000,0.000000,0.000000,2,1,0,0,0,0,1,'',0,1,'2018-06-26',0,'new',1,1,'both',0,0,0,0,'2018-06-26 14:25:14','2018-06-26 14:25:14',0,0,1),(69,3,5,29,1,1,0,0,'4972825202012','','',0.000000,10,1,NULL,0,23.119777,0.000000,'',0.000000,0.00,'NAN 000106','NB-H010','',0.000000,0.000000,0.000000,0.000000,2,1,0,0,0,0,1,'',0,1,'2018-06-26',0,'new',1,1,'both',0,0,0,0,'2018-06-26 14:25:14','2018-06-26 14:25:15',0,0,1),(70,3,5,29,1,1,0,0,'4972825202463','','',0.000000,10,1,NULL,0,23.119777,0.000000,'',0.000000,0.00,'NAN 000113','NB-H113','',0.000000,0.000000,0.000000,0.000000,2,1,0,0,0,0,1,'',0,1,'2018-06-26',0,'new',1,1,'both',0,0,0,0,'2018-06-26 14:25:15','2018-06-26 14:25:15',0,0,1),(71,3,5,29,1,1,0,0,'4972825202487','','',0.000000,10,1,NULL,0,23.119777,0.000000,'',0.000000,0.00,'NAN 000115','NB-H115','',0.000000,0.000000,0.000000,0.000000,2,1,0,0,0,0,1,'',0,1,'2018-06-26',0,'new',1,1,'both',0,0,0,0,'2018-06-26 14:25:15','2018-06-26 14:25:15',0,0,1),(72,3,5,29,1,1,0,0,'4972825202494','','',0.000000,10,1,NULL,0,23.119777,0.000000,'',0.000000,0.00,'NAN 000116','NB-H116','',0.000000,0.000000,0.000000,0.000000,2,1,0,0,0,0,1,'',0,1,'2018-06-26',0,'new',1,1,'both',0,0,0,0,'2018-06-26 14:25:16','2018-06-26 14:25:16',0,0,1),(73,3,5,29,1,1,0,0,'4972825202616','','',0.000000,10,1,NULL,0,23.119777,0.000000,'',0.000000,0.00,'NAN 000121','NB-H121','',0.000000,0.000000,0.000000,0.000000,2,1,0,0,0,0,1,'',0,1,'2018-06-26',0,'new',1,1,'both',0,0,0,0,'2018-06-26 14:25:16','2018-06-26 14:25:16',0,0,1),(74,3,5,28,1,1,0,0,'4972825202951','','',0.000000,10,1,NULL,0,23.119777,0.000000,'',0.000000,0.00,'NAN 000133','NB-H133','',0.000000,0.000000,0.000000,0.000000,2,1,0,0,0,0,1,'',0,1,'2018-06-26',0,'new',1,1,'both',0,0,0,0,'2018-06-26 14:25:16','2018-06-26 14:25:17',0,0,1),(75,3,5,29,1,1,0,0,'4972825202982','','',0.000000,10,1,NULL,0,92.757660,0.000000,'',0.000000,0.00,'NAN 202982','NB-029','',0.000000,0.000000,0.000000,0.000000,2,1,0,0,0,0,1,'',0,1,'2018-06-26',0,'new',1,1,'both',0,0,0,0,'2018-06-26 14:25:17','2018-06-26 14:25:17',0,0,1),(76,3,5,29,1,1,0,0,'4972825206041','','',0.000000,10,1,NULL,0,92.757660,0.000000,'',0.000000,0.00,'NB-031','NB-031','',0.000000,0.000000,0.000000,0.000000,2,1,0,0,0,0,1,'',0,1,'2018-06-26',0,'new',1,1,'both',0,0,0,0,'2018-06-26 14:25:17','2018-06-26 14:25:18',0,0,1),(77,4,6,16,1,1,0,0,'0871772000129','','',0.000000,10,1,NULL,0,29.897864,0.000000,'',0.000000,0.00,'GEO 200012','PF.511.012.00','',0.000000,0.000000,0.000000,0.000000,2,1,0,0,0,0,1,'',0,1,'2018-06-26',0,'new',1,1,'both',0,0,0,0,'2018-06-26 14:25:18','2018-06-26 14:25:18',0,0,1),(78,4,6,16,1,1,0,0,'0871772000136','','',0.000000,10,1,NULL,0,44.846797,0.000000,'',0.000000,0.00,'GEO 200013','PF.511.013.00','',0.000000,0.000000,0.000000,0.000000,2,1,0,0,0,0,1,'',0,1,'2018-06-26',0,'new',1,1,'both',0,0,0,0,'2018-06-26 14:25:19','2018-06-26 14:25:19',0,0,1),(79,4,6,12,1,1,0,0,'0871772000235','','',0.000000,10,1,NULL,0,43.639740,0.000000,'',0.000000,0.00,'GEO 200023','PF.540.023.00','',0.000000,0.000000,0.000000,0.000000,2,1,0,0,0,0,1,'',0,1,'2018-06-26',0,'new',1,1,'both',0,0,0,0,'2018-06-26 14:25:19','2018-06-26 14:25:19',0,0,1),(80,4,6,12,1,1,0,0,'0871772000242','','',0.000000,10,1,NULL,0,60.352832,0.000000,'',0.000000,0.00,'GEO 200024','PF.540.024.00','',0.000000,0.000000,0.000000,0.000000,2,1,0,0,0,0,1,'',0,1,'2018-06-26',0,'new',1,1,'both',0,0,0,0,'2018-06-26 14:25:20','2018-06-26 14:25:20',0,0,1),(81,4,6,12,1,1,0,0,'0871772000259','','',0.000000,10,1,NULL,0,85.422470,0.000000,'',0.000000,0.00,'GEO 200025','PF.540.025.00','',0.000000,0.000000,0.000000,0.000000,2,1,0,0,0,0,1,'',0,1,'2018-06-26',0,'new',1,1,'both',0,0,0,0,'2018-06-26 14:25:20','2018-06-26 14:25:20',0,0,1),(82,4,6,14,1,1,0,0,'871772001287','','',0.000000,10,1,NULL,0,64.902507,0.000000,'',0.000000,0.00,'GEO 200128','PF.331.128.00','',0.000000,0.000000,0.000000,0.000000,2,1,0,0,0,0,1,'',0,1,'2018-06-26',0,'new',1,1,'both',0,0,0,0,'2018-06-26 14:25:20','2018-06-26 14:25:21',0,0,1),(83,4,6,14,1,1,0,0,'871772001294','','',0.000000,10,1,NULL,0,129.897864,0.000000,'',0.000000,0.00,'GEO 200129','PF.331.129.00','',0.000000,0.000000,0.000000,0.000000,2,1,0,0,0,0,1,'',0,1,'2018-06-26',0,'new',1,1,'both',0,0,0,0,'2018-06-26 14:25:21','2018-06-26 14:25:21',0,0,1),(84,4,6,14,1,1,0,0,'0871772001348','','',0.000000,10,1,NULL,0,27.762303,0.000000,'',0.000000,0.00,'GEO 200134','PF.331.134.00','',0.000000,0.000000,0.000000,0.000000,2,1,0,0,0,0,1,'',0,1,'2018-06-26',0,'new',1,1,'both',0,0,0,0,'2018-06-26 14:25:21','2018-06-26 14:25:21',0,0,1),(85,4,6,14,1,1,0,0,'0871772001355','','',0.000000,10,1,NULL,0,37.047354,0.000000,'',0.000000,0.00,'GEO 200135','PF.331.135.00','',0.000000,0.000000,0.000000,0.000000,2,1,0,0,0,0,1,'',0,1,'2018-06-26',0,'new',1,1,'both',0,0,0,0,'2018-06-26 14:25:22','2018-06-26 14:25:22',0,0,1),(86,4,6,14,1,1,0,0,'0871772001416','','',0.000000,10,1,NULL,0,27.762303,0.000000,'',0.000000,0.00,'GEO 200141','PF.331.141.00','',0.000000,0.000000,0.000000,0.000000,2,1,0,0,0,0,1,'',0,1,'2018-06-26',0,'new',1,1,'both',0,0,0,0,'2018-06-26 14:25:22','2018-06-26 14:25:22',0,0,1),(87,4,6,14,1,1,0,0,'0871772001423','','',0.000000,10,1,NULL,0,37.047354,0.000000,'',0.000000,0.00,'GEO 200142','PF.331.142.00','',0.000000,0.000000,0.000000,0.000000,2,1,0,0,0,0,1,'',0,1,'2018-06-26',0,'new',1,1,'both',0,0,0,0,'2018-06-26 14:25:22','2018-06-26 14:25:23',0,0,1),(88,4,6,14,1,1,0,0,'0871772001430','','',0.000000,10,1,NULL,0,37.047354,0.000000,'',0.000000,0.00,'GEO 200143','PF.331.143.00','',0.000000,0.000000,0.000000,0.000000,2,1,0,0,0,0,1,'',0,1,'2018-06-26',0,'new',1,1,'both',0,0,0,0,'2018-06-26 14:25:23','2018-06-26 14:25:23',0,0,1),(89,4,6,14,1,1,0,0,'0871772001447','','',0.000000,10,1,NULL,0,46.332405,0.000000,'',0.000000,0.00,'GEO 200144','PF.331.144.00','',0.000000,0.000000,0.000000,0.000000,2,1,0,0,0,0,1,'',0,1,'2018-06-26',0,'new',1,1,'both',0,0,0,0,'2018-06-26 14:25:24','2018-06-26 14:25:24',0,0,1),(90,4,6,15,1,1,0,0,'0871772002611','','',0.000000,10,1,NULL,0,20.427112,0.000000,'',0.000000,0.00,'GEO 200261','PF.510.261.00','',0.000000,0.000000,0.000000,0.000000,2,1,0,0,0,0,1,'',0,1,'2018-06-26',0,'new',1,1,'both',0,0,0,0,'2018-06-26 14:25:24','2018-06-26 14:25:24',0,0,1),(91,4,6,15,1,1,0,0,'0871772002628','','',0.000000,10,1,NULL,0,32.497679,0.000000,'',0.000000,0.00,'GEO 200262','PF.510.262.00','',0.000000,0.000000,0.000000,0.000000,2,1,0,0,0,0,1,'',0,1,'2018-06-26',0,'new',1,1,'both',0,0,0,0,'2018-06-26 14:25:25','2018-06-26 14:25:25',0,0,1),(92,4,6,15,1,1,0,0,'0871772002635','','',0.000000,10,1,NULL,0,46.332405,0.000000,'',0.000000,0.00,'GEO 200263','PF.510.263.00','',0.000000,0.000000,0.000000,0.000000,2,1,0,0,0,0,1,'',0,1,'2018-06-26',0,'new',1,1,'both',0,0,0,0,'2018-06-26 14:25:25','2018-06-26 14:25:25',0,0,1),(93,4,6,15,1,1,0,0,'0871772002642','','',0.000000,10,1,NULL,0,64.902507,0.000000,'',0.000000,0.00,'GEO 200264','PF.510.264.00','',0.000000,0.000000,0.000000,0.000000,2,1,0,0,0,0,1,'',0,1,'2018-06-26',0,'new',1,1,'both',0,0,0,0,'2018-06-26 14:25:25','2018-06-26 14:25:26',0,0,1),(94,4,6,21,1,1,0,0,'0871772003304','','',0.000000,10,1,NULL,0,22.748375,0.000000,'',0.000000,0.00,'GEO 200330','PF.523.330.00','',0.000000,0.000000,0.000000,0.000000,2,1,0,0,0,0,1,'',0,1,'2018-06-26',0,'new',1,1,'both',0,0,0,0,'2018-06-26 14:25:26','2018-06-26 14:25:26',0,0,1),(95,4,6,21,1,1,0,0,'0871772003366','','',0.000000,10,1,NULL,0,33.426184,0.000000,'',0.000000,0.00,'GEO 200336','PF.523.336.00','',0.000000,0.000000,0.000000,0.000000,2,1,0,0,0,0,1,'',0,1,'2018-06-26',0,'new',1,1,'both',0,0,0,0,'2018-06-26 14:25:26','2018-06-26 14:25:26',0,0,1),(96,4,6,21,1,1,0,0,'0871772003373','','',0.000000,10,1,NULL,0,52.460539,0.000000,'',0.000000,0.00,'GEO 200337','PF.523.337.00','',0.000000,0.000000,0.000000,0.000000,2,1,0,0,0,0,1,'',0,1,'2018-06-26',0,'new',1,1,'both',0,0,0,0,'2018-06-26 14:25:27','2018-06-26 14:25:27',0,0,1),(97,4,6,22,1,1,0,0,'0871772003427','','',0.000000,10,1,NULL,0,29.897864,0.000000,'',0.000000,0.00,'GEO 200342','PF.524.342.00','',0.000000,0.000000,0.000000,0.000000,2,1,0,0,0,0,1,'',0,1,'2018-06-26',0,'new',1,1,'both',0,0,0,0,'2018-06-26 14:25:27','2018-06-26 14:25:27',0,0,1),(98,4,6,22,1,1,0,0,'0871772003434','','',0.000000,10,1,NULL,0,45.496750,0.000000,'',0.000000,0.00,'GEO 200343','PF.524.343.00','',0.000000,0.000000,0.000000,0.000000,2,1,0,0,0,0,1,'',0,1,'2018-06-26',0,'new',1,1,'both',0,0,0,0,'2018-06-26 14:25:27','2018-06-26 14:25:28',0,0,1),(99,4,6,22,1,1,0,0,'0871772003441','','',0.000000,10,1,NULL,0,46.332405,0.000000,'',0.000000,0.00,'GEO 200344','PF.524.344.00','',0.000000,0.000000,0.000000,0.000000,2,1,0,0,0,0,1,'',0,1,'2018-06-26',0,'new',1,1,'both',0,0,0,0,'2018-06-26 14:25:28','2018-06-26 14:25:28',0,0,1),(100,4,6,17,1,1,0,0,'0871772004615','','',0.000000,10,1,NULL,0,23.212628,0.000000,'',0.000000,0.00,'GEO 200461','PF.520.461.00','',0.000000,0.000000,0.000000,0.000000,2,1,0,0,0,0,1,'',0,1,'2018-06-26',0,'new',1,1,'both',0,0,0,0,'2018-06-26 14:25:29','2018-06-26 14:25:29',0,0,1),(101,4,6,17,1,1,0,0,'0871772004622','','',0.000000,10,1,NULL,0,38.997214,0.000000,'',0.000000,0.00,'GEO 200462','PF.520.462.00','',0.000000,0.000000,0.000000,0.000000,2,1,0,0,0,0,1,'',0,1,'2018-06-26',0,'new',1,1,'both',0,0,0,0,'2018-06-26 14:25:29','2018-06-26 14:25:29',0,0,1),(102,4,6,17,1,1,0,0,'0871772004639','','',0.000000,10,1,NULL,0,55.617456,0.000000,'',0.000000,0.00,'GEO 200463','PF.520.463.00','',0.000000,0.000000,0.000000,0.000000,2,1,0,0,0,0,1,'',0,1,'2018-06-26',0,'new',1,1,'both',0,0,0,0,'2018-06-26 14:25:30','2018-06-26 14:25:30',0,0,1),(103,4,6,17,1,1,0,0,'0871772004646','','',0.000000,10,1,NULL,0,78.922934,0.000000,'',0.000000,0.00,'GEO 200464','PF.520.464.00','',0.000000,0.000000,0.000000,0.000000,2,1,0,0,0,0,1,'',0,1,'2018-06-26',0,'new',1,1,'both',0,0,0,0,'2018-06-26 14:25:30','2018-06-26 14:25:30',0,0,1),(104,4,6,19,1,1,0,0,'0871772005322','','',0.000000,10,1,NULL,0,22.748375,0.000000,'',0.000000,0.00,'GEO 200532','PF.527.532.00','',0.000000,0.000000,0.000000,0.000000,2,1,0,0,0,0,1,'',0,1,'2018-06-26',0,'new',1,1,'both',0,0,0,0,'2018-06-26 14:25:30','2018-06-26 14:25:31',0,0,1),(105,4,6,19,1,1,0,0,'0871772005339','','',0.000000,10,1,NULL,0,31.847725,0.000000,'',0.000000,0.00,'GEO 200533','PF.527.533.00','',0.000000,0.000000,0.000000,0.000000,2,1,0,0,0,0,1,'',0,1,'2018-06-26',0,'new',1,1,'both',0,0,0,0,'2018-06-26 14:25:31','2018-06-26 14:25:31',0,0,1),(106,4,6,11,1,1,0,0,'0871772007210','','',0.000000,10,1,NULL,0,29.155060,0.000000,'',0.000000,0.00,'GEO 200721','PF.530.721.00','',0.000000,0.000000,0.000000,0.000000,2,1,0,0,0,0,1,'',0,1,'2018-06-26',0,'new',1,1,'both',0,0,0,0,'2018-06-26 14:25:31','2018-06-26 14:25:31',0,0,1),(107,4,6,11,1,1,0,0,'0871772007227','','',0.000000,10,1,NULL,0,48.746518,0.000000,'',0.000000,0.00,'GEO 200722','PF.530.722.00','',0.000000,0.000000,0.000000,0.000000,2,1,0,0,0,0,1,'',0,1,'2018-06-26',0,'new',1,1,'both',0,0,0,0,'2018-06-26 14:25:32','2018-06-26 14:25:32',0,0,1),(108,4,6,11,1,1,0,0,'0871772007234','','',0.000000,10,1,NULL,0,77.994429,0.000000,'',0.000000,0.00,'GEO 200723','PF.530.723.00','',0.000000,0.000000,0.000000,0.000000,2,1,0,0,0,0,1,'',0,1,'2018-06-26',0,'new',1,1,'both',0,0,0,0,'2018-06-26 14:25:32','2018-06-26 14:25:32',0,0,1),(109,4,6,11,1,1,0,0,'0871772007241','','',0.000000,10,1,NULL,0,64.995357,0.000000,'',0.000000,0.00,'GEO 200724','PF.530.724.00','',0.000000,0.000000,0.000000,0.000000,2,1,0,0,0,0,1,'',0,1,'2018-06-26',0,'new',1,1,'both',0,0,0,0,'2018-06-26 14:25:33','2018-06-26 14:25:33',0,0,1),(110,4,6,11,1,1,0,0,'0871772007258','','',0.000000,10,1,NULL,0,22.748375,0.000000,'',0.000000,0.00,'GEO 200725','PF.590.725.00','',0.000000,0.000000,0.000000,0.000000,2,1,0,0,0,0,1,'',0,1,'2018-06-26',0,'new',1,1,'both',0,0,0,0,'2018-06-26 14:25:33','2018-06-26 14:25:34',0,0,1),(111,4,6,11,1,1,0,0,'0871772007265','','',0.000000,10,1,NULL,0,37.604457,0.000000,'',0.000000,0.00,'GEO 200726','PF.530.726.00','',0.000000,0.000000,0.000000,0.000000,2,1,0,0,0,0,1,'',0,1,'2018-06-26',0,'new',1,1,'both',0,0,0,0,'2018-06-26 14:25:34','2018-06-26 14:25:34',0,0,1),(112,4,6,23,1,1,0,0,'0871772005834','','',0.000000,10,1,NULL,0,46.332405,0.000000,'',0.000000,0.00,'KOR 200583','PF.800.583.00','',0.000000,0.000000,0.000000,0.000000,2,1,0,0,0,0,1,'',0,1,'2018-06-26',0,'new',1,1,'both',0,0,0,0,'2018-06-26 14:25:34','2018-06-26 14:25:34',0,0,1),(113,4,6,23,1,1,0,0,'0871772005841','','',0.000000,10,1,NULL,0,46.332405,0.000000,'',0.000000,0.00,'KOR 200584','PF.800.584.00','',0.000000,0.000000,0.000000,0.000000,2,1,0,0,0,0,1,'',0,1,'2018-06-26',0,'new',1,1,'both',0,0,0,0,'2018-06-26 14:25:35','2018-06-26 14:25:35',0,0,1),(114,4,6,23,1,1,0,0,'0871772005865','','',0.000000,10,1,NULL,0,46.332405,0.000000,'',0.000000,0.00,'KOR 200586','PF.800.586.00','',0.000000,0.000000,0.000000,0.000000,2,1,0,0,0,0,1,'',0,1,'2018-06-26',0,'new',1,1,'both',0,0,0,0,'2018-06-26 14:25:35','2018-06-26 14:25:35',0,0,1),(115,4,6,24,1,1,0,0,'0871772006015','','',0.000000,10,1,NULL,0,32.497679,0.000000,'',0.000000,0.00,'KOR 200601','PF.800.601.00','',0.000000,0.000000,0.000000,0.000000,2,1,0,0,0,0,1,'',0,1,'2018-06-26',0,'new',1,1,'both',0,0,0,0,'2018-06-26 14:25:36','2018-06-26 14:25:36',0,0,1),(116,4,6,24,1,1,0,0,'0871772006022','','',0.000000,10,1,NULL,0,32.497679,0.000000,'',0.000000,0.00,'KOR 200602','PF.800.602.00','',0.000000,0.000000,0.000000,0.000000,2,1,0,0,0,0,1,'',0,1,'2018-06-26',0,'new',1,1,'both',0,0,0,0,'2018-06-26 14:25:36','2018-06-26 14:25:36',0,0,1),(117,4,6,24,1,1,0,0,'0871772006039','','',0.000000,10,1,NULL,0,35.747447,0.000000,'',0.000000,0.00,'KOR 200603','PF.800.603.00','',0.000000,0.000000,0.000000,0.000000,2,1,0,0,0,0,1,'',0,1,'2018-06-26',0,'new',1,1,'both',0,0,0,0,'2018-06-26 14:25:36','2018-06-26 14:25:37',0,0,1),(118,4,6,24,1,1,0,0,'0871772006046','','',0.000000,10,1,NULL,0,38.997214,0.000000,'',0.000000,0.00,'KOR 200604','PF.800.604.00','',0.000000,0.000000,0.000000,0.000000,2,1,0,0,0,0,1,'',0,1,'2018-06-26',0,'new',1,1,'both',0,0,0,0,'2018-06-26 14:25:37','2018-06-26 14:25:37',0,0,1),(119,4,6,24,1,1,0,0,'0871772006053','','',0.000000,10,1,NULL,0,32.497679,0.000000,'',0.000000,0.00,'KOR 200605','PF.800.605.00','',0.000000,0.000000,0.000000,0.000000,2,1,0,0,0,0,1,'',0,1,'2018-06-26',0,'new',1,1,'both',0,0,0,0,'2018-06-26 14:25:37','2018-06-26 14:25:38',0,0,1),(120,4,6,25,1,1,0,0,'0871772006213','','',0.000000,10,1,NULL,0,32.497679,0.000000,'',0.000000,0.00,'KOR 200621','PF.800.621.00','',0.000000,0.000000,0.000000,0.000000,2,1,0,0,0,0,1,'',0,1,'2018-06-26',0,'new',1,1,'both',0,0,0,0,'2018-06-26 14:25:38','2018-06-26 14:25:38',0,0,1),(121,4,6,25,1,1,0,0,'0871772006312','','',0.000000,10,1,NULL,0,42.246982,0.000000,'',0.000000,0.00,'KOR 200631','PF.800.631.00','',0.000000,0.000000,0.000000,0.000000,2,1,0,0,0,0,1,'',0,1,'2018-06-26',0,'new',1,1,'both',0,0,0,0,'2018-06-26 14:25:38','2018-06-26 14:25:39',0,0,1),(122,4,6,25,1,1,0,0,'0871772006329','','',0.000000,10,1,NULL,0,42.246982,0.000000,'',0.000000,0.00,'KOR 200632','PF.800.632.00','',0.000000,0.000000,0.000000,0.000000,2,1,0,0,0,0,1,'',0,1,'2018-06-26',0,'new',1,1,'both',0,0,0,0,'2018-06-26 14:25:39','2018-06-26 14:25:39',0,0,1),(123,4,6,25,1,1,0,0,'0871772006336','','',0.000000,10,1,NULL,0,42.246982,0.000000,'',0.000000,0.00,'KOR 200633','PF.800.633.00','',0.000000,0.000000,0.000000,0.000000,2,1,0,0,0,0,1,'',0,1,'2018-06-26',0,'new',1,1,'both',0,0,0,0,'2018-06-26 14:25:39','2018-06-26 14:25:40',0,0,1),(124,4,6,23,1,1,0,0,'0871772006718','','',0.000000,10,1,NULL,0,29.247911,0.000000,'',0.000000,0.00,'KOR 200671','PF.800.671.00','',0.000000,0.000000,0.000000,0.000000,2,1,0,0,0,0,1,'',0,1,'2018-06-26',0,'new',1,1,'both',0,0,0,0,'2018-06-26 14:25:40','2018-06-26 14:25:40',0,0,1),(125,4,6,23,1,1,0,0,'0871772006725','','',0.000000,10,1,NULL,0,29.247911,0.000000,'',0.000000,0.00,'KOR 200672','PF.800.672.00','',0.000000,0.000000,0.000000,0.000000,2,1,0,0,0,0,1,'',0,1,'2018-06-26',0,'new',1,1,'both',0,0,0,0,'2018-06-26 14:25:40','2018-06-26 14:25:40',0,0,1),(126,4,6,23,1,1,0,0,'0871772006732','','',0.000000,10,1,NULL,0,29.247911,0.000000,'',0.000000,0.00,'KOR 200673','PF.800.673.00','',0.000000,0.000000,0.000000,0.000000,2,1,0,0,0,0,1,'',0,1,'2018-06-26',0,'new',1,1,'both',0,0,0,0,'2018-06-26 14:25:41','2018-06-26 14:25:41',0,0,1),(127,4,6,23,1,1,0,0,'0871772006749','','',0.000000,10,1,NULL,0,29.247911,0.000000,'',0.000000,0.00,'KOR 200674','PF.800.674.00','',0.000000,0.000000,0.000000,0.000000,2,1,0,0,0,0,1,'',0,1,'2018-06-26',0,'new',1,1,'both',0,0,0,0,'2018-06-26 14:25:41','2018-06-26 14:25:41',0,0,1),(128,4,6,23,1,1,0,0,'0871772006756','','',0.000000,10,1,NULL,0,29.247911,0.000000,'',0.000000,0.00,'KOR 200675','PF.800.675.00','',0.000000,0.000000,0.000000,0.000000,2,1,0,0,0,0,1,'',0,1,'2018-06-26',0,'new',1,1,'both',0,0,0,0,'2018-06-26 14:25:41','2018-06-26 14:25:42',0,0,1),(129,4,6,23,1,1,0,0,'0871772006763','','',0.000000,10,1,NULL,0,29.247911,0.000000,'',0.000000,0.00,'KOR 200676','PF.800.676.00','',0.000000,0.000000,0.000000,0.000000,2,1,0,0,0,0,1,'',0,1,'2018-06-26',0,'new',1,1,'both',0,0,0,0,'2018-06-26 14:25:42','2018-06-26 14:25:42',0,0,1),(130,0,0,37,7,1,0,0,'','','',0.000000,0,1,NULL,0,23.212628,0.000000,'',0.000000,0.00,'TAG_CUSTOM_THSIRT_ADULT','','',0.000000,0.000000,0.000000,0.000000,2,1,0,0,0,0,1,'404',0,1,'0000-00-00',0,'new',1,1,'both',0,0,0,1,'2018-06-12 18:56:30','2018-07-05 11:51:27',0,3,1),(131,0,0,37,7,1,0,0,'','','',0.000000,0,1,NULL,0,23.212628,0.000000,'',0.000000,0.00,'TAG_CUSTOM_THSIRT_KIDS','','',0.000000,0.000000,0.000000,0.000000,2,1,0,2,0,1,1,'404',0,1,'0000-00-00',0,'new',1,1,'both',0,0,0,4,'2018-07-05 09:02:34','2018-07-05 11:51:21',0,3,1);

--
-- Table structure for table `ps_product_attachment`
--

CREATE TABLE `ps_product_attachment` (
  `id_product` int(10) unsigned NOT NULL,
  `id_attachment` int(10) unsigned NOT NULL,
  PRIMARY KEY (`id_product`,`id_attachment`)
) ENGINE=InnoDB DEFAULT CHARSET=utf8;

--
-- Dumping data for table `ps_product_attachment`
--


--
-- Table structure for table `ps_product_attribute`
--

CREATE TABLE `ps_product_attribute` (
  `id_product_attribute` int(10) unsigned NOT NULL AUTO_INCREMENT,
  `id_product` int(10) unsigned NOT NULL,
  `reference` varchar(32) DEFAULT NULL,
  `supplier_reference` varchar(32) DEFAULT NULL,
  `location` varchar(64) DEFAULT NULL,
  `ean13` varchar(13) DEFAULT NULL,
  `isbn` varchar(32) DEFAULT NULL,
  `upc` varchar(12) DEFAULT NULL,
  `wholesale_price` decimal(20,6) NOT NULL DEFAULT '0.000000',
  `price` decimal(20,6) NOT NULL DEFAULT '0.000000',
  `ecotax` decimal(17,6) NOT NULL DEFAULT '0.000000',
  `quantity` int(10) NOT NULL DEFAULT '0',
  `weight` decimal(20,6) NOT NULL DEFAULT '0.000000',
  `unit_price_impact` decimal(20,6) NOT NULL DEFAULT '0.000000',
  `default_on` tinyint(1) unsigned DEFAULT NULL,
  `minimal_quantity` int(10) unsigned NOT NULL DEFAULT '1',
  `low_stock_threshold` int(10) DEFAULT NULL,
  `low_stock_alert` tinyint(1) NOT NULL DEFAULT '0',
  `available_date` date DEFAULT NULL,
  PRIMARY KEY (`id_product_attribute`),
  UNIQUE KEY `product_default` (`id_product`,`default_on`),
  KEY `product_attribute_product` (`id_product`),
  KEY `reference` (`reference`),
  KEY `supplier_reference` (`supplier_reference`),
  KEY `id_product_id_product_attribute` (`id_product_attribute`,`id_product`)
) ENGINE=InnoDB AUTO_INCREMENT=7 DEFAULT CHARSET=utf8;

--
-- Dumping data for table `ps_product_attribute`
--

INSERT INTO `ps_product_attribute` VALUES (1,130,'','','','','','',0.000000,0.000000,0.000000,0,0.000000,0.000000,1,1,NULL,0,'0000-00-00'),(2,130,'','','','','','',0.000000,0.000000,0.000000,0,0.000000,0.000000,NULL,1,NULL,0,'0000-00-00'),(3,130,'','','','','','',0.000000,0.000000,0.000000,0,0.000000,0.000000,NULL,1,NULL,0,'0000-00-00'),(4,131,'','','','','','',0.000000,0.000000,0.000000,0,0.000000,0.000000,1,1,NULL,0,'0000-00-00'),(5,131,'','','','','','',0.000000,0.000000,0.000000,0,0.000000,0.000000,NULL,1,NULL,0,'0000-00-00'),(6,131,'','','','','','',0.000000,0.000000,0.000000,0,0.000000,0.000000,NULL,1,NULL,0,'0000-00-00');

--
-- Table structure for table `ps_product_attribute_combination`
--

CREATE TABLE `ps_product_attribute_combination` (
  `id_attribute` int(10) unsigned NOT NULL,
  `id_product_attribute` int(10) unsigned NOT NULL,
  PRIMARY KEY (`id_attribute`,`id_product_attribute`),
  KEY `id_product_attribute` (`id_product_attribute`)
) ENGINE=InnoDB DEFAULT CHARSET=utf8;

--
-- Dumping data for table `ps_product_attribute_combination`
--

INSERT INTO `ps_product_attribute_combination` VALUES (1,1),(2,2),(3,3),(1,4),(2,5),(3,6);

--
-- Table structure for table `ps_product_attribute_image`
--

CREATE TABLE `ps_product_attribute_image` (
  `id_product_attribute` int(10) unsigned NOT NULL,
  `id_image` int(10) unsigned NOT NULL,
  PRIMARY KEY (`id_product_attribute`,`id_image`),
  KEY `id_image` (`id_image`)
) ENGINE=InnoDB DEFAULT CHARSET=utf8;

--
-- Dumping data for table `ps_product_attribute_image`
--


--
-- Table structure for table `ps_product_attribute_shop`
--

CREATE TABLE `ps_product_attribute_shop` (
  `id_product` int(10) unsigned NOT NULL,
  `id_product_attribute` int(10) unsigned NOT NULL,
  `id_shop` int(10) unsigned NOT NULL,
  `wholesale_price` decimal(20,6) NOT NULL DEFAULT '0.000000',
  `price` decimal(20,6) NOT NULL DEFAULT '0.000000',
  `ecotax` decimal(17,6) NOT NULL DEFAULT '0.000000',
  `weight` decimal(20,6) NOT NULL DEFAULT '0.000000',
  `unit_price_impact` decimal(20,6) NOT NULL DEFAULT '0.000000',
  `default_on` tinyint(1) unsigned DEFAULT NULL,
  `minimal_quantity` int(10) unsigned NOT NULL DEFAULT '1',
  `low_stock_threshold` int(10) DEFAULT NULL,
  `low_stock_alert` tinyint(1) NOT NULL DEFAULT '0',
  `available_date` date DEFAULT NULL,
  PRIMARY KEY (`id_product_attribute`,`id_shop`),
  UNIQUE KEY `id_product` (`id_product`,`id_shop`,`default_on`)
) ENGINE=InnoDB DEFAULT CHARSET=utf8;

--
-- Dumping data for table `ps_product_attribute_shop`
--

INSERT INTO `ps_product_attribute_shop` VALUES (130,1,7,0.000000,0.000000,0.000000,0.000000,0.000000,1,1,NULL,0,'0000-00-00'),(130,1,13,0.000000,0.000000,0.000000,0.000000,0.000000,1,1,NULL,0,'0000-00-00'),(130,2,7,0.000000,0.000000,0.000000,0.000000,0.000000,NULL,1,NULL,0,'0000-00-00'),(130,2,13,0.000000,0.000000,0.000000,0.000000,0.000000,NULL,1,NULL,0,'0000-00-00'),(130,3,7,0.000000,0.000000,0.000000,0.000000,0.000000,NULL,1,NULL,0,'0000-00-00'),(130,3,13,0.000000,0.000000,0.000000,0.000000,0.000000,NULL,1,NULL,0,'0000-00-00'),(131,4,7,0.000000,0.000000,0.000000,0.000000,0.000000,1,1,NULL,0,'0000-00-00'),(131,4,13,0.000000,0.000000,0.000000,0.000000,0.000000,1,1,NULL,0,'0000-00-00'),(131,5,7,0.000000,0.000000,0.000000,0.000000,0.000000,NULL,1,NULL,0,'0000-00-00'),(131,5,13,0.000000,0.000000,0.000000,0.000000,0.000000,NULL,1,NULL,0,'0000-00-00'),(131,6,7,0.000000,0.000000,0.000000,0.000000,0.000000,NULL,1,NULL,0,'0000-00-00'),(131,6,13,0.000000,0.000000,0.000000,0.000000,0.000000,NULL,1,NULL,0,'0000-00-00');

--
-- Table structure for table `ps_product_carrier`
--

CREATE TABLE `ps_product_carrier` (
  `id_product` int(10) unsigned NOT NULL,
  `id_carrier_reference` int(10) unsigned NOT NULL,
  `id_shop` int(10) unsigned NOT NULL,
  PRIMARY KEY (`id_product`,`id_carrier_reference`,`id_shop`)
) ENGINE=InnoDB DEFAULT CHARSET=utf8;

--
-- Dumping data for table `ps_product_carrier`
--


--
-- Table structure for table `ps_product_country_tax`
--

CREATE TABLE `ps_product_country_tax` (
  `id_product` int(11) NOT NULL,
  `id_country` int(11) NOT NULL,
  `id_tax` int(11) NOT NULL,
  PRIMARY KEY (`id_product`,`id_country`)
) ENGINE=InnoDB DEFAULT CHARSET=utf8;

--
-- Dumping data for table `ps_product_country_tax`
--


--
-- Table structure for table `ps_product_download`
--

CREATE TABLE `ps_product_download` (
  `id_product_download` int(10) unsigned NOT NULL AUTO_INCREMENT,
  `id_product` int(10) unsigned NOT NULL,
  `display_filename` varchar(255) DEFAULT NULL,
  `filename` varchar(255) DEFAULT NULL,
  `date_add` datetime NOT NULL,
  `date_expiration` datetime DEFAULT NULL,
  `nb_days_accessible` int(10) unsigned DEFAULT NULL,
  `nb_downloadable` int(10) unsigned DEFAULT '1',
  `active` tinyint(1) unsigned NOT NULL DEFAULT '1',
  `is_shareable` tinyint(1) unsigned NOT NULL DEFAULT '0',
  PRIMARY KEY (`id_product_download`),
  UNIQUE KEY `id_product` (`id_product`),
  KEY `product_active` (`id_product`,`active`)
) ENGINE=InnoDB DEFAULT CHARSET=utf8;

--
-- Dumping data for table `ps_product_download`
--


--
-- Table structure for table `ps_product_group_reduction_cache`
--

CREATE TABLE `ps_product_group_reduction_cache` (
  `id_product` int(10) unsigned NOT NULL,
  `id_group` int(10) unsigned NOT NULL,
  `reduction` decimal(4,3) NOT NULL,
  PRIMARY KEY (`id_product`,`id_group`)
) ENGINE=InnoDB DEFAULT CHARSET=utf8;

--
-- Dumping data for table `ps_product_group_reduction_cache`
--


--
-- Table structure for table `ps_product_lang`
--

CREATE TABLE `ps_product_lang` (
  `id_product` int(10) unsigned NOT NULL,
  `id_shop` int(11) unsigned NOT NULL DEFAULT '1',
  `id_lang` int(10) unsigned NOT NULL,
  `description` text,
  `description_short` text,
  `link_rewrite` varchar(128) NOT NULL,
  `meta_description` varchar(255) DEFAULT NULL,
  `meta_keywords` varchar(255) DEFAULT NULL,
  `meta_title` varchar(128) DEFAULT NULL,
  `name` varchar(128) NOT NULL,
  `available_now` varchar(255) DEFAULT NULL,
  `available_later` varchar(255) DEFAULT NULL,
  `delivery_in_stock` varchar(255) DEFAULT NULL,
  `delivery_out_stock` varchar(255) DEFAULT NULL,
  PRIMARY KEY (`id_product`,`id_shop`,`id_lang`),
  KEY `id_lang` (`id_lang`),
  KEY `name` (`name`)
) ENGINE=InnoDB DEFAULT CHARSET=utf8;

--
-- Dumping data for table `ps_product_lang`
--

INSERT INTO `ps_product_lang` VALUES (25,5,1,'CARIOCA is an international brand founded in 1965 and specialised in the production of drawing materials. 85% of Carioca products are produced in Italy and are shipped worldwide. Every day a team of designers, chemists and craftsmen work together to lovingly create writing instruments that are simple yet technologically advanced. They truly embody the best of Italian design.','Tin boxes by CARIOCA available in four different designs containing 40 maxi tip felt tip pens, and 60 fine tip felt tip pens plus one coloring album; dedicated to young artists who don’t want to be short of pens and ideas.','100-color-kit-album-tin-box-42736-100-pcs','','','','100 COLOR KIT+ALBUM - Tin box - 42736 - 100 Pcs','In Stock','','',''),(25,5,2,'Carioca ist eine im Jahr 1965 gegründete internationale Love-Brand, die sich auf Malwerkzeug spezialisiert hat. 85 % der Produkte von Carioca werden in Italien hergestellt und auf der ganzen Welt verkauft. Täglich arbeitet ein Team aus Projektingenieuren, Chemikern und Künstlern gemein mit Leidenschaft in den Produktionsstätten, um einfache, aber technisch fortschrittliche Zeichengeräte zu entwerfen – ein Ausdruck besten italienischen Designs. ','Blechbehälter CARIOCA mit 40 Filzstiften (dicke Spitze), 60 Finelinern und einem Ausmalbuch. Für kleine Künstler, denen es niemals an Filzstiften und Ideen mangeln darf. ','100-color-kit-album-tin-box-42736-100-pcs','','','','100 COLOR KIT+ALBUM - Tin box - 42736 - 100 Pcs','In Stock','','',''),(25,5,3,'Carioca est une marque internationale née en 1965, specialisée dans la production d\'instruments pour colorier. 85% des produits Carioca est réalisé en Italie et distribué dans le monde entier. Chaque jour, dans les sites de production, une équipe de concepteurs, chimistes et artisans travaille ensemble avec passion pour créer des instruments d\'écriture simples mais technologiquement avancés, expression du meilleur design italien.','Boîte en fer CARIOCA contenante 40 marqueurs de pointe grande, 60 marqueurs de pointe fine et un livre de coloriage. Dediée aux petits artistes, qui ne veulent jamais être à court de marqueurs et d\'idées. ','100-color-kit-album-tin-box-42736-100-pcs','','','','100 COLOR KIT+ALBUM - Tin box - 42736 - 100 Pcs','In Stock','','',''),(25,5,4,'Carioca è un love-brand internazionale nato nel 1965, specializzato nella produzione di strumenti per colorare. L\'85% dei prodotti Carioca viene realizzato in Italia e distribuito in tutto il mondo. Ogni giorno, negli stabilimenti produttivi, un team di progettisti, chimici e artigiani lavora insieme con passione per creare strumenti di scrittura semplici ma tecnologicamente avanzati, espressione del migliore design italiano.','Scatola in latta CARIOCA contenenti 40 pennarelli punta grande, 60 pennarelli punta fine e un album da colorare. Dedicate ai piccoli artisti, che non vogliono mai rimanere a corto di pennarelli e di idee.','100-color-kit-album-tin-box-42736-100-pcs','','','','100 COLOR KIT+ALBUM - Tin box - 42736 - 100 Pcs','In Stock','','',''),(25,8,1,'CARIOCA is an international brand founded in 1965 and specialised in the production of drawing materials. 85% of Carioca products are produced in Italy and are shipped worldwide. Every day a team of designers, chemists and craftsmen work together to lovingly create writing instruments that are simple yet technologically advanced. They truly embody the best of Italian design.','Tin boxes by CARIOCA available in four different designs containing 40 maxi tip felt tip pens, and 60 fine tip felt tip pens plus one coloring album; dedicated to young artists who don’t want to be short of pens and ideas.','100-color-kit-album-tin-box-42736-100-pcs','','','','100 COLOR KIT+ALBUM - Tin box - 42736 - 100 Pcs','In Stock','','',''),(25,8,2,'Carioca ist eine im Jahr 1965 gegründete internationale Love-Brand, die sich auf Malwerkzeug spezialisiert hat. 85 % der Produkte von Carioca werden in Italien hergestellt und auf der ganzen Welt verkauft. Täglich arbeitet ein Team aus Projektingenieuren, Chemikern und Künstlern gemein mit Leidenschaft in den Produktionsstätten, um einfache, aber technisch fortschrittliche Zeichengeräte zu entwerfen – ein Ausdruck besten italienischen Designs. ','Blechbehälter CARIOCA mit 40 Filzstiften (dicke Spitze), 60 Finelinern und einem Ausmalbuch. Für kleine Künstler, denen es niemals an Filzstiften und Ideen mangeln darf. ','100-color-kit-album-tin-box-42736-100-pcs','','','','100 COLOR KIT+ALBUM - Tin box - 42736 - 100 Pcs','In Stock','','',''),(25,8,3,'Carioca est une marque internationale née en 1965, specialisée dans la production d\'instruments pour colorier. 85% des produits Carioca est réalisé en Italie et distribué dans le monde entier. Chaque jour, dans les sites de production, une équipe de concepteurs, chimistes et artisans travaille ensemble avec passion pour créer des instruments d\'écriture simples mais technologiquement avancés, expression du meilleur design italien.','Boîte en fer CARIOCA contenante 40 marqueurs de pointe grande, 60 marqueurs de pointe fine et un livre de coloriage. Dediée aux petits artistes, qui ne veulent jamais être à court de marqueurs et d\'idées. ','100-color-kit-album-tin-box-42736-100-pcs','','','','100 COLOR KIT+ALBUM - Tin box - 42736 - 100 Pcs','In Stock','','',''),(25,8,4,'Carioca è un love-brand internazionale nato nel 1965, specializzato nella produzione di strumenti per colorare. L\'85% dei prodotti Carioca viene realizzato in Italia e distribuito in tutto il mondo. Ogni giorno, negli stabilimenti produttivi, un team di progettisti, chimici e artigiani lavora insieme con passione per creare strumenti di scrittura semplici ma tecnologicamente avanzati, espressione del migliore design italiano.','Scatola in latta CARIOCA contenenti 40 pennarelli punta grande, 60 pennarelli punta fine e un album da colorare. Dedicate ai piccoli artisti, che non vogliono mai rimanere a corto di pennarelli e di idee.','100-color-kit-album-tin-box-42736-100-pcs','','','','100 COLOR KIT+ALBUM - Tin box - 42736 - 100 Pcs','In Stock','','',''),(26,5,1,'CARIOCA is an international brand founded in 1965 and specialised in the production of drawing materials. 85% of Carioca products are produced in Italy and are shipped worldwide. Every day a team of designers, chemists and craftsmen work together to lovingly create writing instruments that are simple yet technologically advanced. They truly embody the best of Italian design.','The Maxi Puzzle Carioca Empire is a two-sided maxi puzzle (35 pcs of 100 cm x 70 cm) that can be colored completely. The strength of its cardboard and the perfect shape of each single piece make this puzzle ideal also for toddlers. Each pack contains 36 superwashable felt tip pens. There are 2 different types of felt tip: JOY with a fine tip for precise strokes, and JUMBO with a maxi tip and an octagonal body for easy handling.','maxi-puzzle-empire-42836-71-pcs','','','','Maxi Puzzle Empire - 42836 - 71 Pcs','In Stock','','',''),(26,5,2,'Carioca ist eine im Jahr 1965 gegründete internationale Love-Brand, die sich auf Malwerkzeug spezialisiert hat. 85 % der Produkte von Carioca werden in Italien hergestellt und auf der ganzen Welt verkauft. Täglich arbeitet ein Team aus Projektingenieuren, Chemikern und Künstlern gemein mit Leidenschaft in den Produktionsstätten, um einfache, aber technisch fortschrittliche Zeichengeräte zu entwerfen – ein Ausdruck besten italienischen Designs. ','Das Maxi-Puzzle „Empire” von Carioca ist riesengroß (100 cm x 70 cm, 35 Teile), zweiseitig und lässt sich vollständig ausmalen. Aufgrund des robusten Pappmaterials und der Präzision der ineinandergreifenden Teile ist das Zusammensetzen des Puzzles auch für die Kleinsten das reinste Kinderspiel. Jede Packung enthält 36 superwaschbare Filzstifte: Das Modell JOY hat eine feine Spitze, zur Bearbeitung der Details, und die JUMBO-Filzstifte mit ihrer Maxi-Spitze sorgen mit ihrer achteckigen Form für einfache Griffigkeit. ','maxi-puzzle-empire-42836-71-pcs','','','','Maxi Puzzle Empire - 42836 - 71 Pcs','In Stock','','',''),(26,5,3,'Carioca est une marque internationale née en 1965, specialisée dans la production d\'instruments pour colorier. 85% des produits Carioca est réalisé en Italie et distribué dans le monde entier. Chaque jour, dans les sites de production, une équipe de concepteurs, chimistes et artisans travaille ensemble avec passion pour créer des instruments d\'écriture simples mais technologiquement avancés, expression du meilleur design italien.','Le Maxi Puzzle Empire de Carioca a grandes dimensions (100 cm x 70 cm et 35 pièces ), il est biface et entièrement à colorier. La robustesse du carton et la précision des encastrements facilitent la composition aussi des plus petits. Chaque confection contient 36 marqueurs lavables: les typologies sont JOY, avec la pointe fine pour un trait précis et JUMBO, avec la pointe très grande et le corps octogonal pour une poignée facile.','maxi-puzzle-empire-42836-71-pcs','','','','Maxi Puzzle Empire - 42836 - 71 Pcs','In Stock','','',''),(26,5,4,'Carioca è un love-brand internazionale nato nel 1965, specializzato nella produzione di strumenti per colorare. L\'85% dei prodotti Carioca viene realizzato in Italia e distribuito in tutto il mondo. Ogni giorno, negli stabilimenti produttivi, un team di progettisti, chimici e artigiani lavora insieme con passione per creare strumenti di scrittura semplici ma tecnologicamente avanzati, espressione del migliore design italiano.','Il Maxi Puzzle Empire di Carioca ha grandi dimensioni (100 cm x 70 cm e 35 pz.), è bifacciale e interamente da colorare. La robustezza del cartone e la precisione degli incastri facilitano la composizione anche dei più piccoli. Ogni confezione contiene 36 pennarelli superlavabili: le tipologie sono JOY, con punta fine per u tratto preciso e JUMBO, con punta maxi e corpo ottagonale per una facile impugnatura.','maxi-puzzle-empire-42836-71-pcs','','','','Maxi Puzzle Empire - 42836 - 71 Pcs','In Stock','','',''),(26,8,1,'CARIOCA is an international brand founded in 1965 and specialised in the production of drawing materials. 85% of Carioca products are produced in Italy and are shipped worldwide. Every day a team of designers, chemists and craftsmen work together to lovingly create writing instruments that are simple yet technologically advanced. They truly embody the best of Italian design.','The Maxi Puzzle Carioca Empire is a two-sided maxi puzzle (35 pcs of 100 cm x 70 cm) that can be colored completely. The strength of its cardboard and the perfect shape of each single piece make this puzzle ideal also for toddlers. Each pack contains 36 superwashable felt tip pens. There are 2 different types of felt tip: JOY with a fine tip for precise strokes, and JUMBO with a maxi tip and an octagonal body for easy handling.','maxi-puzzle-empire-42836-71-pcs','','','','Maxi Puzzle Empire - 42836 - 71 Pcs','In Stock','','',''),(26,8,2,'Carioca ist eine im Jahr 1965 gegründete internationale Love-Brand, die sich auf Malwerkzeug spezialisiert hat. 85 % der Produkte von Carioca werden in Italien hergestellt und auf der ganzen Welt verkauft. Täglich arbeitet ein Team aus Projektingenieuren, Chemikern und Künstlern gemein mit Leidenschaft in den Produktionsstätten, um einfache, aber technisch fortschrittliche Zeichengeräte zu entwerfen – ein Ausdruck besten italienischen Designs. ','Das Maxi-Puzzle „Empire” von Carioca ist riesengroß (100 cm x 70 cm, 35 Teile), zweiseitig und lässt sich vollständig ausmalen. Aufgrund des robusten Pappmaterials und der Präzision der ineinandergreifenden Teile ist das Zusammensetzen des Puzzles auch für die Kleinsten das reinste Kinderspiel. Jede Packung enthält 36 superwaschbare Filzstifte: Das Modell JOY hat eine feine Spitze, zur Bearbeitung der Details, und die JUMBO-Filzstifte mit ihrer Maxi-Spitze sorgen mit ihrer achteckigen Form für einfache Griffigkeit. ','maxi-puzzle-empire-42836-71-pcs','','','','Maxi Puzzle Empire - 42836 - 71 Pcs','In Stock','','',''),(26,8,3,'Carioca est une marque internationale née en 1965, specialisée dans la production d\'instruments pour colorier. 85% des produits Carioca est réalisé en Italie et distribué dans le monde entier. Chaque jour, dans les sites de production, une équipe de concepteurs, chimistes et artisans travaille ensemble avec passion pour créer des instruments d\'écriture simples mais technologiquement avancés, expression du meilleur design italien.','Le Maxi Puzzle Empire de Carioca a grandes dimensions (100 cm x 70 cm et 35 pièces ), il est biface et entièrement à colorier. La robustesse du carton et la précision des encastrements facilitent la composition aussi des plus petits. Chaque confection contient 36 marqueurs lavables: les typologies sont JOY, avec la pointe fine pour un trait précis et JUMBO, avec la pointe très grande et le corps octogonal pour une poignée facile.','maxi-puzzle-empire-42836-71-pcs','','','','Maxi Puzzle Empire - 42836 - 71 Pcs','In Stock','','',''),(26,8,4,'Carioca è un love-brand internazionale nato nel 1965, specializzato nella produzione di strumenti per colorare. L\'85% dei prodotti Carioca viene realizzato in Italia e distribuito in tutto il mondo. Ogni giorno, negli stabilimenti produttivi, un team di progettisti, chimici e artigiani lavora insieme con passione per creare strumenti di scrittura semplici ma tecnologicamente avanzati, espressione del migliore design italiano.','Il Maxi Puzzle Empire di Carioca ha grandi dimensioni (100 cm x 70 cm e 35 pz.), è bifacciale e interamente da colorare. La robustezza del cartone e la precisione degli incastri facilitano la composizione anche dei più piccoli. Ogni confezione contiene 36 pennarelli superlavabili: le tipologie sono JOY, con punta fine per u tratto preciso e JUMBO, con punta maxi e corpo ottagonale per una facile impugnatura.','maxi-puzzle-empire-42836-71-pcs','','','','Maxi Puzzle Empire - 42836 - 71 Pcs','In Stock','','',''),(27,5,1,'CARIOCA is an international brand founded in 1965 and specialised in the production of drawing materials. 85% of Carioca products are produced in Italy and are shipped worldwide. Every day a team of designers, chemists and craftsmen work together to lovingly create writing instruments that are simple yet technologically advanced. They truly embody the best of Italian design.','The Maxi Puzzle Carioca Adventures is a two-sided maxi puzzle (35 pcs of 100 cm x 70 cm) that can be colored completely. The strength of its cardboard and the perfect shape of each single piece make this puzzle ideal also for toddlers. Each pack contains 36 superwashable felt tip pens. There are 2 different types of felt tip: JOY with a fine tip for precise strokes, and JUMBO with a maxi tip and an octagonal body for easy handling.','maxi-puzzle-adventures-42837-71-pcs','','','','Maxi Puzzle Adventures - 42837 - 71 Pcs','In Stock','','',''),(27,5,2,'Carioca ist eine im Jahr 1965 gegründete internationale Love-Brand, die sich auf Malwerkzeug spezialisiert hat. 85 % der Produkte von Carioca werden in Italien hergestellt und auf der ganzen Welt verkauft. Täglich arbeitet ein Team aus Projektingenieuren, Chemikern und Künstlern gemein mit Leidenschaft in den Produktionsstätten, um einfache, aber technisch fortschrittliche Zeichengeräte zu entwerfen – ein Ausdruck besten italienischen Designs. ','Das Maxi-Puzzle „Adventures” von Carioca ist riesengroß (100 cm x 70 cm, 35 Teile), zweiseitig und lässt sich vollständig ausmalen. Aufgrund des robusten Pappmaterials und der Präzision der ineinandergreifenden Teile ist das Zusammensetzen des Puzzles auch für die Kleinsten das reinste Kinderspiel. Jede Packung enthält 36 superwaschbare Filzstifte: Das Modell JOY hat eine feine Spitze, zur Bearbeitung der Details, und die JUMBO-Filzstifte mit ihrer Maxi-Spitze sorgen mit ihrer achteckigen Form für einfache Griffigkeit. ','maxi-puzzle-adventures-42837-71-pcs','','','','Maxi Puzzle Adventures - 42837 - 71 Pcs','In Stock','','',''),(27,5,3,'Carioca est une marque internationale née en 1965, specialisée dans la production d\'instruments pour colorier. 85% des produits Carioca est réalisé en Italie et distribué dans le monde entier. Chaque jour, dans les sites de production, une équipe de concepteurs, chimistes et artisans travaille ensemble avec passion pour créer des instruments d\'écriture simples mais technologiquement avancés, expression du meilleur design italien.','Le Maxi Puzzle Adventures de Carioca a grandes dimensions (100 cm x 70 cm et 35 pièces ), est biface et entièrement à colorier. La robustesse du carton et la précision des encastrements facilitent la composition aussi des plus petits. Chaque confection contient 36 marqueurs lavables: les typologies sont JOY, avec la pointe fine pour un trait précis et JUMBO, avec la pointe très grande et le corps octogonal pour une poignée facile.','maxi-puzzle-adventures-42837-71-pcs','','','','Maxi Puzzle Adventures - 42837 - 71 Pcs','In Stock','','',''),(27,5,4,'Carioca è un love-brand internazionale nato nel 1965, specializzato nella produzione di strumenti per colorare. L\'85% dei prodotti Carioca viene realizzato in Italia e distribuito in tutto il mondo. Ogni giorno, negli stabilimenti produttivi, un team di progettisti, chimici e artigiani lavora insieme con passione per creare strumenti di scrittura semplici ma tecnologicamente avanzati, espressione del migliore design italiano.','Il Maxi Puzzle Adventures di Carioca ha grandi dimensioni (100 cm x 70 cm e 35 pz.), è bifacciale e interamente da colorare. La robustezza del cartone e la precisione degli incastri facilitano la composizione anche dei più piccoli. Ogni confezione contiene 36 pennarelli superlavabili: le tipologie sono JOY, con punta fine per u tratto preciso e JUMBO, con punta maxi e corpo ottagonale per una facile impugnatura.','maxi-puzzle-adventures-42837-71-pcs','','','','Maxi Puzzle Adventures - 42837 - 71 Pcs','In Stock','','',''),(27,8,1,'CARIOCA is an international brand founded in 1965 and specialised in the production of drawing materials. 85% of Carioca products are produced in Italy and are shipped worldwide. Every day a team of designers, chemists and craftsmen work together to lovingly create writing instruments that are simple yet technologically advanced. They truly embody the best of Italian design.','The Maxi Puzzle Carioca Adventures is a two-sided maxi puzzle (35 pcs of 100 cm x 70 cm) that can be colored completely. The strength of its cardboard and the perfect shape of each single piece make this puzzle ideal also for toddlers. Each pack contains 36 superwashable felt tip pens. There are 2 different types of felt tip: JOY with a fine tip for precise strokes, and JUMBO with a maxi tip and an octagonal body for easy handling.','maxi-puzzle-adventures-42837-71-pcs','','','','Maxi Puzzle Adventures - 42837 - 71 Pcs','In Stock','','',''),(27,8,2,'Carioca ist eine im Jahr 1965 gegründete internationale Love-Brand, die sich auf Malwerkzeug spezialisiert hat. 85 % der Produkte von Carioca werden in Italien hergestellt und auf der ganzen Welt verkauft. Täglich arbeitet ein Team aus Projektingenieuren, Chemikern und Künstlern gemein mit Leidenschaft in den Produktionsstätten, um einfache, aber technisch fortschrittliche Zeichengeräte zu entwerfen – ein Ausdruck besten italienischen Designs. ','Das Maxi-Puzzle „Adventures” von Carioca ist riesengroß (100 cm x 70 cm, 35 Teile), zweiseitig und lässt sich vollständig ausmalen. Aufgrund des robusten Pappmaterials und der Präzision der ineinandergreifenden Teile ist das Zusammensetzen des Puzzles auch für die Kleinsten das reinste Kinderspiel. Jede Packung enthält 36 superwaschbare Filzstifte: Das Modell JOY hat eine feine Spitze, zur Bearbeitung der Details, und die JUMBO-Filzstifte mit ihrer Maxi-Spitze sorgen mit ihrer achteckigen Form für einfache Griffigkeit. ','maxi-puzzle-adventures-42837-71-pcs','','','','Maxi Puzzle Adventures - 42837 - 71 Pcs','In Stock','','',''),(27,8,3,'Carioca est une marque internationale née en 1965, specialisée dans la production d\'instruments pour colorier. 85% des produits Carioca est réalisé en Italie et distribué dans le monde entier. Chaque jour, dans les sites de production, une équipe de concepteurs, chimistes et artisans travaille ensemble avec passion pour créer des instruments d\'écriture simples mais technologiquement avancés, expression du meilleur design italien.','Le Maxi Puzzle Adventures de Carioca a grandes dimensions (100 cm x 70 cm et 35 pièces ), est biface et entièrement à colorier. La robustesse du carton et la précision des encastrements facilitent la composition aussi des plus petits. Chaque confection contient 36 marqueurs lavables: les typologies sont JOY, avec la pointe fine pour un trait précis et JUMBO, avec la pointe très grande et le corps octogonal pour une poignée facile.','maxi-puzzle-adventures-42837-71-pcs','','','','Maxi Puzzle Adventures - 42837 - 71 Pcs','In Stock','','',''),(27,8,4,'Carioca è un love-brand internazionale nato nel 1965, specializzato nella produzione di strumenti per colorare. L\'85% dei prodotti Carioca viene realizzato in Italia e distribuito in tutto il mondo. Ogni giorno, negli stabilimenti produttivi, un team di progettisti, chimici e artigiani lavora insieme con passione per creare strumenti di scrittura semplici ma tecnologicamente avanzati, espressione del migliore design italiano.','Il Maxi Puzzle Adventures di Carioca ha grandi dimensioni (100 cm x 70 cm e 35 pz.), è bifacciale e interamente da colorare. La robustezza del cartone e la precisione degli incastri facilitano la composizione anche dei più piccoli. Ogni confezione contiene 36 pennarelli superlavabili: le tipologie sono JOY, con punta fine per u tratto preciso e JUMBO, con punta maxi e corpo ottagonale per una facile impugnatura.','maxi-puzzle-adventures-42837-71-pcs','','','','Maxi Puzzle Adventures - 42837 - 71 Pcs','In Stock','','',''),(28,5,1,'CARIOCA is an international brand founded in 1965 and specialised in the production of drawing materials. 85% of Carioca products are produced in Italy and are shipped worldwide. Every day a team of designers, chemists and craftsmen work together to lovingly create writing instruments that are simple yet technologically advanced. They truly embody the best of Italian design.','The Maxi Puzzle Carioca Pirates is a two-sided maxi puzzle (35 pcs of 100 cm x 70 cm) that can be colored completely. The strength of its cardboard and the perfect shape of each single piece make this puzzle ideal also for toddlers. Each pack contains 36 superwashable felt tip pens. There are 2 different types of felt tip: JOY with a fine tip for precise strokes, and JUMBO with a maxi tip and an octagonal body for easy handling.','maxi-pirates-42838-71-pcs','','','','Maxi Pirates - 42838 - 71 Pcs','In Stock','','',''),(28,5,2,'Carioca ist eine im Jahr 1965 gegründete internationale Love-Brand, die sich auf Malwerkzeug spezialisiert hat. 85 % der Produkte von Carioca werden in Italien hergestellt und auf der ganzen Welt verkauft. Täglich arbeitet ein Team aus Projektingenieuren, Chemikern und Künstlern gemein mit Leidenschaft in den Produktionsstätten, um einfache, aber technisch fortschrittliche Zeichengeräte zu entwerfen – ein Ausdruck besten italienischen Designs. ','Das Maxi-Puzzle „Pirates” von Carioca ist riesengroß (100 cm x 70 cm, 35 Teile), zweiseitig und lässt sich vollständig ausmalen. Aufgrund des robusten Pappmaterials und der Präzision der ineinandergreifenden Teile ist das Zusammensetzen des Puzzles auch für die Kleinsten das reinste Kinderspiel. Jede Packung enthält 36 superwaschbare Filzstifte: Das Modell JOY hat eine feine Spitze, zur Bearbeitung der Details, und die JUMBO-Filzstifte mit ihrer Maxi-Spitze sorgen mit ihrer achteckigen Form für einfache Griffigkeit. ','maxi-pirates-42838-71-pcs','','','','Maxi Pirates - 42838 - 71 Pcs','In Stock','','',''),(28,5,3,'Carioca est une marque internationale née en 1965, specialisée dans la production d\'instruments pour colorier. 85% des produits Carioca est réalisé en Italie et distribué dans le monde entier. Chaque jour, dans les sites de production, une équipe de concepteurs, chimistes et artisans travaille ensemble avec passion pour créer des instruments d\'écriture simples mais technologiquement avancés, expression du meilleur design italien.','Le Maxi Puzzle Maxi Pirates de Carioca a grandes dimensions (100 cm x 70 cm et 35 pièces ), est biface et entièrement à colorier. La robustesse du carton et la précision des encastrements facilitent la composition aussi des plus petits. Chaque confection contient 36 marqueurs lavables: les typologies sont JOY, avec la pointe fine pour un trait précis et JUMBO, avec la pointe très grande et le corps octogonal pour une poignée facile.','maxi-pirates-42838-71-pcs','','','','Maxi Pirates - 42838 - 71 Pcs','In Stock','','',''),(28,5,4,'Carioca è un love-brand internazionale nato nel 1965, specializzato nella produzione di strumenti per colorare. L\'85% dei prodotti Carioca viene realizzato in Italia e distribuito in tutto il mondo. Ogni giorno, negli stabilimenti produttivi, un team di progettisti, chimici e artigiani lavora insieme con passione per creare strumenti di scrittura semplici ma tecnologicamente avanzati, espressione del migliore design italiano.','Il Maxi Puzzle Maxi Pirates di Carioca ha grandi dimensioni (100 cm x 70 cm e 35 pz.), è bifacciale e interamente da colorare. La robustezza del cartone e la precisione degli incastri facilitano la composizione anche dei più piccoli. Ogni confezione contiene 36 pennarelli superlavabili: le tipologie sono JOY, con punta fine per u tratto preciso e JUMBO, con punta maxi e corpo ottagonale per una facile impugnatura.','maxi-pirates-42838-71-pcs','','','','Maxi Pirates - 42838 - 71 Pcs','In Stock','','',''),(28,8,1,'CARIOCA is an international brand founded in 1965 and specialised in the production of drawing materials. 85% of Carioca products are produced in Italy and are shipped worldwide. Every day a team of designers, chemists and craftsmen work together to lovingly create writing instruments that are simple yet technologically advanced. They truly embody the best of Italian design.','The Maxi Puzzle Carioca Pirates is a two-sided maxi puzzle (35 pcs of 100 cm x 70 cm) that can be colored completely. The strength of its cardboard and the perfect shape of each single piece make this puzzle ideal also for toddlers. Each pack contains 36 superwashable felt tip pens. There are 2 different types of felt tip: JOY with a fine tip for precise strokes, and JUMBO with a maxi tip and an octagonal body for easy handling.','maxi-pirates-42838-71-pcs','','','','Maxi Pirates - 42838 - 71 Pcs','In Stock','','',''),(28,8,2,'Carioca ist eine im Jahr 1965 gegründete internationale Love-Brand, die sich auf Malwerkzeug spezialisiert hat. 85 % der Produkte von Carioca werden in Italien hergestellt und auf der ganzen Welt verkauft. Täglich arbeitet ein Team aus Projektingenieuren, Chemikern und Künstlern gemein mit Leidenschaft in den Produktionsstätten, um einfache, aber technisch fortschrittliche Zeichengeräte zu entwerfen – ein Ausdruck besten italienischen Designs. ','Das Maxi-Puzzle „Pirates” von Carioca ist riesengroß (100 cm x 70 cm, 35 Teile), zweiseitig und lässt sich vollständig ausmalen. Aufgrund des robusten Pappmaterials und der Präzision der ineinandergreifenden Teile ist das Zusammensetzen des Puzzles auch für die Kleinsten das reinste Kinderspiel. Jede Packung enthält 36 superwaschbare Filzstifte: Das Modell JOY hat eine feine Spitze, zur Bearbeitung der Details, und die JUMBO-Filzstifte mit ihrer Maxi-Spitze sorgen mit ihrer achteckigen Form für einfache Griffigkeit. ','maxi-pirates-42838-71-pcs','','','','Maxi Pirates - 42838 - 71 Pcs','In Stock','','',''),(28,8,3,'Carioca est une marque internationale née en 1965, specialisée dans la production d\'instruments pour colorier. 85% des produits Carioca est réalisé en Italie et distribué dans le monde entier. Chaque jour, dans les sites de production, une équipe de concepteurs, chimistes et artisans travaille ensemble avec passion pour créer des instruments d\'écriture simples mais technologiquement avancés, expression du meilleur design italien.','Le Maxi Puzzle Maxi Pirates de Carioca a grandes dimensions (100 cm x 70 cm et 35 pièces ), est biface et entièrement à colorier. La robustesse du carton et la précision des encastrements facilitent la composition aussi des plus petits. Chaque confection contient 36 marqueurs lavables: les typologies sont JOY, avec la pointe fine pour un trait précis et JUMBO, avec la pointe très grande et le corps octogonal pour une poignée facile.','maxi-pirates-42838-71-pcs','','','','Maxi Pirates - 42838 - 71 Pcs','In Stock','','',''),(28,8,4,'Carioca è un love-brand internazionale nato nel 1965, specializzato nella produzione di strumenti per colorare. L\'85% dei prodotti Carioca viene realizzato in Italia e distribuito in tutto il mondo. Ogni giorno, negli stabilimenti produttivi, un team di progettisti, chimici e artigiani lavora insieme con passione per creare strumenti di scrittura semplici ma tecnologicamente avanzati, espressione del migliore design italiano.','Il Maxi Puzzle Maxi Pirates di Carioca ha grandi dimensioni (100 cm x 70 cm e 35 pz.), è bifacciale e interamente da colorare. La robustezza del cartone e la precisione degli incastri facilitano la composizione anche dei più piccoli. Ogni confezione contiene 36 pennarelli superlavabili: le tipologie sono JOY, con punta fine per u tratto preciso e JUMBO, con punta maxi e corpo ottagonale per una facile impugnatura.','maxi-pirates-42838-71-pcs','','','','Maxi Pirates - 42838 - 71 Pcs','In Stock','','',''),(29,5,1,'CARIOCA is an international brand founded in 1965 and specialised in the production of drawing materials. 85% of Carioca products are produced in Italy and are shipped worldwide. Every day a team of designers, chemists and craftsmen work together to lovingly create writing instruments that are simple yet technologically advanced. They truly embody the best of Italian design.','The Maxi Puzzle Carioca Monster is a two-sided maxi puzzle (35 pcs of 100 cm x 70 cm) that can be colored completely. The strength of its cardboard and the perfect shape of each single piece make this puzzle ideal also for toddlers. Each pack contains 36 superwashable felt tip pens. There are 2 different types of felt tip: JOY with a fine tip for precise strokes, and JUMBO with a maxi tip and an octagonal body for easy handling.','maxi-puzzle-monster-42839-71-pcs','','','','Maxi Puzzle Monster - 42839 - 71 Pcs','In Stock','','',''),(29,5,2,'Carioca ist eine im Jahr 1965 gegründete internationale Love-Brand, die sich auf Malwerkzeug spezialisiert hat. 85 % der Produkte von Carioca werden in Italien hergestellt und auf der ganzen Welt verkauft. Täglich arbeitet ein Team aus Projektingenieuren, Chemikern und Künstlern gemein mit Leidenschaft in den Produktionsstätten, um einfache, aber technisch fortschrittliche Zeichengeräte zu entwerfen – ein Ausdruck besten italienischen Designs. ','Das Maxi-Puzzle „Monster” von Carioca ist riesengroß (100 cm x 70 cm, 35 Teile), zweiseitig und lässt sich vollständig ausmalen. Aufgrund des robusten Pappmaterials und der Präzision der ineinandergreifenden Teile ist das Zusammensetzen des Puzzles auch für die Kleinsten das reinste Kinderspiel. Jede Packung enthält 36 superwaschbare Filzstifte: Das Modell JOY hat eine feine Spitze, zur Bearbeitung der Details, und die JUMBO-Filzstifte mit ihrer Maxi-Spitze sorgen mit ihrer achteckigen Form für einfache Griffigkeit. ','maxi-puzzle-monster-42839-71-pcs','','','','Maxi Puzzle Monster - 42839 - 71 Pcs','In Stock','','',''),(29,5,3,'Carioca est une marque internationale née en 1965, specialisée dans la production d\'instruments pour colorier. 85% des produits Carioca est réalisé en Italie et distribué dans le monde entier. Chaque jour, dans les sites de production, une équipe de concepteurs, chimistes et artisans travaille ensemble avec passion pour créer des instruments d\'écriture simples mais technologiquement avancés, expression du meilleur design italien.','Le Maxi Puzzle Monster de Carioca a grandes dimensions (100 cm x 70 cm et 35 pièces ), est biface et entièrement à colorier. La robustesse du carton et la précision des encastrements facilitent la composition aussi des plus petits. Chaque confection contient 36 marqueurs lavables: les typologies sont JOY, avec la pointe fine pour un trait précis et JUMBO, avec la pointe très grande et le corps octogonal pour une poignée facile.','maxi-puzzle-monster-42839-71-pcs','','','','Maxi Puzzle Monster - 42839 - 71 Pcs','In Stock','','',''),(29,5,4,'Carioca è un love-brand internazionale nato nel 1965, specializzato nella produzione di strumenti per colorare. L\'85% dei prodotti Carioca viene realizzato in Italia e distribuito in tutto il mondo. Ogni giorno, negli stabilimenti produttivi, un team di progettisti, chimici e artigiani lavora insieme con passione per creare strumenti di scrittura semplici ma tecnologicamente avanzati, espressione del migliore design italiano.','Il Maxi Puzzle Monster di Carioca ha grandi dimensioni (100 cm x 70 cm e 35 pz.), è bifacciale e interamente da colorare. La robustezza del cartone e la precisione degli incastri facilitano la composizione anche dei più piccoli. Ogni confezione contiene 36 pennarelli superlavabili: le tipologie sono JOY, con punta fine per u tratto preciso e JUMBO, con punta maxi e corpo ottagonale per una facile impugnatura.','maxi-puzzle-monster-42839-71-pcs','','','','Maxi Puzzle Monster - 42839 - 71 Pcs','In Stock','','',''),(29,8,1,'CARIOCA is an international brand founded in 1965 and specialised in the production of drawing materials. 85% of Carioca products are produced in Italy and are shipped worldwide. Every day a team of designers, chemists and craftsmen work together to lovingly create writing instruments that are simple yet technologically advanced. They truly embody the best of Italian design.','The Maxi Puzzle Carioca Monster is a two-sided maxi puzzle (35 pcs of 100 cm x 70 cm) that can be colored completely. The strength of its cardboard and the perfect shape of each single piece make this puzzle ideal also for toddlers. Each pack contains 36 superwashable felt tip pens. There are 2 different types of felt tip: JOY with a fine tip for precise strokes, and JUMBO with a maxi tip and an octagonal body for easy handling.','maxi-puzzle-monster-42839-71-pcs','','','','Maxi Puzzle Monster - 42839 - 71 Pcs','In Stock','','',''),(29,8,2,'Carioca ist eine im Jahr 1965 gegründete internationale Love-Brand, die sich auf Malwerkzeug spezialisiert hat. 85 % der Produkte von Carioca werden in Italien hergestellt und auf der ganzen Welt verkauft. Täglich arbeitet ein Team aus Projektingenieuren, Chemikern und Künstlern gemein mit Leidenschaft in den Produktionsstätten, um einfache, aber technisch fortschrittliche Zeichengeräte zu entwerfen – ein Ausdruck besten italienischen Designs. ','Das Maxi-Puzzle „Monster” von Carioca ist riesengroß (100 cm x 70 cm, 35 Teile), zweiseitig und lässt sich vollständig ausmalen. Aufgrund des robusten Pappmaterials und der Präzision der ineinandergreifenden Teile ist das Zusammensetzen des Puzzles auch für die Kleinsten das reinste Kinderspiel. Jede Packung enthält 36 superwaschbare Filzstifte: Das Modell JOY hat eine feine Spitze, zur Bearbeitung der Details, und die JUMBO-Filzstifte mit ihrer Maxi-Spitze sorgen mit ihrer achteckigen Form für einfache Griffigkeit. ','maxi-puzzle-monster-42839-71-pcs','','','','Maxi Puzzle Monster - 42839 - 71 Pcs','In Stock','','',''),(29,8,3,'Carioca est une marque internationale née en 1965, specialisée dans la production d\'instruments pour colorier. 85% des produits Carioca est réalisé en Italie et distribué dans le monde entier. Chaque jour, dans les sites de production, une équipe de concepteurs, chimistes et artisans travaille ensemble avec passion pour créer des instruments d\'écriture simples mais technologiquement avancés, expression du meilleur design italien.','Le Maxi Puzzle Monster de Carioca a grandes dimensions (100 cm x 70 cm et 35 pièces ), est biface et entièrement à colorier. La robustesse du carton et la précision des encastrements facilitent la composition aussi des plus petits. Chaque confection contient 36 marqueurs lavables: les typologies sont JOY, avec la pointe fine pour un trait précis et JUMBO, avec la pointe très grande et le corps octogonal pour une poignée facile.','maxi-puzzle-monster-42839-71-pcs','','','','Maxi Puzzle Monster - 42839 - 71 Pcs','In Stock','','',''),(29,8,4,'Carioca è un love-brand internazionale nato nel 1965, specializzato nella produzione di strumenti per colorare. L\'85% dei prodotti Carioca viene realizzato in Italia e distribuito in tutto il mondo. Ogni giorno, negli stabilimenti produttivi, un team di progettisti, chimici e artigiani lavora insieme con passione per creare strumenti di scrittura semplici ma tecnologicamente avanzati, espressione del migliore design italiano.','Il Maxi Puzzle Monster di Carioca ha grandi dimensioni (100 cm x 70 cm e 35 pz.), è bifacciale e interamente da colorare. La robustezza del cartone e la precisione degli incastri facilitano la composizione anche dei più piccoli. Ogni confezione contiene 36 pennarelli superlavabili: le tipologie sono JOY, con punta fine per u tratto preciso e JUMBO, con punta maxi e corpo ottagonale per una facile impugnatura.','maxi-puzzle-monster-42839-71-pcs','','','','Maxi Puzzle Monster - 42839 - 71 Pcs','In Stock','','',''),(30,5,1,'CARIOCA is an international brand founded in 1965 and specialised in the production of drawing materials. 85% of Carioca products are produced in Italy and are shipped worldwide. Every day a team of designers, chemists and craftsmen work together to lovingly create writing instruments that are simple yet technologically advanced. They truly embody the best of Italian design.','The Maxi Puzzle Carioca City and Jungle is a two-sided maxi puzzle (35 pcs of 100 cm x 70 cm) that can be colored completely. The strength of its cardboard and the perfect shape of each single piece make this puzzle ideal also for toddlers. Each pack contains 36 superwashable felt tip pens. There are 2 different types of felt tip: JOY with a fine tip for precise strokes, and JUMBO with a maxi tip and an octagonal body for easy handling.','maxi-puzzle-city-and-jungle-42861-71-pcs','','','','Maxi Puzzle City and Jungle - 42861 - 71 Pcs','In Stock','','',''),(30,5,2,'Carioca ist eine im Jahr 1965 gegründete internationale Love-Brand, die sich auf Malwerkzeug spezialisiert hat. 85 % der Produkte von Carioca werden in Italien hergestellt und auf der ganzen Welt verkauft. Täglich arbeitet ein Team aus Projektingenieuren, Chemikern und Künstlern gemein mit Leidenschaft in den Produktionsstätten, um einfache, aber technisch fortschrittliche Zeichengeräte zu entwerfen – ein Ausdruck besten italienischen Designs. ','Das Maxi-Puzzle „City and Jungle” von Carioca ist riesengroß (100 cm x 70 cm, 35 Teile), zweiseitig und lässt sich vollständig ausmalen. Aufgrund des robusten Pappmaterials und der Präzision der ineinandergreifenden Teile ist das Zusammensetzen des Puzzles auch für die Kleinsten das reinste Kinderspiel. Jede Packung enthält 36 superwaschbare Filzstifte: Das Modell JOY hat eine feine Spitze, zur Bearbeitung der Details, und die JUMBO-Filzstifte mit ihrer Maxi-Spitze sorgen mit ihrer achteckigen Form für einfache Griffigkeit. ','maxi-puzzle-city-and-jungle-42861-71-pcs','','','','Maxi Puzzle City and Jungle - 42861 - 71 Pcs','In Stock','','',''),(30,5,3,'Carioca est une marque internationale née en 1965, specialisée dans la production d\'instruments pour colorier. 85% des produits Carioca est réalisé en Italie et distribué dans le monde entier. Chaque jour, dans les sites de production, une équipe de concepteurs, chimistes et artisans travaille ensemble avec passion pour créer des instruments d\'écriture simples mais technologiquement avancés, expression du meilleur design italien.','Le Maxi Puzzle City and Jungle de Carioca a grandes dimensions (100 cm x 70 cm et 35 pièces ), est biface et entièrement à colorier. La robustesse du carton et la précision des encastrements facilitent la composition aussi des plus petits. Chaque confection contient 36 marqueurs lavables: les typologies sont JOY, avec la pointe fine pour un trait précis et JUMBO, avec la pointe très grande et le corps octogonal pour une poignée facile.','maxi-puzzle-city-and-jungle-42861-71-pcs','','','','Maxi Puzzle City and Jungle - 42861 - 71 Pcs','In Stock','','',''),(30,5,4,'Carioca è un love-brand internazionale nato nel 1965, specializzato nella produzione di strumenti per colorare. L\'85% dei prodotti Carioca viene realizzato in Italia e distribuito in tutto il mondo. Ogni giorno, negli stabilimenti produttivi, un team di progettisti, chimici e artigiani lavora insieme con passione per creare strumenti di scrittura semplici ma tecnologicamente avanzati, espressione del migliore design italiano.','Il Maxi Puzzle City and Jungle di Carioca ha grandi dimensioni (100 cm x 70 cm e 35 pz.), è bifacciale e interamente da colorare. La robustezza del cartone e la precisione degli incastri facilitano la composizione anche dei più piccoli. Ogni confezione contiene 36 pennarelli superlavabili: le tipologie sono JOY, con punta fine per u tratto preciso e JUMBO, con punta maxi e corpo ottagonale per una facile impugnatura.','maxi-puzzle-city-and-jungle-42861-71-pcs','','','','Maxi Puzzle City and Jungle - 42861 - 71 Pcs','In Stock','','',''),(30,8,1,'CARIOCA is an international brand founded in 1965 and specialised in the production of drawing materials. 85% of Carioca products are produced in Italy and are shipped worldwide. Every day a team of designers, chemists and craftsmen work together to lovingly create writing instruments that are simple yet technologically advanced. They truly embody the best of Italian design.','The Maxi Puzzle Carioca City and Jungle is a two-sided maxi puzzle (35 pcs of 100 cm x 70 cm) that can be colored completely. The strength of its cardboard and the perfect shape of each single piece make this puzzle ideal also for toddlers. Each pack contains 36 superwashable felt tip pens. There are 2 different types of felt tip: JOY with a fine tip for precise strokes, and JUMBO with a maxi tip and an octagonal body for easy handling.','maxi-puzzle-city-and-jungle-42861-71-pcs','','','','Maxi Puzzle City and Jungle - 42861 - 71 Pcs','In Stock','','',''),(30,8,2,'Carioca ist eine im Jahr 1965 gegründete internationale Love-Brand, die sich auf Malwerkzeug spezialisiert hat. 85 % der Produkte von Carioca werden in Italien hergestellt und auf der ganzen Welt verkauft. Täglich arbeitet ein Team aus Projektingenieuren, Chemikern und Künstlern gemein mit Leidenschaft in den Produktionsstätten, um einfache, aber technisch fortschrittliche Zeichengeräte zu entwerfen – ein Ausdruck besten italienischen Designs. ','Das Maxi-Puzzle „City and Jungle” von Carioca ist riesengroß (100 cm x 70 cm, 35 Teile), zweiseitig und lässt sich vollständig ausmalen. Aufgrund des robusten Pappmaterials und der Präzision der ineinandergreifenden Teile ist das Zusammensetzen des Puzzles auch für die Kleinsten das reinste Kinderspiel. Jede Packung enthält 36 superwaschbare Filzstifte: Das Modell JOY hat eine feine Spitze, zur Bearbeitung der Details, und die JUMBO-Filzstifte mit ihrer Maxi-Spitze sorgen mit ihrer achteckigen Form für einfache Griffigkeit. ','maxi-puzzle-city-and-jungle-42861-71-pcs','','','','Maxi Puzzle City and Jungle - 42861 - 71 Pcs','In Stock','','',''),(30,8,3,'Carioca est une marque internationale née en 1965, specialisée dans la production d\'instruments pour colorier. 85% des produits Carioca est réalisé en Italie et distribué dans le monde entier. Chaque jour, dans les sites de production, une équipe de concepteurs, chimistes et artisans travaille ensemble avec passion pour créer des instruments d\'écriture simples mais technologiquement avancés, expression du meilleur design italien.','Le Maxi Puzzle City and Jungle de Carioca a grandes dimensions (100 cm x 70 cm et 35 pièces ), est biface et entièrement à colorier. La robustesse du carton et la précision des encastrements facilitent la composition aussi des plus petits. Chaque confection contient 36 marqueurs lavables: les typologies sont JOY, avec la pointe fine pour un trait précis et JUMBO, avec la pointe très grande et le corps octogonal pour une poignée facile.','maxi-puzzle-city-and-jungle-42861-71-pcs','','','','Maxi Puzzle City and Jungle - 42861 - 71 Pcs','In Stock','','',''),(30,8,4,'Carioca è un love-brand internazionale nato nel 1965, specializzato nella produzione di strumenti per colorare. L\'85% dei prodotti Carioca viene realizzato in Italia e distribuito in tutto il mondo. Ogni giorno, negli stabilimenti produttivi, un team di progettisti, chimici e artigiani lavora insieme con passione per creare strumenti di scrittura semplici ma tecnologicamente avanzati, espressione del migliore design italiano.','Il Maxi Puzzle City and Jungle di Carioca ha grandi dimensioni (100 cm x 70 cm e 35 pz.), è bifacciale e interamente da colorare. La robustezza del cartone e la precisione degli incastri facilitano la composizione anche dei più piccoli. Ogni confezione contiene 36 pennarelli superlavabili: le tipologie sono JOY, con punta fine per u tratto preciso e JUMBO, con punta maxi e corpo ottagonale per una facile impugnatura.','maxi-puzzle-city-and-jungle-42861-71-pcs','','','','Maxi Puzzle City and Jungle - 42861 - 71 Pcs','In Stock','','',''),(31,5,1,'CARIOCA is an international brand founded in 1965 and specialised in the production of drawing materials. 85% of Carioca products are produced in Italy and are shipped worldwide. Every day a team of designers, chemists and craftsmen work together to lovingly create writing instruments that are simple yet technologically advanced. They truly embody the best of Italian design.','The Maxi Puzzle Carioca Happy Farm is a two-sided maxi puzzle (35 pcs of 100 cm x 70 cm) that can be colored completely. The strength of its cardboard and the perfect shape of each single piece make this puzzle ideal also for toddlers. Each pack contains 36 superwashable felt tip pens. There are 2 different types of felt tip: JOY with a fine tip for precise strokes, and JUMBO with a maxi tip and an octagonal body for easy handling.','maxi-puzzle-happy-farm-42889-71-pcs','','','','Maxi Puzzle Happy Farm - 42889 - 71 Pcs','In Stock','','',''),(31,5,2,'Carioca ist eine im Jahr 1965 gegründete internationale Love-Brand, die sich auf Malwerkzeug spezialisiert hat. 85 % der Produkte von Carioca werden in Italien hergestellt und auf der ganzen Welt verkauft. Täglich arbeitet ein Team aus Projektingenieuren, Chemikern und Künstlern gemein mit Leidenschaft in den Produktionsstätten, um einfache, aber technisch fortschrittliche Zeichengeräte zu entwerfen – ein Ausdruck besten italienischen Designs. ','Das Maxi-Puzzle „Happy Farm” von Carioca ist riesengroß (100 cm x 70 cm, 35 Teile), zweiseitig und lässt sich vollständig ausmalen. Aufgrund des robusten Pappmaterials und der Präzision der ineinandergreifenden Teile ist das Zusammensetzen des Puzzles auch für die Kleinsten das reinste Kinderspiel. Jede Packung enthält 36 superwaschbare Filzstifte: Das Modell JOY hat eine feine Spitze, zur Bearbeitung der Details, und die JUMBO-Filzstifte mit ihrer Maxi-Spitze sorgen mit ihrer achteckigen Form für einfache Griffigkeit. ','maxi-puzzle-happy-farm-42889-71-pcs','','','','Maxi Puzzle Happy Farm - 42889 - 71 Pcs','In Stock','','',''),(31,5,3,'Carioca est une marque internationale née en 1965, specialisée dans la production d\'instruments pour colorier. 85% des produits Carioca est réalisé en Italie et distribué dans le monde entier. Chaque jour, dans les sites de production, une équipe de concepteurs, chimistes et artisans travaille ensemble avec passion pour créer des instruments d\'écriture simples mais technologiquement avancés, expression du meilleur design italien.','Le Maxi Puzzle Happy Farm de Carioca a grandes dimensions (100 cm x 70 cm et 35 pièces ), est biface et entièrement à colorier. La robustesse du carton et la précision des encastrements facilitent la composition aussi des plus petits. Chaque confection contient 36 marqueurs lavables: les typologies sont JOY, avec la pointe fine pour un trait précis et JUMBO, avec la pointe très grande et le corps octogonal pour une poignée facile.','maxi-puzzle-happy-farm-42889-71-pcs','','','','Maxi Puzzle Happy Farm - 42889 - 71 Pcs','In Stock','','',''),(31,5,4,'Carioca è un love-brand internazionale nato nel 1965, specializzato nella produzione di strumenti per colorare. L\'85% dei prodotti Carioca viene realizzato in Italia e distribuito in tutto il mondo. Ogni giorno, negli stabilimenti produttivi, un team di progettisti, chimici e artigiani lavora insieme con passione per creare strumenti di scrittura semplici ma tecnologicamente avanzati, espressione del migliore design italiano.','Il Maxi Puzzle Happy Farm di Carioca ha grandi dimensioni (100 cm x 70 cm e 35 pz.), è bifacciale e interamente da colorare. La robustezza del cartone e la precisione degli incastri facilitano la composizione anche dei più piccoli. Ogni confezione contiene 36 pennarelli superlavabili: le tipologie sono JOY, con punta fine per u tratto preciso e JUMBO, con punta maxi e corpo ottagonale per una facile impugnatura.','maxi-puzzle-happy-farm-42889-71-pcs','','','','Maxi Puzzle Happy Farm - 42889 - 71 Pcs','In Stock','','',''),(31,8,1,'CARIOCA is an international brand founded in 1965 and specialised in the production of drawing materials. 85% of Carioca products are produced in Italy and are shipped worldwide. Every day a team of designers, chemists and craftsmen work together to lovingly create writing instruments that are simple yet technologically advanced. They truly embody the best of Italian design.','The Maxi Puzzle Carioca Happy Farm is a two-sided maxi puzzle (35 pcs of 100 cm x 70 cm) that can be colored completely. The strength of its cardboard and the perfect shape of each single piece make this puzzle ideal also for toddlers. Each pack contains 36 superwashable felt tip pens. There are 2 different types of felt tip: JOY with a fine tip for precise strokes, and JUMBO with a maxi tip and an octagonal body for easy handling.','maxi-puzzle-happy-farm-42889-71-pcs','','','','Maxi Puzzle Happy Farm - 42889 - 71 Pcs','In Stock','','',''),(31,8,2,'Carioca ist eine im Jahr 1965 gegründete internationale Love-Brand, die sich auf Malwerkzeug spezialisiert hat. 85 % der Produkte von Carioca werden in Italien hergestellt und auf der ganzen Welt verkauft. Täglich arbeitet ein Team aus Projektingenieuren, Chemikern und Künstlern gemein mit Leidenschaft in den Produktionsstätten, um einfache, aber technisch fortschrittliche Zeichengeräte zu entwerfen – ein Ausdruck besten italienischen Designs. ','Das Maxi-Puzzle „Happy Farm” von Carioca ist riesengroß (100 cm x 70 cm, 35 Teile), zweiseitig und lässt sich vollständig ausmalen. Aufgrund des robusten Pappmaterials und der Präzision der ineinandergreifenden Teile ist das Zusammensetzen des Puzzles auch für die Kleinsten das reinste Kinderspiel. Jede Packung enthält 36 superwaschbare Filzstifte: Das Modell JOY hat eine feine Spitze, zur Bearbeitung der Details, und die JUMBO-Filzstifte mit ihrer Maxi-Spitze sorgen mit ihrer achteckigen Form für einfache Griffigkeit. ','maxi-puzzle-happy-farm-42889-71-pcs','','','','Maxi Puzzle Happy Farm - 42889 - 71 Pcs','In Stock','','',''),(31,8,3,'Carioca est une marque internationale née en 1965, specialisée dans la production d\'instruments pour colorier. 85% des produits Carioca est réalisé en Italie et distribué dans le monde entier. Chaque jour, dans les sites de production, une équipe de concepteurs, chimistes et artisans travaille ensemble avec passion pour créer des instruments d\'écriture simples mais technologiquement avancés, expression du meilleur design italien.','Le Maxi Puzzle Happy Farm de Carioca a grandes dimensions (100 cm x 70 cm et 35 pièces ), est biface et entièrement à colorier. La robustesse du carton et la précision des encastrements facilitent la composition aussi des plus petits. Chaque confection contient 36 marqueurs lavables: les typologies sont JOY, avec la pointe fine pour un trait précis et JUMBO, avec la pointe très grande et le corps octogonal pour une poignée facile.','maxi-puzzle-happy-farm-42889-71-pcs','','','','Maxi Puzzle Happy Farm - 42889 - 71 Pcs','In Stock','','',''),(31,8,4,'Carioca è un love-brand internazionale nato nel 1965, specializzato nella produzione di strumenti per colorare. L\'85% dei prodotti Carioca viene realizzato in Italia e distribuito in tutto il mondo. Ogni giorno, negli stabilimenti produttivi, un team di progettisti, chimici e artigiani lavora insieme con passione per creare strumenti di scrittura semplici ma tecnologicamente avanzati, espressione del migliore design italiano.','Il Maxi Puzzle Happy Farm di Carioca ha grandi dimensioni (100 cm x 70 cm e 35 pz.), è bifacciale e interamente da colorare. La robustezza del cartone e la precisione degli incastri facilitano la composizione anche dei più piccoli. Ogni confezione contiene 36 pennarelli superlavabili: le tipologie sono JOY, con punta fine per u tratto preciso e JUMBO, con punta maxi e corpo ottagonale per una facile impugnatura.','maxi-puzzle-happy-farm-42889-71-pcs','','','','Maxi Puzzle Happy Farm - 42889 - 71 Pcs','In Stock','','',''),(39,4,1,'Pixel Art is a smart product line for children from 9 years upwards or an anti-sterss and regenerating activity that frees the mind from anxieties and promotes concentration. The pegs are only in 6 colors but, if you look at the images from a distance, they look like real photographs because the 6 colors magically blend together in thousands of new colors. It is the same principle of late nineteenth-century pointillist painting. All Quercetti toys are entirely produced in Turin, the italian city where the company was born. The famous \"pegs\" were first produced in 1953.','With this smart toy you can create the faces of Elsa or Anna, through the ingenious Pixel Pegs by Quercetti. This set contains 6600 pegs in 6 different colors, 4 boards.','pixel-art-photo-frozen-0806-6600-chiodini','','','','Pixel Art - PHOTO FROZEN 0806 - 6600 chiodini','In Stock','','',''),(39,4,2,'Pixel Art ist eine intelligente Produktlinie für Kinder ab 9 Jahren bzw. eine regenerierende, stressmindernde Aktivität, die den Kopf von Angstgefühlen befreit und die Konzentration fördert. Die Stecker gibt es zwar nur in 6 Farben, doch wenn man die Bilder aus einer gewissen Entfernung betrachtet, wirken diese wie echte Fotografien, weil die 6 Farben wie durch Zauberhand zu Tausenden von neuen Farbtönen verschmelzen. Es handelt sich hierbei um das gleiche Prinzip, das auch bei der pointillistischen Malerei aus dem 19. Jahrhundert angewendet wurde. Die Spiele von Quercetti werden ausschließlich in Italien produziert – in Turin, der Geburtsstadt der Firma. Die berühmten Steckpins wurden erstmalig im Jahr 1953 hergestellt. ','Mit diesem intelligenzfördernden Spiel lassen sich die Gesichter von Elsa oder Anna kreieren – mithilfe der raffinierten Pixel-Stecker von Quercetti. Dieses Set enthält 6600 Steckpins in 6 verschiedenen Farben und 4 Steckplatten.','pixel-art-photo-frozen-0806-6600-chiodini','','','','Pixel Art - PHOTO FROZEN 0806 - 6600 chiodini','In Stock','','',''),(39,4,3,'Pixel Art est une ligne de produits intelligents pour les enfants à partir de 9 ans ou une activité déstressante et régénératrice qui vide ton esprit des angoisses et favorise la concentration. Les petits clous sont seulement de 6 couleurs mais, si on regarde les images à une certaine distance, ils semblent des véritables photos parce que les 6 couleurs se mélangent, comme par magie, dans miliers de nouvelles couleurs. C\'est le même principe que le pointillisme de la fin du XIXème siècle. Les jeux Quercetti sont entièrement produits en Italie, dans la ville où l\'entreprise est née, Turin. Les fameux clous ont été produits pour la première fois dans le 1953. ','Avec ce jeu intélligent, tu pourras reproduire le visage d\'Elsa ou d\'Anna, avec les ingénieux clous Pixel de Quercetti. Cette boîte contient 6600 clous dans 6 différentes couleurs, 4 tableaux.','pixel-art-photo-frozen-0806-6600-chiodini','','','','Pixel Art - PHOTO FROZEN 0806 - 6600 chiodini','In Stock','','',''),(39,4,4,'Pixel Art è una linea di prodotti intelligente per bambini a partire da 9 anni oppure un\'attività anti-stress e rigenerante che libera la mente dalle ansie e favorisce la concentrazione. I chiodini sono solo in 6 colori ma, se si guardano le immagini da una certa distanza, sembrano delle vere e proprie fotografie perché i 6 colori si miscelano, come per magia, in migliaia di nuovi colori. E\' lo stesso principio della pittura puntinista di fine Ottocento. I giochi Quercetti vengono interamente prodotti in Italia, nella città in cui è nata l\'azienda, Torino. I famosi Chiodini sono stati prodotti per la prima volta nel 1953.','Con questo gioco intelligente potrai creare i volti di Elsa o Anna, attraverso gli ingegnosi Chiodini Pixel di Quercetti. Questo set contiene 6600 chiodini in 6 diversi colori, 4 tavolette.','pixel-art-photo-frozen-0806-6600-chiodini','','','','Pixel Art - PHOTO FROZEN 0806 - 6600 chiodini','In Stock','','',''),(39,12,1,'Pixel Art is a smart product line for children from 9 years upwards or an anti-sterss and regenerating activity that frees the mind from anxieties and promotes concentration. The pegs are only in 6 colors but, if you look at the images from a distance, they look like real photographs because the 6 colors magically blend together in thousands of new colors. It is the same principle of late nineteenth-century pointillist painting. All Quercetti toys are entirely produced in Turin, the italian city where the company was born. The famous \"pegs\" were first produced in 1953.','With this smart toy you can create the faces of Elsa or Anna, through the ingenious Pixel Pegs by Quercetti. This set contains 6600 pegs in 6 different colors, 4 boards.','pixel-art-photo-frozen-0806-6600-chiodini','','','','Pixel Art - PHOTO FROZEN 0806 - 6600 chiodini','In Stock','','',''),(39,12,2,'Pixel Art ist eine intelligente Produktlinie für Kinder ab 9 Jahren bzw. eine regenerierende, stressmindernde Aktivität, die den Kopf von Angstgefühlen befreit und die Konzentration fördert. Die Stecker gibt es zwar nur in 6 Farben, doch wenn man die Bilder aus einer gewissen Entfernung betrachtet, wirken diese wie echte Fotografien, weil die 6 Farben wie durch Zauberhand zu Tausenden von neuen Farbtönen verschmelzen. Es handelt sich hierbei um das gleiche Prinzip, das auch bei der pointillistischen Malerei aus dem 19. Jahrhundert angewendet wurde. Die Spiele von Quercetti werden ausschließlich in Italien produziert – in Turin, der Geburtsstadt der Firma. Die berühmten Steckpins wurden erstmalig im Jahr 1953 hergestellt. ','Mit diesem intelligenzfördernden Spiel lassen sich die Gesichter von Elsa oder Anna kreieren – mithilfe der raffinierten Pixel-Stecker von Quercetti. Dieses Set enthält 6600 Steckpins in 6 verschiedenen Farben und 4 Steckplatten.','pixel-art-photo-frozen-0806-6600-chiodini','','','','Pixel Art - PHOTO FROZEN 0806 - 6600 chiodini','In Stock','','',''),(39,12,3,'Pixel Art est une ligne de produits intelligents pour les enfants à partir de 9 ans ou une activité déstressante et régénératrice qui vide ton esprit des angoisses et favorise la concentration. Les petits clous sont seulement de 6 couleurs mais, si on regarde les images à une certaine distance, ils semblent des véritables photos parce que les 6 couleurs se mélangent, comme par magie, dans miliers de nouvelles couleurs. C\'est le même principe que le pointillisme de la fin du XIXème siècle. Les jeux Quercetti sont entièrement produits en Italie, dans la ville où l\'entreprise est née, Turin. Les fameux clous ont été produits pour la première fois dans le 1953. ','Avec ce jeu intélligent, tu pourras reproduire le visage d\'Elsa ou d\'Anna, avec les ingénieux clous Pixel de Quercetti. Cette boîte contient 6600 clous dans 6 différentes couleurs, 4 tableaux.','pixel-art-photo-frozen-0806-6600-chiodini','','','','Pixel Art - PHOTO FROZEN 0806 - 6600 chiodini','In Stock','','',''),(39,12,4,'Pixel Art è una linea di prodotti intelligente per bambini a partire da 9 anni oppure un\'attività anti-stress e rigenerante che libera la mente dalle ansie e favorisce la concentrazione. I chiodini sono solo in 6 colori ma, se si guardano le immagini da una certa distanza, sembrano delle vere e proprie fotografie perché i 6 colori si miscelano, come per magia, in migliaia di nuovi colori. E\' lo stesso principio della pittura puntinista di fine Ottocento. I giochi Quercetti vengono interamente prodotti in Italia, nella città in cui è nata l\'azienda, Torino. I famosi Chiodini sono stati prodotti per la prima volta nel 1953.','Con questo gioco intelligente potrai creare i volti di Elsa o Anna, attraverso gli ingegnosi Chiodini Pixel di Quercetti. Questo set contiene 6600 chiodini in 6 diversi colori, 4 tavolette.','pixel-art-photo-frozen-0806-6600-chiodini','','','','Pixel Art - PHOTO FROZEN 0806 - 6600 chiodini','In Stock','','',''),(40,4,1,'Pixel Art is a smart product line for children from 9 years upwards or an anti-sterss and regenerating activity that frees the mind from anxieties and promotes concentration. The pegs are only in 6 colors but, if you look at the images from a distance, they look like real photographs because the 6 colors magically blend together in thousands of new colors. It is the same principle of late nineteenth-century pointillist painting. All Quercetti toys are entirely produced in Turin, the italian city where the company was born. The famous \"pegs\" were first produced in 1953.','With this smart toy you can create the faces of the most beloved Disney characters, through the ingenious Pixel Pegs by Quercetti. This set contains 6000 pegs in 6 different colors and 4 guide sheets.','pixel-art-mickey-0807-6000-chiodini','','','','Pixel Art - MICKEY 0807 - 6000 chiodini','In Stock','','',''),(40,4,2,'Pixel Art ist eine intelligente Produktlinie für Kinder ab 9 Jahren bzw. eine regenerierende, stressmindernde Aktivität, die den Kopf von Angstgefühlen befreit und die Konzentration fördert. Die Stecker gibt es zwar nur in 6 Farben, doch wenn man die Bilder aus einer gewissen Entfernung betrachtet, wirken diese wie echte Fotografien, weil die 6 Farben wie durch Zauberhand zu Tausenden von neuen Farbtönen verschmelzen. Es handelt sich hierbei um das gleiche Prinzip, das auch bei der pointillistischen Malerei aus dem 19. Jahrhundert angewendet wurde. Die Spiele von Quercetti werden ausschließlich in Italien produziert – in Turin, der Geburtsstadt der Firma. Die berühmten Steckpins wurden erstmalig im Jahr 1953 hergestellt. ','Mit diesem intelligenzfördernden Spiel lassen sich die Gesichter der beliebtesten Disneyfiguren kreieren – mithilfe der raffinierten Pixel-Stecker von Quercetti. Dieses Set enthält 6000 Steckpins in 6 verschiedenen Farben und 4 Schablonen.','pixel-art-mickey-0807-6000-chiodini','','','','Pixel Art - MICKEY 0807 - 6000 chiodini','In Stock','','',''),(40,4,3,'Pixel Art est une ligne de produits intelligents pour les enfants à partir de 9 ans ou une activité déstressante et régénératrice qui vide ton esprit des angoisses et favorise la concentration. Les petits clous sont seulement de 6 couleurs mais, si on regarde les images à une certaine distance, ils semblent des véritables photos parce que les 6 couleurs se mélangent, comme par magie, dans miliers de nouvelles couleurs. C\'est le même principe que le pointillisme de la fin du XIXème siècle. Les jeux Quercetti sont entièrement produits en Italie, dans la ville où l\'entreprise est née, Turin. Les fameux clous ont été produits pour la première fois dans le 1953. ','Avec ce jeu intélligent, tu pourras reproduire les visages des personnages Disney plus aimés, avec les ingénieux clous Pixel de Quercetti. Cette boîte contient 6000 clous dans 6 différentes couleurs, 4 tableaux.','pixel-art-mickey-0807-6000-chiodini','','','','Pixel Art - MICKEY 0807 - 6000 chiodini','In Stock','','',''),(40,4,4,'Pixel Art è una linea di prodotti intelligente per bambini a partire da 9 anni oppure un\'attività anti-stress e rigenerante che libera la mente dalle ansie e favorisce la concentrazione. I chiodini sono solo in 6 colori ma, se si guardano le immagini da una certa distanza, sembrano delle vere e proprie fotografie perché i 6 colori si miscelano, come per magia, in migliaia di nuovi colori. E\' lo stesso principio della pittura puntinista di fine Ottocento. I giochi Quercetti vengono interamente prodotti in Italia, nella città in cui è nata l\'azienda, Torino. I famosi Chiodini sono stati prodotti per la prima volta nel 1953.','Con questo gioco intelligente potrai creare i volti dei personaggi Disney più amati, attraverso gli ingegnosi Chiodini Pixel di Quercetti. Questo set contiene 6000 chiodini in 6 diversi colori e 4 schede guida.','pixel-art-mickey-0807-6000-chiodini','','','','Pixel Art - MICKEY 0807 - 6000 chiodini','In Stock','','',''),(40,12,1,'Pixel Art is a smart product line for children from 9 years upwards or an anti-sterss and regenerating activity that frees the mind from anxieties and promotes concentration. The pegs are only in 6 colors but, if you look at the images from a distance, they look like real photographs because the 6 colors magically blend together in thousands of new colors. It is the same principle of late nineteenth-century pointillist painting. All Quercetti toys are entirely produced in Turin, the italian city where the company was born. The famous \"pegs\" were first produced in 1953.','With this smart toy you can create the faces of the most beloved Disney characters, through the ingenious Pixel Pegs by Quercetti. This set contains 6000 pegs in 6 different colors and 4 guide sheets.','pixel-art-mickey-0807-6000-chiodini','','','','Pixel Art - MICKEY 0807 - 6000 chiodini','In Stock','','',''),(40,12,2,'Pixel Art ist eine intelligente Produktlinie für Kinder ab 9 Jahren bzw. eine regenerierende, stressmindernde Aktivität, die den Kopf von Angstgefühlen befreit und die Konzentration fördert. Die Stecker gibt es zwar nur in 6 Farben, doch wenn man die Bilder aus einer gewissen Entfernung betrachtet, wirken diese wie echte Fotografien, weil die 6 Farben wie durch Zauberhand zu Tausenden von neuen Farbtönen verschmelzen. Es handelt sich hierbei um das gleiche Prinzip, das auch bei der pointillistischen Malerei aus dem 19. Jahrhundert angewendet wurde. Die Spiele von Quercetti werden ausschließlich in Italien produziert – in Turin, der Geburtsstadt der Firma. Die berühmten Steckpins wurden erstmalig im Jahr 1953 hergestellt. ','Mit diesem intelligenzfördernden Spiel lassen sich die Gesichter der beliebtesten Disneyfiguren kreieren – mithilfe der raffinierten Pixel-Stecker von Quercetti. Dieses Set enthält 6000 Steckpins in 6 verschiedenen Farben und 4 Schablonen.','pixel-art-mickey-0807-6000-chiodini','','','','Pixel Art - MICKEY 0807 - 6000 chiodini','In Stock','','',''),(40,12,3,'Pixel Art est une ligne de produits intelligents pour les enfants à partir de 9 ans ou une activité déstressante et régénératrice qui vide ton esprit des angoisses et favorise la concentration. Les petits clous sont seulement de 6 couleurs mais, si on regarde les images à une certaine distance, ils semblent des véritables photos parce que les 6 couleurs se mélangent, comme par magie, dans miliers de nouvelles couleurs. C\'est le même principe que le pointillisme de la fin du XIXème siècle. Les jeux Quercetti sont entièrement produits en Italie, dans la ville où l\'entreprise est née, Turin. Les fameux clous ont été produits pour la première fois dans le 1953. ','Avec ce jeu intélligent, tu pourras reproduire les visages des personnages Disney plus aimés, avec les ingénieux clous Pixel de Quercetti. Cette boîte contient 6000 clous dans 6 différentes couleurs, 4 tableaux.','pixel-art-mickey-0807-6000-chiodini','','','','Pixel Art - MICKEY 0807 - 6000 chiodini','In Stock','','',''),(40,12,4,'Pixel Art è una linea di prodotti intelligente per bambini a partire da 9 anni oppure un\'attività anti-stress e rigenerante che libera la mente dalle ansie e favorisce la concentrazione. I chiodini sono solo in 6 colori ma, se si guardano le immagini da una certa distanza, sembrano delle vere e proprie fotografie perché i 6 colori si miscelano, come per magia, in migliaia di nuovi colori. E\' lo stesso principio della pittura puntinista di fine Ottocento. I giochi Quercetti vengono interamente prodotti in Italia, nella città in cui è nata l\'azienda, Torino. I famosi Chiodini sono stati prodotti per la prima volta nel 1953.','Con questo gioco intelligente potrai creare i volti dei personaggi Disney più amati, attraverso gli ingegnosi Chiodini Pixel di Quercetti. Questo set contiene 6000 chiodini in 6 diversi colori e 4 schede guida.','pixel-art-mickey-0807-6000-chiodini','','','','Pixel Art - MICKEY 0807 - 6000 chiodini','In Stock','','',''),(41,4,1,'Pixel Art is a smart product line for children from 9 years upwards or an anti-sterss and regenerating activity that frees the mind from anxieties and promotes concentration. The pegs are only in 6 colors but, if you look at the images from a distance, they look like real photographs because the 6 colors magically blend together in thousands of new colors. It is the same principle of late nineteenth-century pointillist painting. All Quercetti toys are entirely produced in Turin, the italian city where the company was born. The famous \"pegs\" were first produced in 1953.','With this set you can create the faces of 4 Disney princesses, through the ingenious Pixel Pegs by Quercetti. This set contains 6600 pegs in 6 different colors and 4 guide sheets.','pixel-art-photo-princess-0808-6600-chiodini','','','','Pixel Art - PHOTO PRINCESS 0808 - 6600 chiodini','In Stock','','',''),(41,4,2,'Pixel Art ist eine intelligente Produktlinie für Kinder ab 9 Jahren bzw. eine regenerierende, stressmindernde Aktivität, die den Kopf von Angstgefühlen befreit und die Konzentration fördert. Die Stecker gibt es zwar nur in 6 Farben, doch wenn man die Bilder aus einer gewissen Entfernung betrachtet, wirken diese wie echte Fotografien, weil die 6 Farben wie durch Zauberhand zu Tausenden von neuen Farbtönen verschmelzen. Es handelt sich hierbei um das gleiche Prinzip, das auch bei der pointillistischen Malerei aus dem 19. Jahrhundert angewendet wurde. Die Spiele von Quercetti werden ausschließlich in Italien produziert – in Turin, der Geburtsstadt der Firma. Die berühmten Steckpins wurden erstmalig im Jahr 1953 hergestellt. ','Mit diesem Set lassen sich die Gesichter von 4 Disneyprinzessinnen kreieren – mithilfe der raffinierten Pixel-Stecker von Quercetti. Dieses Set enthält 6600 Steckpins in 6 verschiedenen Farben und 4 Schablonen.','pixel-art-photo-princess-0808-6600-chiodini','','','','Pixel Art - PHOTO PRINCESS 0808 - 6600 chiodini','In Stock','','',''),(41,4,3,'Pixel Art est une ligne de produits intelligents pour les enfants à partir de 9 ans ou une activité déstressante et régénératrice qui vide ton esprit des angoisses et favorise la concentration. Les petits clous sont seulement de 6 couleurs mais, si on regarde les images à une certaine distance, ils semblent des véritables photos parce que les 6 couleurs se mélangent, comme par magie, dans miliers de nouvelles couleurs. C\'est le même principe que le pointillisme de la fin du XIXème siècle. Les jeux Quercetti sont entièrement produits en Italie, dans la ville où l\'entreprise est née, Turin. Les fameux clous ont été produits pour la première fois dans le 1953. ','Avec ce jeu, tu pourras reproduire les visages de 4 princesses Disney, avec les ingénieux clous Pixel de Quercetti. Cette boîte contient 6600 clous dans 6 différentes couleurs, 4 tableaux.','pixel-art-photo-princess-0808-6600-chiodini','','','','Pixel Art - PHOTO PRINCESS 0808 - 6600 chiodini','In Stock','','',''),(41,4,4,'Pixel Art è una linea di prodotti intelligente per bambini a partire da 9 anni oppure un\'attività anti-stress e rigenerante che libera la mente dalle ansie e favorisce la concentrazione. I chiodini sono solo in 6 colori ma, se si guardano le immagini da una certa distanza, sembrano delle vere e proprie fotografie perché i 6 colori si miscelano, come per magia, in migliaia di nuovi colori. E\' lo stesso principio della pittura puntinista di fine Ottocento. I giochi Quercetti vengono interamente prodotti in Italia, nella città in cui è nata l\'azienda, Torino. I famosi Chiodini sono stati prodotti per la prima volta nel 1953.','Con questo set potrai creare i volti di 4 principesse Disney, attraverso gli ingegnosi Chiodini Pixel di Quercetti. Questo set contiene 6600 chiodini in 6 diversi colori e 4 schede guida.','pixel-art-photo-princess-0808-6600-chiodini','','','','Pixel Art - PHOTO PRINCESS 0808 - 6600 chiodini','In Stock','','',''),(41,12,1,'Pixel Art is a smart product line for children from 9 years upwards or an anti-sterss and regenerating activity that frees the mind from anxieties and promotes concentration. The pegs are only in 6 colors but, if you look at the images from a distance, they look like real photographs because the 6 colors magically blend together in thousands of new colors. It is the same principle of late nineteenth-century pointillist painting. All Quercetti toys are entirely produced in Turin, the italian city where the company was born. The famous \"pegs\" were first produced in 1953.','With this set you can create the faces of 4 Disney princesses, through the ingenious Pixel Pegs by Quercetti. This set contains 6600 pegs in 6 different colors and 4 guide sheets.','pixel-art-photo-princess-0808-6600-chiodini','','','','Pixel Art - PHOTO PRINCESS 0808 - 6600 chiodini','In Stock','','',''),(41,12,2,'Pixel Art ist eine intelligente Produktlinie für Kinder ab 9 Jahren bzw. eine regenerierende, stressmindernde Aktivität, die den Kopf von Angstgefühlen befreit und die Konzentration fördert. Die Stecker gibt es zwar nur in 6 Farben, doch wenn man die Bilder aus einer gewissen Entfernung betrachtet, wirken diese wie echte Fotografien, weil die 6 Farben wie durch Zauberhand zu Tausenden von neuen Farbtönen verschmelzen. Es handelt sich hierbei um das gleiche Prinzip, das auch bei der pointillistischen Malerei aus dem 19. Jahrhundert angewendet wurde. Die Spiele von Quercetti werden ausschließlich in Italien produziert – in Turin, der Geburtsstadt der Firma. Die berühmten Steckpins wurden erstmalig im Jahr 1953 hergestellt. ','Mit diesem Set lassen sich die Gesichter von 4 Disneyprinzessinnen kreieren – mithilfe der raffinierten Pixel-Stecker von Quercetti. Dieses Set enthält 6600 Steckpins in 6 verschiedenen Farben und 4 Schablonen.','pixel-art-photo-princess-0808-6600-chiodini','','','','Pixel Art - PHOTO PRINCESS 0808 - 6600 chiodini','In Stock','','',''),(41,12,3,'Pixel Art est une ligne de produits intelligents pour les enfants à partir de 9 ans ou une activité déstressante et régénératrice qui vide ton esprit des angoisses et favorise la concentration. Les petits clous sont seulement de 6 couleurs mais, si on regarde les images à une certaine distance, ils semblent des véritables photos parce que les 6 couleurs se mélangent, comme par magie, dans miliers de nouvelles couleurs. C\'est le même principe que le pointillisme de la fin du XIXème siècle. Les jeux Quercetti sont entièrement produits en Italie, dans la ville où l\'entreprise est née, Turin. Les fameux clous ont été produits pour la première fois dans le 1953. ','Avec ce jeu, tu pourras reproduire les visages de 4 princesses Disney, avec les ingénieux clous Pixel de Quercetti. Cette boîte contient 6600 clous dans 6 différentes couleurs, 4 tableaux.','pixel-art-photo-princess-0808-6600-chiodini','','','','Pixel Art - PHOTO PRINCESS 0808 - 6600 chiodini','In Stock','','',''),(41,12,4,'Pixel Art è una linea di prodotti intelligente per bambini a partire da 9 anni oppure un\'attività anti-stress e rigenerante che libera la mente dalle ansie e favorisce la concentrazione. I chiodini sono solo in 6 colori ma, se si guardano le immagini da una certa distanza, sembrano delle vere e proprie fotografie perché i 6 colori si miscelano, come per magia, in migliaia di nuovi colori. E\' lo stesso principio della pittura puntinista di fine Ottocento. I giochi Quercetti vengono interamente prodotti in Italia, nella città in cui è nata l\'azienda, Torino. I famosi Chiodini sono stati prodotti per la prima volta nel 1953.','Con questo set potrai creare i volti di 4 principesse Disney, attraverso gli ingegnosi Chiodini Pixel di Quercetti. Questo set contiene 6600 chiodini in 6 diversi colori e 4 schede guida.','pixel-art-photo-princess-0808-6600-chiodini','','','','Pixel Art - PHOTO PRINCESS 0808 - 6600 chiodini','In Stock','','',''),(42,4,1,'Pixel Art is a smart product line for children from 9 years upwards or an anti-sterss and regenerating activity that frees the mind from anxieties and promotes concentration. The pegs are only in 6 colors but, if you look at the images from a distance, they look like real photographs because the 6 colors magically blend together in thousands of new colors. It is the same principle of late nineteenth-century pointillist painting. All Quercetti toys are entirely produced in Turin, the italian city where the company was born. The famous \"pegs\" were first produced in 1953.','With this smart toy you can choose from 120 works (downloadable from Quercetti\'s website) to recreate with Quercetti\'s ingenious Pixel Pegs. This set contains 14800 pegs in 6 different colors, 9 boards and 1 frame.','pixel-art-9-0809-14800-chiodini','','','','Pixel Art 9 0809 - 14800 chiodini','In Stock','','',''),(42,4,2,'Pixel Art ist eine intelligente Produktlinie für Kinder ab 9 Jahren bzw. eine regenerierende, stressmindernde Aktivität, die den Kopf von Angstgefühlen befreit und die Konzentration fördert. Die Stecker gibt es zwar nur in 6 Farben, doch wenn man die Bilder aus einer gewissen Entfernung betrachtet, wirken diese wie echte Fotografien, weil die 6 Farben wie durch Zauberhand zu Tausenden von neuen Farbtönen verschmelzen. Es handelt sich hierbei um das gleiche Prinzip, das auch bei der pointillistischen Malerei aus dem 19. Jahrhundert angewendet wurde. Die Spiele von Quercetti werden ausschließlich in Italien produziert – in Turin, der Geburtsstadt der Firma. Die berühmten Steckpins wurden erstmalig im Jahr 1953 hergestellt. ','Mit diesem kreativen Spiel können Sie eine Auswahl von 9 Kunstwerken mithilfe der raffinierten Pixel-Stecker von Quercetti nachbilden. Dieses Set enthält 14.800 Steckpins in 6 verschiedenen Farben, 9 Steckplatten und 1 Rahmen.','pixel-art-9-0809-14800-chiodini','','','','Pixel Art 9 0809 - 14800 chiodini','In Stock','','',''),(42,4,3,'Pixel Art est une ligne de produits intelligents pour les enfants à partir de 9 ans ou une activité déstressante et régénératrice qui vide ton esprit des angoisses et favorise la concentration. Les petits clous sont seulement de 6 couleurs mais, si on regarde les images à une certaine distance, ils semblent des véritables photos parce que les 6 couleurs se mélangent, comme par magie, dans miliers de nouvelles couleurs. C\'est le même principe que le pointillisme de la fin du XIXème siècle. Les jeux Quercetti sont entièrement produits en Italie, dans la ville où l\'entreprise est née, Turin. Les fameux clous ont été produits pour la première fois dans le 1953. ','Avec ce jeu créatif, tu pourras choisir entre les 120 travaux ( téléchargeable par le site de Quercetti) et recréer les images avec les ingénieux clous Pixel de Quercetti. Cette boîte contient 14800 clous dans 6 différentes couleurs, 9 tableaux et une cadre.','pixel-art-9-0809-14800-chiodini','','','','Pixel Art 9 0809 - 14800 chiodini','In Stock','','',''),(42,4,4,'Pixel Art è una linea di prodotti intelligente per bambini a partire da 9 anni oppure un\'attività anti-stress e rigenerante che libera la mente dalle ansie e favorisce la concentrazione. I chiodini sono solo in 6 colori ma, se si guardano le immagini da una certa distanza, sembrano delle vere e proprie fotografie perché i 6 colori si miscelano, come per magia, in migliaia di nuovi colori. E\' lo stesso principio della pittura puntinista di fine Ottocento. I giochi Quercetti vengono interamente prodotti in Italia, nella città in cui è nata l\'azienda, Torino. I famosi Chiodini sono stati prodotti per la prima volta nel 1953.','Con questo gioco creativo potrai scegliere tra le 9 opere quale ricreare con gli ingegnosi Chiodini Pixel di Quercetti. Questo set contiene 14800 chiodini in 6 diversi colori, 9 tavolette e 1 cornice.','pixel-art-9-0809-14800-chiodini','','','','Pixel Art 9 0809 - 14800 chiodini','In Stock','','',''),(42,12,1,'Pixel Art is a smart product line for children from 9 years upwards or an anti-sterss and regenerating activity that frees the mind from anxieties and promotes concentration. The pegs are only in 6 colors but, if you look at the images from a distance, they look like real photographs because the 6 colors magically blend together in thousands of new colors. It is the same principle of late nineteenth-century pointillist painting. All Quercetti toys are entirely produced in Turin, the italian city where the company was born. The famous \"pegs\" were first produced in 1953.','With this smart toy you can choose from 120 works (downloadable from Quercetti\'s website) to recreate with Quercetti\'s ingenious Pixel Pegs. This set contains 14800 pegs in 6 different colors, 9 boards and 1 frame.','pixel-art-9-0809-14800-chiodini','','','','Pixel Art 9 0809 - 14800 chiodini','In Stock','','',''),(42,12,2,'Pixel Art ist eine intelligente Produktlinie für Kinder ab 9 Jahren bzw. eine regenerierende, stressmindernde Aktivität, die den Kopf von Angstgefühlen befreit und die Konzentration fördert. Die Stecker gibt es zwar nur in 6 Farben, doch wenn man die Bilder aus einer gewissen Entfernung betrachtet, wirken diese wie echte Fotografien, weil die 6 Farben wie durch Zauberhand zu Tausenden von neuen Farbtönen verschmelzen. Es handelt sich hierbei um das gleiche Prinzip, das auch bei der pointillistischen Malerei aus dem 19. Jahrhundert angewendet wurde. Die Spiele von Quercetti werden ausschließlich in Italien produziert – in Turin, der Geburtsstadt der Firma. Die berühmten Steckpins wurden erstmalig im Jahr 1953 hergestellt. ','Mit diesem kreativen Spiel können Sie eine Auswahl von 9 Kunstwerken mithilfe der raffinierten Pixel-Stecker von Quercetti nachbilden. Dieses Set enthält 14.800 Steckpins in 6 verschiedenen Farben, 9 Steckplatten und 1 Rahmen.','pixel-art-9-0809-14800-chiodini','','','','Pixel Art 9 0809 - 14800 chiodini','In Stock','','',''),(42,12,3,'Pixel Art est une ligne de produits intelligents pour les enfants à partir de 9 ans ou une activité déstressante et régénératrice qui vide ton esprit des angoisses et favorise la concentration. Les petits clous sont seulement de 6 couleurs mais, si on regarde les images à une certaine distance, ils semblent des véritables photos parce que les 6 couleurs se mélangent, comme par magie, dans miliers de nouvelles couleurs. C\'est le même principe que le pointillisme de la fin du XIXème siècle. Les jeux Quercetti sont entièrement produits en Italie, dans la ville où l\'entreprise est née, Turin. Les fameux clous ont été produits pour la première fois dans le 1953. ','Avec ce jeu créatif, tu pourras choisir entre les 120 travaux ( téléchargeable par le site de Quercetti) et recréer les images avec les ingénieux clous Pixel de Quercetti. Cette boîte contient 14800 clous dans 6 différentes couleurs, 9 tableaux et une cadre.','pixel-art-9-0809-14800-chiodini','','','','Pixel Art 9 0809 - 14800 chiodini','In Stock','','',''),(42,12,4,'Pixel Art è una linea di prodotti intelligente per bambini a partire da 9 anni oppure un\'attività anti-stress e rigenerante che libera la mente dalle ansie e favorisce la concentrazione. I chiodini sono solo in 6 colori ma, se si guardano le immagini da una certa distanza, sembrano delle vere e proprie fotografie perché i 6 colori si miscelano, come per magia, in migliaia di nuovi colori. E\' lo stesso principio della pittura puntinista di fine Ottocento. I giochi Quercetti vengono interamente prodotti in Italia, nella città in cui è nata l\'azienda, Torino. I famosi Chiodini sono stati prodotti per la prima volta nel 1953.','Con questo gioco creativo potrai scegliere tra le 9 opere quale ricreare con gli ingegnosi Chiodini Pixel di Quercetti. Questo set contiene 14800 chiodini in 6 diversi colori, 9 tavolette e 1 cornice.','pixel-art-9-0809-14800-chiodini','','','','Pixel Art 9 0809 - 14800 chiodini','In Stock','','',''),(43,4,1,'Pixel Art is a smart product line for children from 9 years upwards or an anti-sterss and regenerating activity that frees the mind from anxieties and promotes concentration. The pegs are only in 6 colors but, if you look at the images from a distance, they look like real photographs because the 6 colors magically blend together in thousands of new colors. It is the same principle of late nineteenth-century pointillist painting. All Quercetti toys are entirely produced in Turin, the italian city where the company was born. The famous \"pegs\" were first produced in 1953.','With this innovative set you can reproduce your own photo with the ingenious Pixel Pegs by Quercetti. Click on the link below and follow the instructions to create your personal printable guide. Click here to start.','pixel-art-photo-0810-14800-chiodini','','','','Pixel Art PHOTO 0810 - 14800 chiodini','In Stock','','',''),(43,4,2,'Pixel Art ist eine intelligente Produktlinie für Kinder ab 9 Jahren bzw. eine regenerierende, stressmindernde Aktivität, die den Kopf von Angstgefühlen befreit und die Konzentration fördert. Die Stecker gibt es zwar nur in 6 Farben, doch wenn man die Bilder aus einer gewissen Entfernung betrachtet, wirken diese wie echte Fotografien, weil die 6 Farben wie durch Zauberhand zu Tausenden von neuen Farbtönen verschmelzen. Es handelt sich hierbei um das gleiche Prinzip, das auch bei der pointillistischen Malerei aus dem 19. Jahrhundert angewendet wurde. Die Spiele von Quercetti werden ausschließlich in Italien produziert – in Turin, der Geburtsstadt der Firma. Die berühmten Steckpins wurden erstmalig im Jahr 1953 hergestellt. ','Mit diesem innovativen Set können Sie Ihr eigenes Foto mithilfe der raffinierten Pixel-Stecker von Quercetti nachbilden. Klicken Sie auf den untenstehenden Link und folgen Sie den Anweisungen, um eine Druckversion Ihrer personalisierten Schablone zu erstellen. Klicken Sie hier, um zu beginnen. ','pixel-art-photo-0810-14800-chiodini','','','','Pixel Art PHOTO 0810 - 14800 chiodini','In Stock','','',''),(43,4,3,'Pixel Art est une ligne de produits intelligents pour les enfants à partir de 9 ans ou une activité déstressante et régénératrice qui vide ton esprit des angoisses et favorise la concentration. Les petits clous sont seulement de 6 couleurs mais, si on regarde les images à une certaine distance, ils semblent des véritables photos parce que les 6 couleurs se mélangent, comme par magie, dans miliers de nouvelles couleurs. C\'est le même principe que le pointillisme de la fin du XIXème siècle. Les jeux Quercetti sont entièrement produits en Italie, dans la ville où l\'entreprise est née, Turin. Les fameux clous ont été produits pour la première fois dans le 1953. ','Avec cette innovante boîte tu pourras reproduire une de tes photos avec les ignégnieux clous Pixel de Quercetti. Tu dois te connecter sur le site de www.quercettiart.it et charger la photo choisie, suivre les instructions, imprimer l\'image en la positionnant sur la tableau et enfin insérer les clous.','pixel-art-photo-0810-14800-chiodini','','','','Pixel Art PHOTO 0810 - 14800 chiodini','In Stock','','',''),(43,4,4,'Pixel Art è una linea di prodotti intelligente per bambini a partire da 9 anni oppure un\'attività anti-stress e rigenerante che libera la mente dalle ansie e favorisce la concentrazione. I chiodini sono solo in 6 colori ma, se si guardano le immagini da una certa distanza, sembrano delle vere e proprie fotografie perché i 6 colori si miscelano, come per magia, in migliaia di nuovi colori. E\' lo stesso principio della pittura puntinista di fine Ottocento. I giochi Quercetti vengono interamente prodotti in Italia, nella città in cui è nata l\'azienda, Torino. I famosi Chiodini sono stati prodotti per la prima volta nel 1953.','Con questo set innovativo potrai riprodurre una tua foto con gli ingegnosi Chiodini Pixel di Quercetti. Devi collegarti al sito www.quercettiart.it e caricare la foto scelta, seguire le istruzioni, stampare le schede guida posizionandole sulla tavoletta e infine inserire i chiodini.','pixel-art-photo-0810-14800-chiodini','','','','Pixel Art PHOTO 0810 - 14800 chiodini','In Stock','','',''),(43,12,1,'Pixel Art is a smart product line for children from 9 years upwards or an anti-sterss and regenerating activity that frees the mind from anxieties and promotes concentration. The pegs are only in 6 colors but, if you look at the images from a distance, they look like real photographs because the 6 colors magically blend together in thousands of new colors. It is the same principle of late nineteenth-century pointillist painting. All Quercetti toys are entirely produced in Turin, the italian city where the company was born. The famous \"pegs\" were first produced in 1953.','With this innovative set you can reproduce your own photo with the ingenious Pixel Pegs by Quercetti. Click on the link below and follow the instructions to create your personal printable guide. Click here to start.','pixel-art-photo-0810-14800-chiodini','','','','Pixel Art PHOTO 0810 - 14800 chiodini','In Stock','','',''),(43,12,2,'Pixel Art ist eine intelligente Produktlinie für Kinder ab 9 Jahren bzw. eine regenerierende, stressmindernde Aktivität, die den Kopf von Angstgefühlen befreit und die Konzentration fördert. Die Stecker gibt es zwar nur in 6 Farben, doch wenn man die Bilder aus einer gewissen Entfernung betrachtet, wirken diese wie echte Fotografien, weil die 6 Farben wie durch Zauberhand zu Tausenden von neuen Farbtönen verschmelzen. Es handelt sich hierbei um das gleiche Prinzip, das auch bei der pointillistischen Malerei aus dem 19. Jahrhundert angewendet wurde. Die Spiele von Quercetti werden ausschließlich in Italien produziert – in Turin, der Geburtsstadt der Firma. Die berühmten Steckpins wurden erstmalig im Jahr 1953 hergestellt. ','Mit diesem innovativen Set können Sie Ihr eigenes Foto mithilfe der raffinierten Pixel-Stecker von Quercetti nachbilden. Klicken Sie auf den untenstehenden Link und folgen Sie den Anweisungen, um eine Druckversion Ihrer personalisierten Schablone zu erstellen. Klicken Sie hier, um zu beginnen. ','pixel-art-photo-0810-14800-chiodini','','','','Pixel Art PHOTO 0810 - 14800 chiodini','In Stock','','',''),(43,12,3,'Pixel Art est une ligne de produits intelligents pour les enfants à partir de 9 ans ou une activité déstressante et régénératrice qui vide ton esprit des angoisses et favorise la concentration. Les petits clous sont seulement de 6 couleurs mais, si on regarde les images à une certaine distance, ils semblent des véritables photos parce que les 6 couleurs se mélangent, comme par magie, dans miliers de nouvelles couleurs. C\'est le même principe que le pointillisme de la fin du XIXème siècle. Les jeux Quercetti sont entièrement produits en Italie, dans la ville où l\'entreprise est née, Turin. Les fameux clous ont été produits pour la première fois dans le 1953. ','Avec cette innovante boîte tu pourras reproduire une de tes photos avec les ignégnieux clous Pixel de Quercetti. Tu dois te connecter sur le site de www.quercettiart.it et charger la photo choisie, suivre les instructions, imprimer l\'image en la positionnant sur la tableau et enfin insérer les clous.','pixel-art-photo-0810-14800-chiodini','','','','Pixel Art PHOTO 0810 - 14800 chiodini','In Stock','','',''),(43,12,4,'Pixel Art è una linea di prodotti intelligente per bambini a partire da 9 anni oppure un\'attività anti-stress e rigenerante che libera la mente dalle ansie e favorisce la concentrazione. I chiodini sono solo in 6 colori ma, se si guardano le immagini da una certa distanza, sembrano delle vere e proprie fotografie perché i 6 colori si miscelano, come per magia, in migliaia di nuovi colori. E\' lo stesso principio della pittura puntinista di fine Ottocento. I giochi Quercetti vengono interamente prodotti in Italia, nella città in cui è nata l\'azienda, Torino. I famosi Chiodini sono stati prodotti per la prima volta nel 1953.','Con questo set innovativo potrai riprodurre una tua foto con gli ingegnosi Chiodini Pixel di Quercetti. Devi collegarti al sito www.quercettiart.it e caricare la foto scelta, seguire le istruzioni, stampare le schede guida posizionandole sulla tavoletta e infine inserire i chiodini.','pixel-art-photo-0810-14800-chiodini','','','','Pixel Art PHOTO 0810 - 14800 chiodini','In Stock','','',''),(44,4,1,'Pixel Art is a smart product line for children from 9 years upwards or an anti-sterss and regenerating activity that frees the mind from anxieties and promotes concentration. The pegs are only in 6 colors but, if you look at the images from a distance, they look like real photographs because the 6 colors magically blend together in thousands of new colors. It is the same principle of late nineteenth-century pointillist painting. All Quercetti toys are entirely produced in Turin, the italian city where the company was born. The famous \"pegs\" were first produced in 1953.','With this smart toy you will be able to reproduce your own photo with the ingenious Pixel Pegs by Quercetti. Click on the link below and follow the instructions to create your personal printable guide. Click here to start.','pixel-photo-16-0842-25200-chiodini','','','','Pixel PHOTO 16 0842 - 25200 chiodini','In Stock','','',''),(44,4,2,'Pixel Art ist eine intelligente Produktlinie für Kinder ab 9 Jahren bzw. eine regenerierende, stressmindernde Aktivität, die den Kopf von Angstgefühlen befreit und die Konzentration fördert. Die Stecker gibt es zwar nur in 6 Farben, doch wenn man die Bilder aus einer gewissen Entfernung betrachtet, wirken diese wie echte Fotografien, weil die 6 Farben wie durch Zauberhand zu Tausenden von neuen Farbtönen verschmelzen. Es handelt sich hierbei um das gleiche Prinzip, das auch bei der pointillistischen Malerei aus dem 19. Jahrhundert angewendet wurde. Die Spiele von Quercetti werden ausschließlich in Italien produziert – in Turin, der Geburtsstadt der Firma. Die berühmten Steckpins wurden erstmalig im Jahr 1953 hergestellt. ','Mit diesem intelligenten Spiel können Sie Ihr eigenes Foto mithilfe der raffinierten Pixel-Stecker von Quercetti nachbilden. Klicken Sie auf den untenstehenden Link und folgen Sie den Anweisungen, um eine Druckversion Ihrer personalisierten Schablone zu erstellen. Klicken Sie hier, um zu beginnen. ','pixel-photo-16-0842-25200-chiodini','','','','Pixel PHOTO 16 0842 - 25200 chiodini','In Stock','','',''),(44,4,3,'Pixel Art est une ligne de produits intelligents pour les enfants à partir de 9 ans ou une activité déstressante et régénératrice qui vide ton esprit des angoisses et favorise la concentration. Les petits clous sont seulement de 6 couleurs mais, si on regarde les images à une certaine distance, ils semblent des véritables photos parce que les 6 couleurs se mélangent, comme par magie, dans miliers de nouvelles couleurs. C\'est le même principe que le pointillisme de la fin du XIXème siècle. Les jeux Quercetti sont entièrement produits en Italie, dans la ville où l\'entreprise est née, Turin. Les fameux clous ont été produits pour la première fois dans le 1953. ','Avec ce jeu intelligent, tu pourras reproduire une de tes photos avec les ignégnieux clous Pixel de Quercetti. Tu dois te connecter sur le site de www.quercettiart.it et charger la photo choisie, suivre les instructions, imprimer l\'image en la positionnant sur la tableau et enfin insérer les clous.','pixel-photo-16-0842-25200-chiodini','','','','Pixel PHOTO 16 0842 - 25200 chiodini','In Stock','','',''),(44,4,4,'Pixel Art è una linea di prodotti intelligente per bambini a partire da 9 anni oppure un\'attività anti-stress e rigenerante che libera la mente dalle ansie e favorisce la concentrazione. I chiodini sono solo in 6 colori ma, se si guardano le immagini da una certa distanza, sembrano delle vere e proprie fotografie perché i 6 colori si miscelano, come per magia, in migliaia di nuovi colori. E\' lo stesso principio della pittura puntinista di fine Ottocento. I giochi Quercetti vengono interamente prodotti in Italia, nella città in cui è nata l\'azienda, Torino. I famosi Chiodini sono stati prodotti per la prima volta nel 1953.','Con questo gioco intelligente potrai riprodurre una tua foto con gli ingegnosi Chiodini Pixel di Quercetti. Devi collegarti al sito www.quercettiart.it e caricare la foto scelta, seguire le istruzioni, stampare le schede guida posizionandole sulla tavoletta e infine inserire i chiodini.','pixel-photo-16-0842-25200-chiodini','','','','Pixel PHOTO 16 0842 - 25200 chiodini','In Stock','','',''),(44,12,1,'Pixel Art is a smart product line for children from 9 years upwards or an anti-sterss and regenerating activity that frees the mind from anxieties and promotes concentration. The pegs are only in 6 colors but, if you look at the images from a distance, they look like real photographs because the 6 colors magically blend together in thousands of new colors. It is the same principle of late nineteenth-century pointillist painting. All Quercetti toys are entirely produced in Turin, the italian city where the company was born. The famous \"pegs\" were first produced in 1953.','With this smart toy you will be able to reproduce your own photo with the ingenious Pixel Pegs by Quercetti. Click on the link below and follow the instructions to create your personal printable guide. Click here to start.','pixel-photo-16-0842-25200-chiodini','','','','Pixel PHOTO 16 0842 - 25200 chiodini','In Stock','','',''),(44,12,2,'Pixel Art ist eine intelligente Produktlinie für Kinder ab 9 Jahren bzw. eine regenerierende, stressmindernde Aktivität, die den Kopf von Angstgefühlen befreit und die Konzentration fördert. Die Stecker gibt es zwar nur in 6 Farben, doch wenn man die Bilder aus einer gewissen Entfernung betrachtet, wirken diese wie echte Fotografien, weil die 6 Farben wie durch Zauberhand zu Tausenden von neuen Farbtönen verschmelzen. Es handelt sich hierbei um das gleiche Prinzip, das auch bei der pointillistischen Malerei aus dem 19. Jahrhundert angewendet wurde. Die Spiele von Quercetti werden ausschließlich in Italien produziert – in Turin, der Geburtsstadt der Firma. Die berühmten Steckpins wurden erstmalig im Jahr 1953 hergestellt. ','Mit diesem intelligenten Spiel können Sie Ihr eigenes Foto mithilfe der raffinierten Pixel-Stecker von Quercetti nachbilden. Klicken Sie auf den untenstehenden Link und folgen Sie den Anweisungen, um eine Druckversion Ihrer personalisierten Schablone zu erstellen. Klicken Sie hier, um zu beginnen. ','pixel-photo-16-0842-25200-chiodini','','','','Pixel PHOTO 16 0842 - 25200 chiodini','In Stock','','',''),(44,12,3,'Pixel Art est une ligne de produits intelligents pour les enfants à partir de 9 ans ou une activité déstressante et régénératrice qui vide ton esprit des angoisses et favorise la concentration. Les petits clous sont seulement de 6 couleurs mais, si on regarde les images à une certaine distance, ils semblent des véritables photos parce que les 6 couleurs se mélangent, comme par magie, dans miliers de nouvelles couleurs. C\'est le même principe que le pointillisme de la fin du XIXème siècle. Les jeux Quercetti sont entièrement produits en Italie, dans la ville où l\'entreprise est née, Turin. Les fameux clous ont été produits pour la première fois dans le 1953. ','Avec ce jeu intelligent, tu pourras reproduire une de tes photos avec les ignégnieux clous Pixel de Quercetti. Tu dois te connecter sur le site de www.quercettiart.it et charger la photo choisie, suivre les instructions, imprimer l\'image en la positionnant sur la tableau et enfin insérer les clous.','pixel-photo-16-0842-25200-chiodini','','','','Pixel PHOTO 16 0842 - 25200 chiodini','In Stock','','',''),(44,12,4,'Pixel Art è una linea di prodotti intelligente per bambini a partire da 9 anni oppure un\'attività anti-stress e rigenerante che libera la mente dalle ansie e favorisce la concentrazione. I chiodini sono solo in 6 colori ma, se si guardano le immagini da una certa distanza, sembrano delle vere e proprie fotografie perché i 6 colori si miscelano, come per magia, in migliaia di nuovi colori. E\' lo stesso principio della pittura puntinista di fine Ottocento. I giochi Quercetti vengono interamente prodotti in Italia, nella città in cui è nata l\'azienda, Torino. I famosi Chiodini sono stati prodotti per la prima volta nel 1953.','Con questo gioco intelligente potrai riprodurre una tua foto con gli ingegnosi Chiodini Pixel di Quercetti. Devi collegarti al sito www.quercettiart.it e caricare la foto scelta, seguire le istruzioni, stampare le schede guida posizionandole sulla tavoletta e infine inserire i chiodini.','pixel-photo-16-0842-25200-chiodini','','','','Pixel PHOTO 16 0842 - 25200 chiodini','In Stock','','',''),(45,4,1,'Pixel Art is a smart product line for children from 9 years upwards or an anti-sterss and regenerating activity that frees the mind from anxieties and promotes concentration. The pegs are only in 6 colors but, if you look at the images from a distance, they look like real photographs because the 6 colors magically blend together in thousands of new colors. It is the same principle of late nineteenth-century pointillist painting. All Quercetti toys are entirely produced in Turin, the italian city where the company was born. The famous \"pegs\" were first produced in 1953.','With this smart toy you can create a Stormtrooper, the iconic Star Wars character, by using the ingenious Pixel Pegs by Quercetti. This set contains 5400 pegs in 6 different colours and 4 guide sheets.','pixel-4-star-wars-stormtrooper-0846-5400-chiodini','','','','Pixel 4 Star Wars Stormtrooper 0846 - 5400 chiodini','In Stock','','',''),(45,4,2,'Pixel Art ist eine intelligente Produktlinie für Kinder ab 9 Jahren bzw. eine regenerierende, stressmindernde Aktivität, die den Kopf von Angstgefühlen befreit und die Konzentration fördert. Die Stecker gibt es zwar nur in 6 Farben, doch wenn man die Bilder aus einer gewissen Entfernung betrachtet, wirken diese wie echte Fotografien, weil die 6 Farben wie durch Zauberhand zu Tausenden von neuen Farbtönen verschmelzen. Es handelt sich hierbei um das gleiche Prinzip, das auch bei der pointillistischen Malerei aus dem 19. Jahrhundert angewendet wurde. Die Spiele von Quercetti werden ausschließlich in Italien produziert – in Turin, der Geburtsstadt der Firma. Die berühmten Steckpins wurden erstmalig im Jahr 1953 hergestellt. ','Mit diesem intelligenzfördernden Spiel lässt sich mithilfe der raffinierten Pixel-Stecker von Quercetti ein Stormtrooper, eine Figur des Star-Wars-Universums, kreieren. Dieses Set beinhaltet 5400 Steckpins in 6 verschiedenen Farben und 4 Schablonen. ','pixel-4-star-wars-stormtrooper-0846-5400-chiodini','','','','Pixel 4 Star Wars Stormtrooper 0846 - 5400 chiodini','In Stock','','',''),(45,4,3,'Pixel Art est une ligne de produits intelligents pour les enfants à partir de 9 ans ou une activité déstressante et régénératrice qui vide ton esprit des angoisses et favorise la concentration. Les petits clous sont seulement de 6 couleurs mais, si on regarde les images à une certaine distance, ils semblent des véritables photos parce que les 6 couleurs se mélangent, comme par magie, dans miliers de nouvelles couleurs. C\'est le même principe que le pointillisme de la fin du XIXème siècle. Les jeux Quercetti sont entièrement produits en Italie, dans la ville où l\'entreprise est née, Turin. Les fameux clous ont été produits pour la première fois dans le 1953. ','Avec cette boîte tu pourras créer Stoormtrooper, personnage de Star Wars, avec les ingénieux clous Pixel de Quercetti. Cette boîte contient 5400 clous dans 6 differentes couleurs et 4 fiches guide.','pixel-4-star-wars-stormtrooper-0846-5400-chiodini','','','','Pixel 4 Star Wars Stormtrooper 0846 - 5400 chiodini','In Stock','','',''),(45,4,4,'Pixel Art è una linea di prodotti intelligente per bambini a partire da 9 anni oppure un\'attività anti-stress e rigenerante che libera la mente dalle ansie e favorisce la concentrazione. I chiodini sono solo in 6 colori ma, se si guardano le immagini da una certa distanza, sembrano delle vere e proprie fotografie perché i 6 colori si miscelano, come per magia, in migliaia di nuovi colori. E\' lo stesso principio della pittura puntinista di fine Ottocento. I giochi Quercetti vengono interamente prodotti in Italia, nella città in cui è nata l\'azienda, Torino. I famosi Chiodini sono stati prodotti per la prima volta nel 1953.','Con questo gioco intelligente potrai creare uno Stoormtrooper, personaggio di Star Wars, attraverso gli ingegnosi Chiodini Pixel di Quercetti. Questo set contiene 5400 chiodini in 6 diversi colori e 4 schede guida.','pixel-4-star-wars-stormtrooper-0846-5400-chiodini','','','','Pixel 4 Star Wars Stormtrooper 0846 - 5400 chiodini','In Stock','','',''),(45,12,1,'Pixel Art is a smart product line for children from 9 years upwards or an anti-sterss and regenerating activity that frees the mind from anxieties and promotes concentration. The pegs are only in 6 colors but, if you look at the images from a distance, they look like real photographs because the 6 colors magically blend together in thousands of new colors. It is the same principle of late nineteenth-century pointillist painting. All Quercetti toys are entirely produced in Turin, the italian city where the company was born. The famous \"pegs\" were first produced in 1953.','With this smart toy you can create a Stormtrooper, the iconic Star Wars character, by using the ingenious Pixel Pegs by Quercetti. This set contains 5400 pegs in 6 different colours and 4 guide sheets.','pixel-4-star-wars-stormtrooper-0846-5400-chiodini','','','','Pixel 4 Star Wars Stormtrooper 0846 - 5400 chiodini','In Stock','','',''),(45,12,2,'Pixel Art ist eine intelligente Produktlinie für Kinder ab 9 Jahren bzw. eine regenerierende, stressmindernde Aktivität, die den Kopf von Angstgefühlen befreit und die Konzentration fördert. Die Stecker gibt es zwar nur in 6 Farben, doch wenn man die Bilder aus einer gewissen Entfernung betrachtet, wirken diese wie echte Fotografien, weil die 6 Farben wie durch Zauberhand zu Tausenden von neuen Farbtönen verschmelzen. Es handelt sich hierbei um das gleiche Prinzip, das auch bei der pointillistischen Malerei aus dem 19. Jahrhundert angewendet wurde. Die Spiele von Quercetti werden ausschließlich in Italien produziert – in Turin, der Geburtsstadt der Firma. Die berühmten Steckpins wurden erstmalig im Jahr 1953 hergestellt. ','Mit diesem intelligenzfördernden Spiel lässt sich mithilfe der raffinierten Pixel-Stecker von Quercetti ein Stormtrooper, eine Figur des Star-Wars-Universums, kreieren. Dieses Set beinhaltet 5400 Steckpins in 6 verschiedenen Farben und 4 Schablonen. ','pixel-4-star-wars-stormtrooper-0846-5400-chiodini','','','','Pixel 4 Star Wars Stormtrooper 0846 - 5400 chiodini','In Stock','','',''),(45,12,3,'Pixel Art est une ligne de produits intelligents pour les enfants à partir de 9 ans ou une activité déstressante et régénératrice qui vide ton esprit des angoisses et favorise la concentration. Les petits clous sont seulement de 6 couleurs mais, si on regarde les images à une certaine distance, ils semblent des véritables photos parce que les 6 couleurs se mélangent, comme par magie, dans miliers de nouvelles couleurs. C\'est le même principe que le pointillisme de la fin du XIXème siècle. Les jeux Quercetti sont entièrement produits en Italie, dans la ville où l\'entreprise est née, Turin. Les fameux clous ont été produits pour la première fois dans le 1953. ','Avec cette boîte tu pourras créer Stoormtrooper, personnage de Star Wars, avec les ingénieux clous Pixel de Quercetti. Cette boîte contient 5400 clous dans 6 differentes couleurs et 4 fiches guide.','pixel-4-star-wars-stormtrooper-0846-5400-chiodini','','','','Pixel 4 Star Wars Stormtrooper 0846 - 5400 chiodini','In Stock','','',''),(45,12,4,'Pixel Art è una linea di prodotti intelligente per bambini a partire da 9 anni oppure un\'attività anti-stress e rigenerante che libera la mente dalle ansie e favorisce la concentrazione. I chiodini sono solo in 6 colori ma, se si guardano le immagini da una certa distanza, sembrano delle vere e proprie fotografie perché i 6 colori si miscelano, come per magia, in migliaia di nuovi colori. E\' lo stesso principio della pittura puntinista di fine Ottocento. I giochi Quercetti vengono interamente prodotti in Italia, nella città in cui è nata l\'azienda, Torino. I famosi Chiodini sono stati prodotti per la prima volta nel 1953.','Con questo gioco intelligente potrai creare uno Stoormtrooper, personaggio di Star Wars, attraverso gli ingegnosi Chiodini Pixel di Quercetti. Questo set contiene 5400 chiodini in 6 diversi colori e 4 schede guida.','pixel-4-star-wars-stormtrooper-0846-5400-chiodini','','','','Pixel 4 Star Wars Stormtrooper 0846 - 5400 chiodini','In Stock','','',''),(46,4,1,'Pixel Art is a smart product line for children from 9 years upwards or an anti-sterss and regenerating activity that frees the mind from anxieties and promotes concentration. The pegs are only in 6 colors but, if you look at the images from a distance, they look like real photographs because the 6 colors magically blend together in thousands of new colors. It is the same principle of late nineteenth-century pointillist painting. All Quercetti toys are entirely produced in Turin, the italian city where the company was born. The famous \"pegs\" were first produced in 1953.','With this smart toy you can create Star Wars characters by using the ingenious Pixel Pegs by Quercetti. This set contains 11600 pegs in 6 different colours and 9 guide sheets.','pixel-star-wars-9-0848-11600-chiodini','','','','Pixel Star Wars 9 0848 - 11600 chiodini','In Stock','','',''),(46,4,2,'Pixel Art ist eine intelligente Produktlinie für Kinder ab 9 Jahren bzw. eine regenerierende, stressmindernde Aktivität, die den Kopf von Angstgefühlen befreit und die Konzentration fördert. Die Stecker gibt es zwar nur in 6 Farben, doch wenn man die Bilder aus einer gewissen Entfernung betrachtet, wirken diese wie echte Fotografien, weil die 6 Farben wie durch Zauberhand zu Tausenden von neuen Farbtönen verschmelzen. Es handelt sich hierbei um das gleiche Prinzip, das auch bei der pointillistischen Malerei aus dem 19. Jahrhundert angewendet wurde. Die Spiele von Quercetti werden ausschließlich in Italien produziert – in Turin, der Geburtsstadt der Firma. Die berühmten Steckpins wurden erstmalig im Jahr 1953 hergestellt. ','Mit diesem intelligenzfördernden Spiel lassen sich mithilfe der raffinierten Pixel-Stecker von Quercetti Figuren des Star-Wars-Universums kreieren. Dieses Set beinhaltet 11.600 Steckpins in 6 verschiedenen Farben und 9 Schablonen.','pixel-star-wars-9-0848-11600-chiodini','','','','Pixel Star Wars 9 0848 - 11600 chiodini','In Stock','','',''),(46,4,3,'Pixel Art est une ligne de produits intelligents pour les enfants à partir de 9 ans ou une activité déstressante et régénératrice qui vide ton esprit des angoisses et favorise la concentration. Les petits clous sont seulement de 6 couleurs mais, si on regarde les images à une certaine distance, ils semblent des véritables photos parce que les 6 couleurs se mélangent, comme par magie, dans miliers de nouvelles couleurs. C\'est le même principe que le pointillisme de la fin du XIXème siècle. Les jeux Quercetti sont entièrement produits en Italie, dans la ville où l\'entreprise est née, Turin. Les fameux clous ont été produits pour la première fois dans le 1953. ','Avec cette boîte tu pourras créer les personnages de Star Wars, avec les ingénieux clous Pixel de Quercetti. Cette boîte contient 11600 clous dans 6 differentes couleurs et 9 fiches guide.','pixel-star-wars-9-0848-11600-chiodini','','','','Pixel Star Wars 9 0848 - 11600 chiodini','In Stock','','',''),(46,4,4,'Pixel Art è una linea di prodotti intelligente per bambini a partire da 9 anni oppure un\'attività anti-stress e rigenerante che libera la mente dalle ansie e favorisce la concentrazione. I chiodini sono solo in 6 colori ma, se si guardano le immagini da una certa distanza, sembrano delle vere e proprie fotografie perché i 6 colori si miscelano, come per magia, in migliaia di nuovi colori. E\' lo stesso principio della pittura puntinista di fine Ottocento. I giochi Quercetti vengono interamente prodotti in Italia, nella città in cui è nata l\'azienda, Torino. I famosi Chiodini sono stati prodotti per la prima volta nel 1953.','Con questo gioco intelligente potrai creare i personaggi di Star Wars, attraverso gli ingegnosi Chiodini Pixel di Quercetti. Questo set contiene 11600 chiodini in 6 diversi colori e 9 schede guida.','pixel-star-wars-9-0848-11600-chiodini','','','','Pixel Star Wars 9 0848 - 11600 chiodini','In Stock','','',''),(46,12,1,'Pixel Art is a smart product line for children from 9 years upwards or an anti-sterss and regenerating activity that frees the mind from anxieties and promotes concentration. The pegs are only in 6 colors but, if you look at the images from a distance, they look like real photographs because the 6 colors magically blend together in thousands of new colors. It is the same principle of late nineteenth-century pointillist painting. All Quercetti toys are entirely produced in Turin, the italian city where the company was born. The famous \"pegs\" were first produced in 1953.','With this smart toy you can create Star Wars characters by using the ingenious Pixel Pegs by Quercetti. This set contains 11600 pegs in 6 different colours and 9 guide sheets.','pixel-star-wars-9-0848-11600-chiodini','','','','Pixel Star Wars 9 0848 - 11600 chiodini','In Stock','','',''),(46,12,2,'Pixel Art ist eine intelligente Produktlinie für Kinder ab 9 Jahren bzw. eine regenerierende, stressmindernde Aktivität, die den Kopf von Angstgefühlen befreit und die Konzentration fördert. Die Stecker gibt es zwar nur in 6 Farben, doch wenn man die Bilder aus einer gewissen Entfernung betrachtet, wirken diese wie echte Fotografien, weil die 6 Farben wie durch Zauberhand zu Tausenden von neuen Farbtönen verschmelzen. Es handelt sich hierbei um das gleiche Prinzip, das auch bei der pointillistischen Malerei aus dem 19. Jahrhundert angewendet wurde. Die Spiele von Quercetti werden ausschließlich in Italien produziert – in Turin, der Geburtsstadt der Firma. Die berühmten Steckpins wurden erstmalig im Jahr 1953 hergestellt. ','Mit diesem intelligenzfördernden Spiel lassen sich mithilfe der raffinierten Pixel-Stecker von Quercetti Figuren des Star-Wars-Universums kreieren. Dieses Set beinhaltet 11.600 Steckpins in 6 verschiedenen Farben und 9 Schablonen.','pixel-star-wars-9-0848-11600-chiodini','','','','Pixel Star Wars 9 0848 - 11600 chiodini','In Stock','','',''),(46,12,3,'Pixel Art est une ligne de produits intelligents pour les enfants à partir de 9 ans ou une activité déstressante et régénératrice qui vide ton esprit des angoisses et favorise la concentration. Les petits clous sont seulement de 6 couleurs mais, si on regarde les images à une certaine distance, ils semblent des véritables photos parce que les 6 couleurs se mélangent, comme par magie, dans miliers de nouvelles couleurs. C\'est le même principe que le pointillisme de la fin du XIXème siècle. Les jeux Quercetti sont entièrement produits en Italie, dans la ville où l\'entreprise est née, Turin. Les fameux clous ont été produits pour la première fois dans le 1953. ','Avec cette boîte tu pourras créer les personnages de Star Wars, avec les ingénieux clous Pixel de Quercetti. Cette boîte contient 11600 clous dans 6 differentes couleurs et 9 fiches guide.','pixel-star-wars-9-0848-11600-chiodini','','','','Pixel Star Wars 9 0848 - 11600 chiodini','In Stock','','',''),(46,12,4,'Pixel Art è una linea di prodotti intelligente per bambini a partire da 9 anni oppure un\'attività anti-stress e rigenerante che libera la mente dalle ansie e favorisce la concentrazione. I chiodini sono solo in 6 colori ma, se si guardano le immagini da una certa distanza, sembrano delle vere e proprie fotografie perché i 6 colori si miscelano, come per magia, in migliaia di nuovi colori. E\' lo stesso principio della pittura puntinista di fine Ottocento. I giochi Quercetti vengono interamente prodotti in Italia, nella città in cui è nata l\'azienda, Torino. I famosi Chiodini sono stati prodotti per la prima volta nel 1953.','Con questo gioco intelligente potrai creare i personaggi di Star Wars, attraverso gli ingegnosi Chiodini Pixel di Quercetti. Questo set contiene 11600 chiodini in 6 diversi colori e 9 schede guida.','pixel-star-wars-9-0848-11600-chiodini','','','','Pixel Star Wars 9 0848 - 11600 chiodini','In Stock','','',''),(47,4,1,'Pixel Art is a smart product line for children from 9 years upwards or an anti-sterss and regenerating activity that frees the mind from anxieties and promotes concentration. The pegs are only in 6 colors but, if you look at the images from a distance, they look like real photographs because the 6 colors magically blend together in thousands of new colors. It is the same principle of late nineteenth-century pointillist painting. All Quercetti toys are entirely produced in Turin, the italian city where the company was born. The famous \"pegs\" were first produced in 1953.','With this smart toy you can create Star Wars characters by using the ingenious Pixel Pegs by Quercetti. This set contains 11400 pegs in 6 different colours and 9 guide sheets.','pixel-star-wars-16-0849-11400-chiodini','','','','Pixel Star Wars 16 0849 - 11400 chiodini','In Stock','','',''),(47,4,2,'Pixel Art ist eine intelligente Produktlinie für Kinder ab 9 Jahren bzw. eine regenerierende, stressmindernde Aktivität, die den Kopf von Angstgefühlen befreit und die Konzentration fördert. Die Stecker gibt es zwar nur in 6 Farben, doch wenn man die Bilder aus einer gewissen Entfernung betrachtet, wirken diese wie echte Fotografien, weil die 6 Farben wie durch Zauberhand zu Tausenden von neuen Farbtönen verschmelzen. Es handelt sich hierbei um das gleiche Prinzip, das auch bei der pointillistischen Malerei aus dem 19. Jahrhundert angewendet wurde. Die Spiele von Quercetti werden ausschließlich in Italien produziert – in Turin, der Geburtsstadt der Firma. Die berühmten Steckpins wurden erstmalig im Jahr 1953 hergestellt. ','Mit diesem intelligenzfördernden Spiel lassen sich mithilfe der raffinierten Pixel-Stecker von Quercetti Figuren des Star-Wars-Universums kreieren. Dieses Set beinhaltet 11.400 Steckpins in 6 verschiedenen Farben und 9 Schablonen.','pixel-star-wars-16-0849-11400-chiodini','','','','Pixel Star Wars 16 0849 - 11400 chiodini','In Stock','','',''),(47,4,3,'Pixel Art est une ligne de produits intelligents pour les enfants à partir de 9 ans ou une activité déstressante et régénératrice qui vide ton esprit des angoisses et favorise la concentration. Les petits clous sont seulement de 6 couleurs mais, si on regarde les images à une certaine distance, ils semblent des véritables photos parce que les 6 couleurs se mélangent, comme par magie, dans miliers de nouvelles couleurs. C\'est le même principe que le pointillisme de la fin du XIXème siècle. Les jeux Quercetti sont entièrement produits en Italie, dans la ville où l\'entreprise est née, Turin. Les fameux clous ont été produits pour la première fois dans le 1953. ','Avec cette boîte tu pourras créer les personnages de Star Wars, avec les ingénieux clous Pixel de Quercetti. Cette boîte contient 11400 clous dans 6 differentes couleurs et 9 fiches guide.','pixel-star-wars-16-0849-11400-chiodini','','','','Pixel Star Wars 16 0849 - 11400 chiodini','In Stock','','',''),(47,4,4,'Pixel Art è una linea di prodotti intelligente per bambini a partire da 9 anni oppure un\'attività anti-stress e rigenerante che libera la mente dalle ansie e favorisce la concentrazione. I chiodini sono solo in 6 colori ma, se si guardano le immagini da una certa distanza, sembrano delle vere e proprie fotografie perché i 6 colori si miscelano, come per magia, in migliaia di nuovi colori. E\' lo stesso principio della pittura puntinista di fine Ottocento. I giochi Quercetti vengono interamente prodotti in Italia, nella città in cui è nata l\'azienda, Torino. I famosi Chiodini sono stati prodotti per la prima volta nel 1953.','Con questo gioco intelligente potrai creare i personaggi di Star Wars, attraverso gli ingegnosi Chiodini Pixel di Quercetti. Questo set contiene 11400 chiodini in 6 diversi colori e 9 schede guida.','pixel-star-wars-16-0849-11400-chiodini','','','','Pixel Star Wars 16 0849 - 11400 chiodini','In Stock','','',''),(47,12,1,'Pixel Art is a smart product line for children from 9 years upwards or an anti-sterss and regenerating activity that frees the mind from anxieties and promotes concentration. The pegs are only in 6 colors but, if you look at the images from a distance, they look like real photographs because the 6 colors magically blend together in thousands of new colors. It is the same principle of late nineteenth-century pointillist painting. All Quercetti toys are entirely produced in Turin, the italian city where the company was born. The famous \"pegs\" were first produced in 1953.','With this smart toy you can create Star Wars characters by using the ingenious Pixel Pegs by Quercetti. This set contains 11400 pegs in 6 different colours and 9 guide sheets.','pixel-star-wars-16-0849-11400-chiodini','','','','Pixel Star Wars 16 0849 - 11400 chiodini','In Stock','','',''),(47,12,2,'Pixel Art ist eine intelligente Produktlinie für Kinder ab 9 Jahren bzw. eine regenerierende, stressmindernde Aktivität, die den Kopf von Angstgefühlen befreit und die Konzentration fördert. Die Stecker gibt es zwar nur in 6 Farben, doch wenn man die Bilder aus einer gewissen Entfernung betrachtet, wirken diese wie echte Fotografien, weil die 6 Farben wie durch Zauberhand zu Tausenden von neuen Farbtönen verschmelzen. Es handelt sich hierbei um das gleiche Prinzip, das auch bei der pointillistischen Malerei aus dem 19. Jahrhundert angewendet wurde. Die Spiele von Quercetti werden ausschließlich in Italien produziert – in Turin, der Geburtsstadt der Firma. Die berühmten Steckpins wurden erstmalig im Jahr 1953 hergestellt. ','Mit diesem intelligenzfördernden Spiel lassen sich mithilfe der raffinierten Pixel-Stecker von Quercetti Figuren des Star-Wars-Universums kreieren. Dieses Set beinhaltet 11.400 Steckpins in 6 verschiedenen Farben und 9 Schablonen.','pixel-star-wars-16-0849-11400-chiodini','','','','Pixel Star Wars 16 0849 - 11400 chiodini','In Stock','','',''),(47,12,3,'Pixel Art est une ligne de produits intelligents pour les enfants à partir de 9 ans ou une activité déstressante et régénératrice qui vide ton esprit des angoisses et favorise la concentration. Les petits clous sont seulement de 6 couleurs mais, si on regarde les images à une certaine distance, ils semblent des véritables photos parce que les 6 couleurs se mélangent, comme par magie, dans miliers de nouvelles couleurs. C\'est le même principe que le pointillisme de la fin du XIXème siècle. Les jeux Quercetti sont entièrement produits en Italie, dans la ville où l\'entreprise est née, Turin. Les fameux clous ont été produits pour la première fois dans le 1953. ','Avec cette boîte tu pourras créer les personnages de Star Wars, avec les ingénieux clous Pixel de Quercetti. Cette boîte contient 11400 clous dans 6 differentes couleurs et 9 fiches guide.','pixel-star-wars-16-0849-11400-chiodini','','','','Pixel Star Wars 16 0849 - 11400 chiodini','In Stock','','',''),(47,12,4,'Pixel Art è una linea di prodotti intelligente per bambini a partire da 9 anni oppure un\'attività anti-stress e rigenerante che libera la mente dalle ansie e favorisce la concentrazione. I chiodini sono solo in 6 colori ma, se si guardano le immagini da una certa distanza, sembrano delle vere e proprie fotografie perché i 6 colori si miscelano, come per magia, in migliaia di nuovi colori. E\' lo stesso principio della pittura puntinista di fine Ottocento. I giochi Quercetti vengono interamente prodotti in Italia, nella città in cui è nata l\'azienda, Torino. I famosi Chiodini sono stati prodotti per la prima volta nel 1953.','Con questo gioco intelligente potrai creare i personaggi di Star Wars, attraverso gli ingegnosi Chiodini Pixel di Quercetti. Questo set contiene 11400 chiodini in 6 diversi colori e 9 schede guida.','pixel-star-wars-16-0849-11400-chiodini','','','','Pixel Star Wars 16 0849 - 11400 chiodini','In Stock','','',''),(48,4,1,'<p>Pixel Art is a smart product line for children from 9 years upwards or an anti-sterss and regenerating activity that frees the mind from anxieties and promotes concentration. The pegs are only in 6 colors but, if you look at the images from a distance, they look like real photographs because the 6 colors magically blend together in thousands of new colors. It is the same principle of late nineteenth-century pointillist painting. All Quercetti toys are entirely produced in Turin, the italian city where the company was born. The famous \"pegs\" were first produced in 1953.</p>','<p>With this smart toy you can create Yoda, the iconic Star Wars character, by using the ingenious Pixel Pegs by Quercetti. This set contains 5600 pegs in 6 different colours and 4 guide sheets.</p>','pixel-4-star-wars-yoda-0856-5600-chiodini','','','','Pixel 4 Star Wars Yoda 0856 - 5600 chiodini','In Stock','','',''),(48,4,2,'<p>Pixel Art ist eine intelligente Produktlinie für Kinder ab 9 Jahren bzw. eine regenerierende, stressmindernde Aktivität, die den Kopf von Angstgefühlen befreit und die Konzentration fördert. Die Stecker gibt es zwar nur in 6 Farben, doch wenn man die Bilder aus einer gewissen Entfernung betrachtet, wirken diese wie echte Fotografien, weil die 6 Farben wie durch Zauberhand zu Tausenden von neuen Farbtönen verschmelzen. Es handelt sich hierbei um das gleiche Prinzip, das auch bei der pointillistischen Malerei aus dem 19. Jahrhundert angewendet wurde. Die Spiele von Quercetti werden ausschließlich in Italien produziert – in Turin, der Geburtsstadt der Firma. Die berühmten Steckpins wurden erstmalig im Jahr 1953 hergestellt.</p>','<p>Mit diesem intelligenzfördernden Spiel lässt sich mithilfe der raffinierten Pixel-Stecker von Quercetti die Figur Yoda von Star Wars kreieren. Dieses Set beinhaltet 5600 Steckpins in 6 verschiedenen Farben und 4 Schablonen.</p>','pixel-4-star-wars-yoda-0856-5600-chiodini','','','','Pixel 4 Star Wars Yoda 0856 - 5600 chiodini','In Stock','','',''),(48,4,3,'<p>Pixel Art est une ligne de produits intelligents pour les enfants à partir de 9 ans ou une activité déstressante et régénératrice qui vide ton esprit des angoisses et favorise la concentration. Les petits clous sont seulement de 6 couleurs mais, si on regarde les images à une certaine distance, ils semblent des véritables photos parce que les 6 couleurs se mélangent, comme par magie, dans miliers de nouvelles couleurs. C\'est le même principe que le pointillisme de la fin du XIXème siècle. Les jeux Quercetti sont entièrement produits en Italie, dans la ville où l\'entreprise est née, Turin. Les fameux clous ont été produits pour la première fois dans le 1953.</p>','<p>Avec cette boîte tu pourras créer Yoda, personnage de Star Wars, avec les ingénieux clous Pixel de Quercetti. Cette boîte contient 5600 clous dans 6 differentes couleurs et 4 fiches guide.</p>','pixel-4-star-wars-yoda-0856-5600-chiodini','','','','Pixel 4 Star Wars Yoda 0856 - 5600 chiodini','In Stock','','',''),(48,4,4,'<p>Pixel Art è una linea di prodotti intelligente per bambini a partire da 9 anni oppure un\'attività anti-stress e rigenerante che libera la mente dalle ansie e favorisce la concentrazione. I chiodini sono solo in 6 colori ma, se si guardano le immagini da una certa distanza, sembrano delle vere e proprie fotografie perché i 6 colori si miscelano, come per magia, in migliaia di nuovi colori. E\' lo stesso principio della pittura puntinista di fine Ottocento. I giochi Quercetti vengono interamente prodotti in Italia, nella città in cui è nata l\'azienda, Torino. I famosi Chiodini sono stati prodotti per la prima volta nel 1953.</p>','<p>Con questo gioco intelligente potrai creare Yoda, personaggio di Star Wars, attraverso gli ingegnosi Chiodini Pixel di Quercetti. Questo set contiene 5600 chiodini in 6 diversi colori e 4 schede guida.</p>','pixel-4-star-wars-yoda-0856-5600-chiodini','','','','Pixel 4 Star Wars Yoda 0856 - 5600 chiodini','In Stock','','',''),(48,12,1,'<p>Pixel Art is a smart product line for children from 9 years upwards or an anti-sterss and regenerating activity that frees the mind from anxieties and promotes concentration. The pegs are only in 6 colors but, if you look at the images from a distance, they look like real photographs because the 6 colors magically blend together in thousands of new colors. It is the same principle of late nineteenth-century pointillist painting. All Quercetti toys are entirely produced in Turin, the italian city where the company was born. The famous \"pegs\" were first produced in 1953.</p>','<p>With this smart toy you can create Yoda, the iconic Star Wars character, by using the ingenious Pixel Pegs by Quercetti. This set contains 5600 pegs in 6 different colours and 4 guide sheets.</p>','pixel-4-star-wars-yoda-0856-5600-chiodini','','','','Pixel 4 Star Wars Yoda 0856 - 5600 chiodini','In Stock','','',''),(48,12,2,'<p>Pixel Art ist eine intelligente Produktlinie für Kinder ab 9 Jahren bzw. eine regenerierende, stressmindernde Aktivität, die den Kopf von Angstgefühlen befreit und die Konzentration fördert. Die Stecker gibt es zwar nur in 6 Farben, doch wenn man die Bilder aus einer gewissen Entfernung betrachtet, wirken diese wie echte Fotografien, weil die 6 Farben wie durch Zauberhand zu Tausenden von neuen Farbtönen verschmelzen. Es handelt sich hierbei um das gleiche Prinzip, das auch bei der pointillistischen Malerei aus dem 19. Jahrhundert angewendet wurde. Die Spiele von Quercetti werden ausschließlich in Italien produziert – in Turin, der Geburtsstadt der Firma. Die berühmten Steckpins wurden erstmalig im Jahr 1953 hergestellt.</p>','<p>Mit diesem intelligenzfördernden Spiel lässt sich mithilfe der raffinierten Pixel-Stecker von Quercetti die Figur Yoda von Star Wars kreieren. Dieses Set beinhaltet 5600 Steckpins in 6 verschiedenen Farben und 4 Schablonen.</p>','pixel-4-star-wars-yoda-0856-5600-chiodini','','','','Pixel 4 Star Wars Yoda 0856 - 5600 chiodini','In Stock','','',''),(48,12,3,'<p>Pixel Art est une ligne de produits intelligents pour les enfants à partir de 9 ans ou une activité déstressante et régénératrice qui vide ton esprit des angoisses et favorise la concentration. Les petits clous sont seulement de 6 couleurs mais, si on regarde les images à une certaine distance, ils semblent des véritables photos parce que les 6 couleurs se mélangent, comme par magie, dans miliers de nouvelles couleurs. C\'est le même principe que le pointillisme de la fin du XIXème siècle. Les jeux Quercetti sont entièrement produits en Italie, dans la ville où l\'entreprise est née, Turin. Les fameux clous ont été produits pour la première fois dans le 1953.</p>','<p>Avec cette boîte tu pourras créer Yoda, personnage de Star Wars, avec les ingénieux clous Pixel de Quercetti. Cette boîte contient 5600 clous dans 6 differentes couleurs et 4 fiches guide.</p>','pixel-4-star-wars-yoda-0856-5600-chiodini','','','','Pixel 4 Star Wars Yoda 0856 - 5600 chiodini','In Stock','','',''),(48,12,4,'<p>Pixel Art è una linea di prodotti intelligente per bambini a partire da 9 anni oppure un\'attività anti-stress e rigenerante che libera la mente dalle ansie e favorisce la concentrazione. I chiodini sono solo in 6 colori ma, se si guardano le immagini da una certa distanza, sembrano delle vere e proprie fotografie perché i 6 colori si miscelano, come per magia, in migliaia di nuovi colori. E\' lo stesso principio della pittura puntinista di fine Ottocento. I giochi Quercetti vengono interamente prodotti in Italia, nella città in cui è nata l\'azienda, Torino. I famosi Chiodini sono stati prodotti per la prima volta nel 1953.</p>','<p>Con questo gioco intelligente potrai creare Yoda, personaggio di Star Wars, attraverso gli ingegnosi Chiodini Pixel di Quercetti. Questo set contiene 5600 chiodini in 6 diversi colori e 4 schede guida.</p>','pixel-4-star-wars-yoda-0856-5600-chiodini','','','','Pixel 4 Star Wars Yoda 0856 - 5600 chiodini','In Stock','','',''),(49,6,1,'Nanoblock is a range of micro sized building blocks, designed and developed in Japan. The Nanoblock blocks are only 1/8th of the standard building blocks. The smallest piece measures only 4 x 4 x 5 mm. Each block has a special dividing flange, known as the double-ridged backing system, which allows you to easily place each piece according to your needs. Nanoblock is produced by Kawada co. Ltd, a Japanese company with headquarters in Tokyo. It has become well known across the world thanks to its unique selling points, and has developed a huge fanbase. There are so many different themes to choose from, so that all tastes and ages will find something to collect, build or gift.','The Steam Locomotive is one of the most complete Nanoblock sets. Perfect for fans of detailed constructions, built with much smaller than average blocks. This set contains ….pieces.','steam-locomotive-800-pcs','','','','Steam Locomotive - 800 Pcs','In Stock','','',''),(49,6,2,'Nanoblock ist eine Produktlinie von Mikro-Bausteinen, die in Japan konzipiert und entworfen wurden. Der Miniatur-Baustein von Nanoblock misst lediglich 1/8 der Größe eines Standardbausteins – das kleinste Modell misst gerade einmal 4 x 4 x 5 mm. Eine weitere Besonderheit ist das Verbindungssystem auf der Rückseite, durch das man dank der doppelten Vertiefung die einzelnen Teile mit Leichtigkeit, je nach den Erfordernissen der Konstruktion, im richtigen Abstand zueinander positionieren kann. Nanoblock wurde von Kawada Co. Ltd entwickelt, einer japanischen Firma mit Sitz in Tokio. Die Mikro-Bausteine konnten sich aufgrund ihrer unverwechselbaren Eigenschaften in der ganzen Welt etablieren und haben einen regelrechten Hype ausgelöst. Aufgrund des breit gefächerten Themenangebots eignen sich die Bausteine zum Sammeln, Verschenken und Tüfteln – als Symbole der Leidenschaft und Hobby für jeden Geschmack und jedes Alter. ','Steam Locomotive ist eines der vollständigsten Nanoblock-Sets. Für echte Fans des detaillierten Modellbaus mit Bausteinen, die kleiner sind als bei Standardbaukastensystemen. Die Verpackung enthält 800 Teile.','steam-locomotive-800-pcs','','','','Steam Locomotive - 800 Pcs','In Stock','','',''),(49,6,3,'Nanoblock est une ligne de petits briques pour costruire, dessinée au Japon. Les petits briques sont 1/8 de la dimension standard des communs briques pour construire: le plus petit mésure 4 x 4 x 5 mm. Leur particularité se trouve aussi dans le système d\'attelage de derrière qui, grâce à la double rainure, permet de distancer chaque pièce avec facilité sur la base d\'exigences de construction. Les Nanoblock sont réalisés par Kawada co. Ltd, entreprise japonaise basée à Tokyo. Ils se sont affirmés dans le monde entier grâce à leurs caractéristiques uniques, en donnant le feu ouvert à une vraie manie. La large gamme des sujets proposés, permet de collectionner, offrir, construire ces sujets qui sont le symbole des passions et loisirs appropriés pour tous les goûts et tous les âges.','Steam Locomotive, c\'est un des modèles Nanoblock plus complèts. Pour les vrais amateurs des constructions détaillées et plus petites que le petit maton standard. La confection contient … pièces.','steam-locomotive-800-pcs','','','','Steam Locomotive - 800 Pcs','In Stock','','',''),(49,6,4,'Nanoblock è una linea di micro mattoncini per costruire, disegnata in Giappone. I mattoncini Nanoblock sono solo 1/8 delle dimensioni dei mattoni da costruzione standard, il più piccolo misura 4 x 4 x 5 mm. La loro particolarità, risiede anche nel sistema di aggancio sul retro che, grazie alla doppia scanalatura, permette di distanziare con facilità ogni singolo pezzo in base alle esigenze di costruzione. I Nanoblock sono realizzati da Kawada co. Ltd, azienda giapponese che ha sede a Tokyo. Si sono affermati in tutto il mondo grazie alle loro caratteristiche uniche, dando il via ad un vera e propria mania. La vasta gamma di temi proposti, permette di collezionare, regalare, costruire, soggetti simbolo di passioni e hobby adatti a tutti i gusti ed età.','Steam Locomotive è uno dei set Nanoblock più completi. Per i veri appassionati delle costruzioni dettagliate e più piccole del mattoncino standard. La confezione contiene 800 pezzi.','steam-locomotive-800-pcs','','','','Steam Locomotive - 800 Pcs','In Stock','','',''),(49,11,1,'Nanoblock is a range of micro sized building blocks, designed and developed in Japan. The Nanoblock blocks are only 1/8th of the standard building blocks. The smallest piece measures only 4 x 4 x 5 mm. Each block has a special dividing flange, known as the double-ridged backing system, which allows you to easily place each piece according to your needs. Nanoblock is produced by Kawada co. Ltd, a Japanese company with headquarters in Tokyo. It has become well known across the world thanks to its unique selling points, and has developed a huge fanbase. There are so many different themes to choose from, so that all tastes and ages will find something to collect, build or gift.','The Steam Locomotive is one of the most complete Nanoblock sets. Perfect for fans of detailed constructions, built with much smaller than average blocks. This set contains ….pieces.','steam-locomotive-800-pcs','','','','Steam Locomotive - 800 Pcs','In Stock','','',''),(49,11,2,'Nanoblock ist eine Produktlinie von Mikro-Bausteinen, die in Japan konzipiert und entworfen wurden. Der Miniatur-Baustein von Nanoblock misst lediglich 1/8 der Größe eines Standardbausteins – das kleinste Modell misst gerade einmal 4 x 4 x 5 mm. Eine weitere Besonderheit ist das Verbindungssystem auf der Rückseite, durch das man dank der doppelten Vertiefung die einzelnen Teile mit Leichtigkeit, je nach den Erfordernissen der Konstruktion, im richtigen Abstand zueinander positionieren kann. Nanoblock wurde von Kawada Co. Ltd entwickelt, einer japanischen Firma mit Sitz in Tokio. Die Mikro-Bausteine konnten sich aufgrund ihrer unverwechselbaren Eigenschaften in der ganzen Welt etablieren und haben einen regelrechten Hype ausgelöst. Aufgrund des breit gefächerten Themenangebots eignen sich die Bausteine zum Sammeln, Verschenken und Tüfteln – als Symbole der Leidenschaft und Hobby für jeden Geschmack und jedes Alter. ','Steam Locomotive ist eines der vollständigsten Nanoblock-Sets. Für echte Fans des detaillierten Modellbaus mit Bausteinen, die kleiner sind als bei Standardbaukastensystemen. Die Verpackung enthält 800 Teile.','steam-locomotive-800-pcs','','','','Steam Locomotive - 800 Pcs','In Stock','','',''),(49,11,3,'Nanoblock est une ligne de petits briques pour costruire, dessinée au Japon. Les petits briques sont 1/8 de la dimension standard des communs briques pour construire: le plus petit mésure 4 x 4 x 5 mm. Leur particularité se trouve aussi dans le système d\'attelage de derrière qui, grâce à la double rainure, permet de distancer chaque pièce avec facilité sur la base d\'exigences de construction. Les Nanoblock sont réalisés par Kawada co. Ltd, entreprise japonaise basée à Tokyo. Ils se sont affirmés dans le monde entier grâce à leurs caractéristiques uniques, en donnant le feu ouvert à une vraie manie. La large gamme des sujets proposés, permet de collectionner, offrir, construire ces sujets qui sont le symbole des passions et loisirs appropriés pour tous les goûts et tous les âges.','Steam Locomotive, c\'est un des modèles Nanoblock plus complèts. Pour les vrais amateurs des constructions détaillées et plus petites que le petit maton standard. La confection contient … pièces.','steam-locomotive-800-pcs','','','','Steam Locomotive - 800 Pcs','In Stock','','',''),(49,11,4,'Nanoblock è una linea di micro mattoncini per costruire, disegnata in Giappone. I mattoncini Nanoblock sono solo 1/8 delle dimensioni dei mattoni da costruzione standard, il più piccolo misura 4 x 4 x 5 mm. La loro particolarità, risiede anche nel sistema di aggancio sul retro che, grazie alla doppia scanalatura, permette di distanziare con facilità ogni singolo pezzo in base alle esigenze di costruzione. I Nanoblock sono realizzati da Kawada co. Ltd, azienda giapponese che ha sede a Tokyo. Si sono affermati in tutto il mondo grazie alle loro caratteristiche uniche, dando il via ad un vera e propria mania. La vasta gamma di temi proposti, permette di collezionare, regalare, costruire, soggetti simbolo di passioni e hobby adatti a tutti i gusti ed età.','Steam Locomotive è uno dei set Nanoblock più completi. Per i veri appassionati delle costruzioni dettagliate e più piccole del mattoncino standard. La confezione contiene 800 pezzi.','steam-locomotive-800-pcs','','','','Steam Locomotive - 800 Pcs','In Stock','','',''),(50,6,1,'Nanoblock is a range of micro sized building blocks, designed and developed in Japan. The Nanoblock blocks are only 1/8th of the standard building blocks. The smallest piece measures only 4 x 4 x 5 mm. Each block has a special dividing flange, known as the double-ridged backing system, which allows you to easily place each piece according to your needs. Nanoblock is produced by Kawada co. Ltd, a Japanese company with headquarters in Tokyo. It has become well known across the world thanks to its unique selling points, and has developed a huge fanbase. There are so many different themes to choose from, so that all tastes and ages will find something to collect, build or gift.','Nanoblock P51 MUSTANG is the Nanoblock set dedicated to the lovers of the most historical means of transport. The size of the blocks allow you to replicate with extreme precision every detail of the aircraft. This set contains 777 pieces.','p51-mustang-nbm-005-777-pcs','','','','P51 MUSTANG, NBM-005 - 777 Pcs','In Stock','','',''),(50,6,2,'Nanoblock ist eine Produktlinie von Mikro-Bausteinen, die in Japan konzipiert und entworfen wurden. Der Miniatur-Baustein von Nanoblock misst lediglich 1/8 der Größe eines Standardbausteins – das kleinste Modell misst gerade einmal 4 x 4 x 5 mm. Eine weitere Besonderheit ist das Verbindungssystem auf der Rückseite, durch das man dank der doppelten Vertiefung die einzelnen Teile mit Leichtigkeit, je nach den Erfordernissen der Konstruktion, im richtigen Abstand zueinander positionieren kann. Nanoblock wurde von Kawada Co. Ltd entwickelt, einer japanischen Firma mit Sitz in Tokio. Die Mikro-Bausteine konnten sich aufgrund ihrer unverwechselbaren Eigenschaften in der ganzen Welt etablieren und haben einen regelrechten Hype ausgelöst. Aufgrund des breit gefächerten Themenangebots eignen sich die Bausteine zum Sammeln, Verschenken und Tüfteln – als Symbole der Leidenschaft und Hobby für jeden Geschmack und jedes Alter. ','Nanoblock P51 MUSTANG ist ein Nanoblock-Bausatz für Liebhaber geschichtsträchtiger Transportmittel. Die Größe der Mikro-Bausteine erlaubt eine hoch präzise Nachbildung des Propellerflugzeugs bis ins kleinste Detail. Die Verpackung enthält 777 Teile.','p51-mustang-nbm-005-777-pcs','','','','P51 MUSTANG, NBM-005 - 777 Pcs','In Stock','','',''),(50,6,3,'Nanoblock est une ligne de petits briques pour costruire, dessinée au Japon. Les petits briques sont 1/8 de la dimension standard des communs briques pour construire: le plus petit mésure 4 x 4 x 5 mm. Leur particularité se trouve aussi dans le système d\'attelage de derrière qui, grâce à la double rainure, permet de distancer chaque pièce avec facilité sur la base d\'exigences de construction. Les Nanoblock sont réalisés par Kawada co. Ltd, entreprise japonaise basée à Tokyo. Ils se sont affirmés dans le monde entier grâce à leurs caractéristiques uniques, en donnant le feu ouvert à une vraie manie. La large gamme des sujets proposés, permet de collectionner, offrir, construire ces sujets qui sont le symbole des passions et loisirs appropriés pour tous les goûts et tous les âges.','Nanoblock P51 MUSTANG est la boîte Nanoblock dediée aux amants de moyens de transport qui ont marqué l\'histoire.','p51-mustang-nbm-005-777-pcs','','','','P51 MUSTANG, NBM-005 - 777 Pcs','In Stock','','',''),(50,6,4,'Nanoblock è una linea di micro mattoncini per costruire, disegnata in Giappone. I mattoncini Nanoblock sono solo 1/8 delle dimensioni dei mattoni da costruzione standard, il più piccolo misura 4 x 4 x 5 mm. La loro particolarità, risiede anche nel sistema di aggancio sul retro che, grazie alla doppia scanalatura, permette di distanziare con facilità ogni singolo pezzo in base alle esigenze di costruzione. I Nanoblock sono realizzati da Kawada co. Ltd, azienda giapponese che ha sede a Tokyo. Si sono affermati in tutto il mondo grazie alle loro caratteristiche uniche, dando il via ad un vera e propria mania. La vasta gamma di temi proposti, permette di collezionare, regalare, costruire, soggetti simbolo di passioni e hobby adatti a tutti i gusti ed età.','Nanoblock P51 MUSTANG è la scatola Nanoblock dedicata agli amanti dei mezzi che hanno fatto la storia. Le dimensioni dei mattoncini permettono di replicare i dettagli del velivolo con grande precisione. La confezione contiene 777 pezzi.','p51-mustang-nbm-005-777-pcs','','','','P51 MUSTANG, NBM-005 - 777 Pcs','In Stock','','',''),(50,11,1,'Nanoblock is a range of micro sized building blocks, designed and developed in Japan. The Nanoblock blocks are only 1/8th of the standard building blocks. The smallest piece measures only 4 x 4 x 5 mm. Each block has a special dividing flange, known as the double-ridged backing system, which allows you to easily place each piece according to your needs. Nanoblock is produced by Kawada co. Ltd, a Japanese company with headquarters in Tokyo. It has become well known across the world thanks to its unique selling points, and has developed a huge fanbase. There are so many different themes to choose from, so that all tastes and ages will find something to collect, build or gift.','Nanoblock P51 MUSTANG is the Nanoblock set dedicated to the lovers of the most historical means of transport. The size of the blocks allow you to replicate with extreme precision every detail of the aircraft. This set contains 777 pieces.','p51-mustang-nbm-005-777-pcs','','','','P51 MUSTANG, NBM-005 - 777 Pcs','In Stock','','',''),(50,11,2,'Nanoblock ist eine Produktlinie von Mikro-Bausteinen, die in Japan konzipiert und entworfen wurden. Der Miniatur-Baustein von Nanoblock misst lediglich 1/8 der Größe eines Standardbausteins – das kleinste Modell misst gerade einmal 4 x 4 x 5 mm. Eine weitere Besonderheit ist das Verbindungssystem auf der Rückseite, durch das man dank der doppelten Vertiefung die einzelnen Teile mit Leichtigkeit, je nach den Erfordernissen der Konstruktion, im richtigen Abstand zueinander positionieren kann. Nanoblock wurde von Kawada Co. Ltd entwickelt, einer japanischen Firma mit Sitz in Tokio. Die Mikro-Bausteine konnten sich aufgrund ihrer unverwechselbaren Eigenschaften in der ganzen Welt etablieren und haben einen regelrechten Hype ausgelöst. Aufgrund des breit gefächerten Themenangebots eignen sich die Bausteine zum Sammeln, Verschenken und Tüfteln – als Symbole der Leidenschaft und Hobby für jeden Geschmack und jedes Alter. ','Nanoblock P51 MUSTANG ist ein Nanoblock-Bausatz für Liebhaber geschichtsträchtiger Transportmittel. Die Größe der Mikro-Bausteine erlaubt eine hoch präzise Nachbildung des Propellerflugzeugs bis ins kleinste Detail. Die Verpackung enthält 777 Teile.','p51-mustang-nbm-005-777-pcs','','','','P51 MUSTANG, NBM-005 - 777 Pcs','In Stock','','',''),(50,11,3,'Nanoblock est une ligne de petits briques pour costruire, dessinée au Japon. Les petits briques sont 1/8 de la dimension standard des communs briques pour construire: le plus petit mésure 4 x 4 x 5 mm. Leur particularité se trouve aussi dans le système d\'attelage de derrière qui, grâce à la double rainure, permet de distancer chaque pièce avec facilité sur la base d\'exigences de construction. Les Nanoblock sont réalisés par Kawada co. Ltd, entreprise japonaise basée à Tokyo. Ils se sont affirmés dans le monde entier grâce à leurs caractéristiques uniques, en donnant le feu ouvert à une vraie manie. La large gamme des sujets proposés, permet de collectionner, offrir, construire ces sujets qui sont le symbole des passions et loisirs appropriés pour tous les goûts et tous les âges.','Nanoblock P51 MUSTANG est la boîte Nanoblock dediée aux amants de moyens de transport qui ont marqué l\'histoire.','p51-mustang-nbm-005-777-pcs','','','','P51 MUSTANG, NBM-005 - 777 Pcs','In Stock','','',''),(50,11,4,'Nanoblock è una linea di micro mattoncini per costruire, disegnata in Giappone. I mattoncini Nanoblock sono solo 1/8 delle dimensioni dei mattoni da costruzione standard, il più piccolo misura 4 x 4 x 5 mm. La loro particolarità, risiede anche nel sistema di aggancio sul retro che, grazie alla doppia scanalatura, permette di distanziare con facilità ogni singolo pezzo in base alle esigenze di costruzione. I Nanoblock sono realizzati da Kawada co. Ltd, azienda giapponese che ha sede a Tokyo. Si sono affermati in tutto il mondo grazie alle loro caratteristiche uniche, dando il via ad un vera e propria mania. La vasta gamma di temi proposti, permette di collezionare, regalare, costruire, soggetti simbolo di passioni e hobby adatti a tutti i gusti ed età.','Nanoblock P51 MUSTANG è la scatola Nanoblock dedicata agli amanti dei mezzi che hanno fatto la storia. Le dimensioni dei mattoncini permettono di replicare i dettagli del velivolo con grande precisione. La confezione contiene 777 pezzi.','p51-mustang-nbm-005-777-pcs','','','','P51 MUSTANG, NBM-005 - 777 Pcs','In Stock','','',''),(51,6,1,'Nanoblock is a range of micro sized building blocks, designed and developed in Japan. The Nanoblock blocks are only 1/8th of the standard building blocks. The smallest piece measures only 4 x 4 x 5 mm. Each block has a special dividing flange, known as the double-ridged backing system, which allows you to easily place each piece according to your needs. Nanoblock is produced by Kawada co. Ltd, a Japanese company with headquarters in Tokyo. It has become well known across the world thanks to its unique selling points, and has developed a huge fanbase. There are so many different themes to choose from, so that all tastes and ages will find something to collect, build or gift.','Nanoblock MOTORCYCLE is the set of famous Japanese blocks which is ideal for bike lovers everywhere. This set contains more than 430 pieces.','motorcycle-nbm-006-430-pcs','','','','MOTORCYCLE, NBM-006 - 430+ Pcs','In Stock','','',''),(51,6,2,'Nanoblock ist eine Produktlinie von Mikro-Bausteinen, die in Japan konzipiert und entworfen wurden. Der Miniatur-Baustein von Nanoblock misst lediglich 1/8 der Größe eines Standardbausteins – das kleinste Modell misst gerade einmal 4 x 4 x 5 mm. Eine weitere Besonderheit ist das Verbindungssystem auf der Rückseite, durch das man dank der doppelten Vertiefung die einzelnen Teile mit Leichtigkeit, je nach den Erfordernissen der Konstruktion, im richtigen Abstand zueinander positionieren kann. Nanoblock wurde von Kawada Co. Ltd entwickelt, einer japanischen Firma mit Sitz in Tokio. Die Mikro-Bausteine konnten sich aufgrund ihrer unverwechselbaren Eigenschaften in der ganzen Welt etablieren und haben einen regelrechten Hype ausgelöst. Aufgrund des breit gefächerten Themenangebots eignen sich die Bausteine zum Sammeln, Verschenken und Tüfteln – als Symbole der Leidenschaft und Hobby für jeden Geschmack und jedes Alter. ','Nanoblock MOTORCYCLE ist ein Bausatz der berühmten japanischen Produktlinie, der sich ideal für Zweiradliebhaber eignet. Dieses Set enthält mehr als 430 Teile.','motorcycle-nbm-006-430-pcs','','','','MOTORCYCLE, NBM-006 - 430+ Pcs','In Stock','','',''),(51,6,3,'Nanoblock est une ligne de petits briques pour costruire, dessinée au Japon. Les petits briques sont 1/8 de la dimension standard des communs briques pour construire: le plus petit mésure 4 x 4 x 5 mm. Leur particularité se trouve aussi dans le système d\'attelage de derrière qui, grâce à la double rainure, permet de distancer chaque pièce avec facilité sur la base d\'exigences de construction. Les Nanoblock sont réalisés par Kawada co. Ltd, entreprise japonaise basée à Tokyo. Ils se sont affirmés dans le monde entier grâce à leurs caractéristiques uniques, en donnant le feu ouvert à une vraie manie. La large gamme des sujets proposés, permet de collectionner, offrir, construire ces sujets qui sont le symbole des passions et loisirs appropriés pour tous les goûts et tous les âges.','Nanoblock Motorcycle est la boîte des fameux briques japonais pour qui aime les deux-roues. Cet ensamble contient plus de 430 pièces.','motorcycle-nbm-006-430-pcs','','','','MOTORCYCLE, NBM-006 - 430+ Pcs','In Stock','','',''),(51,6,4,'Nanoblock è una linea di micro mattoncini per costruire, disegnata in Giappone. I mattoncini Nanoblock sono solo 1/8 delle dimensioni dei mattoni da costruzione standard, il più piccolo misura 4 x 4 x 5 mm. La loro particolarità, risiede anche nel sistema di aggancio sul retro che, grazie alla doppia scanalatura, permette di distanziare con facilità ogni singolo pezzo in base alle esigenze di costruzione. I Nanoblock sono realizzati da Kawada co. Ltd, azienda giapponese che ha sede a Tokyo. Si sono affermati in tutto il mondo grazie alle loro caratteristiche uniche, dando il via ad un vera e propria mania. La vasta gamma di temi proposti, permette di collezionare, regalare, costruire, soggetti simbolo di passioni e hobby adatti a tutti i gusti ed età.','Nanoblock MOTORCYCLE è la scatola dei famosi mattoncini giapponesi ideale per chi ama le due ruote. Questo set contiene più di 430 pezzi.','motorcycle-nbm-006-430-pcs','','','','MOTORCYCLE, NBM-006 - 430+ Pcs','In Stock','','',''),(51,11,1,'Nanoblock is a range of micro sized building blocks, designed and developed in Japan. The Nanoblock blocks are only 1/8th of the standard building blocks. The smallest piece measures only 4 x 4 x 5 mm. Each block has a special dividing flange, known as the double-ridged backing system, which allows you to easily place each piece according to your needs. Nanoblock is produced by Kawada co. Ltd, a Japanese company with headquarters in Tokyo. It has become well known across the world thanks to its unique selling points, and has developed a huge fanbase. There are so many different themes to choose from, so that all tastes and ages will find something to collect, build or gift.','Nanoblock MOTORCYCLE is the set of famous Japanese blocks which is ideal for bike lovers everywhere. This set contains more than 430 pieces.','motorcycle-nbm-006-430-pcs','','','','MOTORCYCLE, NBM-006 - 430+ Pcs','In Stock','','',''),(51,11,2,'Nanoblock ist eine Produktlinie von Mikro-Bausteinen, die in Japan konzipiert und entworfen wurden. Der Miniatur-Baustein von Nanoblock misst lediglich 1/8 der Größe eines Standardbausteins – das kleinste Modell misst gerade einmal 4 x 4 x 5 mm. Eine weitere Besonderheit ist das Verbindungssystem auf der Rückseite, durch das man dank der doppelten Vertiefung die einzelnen Teile mit Leichtigkeit, je nach den Erfordernissen der Konstruktion, im richtigen Abstand zueinander positionieren kann. Nanoblock wurde von Kawada Co. Ltd entwickelt, einer japanischen Firma mit Sitz in Tokio. Die Mikro-Bausteine konnten sich aufgrund ihrer unverwechselbaren Eigenschaften in der ganzen Welt etablieren und haben einen regelrechten Hype ausgelöst. Aufgrund des breit gefächerten Themenangebots eignen sich die Bausteine zum Sammeln, Verschenken und Tüfteln – als Symbole der Leidenschaft und Hobby für jeden Geschmack und jedes Alter. ','Nanoblock MOTORCYCLE ist ein Bausatz der berühmten japanischen Produktlinie, der sich ideal für Zweiradliebhaber eignet. Dieses Set enthält mehr als 430 Teile.','motorcycle-nbm-006-430-pcs','','','','MOTORCYCLE, NBM-006 - 430+ Pcs','In Stock','','',''),(51,11,3,'Nanoblock est une ligne de petits briques pour costruire, dessinée au Japon. Les petits briques sont 1/8 de la dimension standard des communs briques pour construire: le plus petit mésure 4 x 4 x 5 mm. Leur particularité se trouve aussi dans le système d\'attelage de derrière qui, grâce à la double rainure, permet de distancer chaque pièce avec facilité sur la base d\'exigences de construction. Les Nanoblock sont réalisés par Kawada co. Ltd, entreprise japonaise basée à Tokyo. Ils se sont affirmés dans le monde entier grâce à leurs caractéristiques uniques, en donnant le feu ouvert à une vraie manie. La large gamme des sujets proposés, permet de collectionner, offrir, construire ces sujets qui sont le symbole des passions et loisirs appropriés pour tous les goûts et tous les âges.','Nanoblock Motorcycle est la boîte des fameux briques japonais pour qui aime les deux-roues. Cet ensamble contient plus de 430 pièces.','motorcycle-nbm-006-430-pcs','','','','MOTORCYCLE, NBM-006 - 430+ Pcs','In Stock','','',''),(51,11,4,'Nanoblock è una linea di micro mattoncini per costruire, disegnata in Giappone. I mattoncini Nanoblock sono solo 1/8 delle dimensioni dei mattoni da costruzione standard, il più piccolo misura 4 x 4 x 5 mm. La loro particolarità, risiede anche nel sistema di aggancio sul retro che, grazie alla doppia scanalatura, permette di distanziare con facilità ogni singolo pezzo in base alle esigenze di costruzione. I Nanoblock sono realizzati da Kawada co. Ltd, azienda giapponese che ha sede a Tokyo. Si sono affermati in tutto il mondo grazie alle loro caratteristiche uniche, dando il via ad un vera e propria mania. La vasta gamma di temi proposti, permette di collezionare, regalare, costruire, soggetti simbolo di passioni e hobby adatti a tutti i gusti ed età.','Nanoblock MOTORCYCLE è la scatola dei famosi mattoncini giapponesi ideale per chi ama le due ruote. Questo set contiene più di 430 pezzi.','motorcycle-nbm-006-430-pcs','','','','MOTORCYCLE, NBM-006 - 430+ Pcs','In Stock','','',''),(52,6,1,'Nanoblock is a range of micro sized building blocks, designed and developed in Japan. The Nanoblock blocks are only 1/8th of the standard building blocks. The smallest piece measures only 4 x 4 x 5 mm. Each block has a special dividing flange, known as the double-ridged backing system, which allows you to easily place each piece according to your needs. Nanoblock is produced by Kawada co. Ltd, a Japanese company with headquarters in Tokyo. It has become well known across the world thanks to its unique selling points, and has developed a huge fanbase. There are so many different themes to choose from, so that all tastes and ages will find something to collect, build or gift.','Recreate the most famous sights and icons of architecture from around the world with Nanoblock. The MOAI STATUES ON EASTER ISLAND set perfectly recreates the extraordinary Easter Island statues. This set contains 320 pieces.','moai-statues-on-easter-island-nbh-009-320-pcs','','','','MOAI STATUES ON EASTER ISLAND, NBH-009 - 320 Pcs','In Stock','','',''),(52,6,2,'Nanoblock ist eine Produktlinie von Mikro-Bausteinen, die in Japan konzipiert und entworfen wurden. Der Miniatur-Baustein von Nanoblock misst lediglich 1/8 der Größe eines Standardbausteins – das kleinste Modell misst gerade einmal 4 x 4 x 5 mm. Eine weitere Besonderheit ist das Verbindungssystem auf der Rückseite, durch das man dank der doppelten Vertiefung die einzelnen Teile mit Leichtigkeit, je nach den Erfordernissen der Konstruktion, im richtigen Abstand zueinander positionieren kann. Nanoblock wurde von Kawada Co. Ltd entwickelt, einer japanischen Firma mit Sitz in Tokio. Die Mikro-Bausteine konnten sich aufgrund ihrer unverwechselbaren Eigenschaften in der ganzen Welt etablieren und haben einen regelrechten Hype ausgelöst. Aufgrund des breit gefächerten Themenangebots eignen sich die Bausteine zum Sammeln, Verschenken und Tüfteln – als Symbole der Leidenschaft und Hobby für jeden Geschmack und jedes Alter. ','Bauen Sie mit Nanoblock die berühmtesten Orte und architektonische Meisterwerke aus der ganzen Welt nach. Das Set MOAI STATUES ON EASTER ISLAND repliziert bis zur Perfektion die berühmten Statuen der Osterinsel. Die Schachtel enthält 320 Teile.','moai-statues-on-easter-island-nbh-009-320-pcs','','','','MOAI STATUES ON EASTER ISLAND, NBH-009 - 320 Pcs','In Stock','','',''),(52,6,3,'Nanoblock est une ligne de petits briques pour costruire, dessinée au Japon. Les petits briques sont 1/8 de la dimension standard des communs briques pour construire: le plus petit mésure 4 x 4 x 5 mm. Leur particularité se trouve aussi dans le système d\'attelage de derrière qui, grâce à la double rainure, permet de distancer chaque pièce avec facilité sur la base d\'exigences de construction. Les Nanoblock sont réalisés par Kawada co. Ltd, entreprise japonaise basée à Tokyo. Ils se sont affirmés dans le monde entier grâce à leurs caractéristiques uniques, en donnant le feu ouvert à une vraie manie. La large gamme des sujets proposés, permet de collectionner, offrir, construire ces sujets qui sont le symbole des passions et loisirs appropriés pour tous les goûts et tous les âges.','Recrée les endroits plus fameux et les icônes architecturales du monde entier avec Nanoblock. La boîte MOAI STATUES ON EASTER ISLAND recrée parfaitement les statues célèbres de \'île de Pâques. La boîte contient 320 pièces.','moai-statues-on-easter-island-nbh-009-320-pcs','','','','MOAI STATUES ON EASTER ISLAND, NBH-009 - 320 Pcs','In Stock','','',''),(52,6,4,'Nanoblock è una linea di micro mattoncini per costruire, disegnata in Giappone. I mattoncini Nanoblock sono solo 1/8 delle dimensioni dei mattoni da costruzione standard, il più piccolo misura 4 x 4 x 5 mm. La loro particolarità, risiede anche nel sistema di aggancio sul retro che, grazie alla doppia scanalatura, permette di distanziare con facilità ogni singolo pezzo in base alle esigenze di costruzione. I Nanoblock sono realizzati da Kawada co. Ltd, azienda giapponese che ha sede a Tokyo. Si sono affermati in tutto il mondo grazie alle loro caratteristiche uniche, dando il via ad un vera e propria mania. La vasta gamma di temi proposti, permette di collezionare, regalare, costruire, soggetti simbolo di passioni e hobby adatti a tutti i gusti ed età.','Ricrea I luoghi più famosi e le icone architettoniche di tutto il mondo con Nanoblock. Il set MOAI STATUES ON EASTER ISLAND ricrea alla perfezione le famose statue dell’Isola di Pasqua. La scatola contiene 320 pezzi.','moai-statues-on-easter-island-nbh-009-320-pcs','','','','MOAI STATUES ON EASTER ISLAND, NBH-009 - 320 Pcs','In Stock','','',''),(52,11,1,'Nanoblock is a range of micro sized building blocks, designed and developed in Japan. The Nanoblock blocks are only 1/8th of the standard building blocks. The smallest piece measures only 4 x 4 x 5 mm. Each block has a special dividing flange, known as the double-ridged backing system, which allows you to easily place each piece according to your needs. Nanoblock is produced by Kawada co. Ltd, a Japanese company with headquarters in Tokyo. It has become well known across the world thanks to its unique selling points, and has developed a huge fanbase. There are so many different themes to choose from, so that all tastes and ages will find something to collect, build or gift.','Recreate the most famous sights and icons of architecture from around the world with Nanoblock. The MOAI STATUES ON EASTER ISLAND set perfectly recreates the extraordinary Easter Island statues. This set contains 320 pieces.','moai-statues-on-easter-island-nbh-009-320-pcs','','','','MOAI STATUES ON EASTER ISLAND, NBH-009 - 320 Pcs','In Stock','','',''),(52,11,2,'Nanoblock ist eine Produktlinie von Mikro-Bausteinen, die in Japan konzipiert und entworfen wurden. Der Miniatur-Baustein von Nanoblock misst lediglich 1/8 der Größe eines Standardbausteins – das kleinste Modell misst gerade einmal 4 x 4 x 5 mm. Eine weitere Besonderheit ist das Verbindungssystem auf der Rückseite, durch das man dank der doppelten Vertiefung die einzelnen Teile mit Leichtigkeit, je nach den Erfordernissen der Konstruktion, im richtigen Abstand zueinander positionieren kann. Nanoblock wurde von Kawada Co. Ltd entwickelt, einer japanischen Firma mit Sitz in Tokio. Die Mikro-Bausteine konnten sich aufgrund ihrer unverwechselbaren Eigenschaften in der ganzen Welt etablieren und haben einen regelrechten Hype ausgelöst. Aufgrund des breit gefächerten Themenangebots eignen sich die Bausteine zum Sammeln, Verschenken und Tüfteln – als Symbole der Leidenschaft und Hobby für jeden Geschmack und jedes Alter. ','Bauen Sie mit Nanoblock die berühmtesten Orte und architektonische Meisterwerke aus der ganzen Welt nach. Das Set MOAI STATUES ON EASTER ISLAND repliziert bis zur Perfektion die berühmten Statuen der Osterinsel. Die Schachtel enthält 320 Teile.','moai-statues-on-easter-island-nbh-009-320-pcs','','','','MOAI STATUES ON EASTER ISLAND, NBH-009 - 320 Pcs','In Stock','','',''),(52,11,3,'Nanoblock est une ligne de petits briques pour costruire, dessinée au Japon. Les petits briques sont 1/8 de la dimension standard des communs briques pour construire: le plus petit mésure 4 x 4 x 5 mm. Leur particularité se trouve aussi dans le système d\'attelage de derrière qui, grâce à la double rainure, permet de distancer chaque pièce avec facilité sur la base d\'exigences de construction. Les Nanoblock sont réalisés par Kawada co. Ltd, entreprise japonaise basée à Tokyo. Ils se sont affirmés dans le monde entier grâce à leurs caractéristiques uniques, en donnant le feu ouvert à une vraie manie. La large gamme des sujets proposés, permet de collectionner, offrir, construire ces sujets qui sont le symbole des passions et loisirs appropriés pour tous les goûts et tous les âges.','Recrée les endroits plus fameux et les icônes architecturales du monde entier avec Nanoblock. La boîte MOAI STATUES ON EASTER ISLAND recrée parfaitement les statues célèbres de \'île de Pâques. La boîte contient 320 pièces.','moai-statues-on-easter-island-nbh-009-320-pcs','','','','MOAI STATUES ON EASTER ISLAND, NBH-009 - 320 Pcs','In Stock','','',''),(52,11,4,'Nanoblock è una linea di micro mattoncini per costruire, disegnata in Giappone. I mattoncini Nanoblock sono solo 1/8 delle dimensioni dei mattoni da costruzione standard, il più piccolo misura 4 x 4 x 5 mm. La loro particolarità, risiede anche nel sistema di aggancio sul retro che, grazie alla doppia scanalatura, permette di distanziare con facilità ogni singolo pezzo in base alle esigenze di costruzione. I Nanoblock sono realizzati da Kawada co. Ltd, azienda giapponese che ha sede a Tokyo. Si sono affermati in tutto il mondo grazie alle loro caratteristiche uniche, dando il via ad un vera e propria mania. La vasta gamma di temi proposti, permette di collezionare, regalare, costruire, soggetti simbolo di passioni e hobby adatti a tutti i gusti ed età.','Ricrea I luoghi più famosi e le icone architettoniche di tutto il mondo con Nanoblock. Il set MOAI STATUES ON EASTER ISLAND ricrea alla perfezione le famose statue dell’Isola di Pasqua. La scatola contiene 320 pezzi.','moai-statues-on-easter-island-nbh-009-320-pcs','','','','MOAI STATUES ON EASTER ISLAND, NBH-009 - 320 Pcs','In Stock','','',''),(53,6,1,'Nanoblock is a range of micro sized building blocks, designed and developed in Japan. The Nanoblock blocks are only 1/8th of the standard building blocks. The smallest piece measures only 4 x 4 x 5 mm. Each block has a special dividing flange, known as the double-ridged backing system, which allows you to easily place each piece according to your needs. Nanoblock is produced by Kawada co. Ltd, a Japanese company with headquarters in Tokyo. It has become well known across the world thanks to its unique selling points, and has developed a huge fanbase. There are so many different themes to choose from, so that all tastes and ages will find something to collect, build or gift.','Recreate the most famous sights and icons of architecture from around the world with Nanoblock. The Big Ben set perfectly recreates one of the symbols of London, Big Ben. Have fun with more than 460 pieces.','big-ben-nbh-029-460-pcs','','','','BIG BEN, NBH-029 - 460+ Pcs','In Stock','','',''),(53,6,2,'Nanoblock ist eine Produktlinie von Mikro-Bausteinen, die in Japan konzipiert und entworfen wurden. Der Miniatur-Baustein von Nanoblock misst lediglich 1/8 der Größe eines Standardbausteins – das kleinste Modell misst gerade einmal 4 x 4 x 5 mm. Eine weitere Besonderheit ist das Verbindungssystem auf der Rückseite, durch das man dank der doppelten Vertiefung die einzelnen Teile mit Leichtigkeit, je nach den Erfordernissen der Konstruktion, im richtigen Abstand zueinander positionieren kann. Nanoblock wurde von Kawada Co. Ltd entwickelt, einer japanischen Firma mit Sitz in Tokio. Die Mikro-Bausteine konnten sich aufgrund ihrer unverwechselbaren Eigenschaften in der ganzen Welt etablieren und haben einen regelrechten Hype ausgelöst. Aufgrund des breit gefächerten Themenangebots eignen sich die Bausteine zum Sammeln, Verschenken und Tüfteln – als Symbole der Leidenschaft und Hobby für jeden Geschmack und jedes Alter. ','Bauen Sie mit Nanoblock die berühmtesten Orte und architektonische Meisterwerke aus der ganzen Welt nach. Das Set Big Ben repliziert bis zur Perfektion eines der Wahrzeichen von London – den Big Ben. Vergnügen Sie sich mit mehr als 460 Teilen. ','big-ben-nbh-029-460-pcs','','','','BIG BEN, NBH-029 - 460+ Pcs','In Stock','','',''),(53,6,3,'Nanoblock est une ligne de petits briques pour costruire, dessinée au Japon. Les petits briques sont 1/8 de la dimension standard des communs briques pour construire: le plus petit mésure 4 x 4 x 5 mm. Leur particularité se trouve aussi dans le système d\'attelage de derrière qui, grâce à la double rainure, permet de distancer chaque pièce avec facilité sur la base d\'exigences de construction. Les Nanoblock sont réalisés par Kawada co. Ltd, entreprise japonaise basée à Tokyo. Ils se sont affirmés dans le monde entier grâce à leurs caractéristiques uniques, en donnant le feu ouvert à une vraie manie. La large gamme des sujets proposés, permet de collectionner, offrir, construire ces sujets qui sont le symbole des passions et loisirs appropriés pour tous les goûts et tous les âges.','Recrée les endroits plus fameux et les icônes architecturales du monde entier avec Nanoblock. La boîte Big Ben récrée parfaitement un des symboles de Londres, le Big Ben. Amuse-toi bien avec plus de 460 pièces!','big-ben-nbh-029-460-pcs','','','','BIG BEN, NBH-029 - 460+ Pcs','In Stock','','',''),(53,6,4,'Nanoblock è una linea di micro mattoncini per costruire, disegnata in Giappone. I mattoncini Nanoblock sono solo 1/8 delle dimensioni dei mattoni da costruzione standard, il più piccolo misura 4 x 4 x 5 mm. La loro particolarità, risiede anche nel sistema di aggancio sul retro che, grazie alla doppia scanalatura, permette di distanziare con facilità ogni singolo pezzo in base alle esigenze di costruzione. I Nanoblock sono realizzati da Kawada co. Ltd, azienda giapponese che ha sede a Tokyo. Si sono affermati in tutto il mondo grazie alle loro caratteristiche uniche, dando il via ad un vera e propria mania. La vasta gamma di temi proposti, permette di collezionare, regalare, costruire, soggetti simbolo di passioni e hobby adatti a tutti i gusti ed età.','Ricrea I luoghi più famosi e le icone architettoniche di tutto il mondo con Nanoblock. Il SET Big Ben ricrea alla perfezione uno di simboli di Londra, il Big Ben. Divertiti con più di 460 pezzi.','big-ben-nbh-029-460-pcs','','','','BIG BEN, NBH-029 - 460+ Pcs','In Stock','','',''),(53,11,1,'Nanoblock is a range of micro sized building blocks, designed and developed in Japan. The Nanoblock blocks are only 1/8th of the standard building blocks. The smallest piece measures only 4 x 4 x 5 mm. Each block has a special dividing flange, known as the double-ridged backing system, which allows you to easily place each piece according to your needs. Nanoblock is produced by Kawada co. Ltd, a Japanese company with headquarters in Tokyo. It has become well known across the world thanks to its unique selling points, and has developed a huge fanbase. There are so many different themes to choose from, so that all tastes and ages will find something to collect, build or gift.','Recreate the most famous sights and icons of architecture from around the world with Nanoblock. The Big Ben set perfectly recreates one of the symbols of London, Big Ben. Have fun with more than 460 pieces.','big-ben-nbh-029-460-pcs','','','','BIG BEN, NBH-029 - 460+ Pcs','In Stock','','',''),(53,11,2,'Nanoblock ist eine Produktlinie von Mikro-Bausteinen, die in Japan konzipiert und entworfen wurden. Der Miniatur-Baustein von Nanoblock misst lediglich 1/8 der Größe eines Standardbausteins – das kleinste Modell misst gerade einmal 4 x 4 x 5 mm. Eine weitere Besonderheit ist das Verbindungssystem auf der Rückseite, durch das man dank der doppelten Vertiefung die einzelnen Teile mit Leichtigkeit, je nach den Erfordernissen der Konstruktion, im richtigen Abstand zueinander positionieren kann. Nanoblock wurde von Kawada Co. Ltd entwickelt, einer japanischen Firma mit Sitz in Tokio. Die Mikro-Bausteine konnten sich aufgrund ihrer unverwechselbaren Eigenschaften in der ganzen Welt etablieren und haben einen regelrechten Hype ausgelöst. Aufgrund des breit gefächerten Themenangebots eignen sich die Bausteine zum Sammeln, Verschenken und Tüfteln – als Symbole der Leidenschaft und Hobby für jeden Geschmack und jedes Alter. ','Bauen Sie mit Nanoblock die berühmtesten Orte und architektonische Meisterwerke aus der ganzen Welt nach. Das Set Big Ben repliziert bis zur Perfektion eines der Wahrzeichen von London – den Big Ben. Vergnügen Sie sich mit mehr als 460 Teilen. ','big-ben-nbh-029-460-pcs','','','','BIG BEN, NBH-029 - 460+ Pcs','In Stock','','',''),(53,11,3,'Nanoblock est une ligne de petits briques pour costruire, dessinée au Japon. Les petits briques sont 1/8 de la dimension standard des communs briques pour construire: le plus petit mésure 4 x 4 x 5 mm. Leur particularité se trouve aussi dans le système d\'attelage de derrière qui, grâce à la double rainure, permet de distancer chaque pièce avec facilité sur la base d\'exigences de construction. Les Nanoblock sont réalisés par Kawada co. Ltd, entreprise japonaise basée à Tokyo. Ils se sont affirmés dans le monde entier grâce à leurs caractéristiques uniques, en donnant le feu ouvert à une vraie manie. La large gamme des sujets proposés, permet de collectionner, offrir, construire ces sujets qui sont le symbole des passions et loisirs appropriés pour tous les goûts et tous les âges.','Recrée les endroits plus fameux et les icônes architecturales du monde entier avec Nanoblock. La boîte Big Ben récrée parfaitement un des symboles de Londres, le Big Ben. Amuse-toi bien avec plus de 460 pièces!','big-ben-nbh-029-460-pcs','','','','BIG BEN, NBH-029 - 460+ Pcs','In Stock','','',''),(53,11,4,'Nanoblock è una linea di micro mattoncini per costruire, disegnata in Giappone. I mattoncini Nanoblock sono solo 1/8 delle dimensioni dei mattoni da costruzione standard, il più piccolo misura 4 x 4 x 5 mm. La loro particolarità, risiede anche nel sistema di aggancio sul retro che, grazie alla doppia scanalatura, permette di distanziare con facilità ogni singolo pezzo in base alle esigenze di costruzione. I Nanoblock sono realizzati da Kawada co. Ltd, azienda giapponese che ha sede a Tokyo. Si sono affermati in tutto il mondo grazie alle loro caratteristiche uniche, dando il via ad un vera e propria mania. La vasta gamma di temi proposti, permette di collezionare, regalare, costruire, soggetti simbolo di passioni e hobby adatti a tutti i gusti ed età.','Ricrea I luoghi più famosi e le icone architettoniche di tutto il mondo con Nanoblock. Il SET Big Ben ricrea alla perfezione uno di simboli di Londra, il Big Ben. Divertiti con più di 460 pezzi.','big-ben-nbh-029-460-pcs','','','','BIG BEN, NBH-029 - 460+ Pcs','In Stock','','',''),(54,6,1,'Nanoblock is a range of micro sized building blocks, designed and developed in Japan. The Nanoblock blocks are only 1/8th of the standard building blocks. The smallest piece measures only 4 x 4 x 5 mm. Each block has a special dividing flange, known as the double-ridged backing system, which allows you to easily place each piece according to your needs. Nanoblock is produced by Kawada co. Ltd, a Japanese company with headquarters in Tokyo. It has become well known across the world thanks to its unique selling points, and has developed a huge fanbase. There are so many different themes to choose from, so that all tastes and ages will find something to collect, build or gift.','Recreate the most famous sights and icons of architecture from around the world with Nanoblock. This set dedicated to the Leaning Tower of Pisa contains …. pieces.','torre-di-pisa-nbh-030-530-pcs','','','','TORRE DI PISA, NBH-030 - 530+ Pcs','In Stock','','',''),(54,6,2,'Nanoblock ist eine Produktlinie von Mikro-Bausteinen, die in Japan konzipiert und entworfen wurden. Der Miniatur-Baustein von Nanoblock misst lediglich 1/8 der Größe eines Standardbausteins – das kleinste Modell misst gerade einmal 4 x 4 x 5 mm. Eine weitere Besonderheit ist das Verbindungssystem auf der Rückseite, durch das man dank der doppelten Vertiefung die einzelnen Teile mit Leichtigkeit, je nach den Erfordernissen der Konstruktion, im richtigen Abstand zueinander positionieren kann. Nanoblock wurde von Kawada Co. Ltd entwickelt, einer japanischen Firma mit Sitz in Tokio. Die Mikro-Bausteine konnten sich aufgrund ihrer unverwechselbaren Eigenschaften in der ganzen Welt etablieren und haben einen regelrechten Hype ausgelöst. Aufgrund des breit gefächerten Themenangebots eignen sich die Bausteine zum Sammeln, Verschenken und Tüfteln – als Symbole der Leidenschaft und Hobby für jeden Geschmack und jedes Alter. ','Bauen Sie mit Nanoblock die berühmtesten Orte und architektonische Meisterwerke aus der ganzen Welt nach. Dieses Set ist dem schiefen Turm von Pisa gewidmet. ','torre-di-pisa-nbh-030-530-pcs','','','','TORRE DI PISA, NBH-030 - 530+ Pcs','In Stock','','',''),(54,6,3,'Nanoblock est une ligne de petits briques pour costruire, dessinée au Japon. Les petits briques sont 1/8 de la dimension standard des communs briques pour construire: le plus petit mésure 4 x 4 x 5 mm. Leur particularité se trouve aussi dans le système d\'attelage de derrière qui, grâce à la double rainure, permet de distancer chaque pièce avec facilité sur la base d\'exigences de construction. Les Nanoblock sont réalisés par Kawada co. Ltd, entreprise japonaise basée à Tokyo. Ils se sont affirmés dans le monde entier grâce à leurs caractéristiques uniques, en donnant le feu ouvert à une vraie manie. La large gamme des sujets proposés, permet de collectionner, offrir, construire ces sujets qui sont le symbole des passions et loisirs appropriés pour tous les goûts et tous les âges.','Recrée les endroits plus fameux et les icônes architecturales du monde entier avec Nanoblock. Cette boîte consacré à Tour de Pise contient ….pièces.','torre-di-pisa-nbh-030-530-pcs','','','','TORRE DI PISA, NBH-030 - 530+ Pcs','In Stock','','',''),(54,6,4,'Nanoblock è una linea di micro mattoncini per costruire, disegnata in Giappone. I mattoncini Nanoblock sono solo 1/8 delle dimensioni dei mattoni da costruzione standard, il più piccolo misura 4 x 4 x 5 mm. La loro particolarità, risiede anche nel sistema di aggancio sul retro che, grazie alla doppia scanalatura, permette di distanziare con facilità ogni singolo pezzo in base alle esigenze di costruzione. I Nanoblock sono realizzati da Kawada co. Ltd, azienda giapponese che ha sede a Tokyo. Si sono affermati in tutto il mondo grazie alle loro caratteristiche uniche, dando il via ad un vera e propria mania. La vasta gamma di temi proposti, permette di collezionare, regalare, costruire, soggetti simbolo di passioni e hobby adatti a tutti i gusti ed età.','Ricrea I luoghi più famosi e le icone architettoniche di tutto il mondo con Nanoblock. Questo set dedicato alla Torre di Pisa.','torre-di-pisa-nbh-030-530-pcs','','','','TORRE DI PISA, NBH-030 - 530+ Pcs','In Stock','','',''),(54,11,1,'Nanoblock is a range of micro sized building blocks, designed and developed in Japan. The Nanoblock blocks are only 1/8th of the standard building blocks. The smallest piece measures only 4 x 4 x 5 mm. Each block has a special dividing flange, known as the double-ridged backing system, which allows you to easily place each piece according to your needs. Nanoblock is produced by Kawada co. Ltd, a Japanese company with headquarters in Tokyo. It has become well known across the world thanks to its unique selling points, and has developed a huge fanbase. There are so many different themes to choose from, so that all tastes and ages will find something to collect, build or gift.','Recreate the most famous sights and icons of architecture from around the world with Nanoblock. This set dedicated to the Leaning Tower of Pisa contains …. pieces.','torre-di-pisa-nbh-030-530-pcs','','','','TORRE DI PISA, NBH-030 - 530+ Pcs','In Stock','','',''),(54,11,2,'Nanoblock ist eine Produktlinie von Mikro-Bausteinen, die in Japan konzipiert und entworfen wurden. Der Miniatur-Baustein von Nanoblock misst lediglich 1/8 der Größe eines Standardbausteins – das kleinste Modell misst gerade einmal 4 x 4 x 5 mm. Eine weitere Besonderheit ist das Verbindungssystem auf der Rückseite, durch das man dank der doppelten Vertiefung die einzelnen Teile mit Leichtigkeit, je nach den Erfordernissen der Konstruktion, im richtigen Abstand zueinander positionieren kann. Nanoblock wurde von Kawada Co. Ltd entwickelt, einer japanischen Firma mit Sitz in Tokio. Die Mikro-Bausteine konnten sich aufgrund ihrer unverwechselbaren Eigenschaften in der ganzen Welt etablieren und haben einen regelrechten Hype ausgelöst. Aufgrund des breit gefächerten Themenangebots eignen sich die Bausteine zum Sammeln, Verschenken und Tüfteln – als Symbole der Leidenschaft und Hobby für jeden Geschmack und jedes Alter. ','Bauen Sie mit Nanoblock die berühmtesten Orte und architektonische Meisterwerke aus der ganzen Welt nach. Dieses Set ist dem schiefen Turm von Pisa gewidmet. ','torre-di-pisa-nbh-030-530-pcs','','','','TORRE DI PISA, NBH-030 - 530+ Pcs','In Stock','','',''),(54,11,3,'Nanoblock est une ligne de petits briques pour costruire, dessinée au Japon. Les petits briques sont 1/8 de la dimension standard des communs briques pour construire: le plus petit mésure 4 x 4 x 5 mm. Leur particularité se trouve aussi dans le système d\'attelage de derrière qui, grâce à la double rainure, permet de distancer chaque pièce avec facilité sur la base d\'exigences de construction. Les Nanoblock sont réalisés par Kawada co. Ltd, entreprise japonaise basée à Tokyo. Ils se sont affirmés dans le monde entier grâce à leurs caractéristiques uniques, en donnant le feu ouvert à une vraie manie. La large gamme des sujets proposés, permet de collectionner, offrir, construire ces sujets qui sont le symbole des passions et loisirs appropriés pour tous les goûts et tous les âges.','Recrée les endroits plus fameux et les icônes architecturales du monde entier avec Nanoblock. Cette boîte consacré à Tour de Pise contient ….pièces.','torre-di-pisa-nbh-030-530-pcs','','','','TORRE DI PISA, NBH-030 - 530+ Pcs','In Stock','','',''),(54,11,4,'Nanoblock è una linea di micro mattoncini per costruire, disegnata in Giappone. I mattoncini Nanoblock sono solo 1/8 delle dimensioni dei mattoni da costruzione standard, il più piccolo misura 4 x 4 x 5 mm. La loro particolarità, risiede anche nel sistema di aggancio sul retro che, grazie alla doppia scanalatura, permette di distanziare con facilità ogni singolo pezzo in base alle esigenze di costruzione. I Nanoblock sono realizzati da Kawada co. Ltd, azienda giapponese che ha sede a Tokyo. Si sono affermati in tutto il mondo grazie alle loro caratteristiche uniche, dando il via ad un vera e propria mania. La vasta gamma di temi proposti, permette di collezionare, regalare, costruire, soggetti simbolo di passioni e hobby adatti a tutti i gusti ed età.','Ricrea I luoghi più famosi e le icone architettoniche di tutto il mondo con Nanoblock. Questo set dedicato alla Torre di Pisa.','torre-di-pisa-nbh-030-530-pcs','','','','TORRE DI PISA, NBH-030 - 530+ Pcs','In Stock','','',''),(55,6,1,'Nanoblock is a range of micro sized building blocks, designed and developed in Japan. The Nanoblock blocks are only 1/8th of the standard building blocks. The smallest piece measures only 4 x 4 x 5 mm. Each block has a special dividing flange, known as the double-ridged backing system, which allows you to easily place each piece according to your needs. Nanoblock is produced by Kawada co. Ltd, a Japanese company with headquarters in Tokyo. It has become well known across the world thanks to its unique selling points, and has developed a huge fanbase. There are so many different themes to choose from, so that all tastes and ages will find something to collect, build or gift.','Recreate the most famous sights and icons of architecture from around the world with Nanoblock. This set recreates a typical Dutch windmill and contains …. pieces.','molen-kinderduk-elshout','','','','MOLEN KINDERDUK ELSHOUT','In Stock','','',''),(55,6,2,'Nanoblock ist eine Produktlinie von Mikro-Bausteinen, die in Japan konzipiert und entworfen wurden. Der Miniatur-Baustein von Nanoblock misst lediglich 1/8 der Größe eines Standardbausteins – das kleinste Modell misst gerade einmal 4 x 4 x 5 mm. Eine weitere Besonderheit ist das Verbindungssystem auf der Rückseite, durch das man dank der doppelten Vertiefung die einzelnen Teile mit Leichtigkeit, je nach den Erfordernissen der Konstruktion, im richtigen Abstand zueinander positionieren kann. Nanoblock wurde von Kawada Co. Ltd entwickelt, einer japanischen Firma mit Sitz in Tokio. Die Mikro-Bausteine konnten sich aufgrund ihrer unverwechselbaren Eigenschaften in der ganzen Welt etablieren und haben einen regelrechten Hype ausgelöst. Aufgrund des breit gefächerten Themenangebots eignen sich die Bausteine zum Sammeln, Verschenken und Tüfteln – als Symbole der Leidenschaft und Hobby für jeden Geschmack und jedes Alter. ','Bauen Sie mit Nanoblock die berühmtesten Orte und architektonische Meisterwerke aus der ganzen Welt nach. Dieses Set repliziert eine typische holländische Windmühle. ','molen-kinderduk-elshout','','','','MOLEN KINDERDUK ELSHOUT','In Stock','','',''),(55,6,3,'Nanoblock est une ligne de petits briques pour costruire, dessinée au Japon. Les petits briques sont 1/8 de la dimension standard des communs briques pour construire: le plus petit mésure 4 x 4 x 5 mm. Leur particularité se trouve aussi dans le système d\'attelage de derrière qui, grâce à la double rainure, permet de distancer chaque pièce avec facilité sur la base d\'exigences de construction. Les Nanoblock sont réalisés par Kawada co. Ltd, entreprise japonaise basée à Tokyo. Ils se sont affirmés dans le monde entier grâce à leurs caractéristiques uniques, en donnant le feu ouvert à une vraie manie. La large gamme des sujets proposés, permet de collectionner, offrir, construire ces sujets qui sont le symbole des passions et loisirs appropriés pour tous les goûts et tous les âges.','Recrée les endroits plus fameux et les icônes architecturales du monde entier avec Nanoblock. Cette boîte recrée un typique moulin à vent néerlandais. La boîte contient … pièces.','molen-kinderduk-elshout','','','','MOLEN KINDERDUK ELSHOUT','In Stock','','',''),(55,6,4,'Nanoblock è una linea di micro mattoncini per costruire, disegnata in Giappone. I mattoncini Nanoblock sono solo 1/8 delle dimensioni dei mattoni da costruzione standard, il più piccolo misura 4 x 4 x 5 mm. La loro particolarità, risiede anche nel sistema di aggancio sul retro che, grazie alla doppia scanalatura, permette di distanziare con facilità ogni singolo pezzo in base alle esigenze di costruzione. I Nanoblock sono realizzati da Kawada co. Ltd, azienda giapponese che ha sede a Tokyo. Si sono affermati in tutto il mondo grazie alle loro caratteristiche uniche, dando il via ad un vera e propria mania. La vasta gamma di temi proposti, permette di collezionare, regalare, costruire, soggetti simbolo di passioni e hobby adatti a tutti i gusti ed età.','Ricrea I luoghi più famosi e le icone architettoniche di tutto il mondo con Nanoblock. Questo set ricrea un tipico Mulino a vento olandese.','molen-kinderduk-elshout','','','','MOLEN KINDERDUK ELSHOUT','In Stock','','',''),(55,11,1,'Nanoblock is a range of micro sized building blocks, designed and developed in Japan. The Nanoblock blocks are only 1/8th of the standard building blocks. The smallest piece measures only 4 x 4 x 5 mm. Each block has a special dividing flange, known as the double-ridged backing system, which allows you to easily place each piece according to your needs. Nanoblock is produced by Kawada co. Ltd, a Japanese company with headquarters in Tokyo. It has become well known across the world thanks to its unique selling points, and has developed a huge fanbase. There are so many different themes to choose from, so that all tastes and ages will find something to collect, build or gift.','Recreate the most famous sights and icons of architecture from around the world with Nanoblock. This set recreates a typical Dutch windmill and contains …. pieces.','molen-kinderduk-elshout','','','','MOLEN KINDERDUK ELSHOUT','In Stock','','',''),(55,11,2,'Nanoblock ist eine Produktlinie von Mikro-Bausteinen, die in Japan konzipiert und entworfen wurden. Der Miniatur-Baustein von Nanoblock misst lediglich 1/8 der Größe eines Standardbausteins – das kleinste Modell misst gerade einmal 4 x 4 x 5 mm. Eine weitere Besonderheit ist das Verbindungssystem auf der Rückseite, durch das man dank der doppelten Vertiefung die einzelnen Teile mit Leichtigkeit, je nach den Erfordernissen der Konstruktion, im richtigen Abstand zueinander positionieren kann. Nanoblock wurde von Kawada Co. Ltd entwickelt, einer japanischen Firma mit Sitz in Tokio. Die Mikro-Bausteine konnten sich aufgrund ihrer unverwechselbaren Eigenschaften in der ganzen Welt etablieren und haben einen regelrechten Hype ausgelöst. Aufgrund des breit gefächerten Themenangebots eignen sich die Bausteine zum Sammeln, Verschenken und Tüfteln – als Symbole der Leidenschaft und Hobby für jeden Geschmack und jedes Alter. ','Bauen Sie mit Nanoblock die berühmtesten Orte und architektonische Meisterwerke aus der ganzen Welt nach. Dieses Set repliziert eine typische holländische Windmühle. ','molen-kinderduk-elshout','','','','MOLEN KINDERDUK ELSHOUT','In Stock','','',''),(55,11,3,'Nanoblock est une ligne de petits briques pour costruire, dessinée au Japon. Les petits briques sont 1/8 de la dimension standard des communs briques pour construire: le plus petit mésure 4 x 4 x 5 mm. Leur particularité se trouve aussi dans le système d\'attelage de derrière qui, grâce à la double rainure, permet de distancer chaque pièce avec facilité sur la base d\'exigences de construction. Les Nanoblock sont réalisés par Kawada co. Ltd, entreprise japonaise basée à Tokyo. Ils se sont affirmés dans le monde entier grâce à leurs caractéristiques uniques, en donnant le feu ouvert à une vraie manie. La large gamme des sujets proposés, permet de collectionner, offrir, construire ces sujets qui sont le symbole des passions et loisirs appropriés pour tous les goûts et tous les âges.','Recrée les endroits plus fameux et les icônes architecturales du monde entier avec Nanoblock. Cette boîte recrée un typique moulin à vent néerlandais. La boîte contient … pièces.','molen-kinderduk-elshout','','','','MOLEN KINDERDUK ELSHOUT','In Stock','','',''),(55,11,4,'Nanoblock è una linea di micro mattoncini per costruire, disegnata in Giappone. I mattoncini Nanoblock sono solo 1/8 delle dimensioni dei mattoni da costruzione standard, il più piccolo misura 4 x 4 x 5 mm. La loro particolarità, risiede anche nel sistema di aggancio sul retro che, grazie alla doppia scanalatura, permette di distanziare con facilità ogni singolo pezzo in base alle esigenze di costruzione. I Nanoblock sono realizzati da Kawada co. Ltd, azienda giapponese che ha sede a Tokyo. Si sono affermati in tutto il mondo grazie alle loro caratteristiche uniche, dando il via ad un vera e propria mania. La vasta gamma di temi proposti, permette di collezionare, regalare, costruire, soggetti simbolo di passioni e hobby adatti a tutti i gusti ed età.','Ricrea I luoghi più famosi e le icone architettoniche di tutto il mondo con Nanoblock. Questo set ricrea un tipico Mulino a vento olandese.','molen-kinderduk-elshout','','','','MOLEN KINDERDUK ELSHOUT','In Stock','','',''),(56,6,1,'Nanoblock is a range of micro sized building blocks, designed and developed in Japan. The Nanoblock blocks are only 1/8th of the standard building blocks. The smallest piece measures only 4 x 4 x 5 mm. Each block has a special dividing flange, known as the double-ridged backing system, which allows you to easily place each piece according to your needs. Nanoblock is produced by Kawada co. Ltd, a Japanese company with headquarters in Tokyo. It has become well known across the world thanks to its unique selling points, and has developed a huge fanbase. There are so many different themes to choose from, so that all tastes and ages will find something to collect, build or gift.','Recreate the most famous sights and icons of architecture from around the world with Nanoblock. With the 430 pieces of this set you can build a mini version of the famous Sydney Opera House.','sydney-opera-house-nbh-052-430-pcs','','','','SYDNEY OPERA HOUSE, NBH-052 - 430+ Pcs','In Stock','','',''),(56,6,2,'Nanoblock ist eine Produktlinie von Mikro-Bausteinen, die in Japan konzipiert und entworfen wurden. Der Miniatur-Baustein von Nanoblock misst lediglich 1/8 der Größe eines Standardbausteins – das kleinste Modell misst gerade einmal 4 x 4 x 5 mm. Eine weitere Besonderheit ist das Verbindungssystem auf der Rückseite, durch das man dank der doppelten Vertiefung die einzelnen Teile mit Leichtigkeit, je nach den Erfordernissen der Konstruktion, im richtigen Abstand zueinander positionieren kann. Nanoblock wurde von Kawada Co. Ltd entwickelt, einer japanischen Firma mit Sitz in Tokio. Die Mikro-Bausteine konnten sich aufgrund ihrer unverwechselbaren Eigenschaften in der ganzen Welt etablieren und haben einen regelrechten Hype ausgelöst. Aufgrund des breit gefächerten Themenangebots eignen sich die Bausteine zum Sammeln, Verschenken und Tüfteln – als Symbole der Leidenschaft und Hobby für jeden Geschmack und jedes Alter. ','Bauen Sie mit Nanoblock die berühmtesten Orte und architektonische Meisterwerke aus der ganzen Welt nach. Mit den 430 Teilen dieses Sets rekonstruieren Sie maßstabgetreu das berühmte Sydney Opera House.','sydney-opera-house-nbh-052-430-pcs','','','','SYDNEY OPERA HOUSE, NBH-052 - 430+ Pcs','In Stock','','',''),(56,6,3,'Nanoblock est une ligne de petits briques pour costruire, dessinée au Japon. Les petits briques sont 1/8 de la dimension standard des communs briques pour construire: le plus petit mésure 4 x 4 x 5 mm. Leur particularité se trouve aussi dans le système d\'attelage de derrière qui, grâce à la double rainure, permet de distancer chaque pièce avec facilité sur la base d\'exigences de construction. Les Nanoblock sont réalisés par Kawada co. Ltd, entreprise japonaise basée à Tokyo. Ils se sont affirmés dans le monde entier grâce à leurs caractéristiques uniques, en donnant le feu ouvert à une vraie manie. La large gamme des sujets proposés, permet de collectionner, offrir, construire ces sujets qui sont le symbole des passions et loisirs appropriés pour tous les goûts et tous les âges.','Recrée les endroits plus fameux et les icônes architecturales du monde entier avec Nanoblock. Avec les 430 pièces de cette boîte, tu peux construire la célèbre Sydney Opera House à l\'échelle.','sydney-opera-house-nbh-052-430-pcs','','','','SYDNEY OPERA HOUSE, NBH-052 - 430+ Pcs','In Stock','','',''),(56,6,4,'Nanoblock è una linea di micro mattoncini per costruire, disegnata in Giappone. I mattoncini Nanoblock sono solo 1/8 delle dimensioni dei mattoni da costruzione standard, il più piccolo misura 4 x 4 x 5 mm. La loro particolarità, risiede anche nel sistema di aggancio sul retro che, grazie alla doppia scanalatura, permette di distanziare con facilità ogni singolo pezzo in base alle esigenze di costruzione. I Nanoblock sono realizzati da Kawada co. Ltd, azienda giapponese che ha sede a Tokyo. Si sono affermati in tutto il mondo grazie alle loro caratteristiche uniche, dando il via ad un vera e propria mania. La vasta gamma di temi proposti, permette di collezionare, regalare, costruire, soggetti simbolo di passioni e hobby adatti a tutti i gusti ed età.','Ricrea I luoghi più famosi e le icone architettoniche di tutto il mondo con Nanoblock. Con i 430 pezzi di questo set puoi costruire la famosa Sydney Opera House in scala.','sydney-opera-house-nbh-052-430-pcs','','','','SYDNEY OPERA HOUSE, NBH-052 - 430+ Pcs','In Stock','','',''),(56,11,1,'Nanoblock is a range of micro sized building blocks, designed and developed in Japan. The Nanoblock blocks are only 1/8th of the standard building blocks. The smallest piece measures only 4 x 4 x 5 mm. Each block has a special dividing flange, known as the double-ridged backing system, which allows you to easily place each piece according to your needs. Nanoblock is produced by Kawada co. Ltd, a Japanese company with headquarters in Tokyo. It has become well known across the world thanks to its unique selling points, and has developed a huge fanbase. There are so many different themes to choose from, so that all tastes and ages will find something to collect, build or gift.','Recreate the most famous sights and icons of architecture from around the world with Nanoblock. With the 430 pieces of this set you can build a mini version of the famous Sydney Opera House.','sydney-opera-house-nbh-052-430-pcs','','','','SYDNEY OPERA HOUSE, NBH-052 - 430+ Pcs','In Stock','','',''),(56,11,2,'Nanoblock ist eine Produktlinie von Mikro-Bausteinen, die in Japan konzipiert und entworfen wurden. Der Miniatur-Baustein von Nanoblock misst lediglich 1/8 der Größe eines Standardbausteins – das kleinste Modell misst gerade einmal 4 x 4 x 5 mm. Eine weitere Besonderheit ist das Verbindungssystem auf der Rückseite, durch das man dank der doppelten Vertiefung die einzelnen Teile mit Leichtigkeit, je nach den Erfordernissen der Konstruktion, im richtigen Abstand zueinander positionieren kann. Nanoblock wurde von Kawada Co. Ltd entwickelt, einer japanischen Firma mit Sitz in Tokio. Die Mikro-Bausteine konnten sich aufgrund ihrer unverwechselbaren Eigenschaften in der ganzen Welt etablieren und haben einen regelrechten Hype ausgelöst. Aufgrund des breit gefächerten Themenangebots eignen sich die Bausteine zum Sammeln, Verschenken und Tüfteln – als Symbole der Leidenschaft und Hobby für jeden Geschmack und jedes Alter. ','Bauen Sie mit Nanoblock die berühmtesten Orte und architektonische Meisterwerke aus der ganzen Welt nach. Mit den 430 Teilen dieses Sets rekonstruieren Sie maßstabgetreu das berühmte Sydney Opera House.','sydney-opera-house-nbh-052-430-pcs','','','','SYDNEY OPERA HOUSE, NBH-052 - 430+ Pcs','In Stock','','',''),(56,11,3,'Nanoblock est une ligne de petits briques pour costruire, dessinée au Japon. Les petits briques sont 1/8 de la dimension standard des communs briques pour construire: le plus petit mésure 4 x 4 x 5 mm. Leur particularité se trouve aussi dans le système d\'attelage de derrière qui, grâce à la double rainure, permet de distancer chaque pièce avec facilité sur la base d\'exigences de construction. Les Nanoblock sont réalisés par Kawada co. Ltd, entreprise japonaise basée à Tokyo. Ils se sont affirmés dans le monde entier grâce à leurs caractéristiques uniques, en donnant le feu ouvert à une vraie manie. La large gamme des sujets proposés, permet de collectionner, offrir, construire ces sujets qui sont le symbole des passions et loisirs appropriés pour tous les goûts et tous les âges.','Recrée les endroits plus fameux et les icônes architecturales du monde entier avec Nanoblock. Avec les 430 pièces de cette boîte, tu peux construire la célèbre Sydney Opera House à l\'échelle.','sydney-opera-house-nbh-052-430-pcs','','','','SYDNEY OPERA HOUSE, NBH-052 - 430+ Pcs','In Stock','','',''),(56,11,4,'Nanoblock è una linea di micro mattoncini per costruire, disegnata in Giappone. I mattoncini Nanoblock sono solo 1/8 delle dimensioni dei mattoni da costruzione standard, il più piccolo misura 4 x 4 x 5 mm. La loro particolarità, risiede anche nel sistema di aggancio sul retro che, grazie alla doppia scanalatura, permette di distanziare con facilità ogni singolo pezzo in base alle esigenze di costruzione. I Nanoblock sono realizzati da Kawada co. Ltd, azienda giapponese che ha sede a Tokyo. Si sono affermati in tutto il mondo grazie alle loro caratteristiche uniche, dando il via ad un vera e propria mania. La vasta gamma di temi proposti, permette di collezionare, regalare, costruire, soggetti simbolo di passioni e hobby adatti a tutti i gusti ed età.','Ricrea I luoghi più famosi e le icone architettoniche di tutto il mondo con Nanoblock. Con i 430 pezzi di questo set puoi costruire la famosa Sydney Opera House in scala.','sydney-opera-house-nbh-052-430-pcs','','','','SYDNEY OPERA HOUSE, NBH-052 - 430+ Pcs','In Stock','','',''),(57,6,1,'Nanoblock is a range of micro sized building blocks, designed and developed in Japan. The Nanoblock blocks are only 1/8th of the standard building blocks. The smallest piece measures only 4 x 4 x 5 mm. Each block has a special dividing flange, known as the double-ridged backing system, which allows you to easily place each piece according to your needs. Nanoblock is produced by Kawada co. Ltd, a Japanese company with headquarters in Tokyo. It has become well known across the world thanks to its unique selling points, and has developed a huge fanbase. There are so many different themes to choose from, so that all tastes and ages will find something to collect, build or gift.','Nanoblock LUNAR LANDING is one of the Nanoblock sets which is dedicated to fans of space and spacecrafts everywhere. The size of the blocks allows you to reproduce each detail with great precision. This set contains 230 pieces.','lunar-landing-nbh-084-230-pcs','','','','LUNAR LANDING, NBH-084 - 230 Pcs','In Stock','','',''),(57,6,2,'Nanoblock ist eine Produktlinie von Mikro-Bausteinen, die in Japan konzipiert und entworfen wurden. Der Miniatur-Baustein von Nanoblock misst lediglich 1/8 der Größe eines Standardbausteins – das kleinste Modell misst gerade einmal 4 x 4 x 5 mm. Eine weitere Besonderheit ist das Verbindungssystem auf der Rückseite, durch das man dank der doppelten Vertiefung die einzelnen Teile mit Leichtigkeit, je nach den Erfordernissen der Konstruktion, im richtigen Abstand zueinander positionieren kann. Nanoblock wurde von Kawada Co. Ltd entwickelt, einer japanischen Firma mit Sitz in Tokio. Die Mikro-Bausteine konnten sich aufgrund ihrer unverwechselbaren Eigenschaften in der ganzen Welt etablieren und haben einen regelrechten Hype ausgelöst. Aufgrund des breit gefächerten Themenangebots eignen sich die Bausteine zum Sammeln, Verschenken und Tüfteln – als Symbole der Leidenschaft und Hobby für jeden Geschmack und jedes Alter. ','Nanoblock LUNAR LANDING ist einer der Nanoblock-Bausätze, der den Liebhabern von geschichtsträchtigen Raumfahrzeugen gewidmet ist. Die Größe der Mikro-Bausteine erlaubt eine hoch präzise Nachbildung der Rakete bis ins kleinste Detail. Die Verpackung enthält 230 Teile.','lunar-landing-nbh-084-230-pcs','','','','LUNAR LANDING, NBH-084 - 230 Pcs','In Stock','','',''),(57,6,3,'Nanoblock est une ligne de petits briques pour costruire, dessinée au Japon. Les petits briques sont 1/8 de la dimension standard des communs briques pour construire: le plus petit mésure 4 x 4 x 5 mm. Leur particularité se trouve aussi dans le système d\'attelage de derrière qui, grâce à la double rainure, permet de distancer chaque pièce avec facilité sur la base d\'exigences de construction. Les Nanoblock sont réalisés par Kawada co. Ltd, entreprise japonaise basée à Tokyo. Ils se sont affirmés dans le monde entier grâce à leurs caractéristiques uniques, en donnant le feu ouvert à une vraie manie. La large gamme des sujets proposés, permet de collectionner, offrir, construire ces sujets qui sont le symbole des passions et loisirs appropriés pour tous les goûts et tous les âges.','Nanoblock LUNAR LANDING est une des boîtes Nanoblock consacrée aux amants des moyens spatiaux qui ont fait l\'histoire. Les dimensions des briques permettent de reproduire les détails de l\'appareil avec grande précision. La boîte contient 230 pièces.','lunar-landing-nbh-084-230-pcs','','','','LUNAR LANDING, NBH-084 - 230 Pcs','In Stock','','',''),(57,6,4,'Nanoblock è una linea di micro mattoncini per costruire, disegnata in Giappone. I mattoncini Nanoblock sono solo 1/8 delle dimensioni dei mattoni da costruzione standard, il più piccolo misura 4 x 4 x 5 mm. La loro particolarità, risiede anche nel sistema di aggancio sul retro che, grazie alla doppia scanalatura, permette di distanziare con facilità ogni singolo pezzo in base alle esigenze di costruzione. I Nanoblock sono realizzati da Kawada co. Ltd, azienda giapponese che ha sede a Tokyo. Si sono affermati in tutto il mondo grazie alle loro caratteristiche uniche, dando il via ad un vera e propria mania. La vasta gamma di temi proposti, permette di collezionare, regalare, costruire, soggetti simbolo di passioni e hobby adatti a tutti i gusti ed età.','Nanoblock LUNAR LANDING è una delle scatole Nanoblock dedicata agli amanti dei mezzi spaziali che hanno fatto la storia. Le dimensioni dei mattoncini permettono di replicare i dettagli del velivolo con grande precisione. La confezione contiene 230 pezzi.','lunar-landing-nbh-084-230-pcs','','','','LUNAR LANDING, NBH-084 - 230 Pcs','In Stock','','',''),(57,11,1,'Nanoblock is a range of micro sized building blocks, designed and developed in Japan. The Nanoblock blocks are only 1/8th of the standard building blocks. The smallest piece measures only 4 x 4 x 5 mm. Each block has a special dividing flange, known as the double-ridged backing system, which allows you to easily place each piece according to your needs. Nanoblock is produced by Kawada co. Ltd, a Japanese company with headquarters in Tokyo. It has become well known across the world thanks to its unique selling points, and has developed a huge fanbase. There are so many different themes to choose from, so that all tastes and ages will find something to collect, build or gift.','Nanoblock LUNAR LANDING is one of the Nanoblock sets which is dedicated to fans of space and spacecrafts everywhere. The size of the blocks allows you to reproduce each detail with great precision. This set contains 230 pieces.','lunar-landing-nbh-084-230-pcs','','','','LUNAR LANDING, NBH-084 - 230 Pcs','In Stock','','',''),(57,11,2,'Nanoblock ist eine Produktlinie von Mikro-Bausteinen, die in Japan konzipiert und entworfen wurden. Der Miniatur-Baustein von Nanoblock misst lediglich 1/8 der Größe eines Standardbausteins – das kleinste Modell misst gerade einmal 4 x 4 x 5 mm. Eine weitere Besonderheit ist das Verbindungssystem auf der Rückseite, durch das man dank der doppelten Vertiefung die einzelnen Teile mit Leichtigkeit, je nach den Erfordernissen der Konstruktion, im richtigen Abstand zueinander positionieren kann. Nanoblock wurde von Kawada Co. Ltd entwickelt, einer japanischen Firma mit Sitz in Tokio. Die Mikro-Bausteine konnten sich aufgrund ihrer unverwechselbaren Eigenschaften in der ganzen Welt etablieren und haben einen regelrechten Hype ausgelöst. Aufgrund des breit gefächerten Themenangebots eignen sich die Bausteine zum Sammeln, Verschenken und Tüfteln – als Symbole der Leidenschaft und Hobby für jeden Geschmack und jedes Alter. ','Nanoblock LUNAR LANDING ist einer der Nanoblock-Bausätze, der den Liebhabern von geschichtsträchtigen Raumfahrzeugen gewidmet ist. Die Größe der Mikro-Bausteine erlaubt eine hoch präzise Nachbildung der Rakete bis ins kleinste Detail. Die Verpackung enthält 230 Teile.','lunar-landing-nbh-084-230-pcs','','','','LUNAR LANDING, NBH-084 - 230 Pcs','In Stock','','',''),(57,11,3,'Nanoblock est une ligne de petits briques pour costruire, dessinée au Japon. Les petits briques sont 1/8 de la dimension standard des communs briques pour construire: le plus petit mésure 4 x 4 x 5 mm. Leur particularité se trouve aussi dans le système d\'attelage de derrière qui, grâce à la double rainure, permet de distancer chaque pièce avec facilité sur la base d\'exigences de construction. Les Nanoblock sont réalisés par Kawada co. Ltd, entreprise japonaise basée à Tokyo. Ils se sont affirmés dans le monde entier grâce à leurs caractéristiques uniques, en donnant le feu ouvert à une vraie manie. La large gamme des sujets proposés, permet de collectionner, offrir, construire ces sujets qui sont le symbole des passions et loisirs appropriés pour tous les goûts et tous les âges.','Nanoblock LUNAR LANDING est une des boîtes Nanoblock consacrée aux amants des moyens spatiaux qui ont fait l\'histoire. Les dimensions des briques permettent de reproduire les détails de l\'appareil avec grande précision. La boîte contient 230 pièces.','lunar-landing-nbh-084-230-pcs','','','','LUNAR LANDING, NBH-084 - 230 Pcs','In Stock','','',''),(57,11,4,'Nanoblock è una linea di micro mattoncini per costruire, disegnata in Giappone. I mattoncini Nanoblock sono solo 1/8 delle dimensioni dei mattoni da costruzione standard, il più piccolo misura 4 x 4 x 5 mm. La loro particolarità, risiede anche nel sistema di aggancio sul retro che, grazie alla doppia scanalatura, permette di distanziare con facilità ogni singolo pezzo in base alle esigenze di costruzione. I Nanoblock sono realizzati da Kawada co. Ltd, azienda giapponese che ha sede a Tokyo. Si sono affermati in tutto il mondo grazie alle loro caratteristiche uniche, dando il via ad un vera e propria mania. La vasta gamma di temi proposti, permette di collezionare, regalare, costruire, soggetti simbolo di passioni e hobby adatti a tutti i gusti ed età.','Nanoblock LUNAR LANDING è una delle scatole Nanoblock dedicata agli amanti dei mezzi spaziali che hanno fatto la storia. Le dimensioni dei mattoncini permettono di replicare i dettagli del velivolo con grande precisione. La confezione contiene 230 pezzi.','lunar-landing-nbh-084-230-pcs','','','','LUNAR LANDING, NBH-084 - 230 Pcs','In Stock','','',''),(58,6,1,'Nanoblock is a range of micro sized building blocks, designed and developed in Japan. The Nanoblock blocks are only 1/8th of the standard building blocks. The smallest piece measures only 4 x 4 x 5 mm. Each block has a special dividing flange, known as the double-ridged backing system, which allows you to easily place each piece according to your needs. Nanoblock is produced by Kawada co. Ltd, a Japanese company with headquarters in Tokyo. It has become well known across the world thanks to its unique selling points, and has developed a huge fanbase. There are so many different themes to choose from, so that all tastes and ages will find something to collect, build or gift.','Nanoblock LUNAR ROVER is one of the Nanoblock sets which is dedicated to fans of space and spacecrafts everywhere. The size of the blocks allows you to perfectly replicate each detail of the iconic rover that travelled to the Moon. This set contains 250 pieces.','lunar-rover-nbh-085-250-pcs','','','','LUNAR ROVER, NBH-085 - 250 Pcs','In Stock','','',''),(58,6,2,'Nanoblock ist eine Produktlinie von Mikro-Bausteinen, die in Japan konzipiert und entworfen wurden. Der Miniatur-Baustein von Nanoblock misst lediglich 1/8 der Größe eines Standardbausteins – das kleinste Modell misst gerade einmal 4 x 4 x 5 mm. Eine weitere Besonderheit ist das Verbindungssystem auf der Rückseite, durch das man dank der doppelten Vertiefung die einzelnen Teile mit Leichtigkeit, je nach den Erfordernissen der Konstruktion, im richtigen Abstand zueinander positionieren kann. Nanoblock wurde von Kawada Co. Ltd entwickelt, einer japanischen Firma mit Sitz in Tokio. Die Mikro-Bausteine konnten sich aufgrund ihrer unverwechselbaren Eigenschaften in der ganzen Welt etablieren und haben einen regelrechten Hype ausgelöst. Aufgrund des breit gefächerten Themenangebots eignen sich die Bausteine zum Sammeln, Verschenken und Tüfteln – als Symbole der Leidenschaft und Hobby für jeden Geschmack und jedes Alter. ','Nanoblock LUNAR ROVER ist einer der Nanoblock-Bausätze, der den Liebhabern von geschichtsträchtigen Raumfahrzeugen gewidmet ist. Die Größe der Mikro-Bausteine erlaubt eine hoch präzise Nachbildung des vierrädrigen Fahrzeugs, das den Mond befahren hat, bis ins kleinste Detail. Die Verpackung enthält 250 Teile.','lunar-rover-nbh-085-250-pcs','','','','LUNAR ROVER, NBH-085 - 250 Pcs','In Stock','','',''),(58,6,3,'Nanoblock est une ligne de petits briques pour costruire, dessinée au Japon. Les petits briques sont 1/8 de la dimension standard des communs briques pour construire: le plus petit mésure 4 x 4 x 5 mm. Leur particularité se trouve aussi dans le système d\'attelage de derrière qui, grâce à la double rainure, permet de distancer chaque pièce avec facilité sur la base d\'exigences de construction. Les Nanoblock sont réalisés par Kawada co. Ltd, entreprise japonaise basée à Tokyo. Ils se sont affirmés dans le monde entier grâce à leurs caractéristiques uniques, en donnant le feu ouvert à une vraie manie. La large gamme des sujets proposés, permet de collectionner, offrir, construire ces sujets qui sont le symbole des passions et loisirs appropriés pour tous les goûts et tous les âges.','Nanoblock LUNAR ROVER est une des boîtes Nanoblock consacrée aux amants des moyens spatiaux qui ont fait l\'histoire. Les dimensions des briques permettent de reproduire les détails du véhicule à quatre roues qui a traversé la Lune.','lunar-rover-nbh-085-250-pcs','','','','LUNAR ROVER, NBH-085 - 250 Pcs','In Stock','','',''),(58,6,4,'Nanoblock è una linea di micro mattoncini per costruire, disegnata in Giappone. I mattoncini Nanoblock sono solo 1/8 delle dimensioni dei mattoni da costruzione standard, il più piccolo misura 4 x 4 x 5 mm. La loro particolarità, risiede anche nel sistema di aggancio sul retro che, grazie alla doppia scanalatura, permette di distanziare con facilità ogni singolo pezzo in base alle esigenze di costruzione. I Nanoblock sono realizzati da Kawada co. Ltd, azienda giapponese che ha sede a Tokyo. Si sono affermati in tutto il mondo grazie alle loro caratteristiche uniche, dando il via ad un vera e propria mania. La vasta gamma di temi proposti, permette di collezionare, regalare, costruire, soggetti simbolo di passioni e hobby adatti a tutti i gusti ed età.','Nanoblock LUNAR ROVER è una delle scatole Nanoblock dedicata agli amanti dei mezzi spaziali che hanno fatto la storia. Le dimensioni dei mattoncini permettono di replicare i dettagli del veicolo a 4 ruote che ha viaggiato sulla Luna. La confezione contiene 250 pezzi.','lunar-rover-nbh-085-250-pcs','','','','LUNAR ROVER, NBH-085 - 250 Pcs','In Stock','','',''),(58,11,1,'Nanoblock is a range of micro sized building blocks, designed and developed in Japan. The Nanoblock blocks are only 1/8th of the standard building blocks. The smallest piece measures only 4 x 4 x 5 mm. Each block has a special dividing flange, known as the double-ridged backing system, which allows you to easily place each piece according to your needs. Nanoblock is produced by Kawada co. Ltd, a Japanese company with headquarters in Tokyo. It has become well known across the world thanks to its unique selling points, and has developed a huge fanbase. There are so many different themes to choose from, so that all tastes and ages will find something to collect, build or gift.','Nanoblock LUNAR ROVER is one of the Nanoblock sets which is dedicated to fans of space and spacecrafts everywhere. The size of the blocks allows you to perfectly replicate each detail of the iconic rover that travelled to the Moon. This set contains 250 pieces.','lunar-rover-nbh-085-250-pcs','','','','LUNAR ROVER, NBH-085 - 250 Pcs','In Stock','','',''),(58,11,2,'Nanoblock ist eine Produktlinie von Mikro-Bausteinen, die in Japan konzipiert und entworfen wurden. Der Miniatur-Baustein von Nanoblock misst lediglich 1/8 der Größe eines Standardbausteins – das kleinste Modell misst gerade einmal 4 x 4 x 5 mm. Eine weitere Besonderheit ist das Verbindungssystem auf der Rückseite, durch das man dank der doppelten Vertiefung die einzelnen Teile mit Leichtigkeit, je nach den Erfordernissen der Konstruktion, im richtigen Abstand zueinander positionieren kann. Nanoblock wurde von Kawada Co. Ltd entwickelt, einer japanischen Firma mit Sitz in Tokio. Die Mikro-Bausteine konnten sich aufgrund ihrer unverwechselbaren Eigenschaften in der ganzen Welt etablieren und haben einen regelrechten Hype ausgelöst. Aufgrund des breit gefächerten Themenangebots eignen sich die Bausteine zum Sammeln, Verschenken und Tüfteln – als Symbole der Leidenschaft und Hobby für jeden Geschmack und jedes Alter. ','Nanoblock LUNAR ROVER ist einer der Nanoblock-Bausätze, der den Liebhabern von geschichtsträchtigen Raumfahrzeugen gewidmet ist. Die Größe der Mikro-Bausteine erlaubt eine hoch präzise Nachbildung des vierrädrigen Fahrzeugs, das den Mond befahren hat, bis ins kleinste Detail. Die Verpackung enthält 250 Teile.','lunar-rover-nbh-085-250-pcs','','','','LUNAR ROVER, NBH-085 - 250 Pcs','In Stock','','',''),(58,11,3,'Nanoblock est une ligne de petits briques pour costruire, dessinée au Japon. Les petits briques sont 1/8 de la dimension standard des communs briques pour construire: le plus petit mésure 4 x 4 x 5 mm. Leur particularité se trouve aussi dans le système d\'attelage de derrière qui, grâce à la double rainure, permet de distancer chaque pièce avec facilité sur la base d\'exigences de construction. Les Nanoblock sont réalisés par Kawada co. Ltd, entreprise japonaise basée à Tokyo. Ils se sont affirmés dans le monde entier grâce à leurs caractéristiques uniques, en donnant le feu ouvert à une vraie manie. La large gamme des sujets proposés, permet de collectionner, offrir, construire ces sujets qui sont le symbole des passions et loisirs appropriés pour tous les goûts et tous les âges.','Nanoblock LUNAR ROVER est une des boîtes Nanoblock consacrée aux amants des moyens spatiaux qui ont fait l\'histoire. Les dimensions des briques permettent de reproduire les détails du véhicule à quatre roues qui a traversé la Lune.','lunar-rover-nbh-085-250-pcs','','','','LUNAR ROVER, NBH-085 - 250 Pcs','In Stock','','',''),(58,11,4,'Nanoblock è una linea di micro mattoncini per costruire, disegnata in Giappone. I mattoncini Nanoblock sono solo 1/8 delle dimensioni dei mattoni da costruzione standard, il più piccolo misura 4 x 4 x 5 mm. La loro particolarità, risiede anche nel sistema di aggancio sul retro che, grazie alla doppia scanalatura, permette di distanziare con facilità ogni singolo pezzo in base alle esigenze di costruzione. I Nanoblock sono realizzati da Kawada co. Ltd, azienda giapponese che ha sede a Tokyo. Si sono affermati in tutto il mondo grazie alle loro caratteristiche uniche, dando il via ad un vera e propria mania. La vasta gamma di temi proposti, permette di collezionare, regalare, costruire, soggetti simbolo di passioni e hobby adatti a tutti i gusti ed età.','Nanoblock LUNAR ROVER è una delle scatole Nanoblock dedicata agli amanti dei mezzi spaziali che hanno fatto la storia. Le dimensioni dei mattoncini permettono di replicare i dettagli del veicolo a 4 ruote che ha viaggiato sulla Luna. La confezione contiene 250 pezzi.','lunar-rover-nbh-085-250-pcs','','','','LUNAR ROVER, NBH-085 - 250 Pcs','In Stock','','',''),(59,6,1,'Nanoblock is a range of micro sized building blocks, designed and developed in Japan. The Nanoblock blocks are only 1/8th of the standard building blocks. The smallest piece measures only 4 x 4 x 5 mm. Each block has a special dividing flange, known as the double-ridged backing system, which allows you to easily place each piece according to your needs. Nanoblock is produced by Kawada co. Ltd, a Japanese company with headquarters in Tokyo. It has become well known across the world thanks to its unique selling points, and has developed a huge fanbase. There are so many different themes to choose from, so that all tastes and ages will find something to collect, build or gift.','Recreate the most famous sights and icons of architecture from around the world with Nanoblock, Build the most famous museum in the world, the Louvre. One of the symbols of the French capital. With the 320 pieces of this set you can try to put together this construction, pyramid and all!','musee-du-louvre-nbh-086-320-pcs','','','','MUSEE DU LOUVRE, NBH-086 – 320 Pcs','In Stock','','',''),(59,6,2,'Nanoblock ist eine Produktlinie von Mikro-Bausteinen, die in Japan konzipiert und entworfen wurden. Der Miniatur-Baustein von Nanoblock misst lediglich 1/8 der Größe eines Standardbausteins – das kleinste Modell misst gerade einmal 4 x 4 x 5 mm. Eine weitere Besonderheit ist das Verbindungssystem auf der Rückseite, durch das man dank der doppelten Vertiefung die einzelnen Teile mit Leichtigkeit, je nach den Erfordernissen der Konstruktion, im richtigen Abstand zueinander positionieren kann. Nanoblock wurde von Kawada Co. Ltd entwickelt, einer japanischen Firma mit Sitz in Tokio. Die Mikro-Bausteine konnten sich aufgrund ihrer unverwechselbaren Eigenschaften in der ganzen Welt etablieren und haben einen regelrechten Hype ausgelöst. Aufgrund des breit gefächerten Themenangebots eignen sich die Bausteine zum Sammeln, Verschenken und Tüfteln – als Symbole der Leidenschaft und Hobby für jeden Geschmack und jedes Alter. ','Bauen Sie mit Nanoblock die berühmtesten Orte und architektonische Meisterwerke aus der ganzen Welt nach. Rekonstruieren Sie das berühmteste Museum der Welt – den Louvre, eines der Wahrzeichen der französischen Hauptstadt. Mit den 320 Teilen des Sets und der genauen Anleitung können Sie sich getrost an diese Konstruktion heranwagen, inklusive Pyramide! ','musee-du-louvre-nbh-086-320-pcs','','','','MUSEE DU LOUVRE, NBH-086 – 320 Pcs','In Stock','','',''),(59,6,3,'Nanoblock est une ligne de petits briques pour costruire, dessinée au Japon. Les petits briques sont 1/8 de la dimension standard des communs briques pour construire: le plus petit mésure 4 x 4 x 5 mm. Leur particularité se trouve aussi dans le système d\'attelage de derrière qui, grâce à la double rainure, permet de distancer chaque pièce avec facilité sur la base d\'exigences de construction. Les Nanoblock sont réalisés par Kawada co. Ltd, entreprise japonaise basée à Tokyo. Ils se sont affirmés dans le monde entier grâce à leurs caractéristiques uniques, en donnant le feu ouvert à une vraie manie. La large gamme des sujets proposés, permet de collectionner, offrir, construire ces sujets qui sont le symbole des passions et loisirs appropriés pour tous les goûts et tous les âges.','Recrée les endroits plus fameux et les icônes architecturales du monde entier avec Nanoblock. Construis le plus connu musée du monde, le Louvre. Un des symboles de la capital français. Avec les 320 pièces de la boîte et les instructions précises tu pourras essayer de construire cette spéciale modèle réduit, pyramide inclue.','musee-du-louvre-nbh-086-320-pcs','','','','MUSEE DU LOUVRE, NBH-086 – 320 Pcs','In Stock','','',''),(59,6,4,'Nanoblock è una linea di micro mattoncini per costruire, disegnata in Giappone. I mattoncini Nanoblock sono solo 1/8 delle dimensioni dei mattoni da costruzione standard, il più piccolo misura 4 x 4 x 5 mm. La loro particolarità, risiede anche nel sistema di aggancio sul retro che, grazie alla doppia scanalatura, permette di distanziare con facilità ogni singolo pezzo in base alle esigenze di costruzione. I Nanoblock sono realizzati da Kawada co. Ltd, azienda giapponese che ha sede a Tokyo. Si sono affermati in tutto il mondo grazie alle loro caratteristiche uniche, dando il via ad un vera e propria mania. La vasta gamma di temi proposti, permette di collezionare, regalare, costruire, soggetti simbolo di passioni e hobby adatti a tutti i gusti ed età.','Ricrea I luoghi più famosi e le icone architettoniche di tutto il mondo con Nanoblock. Costruisci il più famoso museo al mondo, il Louvre. Uno dei simboli della capitale francese. Con i 320 pezzi del set e le precise istruzioni potrai cimentarti con questa costruzione, piramide inclusa! ','musee-du-louvre-nbh-086-320-pcs','','','','MUSEE DU LOUVRE, NBH-086 – 320 Pcs','In Stock','','',''),(59,11,1,'Nanoblock is a range of micro sized building blocks, designed and developed in Japan. The Nanoblock blocks are only 1/8th of the standard building blocks. The smallest piece measures only 4 x 4 x 5 mm. Each block has a special dividing flange, known as the double-ridged backing system, which allows you to easily place each piece according to your needs. Nanoblock is produced by Kawada co. Ltd, a Japanese company with headquarters in Tokyo. It has become well known across the world thanks to its unique selling points, and has developed a huge fanbase. There are so many different themes to choose from, so that all tastes and ages will find something to collect, build or gift.','Recreate the most famous sights and icons of architecture from around the world with Nanoblock, Build the most famous museum in the world, the Louvre. One of the symbols of the French capital. With the 320 pieces of this set you can try to put together this construction, pyramid and all!','musee-du-louvre-nbh-086-320-pcs','','','','MUSEE DU LOUVRE, NBH-086 – 320 Pcs','In Stock','','',''),(59,11,2,'Nanoblock ist eine Produktlinie von Mikro-Bausteinen, die in Japan konzipiert und entworfen wurden. Der Miniatur-Baustein von Nanoblock misst lediglich 1/8 der Größe eines Standardbausteins – das kleinste Modell misst gerade einmal 4 x 4 x 5 mm. Eine weitere Besonderheit ist das Verbindungssystem auf der Rückseite, durch das man dank der doppelten Vertiefung die einzelnen Teile mit Leichtigkeit, je nach den Erfordernissen der Konstruktion, im richtigen Abstand zueinander positionieren kann. Nanoblock wurde von Kawada Co. Ltd entwickelt, einer japanischen Firma mit Sitz in Tokio. Die Mikro-Bausteine konnten sich aufgrund ihrer unverwechselbaren Eigenschaften in der ganzen Welt etablieren und haben einen regelrechten Hype ausgelöst. Aufgrund des breit gefächerten Themenangebots eignen sich die Bausteine zum Sammeln, Verschenken und Tüfteln – als Symbole der Leidenschaft und Hobby für jeden Geschmack und jedes Alter. ','Bauen Sie mit Nanoblock die berühmtesten Orte und architektonische Meisterwerke aus der ganzen Welt nach. Rekonstruieren Sie das berühmteste Museum der Welt – den Louvre, eines der Wahrzeichen der französischen Hauptstadt. Mit den 320 Teilen des Sets und der genauen Anleitung können Sie sich getrost an diese Konstruktion heranwagen, inklusive Pyramide! ','musee-du-louvre-nbh-086-320-pcs','','','','MUSEE DU LOUVRE, NBH-086 – 320 Pcs','In Stock','','',''),(59,11,3,'Nanoblock est une ligne de petits briques pour costruire, dessinée au Japon. Les petits briques sont 1/8 de la dimension standard des communs briques pour construire: le plus petit mésure 4 x 4 x 5 mm. Leur particularité se trouve aussi dans le système d\'attelage de derrière qui, grâce à la double rainure, permet de distancer chaque pièce avec facilité sur la base d\'exigences de construction. Les Nanoblock sont réalisés par Kawada co. Ltd, entreprise japonaise basée à Tokyo. Ils se sont affirmés dans le monde entier grâce à leurs caractéristiques uniques, en donnant le feu ouvert à une vraie manie. La large gamme des sujets proposés, permet de collectionner, offrir, construire ces sujets qui sont le symbole des passions et loisirs appropriés pour tous les goûts et tous les âges.','Recrée les endroits plus fameux et les icônes architecturales du monde entier avec Nanoblock. Construis le plus connu musée du monde, le Louvre. Un des symboles de la capital français. Avec les 320 pièces de la boîte et les instructions précises tu pourras essayer de construire cette spéciale modèle réduit, pyramide inclue.','musee-du-louvre-nbh-086-320-pcs','','','','MUSEE DU LOUVRE, NBH-086 – 320 Pcs','In Stock','','',''),(59,11,4,'Nanoblock è una linea di micro mattoncini per costruire, disegnata in Giappone. I mattoncini Nanoblock sono solo 1/8 delle dimensioni dei mattoni da costruzione standard, il più piccolo misura 4 x 4 x 5 mm. La loro particolarità, risiede anche nel sistema di aggancio sul retro che, grazie alla doppia scanalatura, permette di distanziare con facilità ogni singolo pezzo in base alle esigenze di costruzione. I Nanoblock sono realizzati da Kawada co. Ltd, azienda giapponese che ha sede a Tokyo. Si sono affermati in tutto il mondo grazie alle loro caratteristiche uniche, dando il via ad un vera e propria mania. La vasta gamma di temi proposti, permette di collezionare, regalare, costruire, soggetti simbolo di passioni e hobby adatti a tutti i gusti ed età.','Ricrea I luoghi più famosi e le icone architettoniche di tutto il mondo con Nanoblock. Costruisci il più famoso museo al mondo, il Louvre. Uno dei simboli della capitale francese. Con i 320 pezzi del set e le precise istruzioni potrai cimentarti con questa costruzione, piramide inclusa! ','musee-du-louvre-nbh-086-320-pcs','','','','MUSEE DU LOUVRE, NBH-086 – 320 Pcs','In Stock','','',''),(60,6,1,'Nanoblock is a range of micro sized building blocks, designed and developed in Japan. The Nanoblock blocks are only 1/8th of the standard building blocks. The smallest piece measures only 4 x 4 x 5 mm. Each block has a special dividing flange, known as the double-ridged backing system, which allows you to easily place each piece according to your needs. Nanoblock is produced by Kawada co. Ltd, a Japanese company with headquarters in Tokyo. It has become well known across the world thanks to its unique selling points, and has developed a huge fanbase. There are so many different themes to choose from, so that all tastes and ages will find something to collect, build or gift.','This set contains 437 blocks with a maximum height of 5 mm - all you need to build a church in perfect scale. Use the detailed instructions to recreate every aspect, from the bell tower to the outside spaces.','church-nbh-087-437-pcs','','','','CHURCH, NBH-087 - 437 Pcs','In Stock','','',''),(60,6,2,'Nanoblock ist eine Produktlinie von Mikro-Bausteinen, die in Japan konzipiert und entworfen wurden. Der Miniatur-Baustein von Nanoblock misst lediglich 1/8 der Größe eines Standardbausteins – das kleinste Modell misst gerade einmal 4 x 4 x 5 mm. Eine weitere Besonderheit ist das Verbindungssystem auf der Rückseite, durch das man dank der doppelten Vertiefung die einzelnen Teile mit Leichtigkeit, je nach den Erfordernissen der Konstruktion, im richtigen Abstand zueinander positionieren kann. Nanoblock wurde von Kawada Co. Ltd entwickelt, einer japanischen Firma mit Sitz in Tokio. Die Mikro-Bausteine konnten sich aufgrund ihrer unverwechselbaren Eigenschaften in der ganzen Welt etablieren und haben einen regelrechten Hype ausgelöst. Aufgrund des breit gefächerten Themenangebots eignen sich die Bausteine zum Sammeln, Verschenken und Tüfteln – als Symbole der Leidenschaft und Hobby für jeden Geschmack und jedes Alter. ','Das Set enthält 437 Mikro-Bausteine mit einer maximalen Höhe von 5 mm, um eine maßstabgetreue Kirche zu bauen. Folgen Sie den detaillierten Anleitungen, um auch das kleinste Detail des Kirchturms exakt zu replizieren. ','church-nbh-087-437-pcs','','','','CHURCH, NBH-087 - 437 Pcs','In Stock','','',''),(60,6,3,'Nanoblock est une ligne de petits briques pour costruire, dessinée au Japon. Les petits briques sont 1/8 de la dimension standard des communs briques pour construire: le plus petit mésure 4 x 4 x 5 mm. Leur particularité se trouve aussi dans le système d\'attelage de derrière qui, grâce à la double rainure, permet de distancer chaque pièce avec facilité sur la base d\'exigences de construction. Les Nanoblock sont réalisés par Kawada co. Ltd, entreprise japonaise basée à Tokyo. Ils se sont affirmés dans le monde entier grâce à leurs caractéristiques uniques, en donnant le feu ouvert à une vraie manie. La large gamme des sujets proposés, permet de collectionner, offrir, construire ces sujets qui sont le symbole des passions et loisirs appropriés pour tous les goûts et tous les âges.','La boîte contient 437 briques, avec une hauteur maximale de 5 mm pour construire une église à l\'échelle. Utilise les instructions détaillées pour reproduire le plus petit détail du clocher à l\'extérieur.','church-nbh-087-437-pcs','','','','CHURCH, NBH-087 - 437 Pcs','In Stock','','',''),(60,6,4,'Nanoblock è una linea di micro mattoncini per costruire, disegnata in Giappone. I mattoncini Nanoblock sono solo 1/8 delle dimensioni dei mattoni da costruzione standard, il più piccolo misura 4 x 4 x 5 mm. La loro particolarità, risiede anche nel sistema di aggancio sul retro che, grazie alla doppia scanalatura, permette di distanziare con facilità ogni singolo pezzo in base alle esigenze di costruzione. I Nanoblock sono realizzati da Kawada co. Ltd, azienda giapponese che ha sede a Tokyo. Si sono affermati in tutto il mondo grazie alle loro caratteristiche uniche, dando il via ad un vera e propria mania. La vasta gamma di temi proposti, permette di collezionare, regalare, costruire, soggetti simbolo di passioni e hobby adatti a tutti i gusti ed età.','Il set contiene 437 mattoncini, con un’altezza massima di 5 mm per costruire una chiesa in scala. Usa le dettagliate istruzioni per replicare anche il più piccolo dettaglio dal campanile agli esterni.','church-nbh-087-437-pcs','','','','CHURCH, NBH-087 - 437 Pcs','In Stock','','',''),(60,11,1,'Nanoblock is a range of micro sized building blocks, designed and developed in Japan. The Nanoblock blocks are only 1/8th of the standard building blocks. The smallest piece measures only 4 x 4 x 5 mm. Each block has a special dividing flange, known as the double-ridged backing system, which allows you to easily place each piece according to your needs. Nanoblock is produced by Kawada co. Ltd, a Japanese company with headquarters in Tokyo. It has become well known across the world thanks to its unique selling points, and has developed a huge fanbase. There are so many different themes to choose from, so that all tastes and ages will find something to collect, build or gift.','This set contains 437 blocks with a maximum height of 5 mm - all you need to build a church in perfect scale. Use the detailed instructions to recreate every aspect, from the bell tower to the outside spaces.','church-nbh-087-437-pcs','','','','CHURCH, NBH-087 - 437 Pcs','In Stock','','',''),(60,11,2,'Nanoblock ist eine Produktlinie von Mikro-Bausteinen, die in Japan konzipiert und entworfen wurden. Der Miniatur-Baustein von Nanoblock misst lediglich 1/8 der Größe eines Standardbausteins – das kleinste Modell misst gerade einmal 4 x 4 x 5 mm. Eine weitere Besonderheit ist das Verbindungssystem auf der Rückseite, durch das man dank der doppelten Vertiefung die einzelnen Teile mit Leichtigkeit, je nach den Erfordernissen der Konstruktion, im richtigen Abstand zueinander positionieren kann. Nanoblock wurde von Kawada Co. Ltd entwickelt, einer japanischen Firma mit Sitz in Tokio. Die Mikro-Bausteine konnten sich aufgrund ihrer unverwechselbaren Eigenschaften in der ganzen Welt etablieren und haben einen regelrechten Hype ausgelöst. Aufgrund des breit gefächerten Themenangebots eignen sich die Bausteine zum Sammeln, Verschenken und Tüfteln – als Symbole der Leidenschaft und Hobby für jeden Geschmack und jedes Alter. ','Das Set enthält 437 Mikro-Bausteine mit einer maximalen Höhe von 5 mm, um eine maßstabgetreue Kirche zu bauen. Folgen Sie den detaillierten Anleitungen, um auch das kleinste Detail des Kirchturms exakt zu replizieren. ','church-nbh-087-437-pcs','','','','CHURCH, NBH-087 - 437 Pcs','In Stock','','',''),(60,11,3,'Nanoblock est une ligne de petits briques pour costruire, dessinée au Japon. Les petits briques sont 1/8 de la dimension standard des communs briques pour construire: le plus petit mésure 4 x 4 x 5 mm. Leur particularité se trouve aussi dans le système d\'attelage de derrière qui, grâce à la double rainure, permet de distancer chaque pièce avec facilité sur la base d\'exigences de construction. Les Nanoblock sont réalisés par Kawada co. Ltd, entreprise japonaise basée à Tokyo. Ils se sont affirmés dans le monde entier grâce à leurs caractéristiques uniques, en donnant le feu ouvert à une vraie manie. La large gamme des sujets proposés, permet de collectionner, offrir, construire ces sujets qui sont le symbole des passions et loisirs appropriés pour tous les goûts et tous les âges.','La boîte contient 437 briques, avec une hauteur maximale de 5 mm pour construire une église à l\'échelle. Utilise les instructions détaillées pour reproduire le plus petit détail du clocher à l\'extérieur.','church-nbh-087-437-pcs','','','','CHURCH, NBH-087 - 437 Pcs','In Stock','','',''),(60,11,4,'Nanoblock è una linea di micro mattoncini per costruire, disegnata in Giappone. I mattoncini Nanoblock sono solo 1/8 delle dimensioni dei mattoni da costruzione standard, il più piccolo misura 4 x 4 x 5 mm. La loro particolarità, risiede anche nel sistema di aggancio sul retro che, grazie alla doppia scanalatura, permette di distanziare con facilità ogni singolo pezzo in base alle esigenze di costruzione. I Nanoblock sono realizzati da Kawada co. Ltd, azienda giapponese che ha sede a Tokyo. Si sono affermati in tutto il mondo grazie alle loro caratteristiche uniche, dando il via ad un vera e propria mania. La vasta gamma di temi proposti, permette di collezionare, regalare, costruire, soggetti simbolo di passioni e hobby adatti a tutti i gusti ed età.','Il set contiene 437 mattoncini, con un’altezza massima di 5 mm per costruire una chiesa in scala. Usa le dettagliate istruzioni per replicare anche il più piccolo dettaglio dal campanile agli esterni.','church-nbh-087-437-pcs','','','','CHURCH, NBH-087 - 437 Pcs','In Stock','','',''),(61,6,1,'Nanoblock is a range of micro sized building blocks, designed and developed in Japan. The Nanoblock blocks are only 1/8th of the standard building blocks. The smallest piece measures only 4 x 4 x 5 mm. Each block has a special dividing flange, known as the double-ridged backing system, which allows you to easily place each piece according to your needs. Nanoblock is produced by Kawada co. Ltd, a Japanese company with headquarters in Tokyo. It has become well known across the world thanks to its unique selling points, and has developed a huge fanbase. There are so many different themes to choose from, so that all tastes and ages will find something to collect, build or gift.','Recreate the most famous sights and icons of architecture from around the world with Nanoblock. This set captures a typical corner of Venice. It contains 350 pieces and detailed instructions that will guide you step by step.','venezia-nbh-092-350-pcs','','','','VENEZIA, NBH-092 - 350 Pcs','In Stock','','',''),(61,6,2,'Nanoblock ist eine Produktlinie von Mikro-Bausteinen, die in Japan konzipiert und entworfen wurden. Der Miniatur-Baustein von Nanoblock misst lediglich 1/8 der Größe eines Standardbausteins – das kleinste Modell misst gerade einmal 4 x 4 x 5 mm. Eine weitere Besonderheit ist das Verbindungssystem auf der Rückseite, durch das man dank der doppelten Vertiefung die einzelnen Teile mit Leichtigkeit, je nach den Erfordernissen der Konstruktion, im richtigen Abstand zueinander positionieren kann. Nanoblock wurde von Kawada Co. Ltd entwickelt, einer japanischen Firma mit Sitz in Tokio. Die Mikro-Bausteine konnten sich aufgrund ihrer unverwechselbaren Eigenschaften in der ganzen Welt etablieren und haben einen regelrechten Hype ausgelöst. Aufgrund des breit gefächerten Themenangebots eignen sich die Bausteine zum Sammeln, Verschenken und Tüfteln – als Symbole der Leidenschaft und Hobby für jeden Geschmack und jedes Alter. ','Bauen Sie mit Nanoblock die berühmtesten Orte und architektonische Meisterwerke aus der ganzen Welt nach. Dieses Set repliziert eine typische Ansicht der Stadt Venedig. Die Schachtel enthält 350 Teile und eine detaillierte Schritt-für-Schritt-Anleitung. ','venezia-nbh-092-350-pcs','','','','VENEZIA, NBH-092 - 350 Pcs','In Stock','','',''),(61,6,3,'Nanoblock est une ligne de petits briques pour costruire, dessinée au Japon. Les petits briques sont 1/8 de la dimension standard des communs briques pour construire: le plus petit mésure 4 x 4 x 5 mm. Leur particularité se trouve aussi dans le système d\'attelage de derrière qui, grâce à la double rainure, permet de distancer chaque pièce avec facilité sur la base d\'exigences de construction. Les Nanoblock sont réalisés par Kawada co. Ltd, entreprise japonaise basée à Tokyo. Ils se sont affirmés dans le monde entier grâce à leurs caractéristiques uniques, en donnant le feu ouvert à une vraie manie. La large gamme des sujets proposés, permet de collectionner, offrir, construire ces sujets qui sont le symbole des passions et loisirs appropriés pour tous les goûts et tous les âges.','Recrée les endroits plus fameux et les icônes architecturales du monde entier avec Nanoblock. Cette boîte recrée un petit coin de Venise. La boîte contient 350 pièces aussi bien que des instructions détaillées que te guideront pas à pas.','venezia-nbh-092-350-pcs','','','','VENEZIA, NBH-092 - 350 Pcs','In Stock','','',''),(61,6,4,'Nanoblock è una linea di micro mattoncini per costruire, disegnata in Giappone. I mattoncini Nanoblock sono solo 1/8 delle dimensioni dei mattoni da costruzione standard, il più piccolo misura 4 x 4 x 5 mm. La loro particolarità, risiede anche nel sistema di aggancio sul retro che, grazie alla doppia scanalatura, permette di distanziare con facilità ogni singolo pezzo in base alle esigenze di costruzione. I Nanoblock sono realizzati da Kawada co. Ltd, azienda giapponese che ha sede a Tokyo. Si sono affermati in tutto il mondo grazie alle loro caratteristiche uniche, dando il via ad un vera e propria mania. La vasta gamma di temi proposti, permette di collezionare, regalare, costruire, soggetti simbolo di passioni e hobby adatti a tutti i gusti ed età.','Ricrea I luoghi più famosi e le icone architettoniche di tutto il mondo con Nanoblock. Questo set ricrea un tipico angolo di Venezia. La scatola contiene 350 pezzi e delle dettagliate istruzioni che ti guideranno passo a passo.','venezia-nbh-092-350-pcs','','','','VENEZIA, NBH-092 - 350 Pcs','In Stock','','',''),(61,11,1,'Nanoblock is a range of micro sized building blocks, designed and developed in Japan. The Nanoblock blocks are only 1/8th of the standard building blocks. The smallest piece measures only 4 x 4 x 5 mm. Each block has a special dividing flange, known as the double-ridged backing system, which allows you to easily place each piece according to your needs. Nanoblock is produced by Kawada co. Ltd, a Japanese company with headquarters in Tokyo. It has become well known across the world thanks to its unique selling points, and has developed a huge fanbase. There are so many different themes to choose from, so that all tastes and ages will find something to collect, build or gift.','Recreate the most famous sights and icons of architecture from around the world with Nanoblock. This set captures a typical corner of Venice. It contains 350 pieces and detailed instructions that will guide you step by step.','venezia-nbh-092-350-pcs','','','','VENEZIA, NBH-092 - 350 Pcs','In Stock','','',''),(61,11,2,'Nanoblock ist eine Produktlinie von Mikro-Bausteinen, die in Japan konzipiert und entworfen wurden. Der Miniatur-Baustein von Nanoblock misst lediglich 1/8 der Größe eines Standardbausteins – das kleinste Modell misst gerade einmal 4 x 4 x 5 mm. Eine weitere Besonderheit ist das Verbindungssystem auf der Rückseite, durch das man dank der doppelten Vertiefung die einzelnen Teile mit Leichtigkeit, je nach den Erfordernissen der Konstruktion, im richtigen Abstand zueinander positionieren kann. Nanoblock wurde von Kawada Co. Ltd entwickelt, einer japanischen Firma mit Sitz in Tokio. Die Mikro-Bausteine konnten sich aufgrund ihrer unverwechselbaren Eigenschaften in der ganzen Welt etablieren und haben einen regelrechten Hype ausgelöst. Aufgrund des breit gefächerten Themenangebots eignen sich die Bausteine zum Sammeln, Verschenken und Tüfteln – als Symbole der Leidenschaft und Hobby für jeden Geschmack und jedes Alter. ','Bauen Sie mit Nanoblock die berühmtesten Orte und architektonische Meisterwerke aus der ganzen Welt nach. Dieses Set repliziert eine typische Ansicht der Stadt Venedig. Die Schachtel enthält 350 Teile und eine detaillierte Schritt-für-Schritt-Anleitung. ','venezia-nbh-092-350-pcs','','','','VENEZIA, NBH-092 - 350 Pcs','In Stock','','',''),(61,11,3,'Nanoblock est une ligne de petits briques pour costruire, dessinée au Japon. Les petits briques sont 1/8 de la dimension standard des communs briques pour construire: le plus petit mésure 4 x 4 x 5 mm. Leur particularité se trouve aussi dans le système d\'attelage de derrière qui, grâce à la double rainure, permet de distancer chaque pièce avec facilité sur la base d\'exigences de construction. Les Nanoblock sont réalisés par Kawada co. Ltd, entreprise japonaise basée à Tokyo. Ils se sont affirmés dans le monde entier grâce à leurs caractéristiques uniques, en donnant le feu ouvert à une vraie manie. La large gamme des sujets proposés, permet de collectionner, offrir, construire ces sujets qui sont le symbole des passions et loisirs appropriés pour tous les goûts et tous les âges.','Recrée les endroits plus fameux et les icônes architecturales du monde entier avec Nanoblock. Cette boîte recrée un petit coin de Venise. La boîte contient 350 pièces aussi bien que des instructions détaillées que te guideront pas à pas.','venezia-nbh-092-350-pcs','','','','VENEZIA, NBH-092 - 350 Pcs','In Stock','','',''),(61,11,4,'Nanoblock è una linea di micro mattoncini per costruire, disegnata in Giappone. I mattoncini Nanoblock sono solo 1/8 delle dimensioni dei mattoni da costruzione standard, il più piccolo misura 4 x 4 x 5 mm. La loro particolarità, risiede anche nel sistema di aggancio sul retro che, grazie alla doppia scanalatura, permette di distanziare con facilità ogni singolo pezzo in base alle esigenze di costruzione. I Nanoblock sono realizzati da Kawada co. Ltd, azienda giapponese che ha sede a Tokyo. Si sono affermati in tutto il mondo grazie alle loro caratteristiche uniche, dando il via ad un vera e propria mania. La vasta gamma di temi proposti, permette di collezionare, regalare, costruire, soggetti simbolo di passioni e hobby adatti a tutti i gusti ed età.','Ricrea I luoghi più famosi e le icone architettoniche di tutto il mondo con Nanoblock. Questo set ricrea un tipico angolo di Venezia. La scatola contiene 350 pezzi e delle dettagliate istruzioni che ti guideranno passo a passo.','venezia-nbh-092-350-pcs','','','','VENEZIA, NBH-092 - 350 Pcs','In Stock','','',''),(62,6,1,'Nanoblock is a range of micro sized building blocks, designed and developed in Japan. The Nanoblock blocks are only 1/8th of the standard building blocks. The smallest piece measures only 4 x 4 x 5 mm. Each block has a special dividing flange, known as the double-ridged backing system, which allows you to easily place each piece according to your needs. Nanoblock is produced by Kawada co. Ltd, a Japanese company with headquarters in Tokyo. It has become well known across the world thanks to its unique selling points, and has developed a huge fanbase. There are so many different themes to choose from, so that all tastes and ages will find something to collect, build or gift.','Recreate the most famous sights and icons of architecture from around the world with Nanoblock. This box contains 400 micro sized blocks and details instructions that will guide you step by step.','notre-dame-de-paris-nbh-093-400-pcs','','','','NOTRE DAME DE PARIS, NBH-093 - 400 Pcs','In Stock','','',''),(62,6,2,'Nanoblock ist eine Produktlinie von Mikro-Bausteinen, die in Japan konzipiert und entworfen wurden. Der Miniatur-Baustein von Nanoblock misst lediglich 1/8 der Größe eines Standardbausteins – das kleinste Modell misst gerade einmal 4 x 4 x 5 mm. Eine weitere Besonderheit ist das Verbindungssystem auf der Rückseite, durch das man dank der doppelten Vertiefung die einzelnen Teile mit Leichtigkeit, je nach den Erfordernissen der Konstruktion, im richtigen Abstand zueinander positionieren kann. Nanoblock wurde von Kawada Co. Ltd entwickelt, einer japanischen Firma mit Sitz in Tokio. Die Mikro-Bausteine konnten sich aufgrund ihrer unverwechselbaren Eigenschaften in der ganzen Welt etablieren und haben einen regelrechten Hype ausgelöst. Aufgrund des breit gefächerten Themenangebots eignen sich die Bausteine zum Sammeln, Verschenken und Tüfteln – als Symbole der Leidenschaft und Hobby für jeden Geschmack und jedes Alter. ','Bauen Sie mit Nanoblock die berühmtesten Orte und architektonische Meisterwerke aus der ganzen Welt nach. Die Schachtel enthält 400 Mikro-Bausteine und eine detaillierte Schritt-für-Schritt-Anleitung. ','notre-dame-de-paris-nbh-093-400-pcs','','','','NOTRE DAME DE PARIS, NBH-093 - 400 Pcs','In Stock','','',''),(62,6,3,'Nanoblock est une ligne de petits briques pour costruire, dessinée au Japon. Les petits briques sont 1/8 de la dimension standard des communs briques pour construire: le plus petit mésure 4 x 4 x 5 mm. Leur particularité se trouve aussi dans le système d\'attelage de derrière qui, grâce à la double rainure, permet de distancer chaque pièce avec facilité sur la base d\'exigences de construction. Les Nanoblock sont réalisés par Kawada co. Ltd, entreprise japonaise basée à Tokyo. Ils se sont affirmés dans le monde entier grâce à leurs caractéristiques uniques, en donnant le feu ouvert à une vraie manie. La large gamme des sujets proposés, permet de collectionner, offrir, construire ces sujets qui sont le symbole des passions et loisirs appropriés pour tous les goûts et tous les âges.','Recrée les endroits plus fameux et les icônes architecturales du monde entier avec Nanoblock. La boîte contient et 400 micro briques et instructions détaillées que te guideront pas à pas.','notre-dame-de-paris-nbh-093-400-pcs','','','','NOTRE DAME DE PARIS, NBH-093 - 400 Pcs','In Stock','','',''),(62,6,4,'Nanoblock è una linea di micro mattoncini per costruire, disegnata in Giappone. I mattoncini Nanoblock sono solo 1/8 delle dimensioni dei mattoni da costruzione standard, il più piccolo misura 4 x 4 x 5 mm. La loro particolarità, risiede anche nel sistema di aggancio sul retro che, grazie alla doppia scanalatura, permette di distanziare con facilità ogni singolo pezzo in base alle esigenze di costruzione. I Nanoblock sono realizzati da Kawada co. Ltd, azienda giapponese che ha sede a Tokyo. Si sono affermati in tutto il mondo grazie alle loro caratteristiche uniche, dando il via ad un vera e propria mania. La vasta gamma di temi proposti, permette di collezionare, regalare, costruire, soggetti simbolo di passioni e hobby adatti a tutti i gusti ed età.','Ricrea I luoghi più famosi e le icone architettoniche di tutto il mondo con Nanoblock. La scatola contiene 400 micro mattoncini e le dettagliate istruzioni che ti guideranno passo a passo.','notre-dame-de-paris-nbh-093-400-pcs','','','','NOTRE DAME DE PARIS, NBH-093 - 400 Pcs','In Stock','','',''),(62,11,1,'Nanoblock is a range of micro sized building blocks, designed and developed in Japan. The Nanoblock blocks are only 1/8th of the standard building blocks. The smallest piece measures only 4 x 4 x 5 mm. Each block has a special dividing flange, known as the double-ridged backing system, which allows you to easily place each piece according to your needs. Nanoblock is produced by Kawada co. Ltd, a Japanese company with headquarters in Tokyo. It has become well known across the world thanks to its unique selling points, and has developed a huge fanbase. There are so many different themes to choose from, so that all tastes and ages will find something to collect, build or gift.','Recreate the most famous sights and icons of architecture from around the world with Nanoblock. This box contains 400 micro sized blocks and details instructions that will guide you step by step.','notre-dame-de-paris-nbh-093-400-pcs','','','','NOTRE DAME DE PARIS, NBH-093 - 400 Pcs','In Stock','','',''),(62,11,2,'Nanoblock ist eine Produktlinie von Mikro-Bausteinen, die in Japan konzipiert und entworfen wurden. Der Miniatur-Baustein von Nanoblock misst lediglich 1/8 der Größe eines Standardbausteins – das kleinste Modell misst gerade einmal 4 x 4 x 5 mm. Eine weitere Besonderheit ist das Verbindungssystem auf der Rückseite, durch das man dank der doppelten Vertiefung die einzelnen Teile mit Leichtigkeit, je nach den Erfordernissen der Konstruktion, im richtigen Abstand zueinander positionieren kann. Nanoblock wurde von Kawada Co. Ltd entwickelt, einer japanischen Firma mit Sitz in Tokio. Die Mikro-Bausteine konnten sich aufgrund ihrer unverwechselbaren Eigenschaften in der ganzen Welt etablieren und haben einen regelrechten Hype ausgelöst. Aufgrund des breit gefächerten Themenangebots eignen sich die Bausteine zum Sammeln, Verschenken und Tüfteln – als Symbole der Leidenschaft und Hobby für jeden Geschmack und jedes Alter. ','Bauen Sie mit Nanoblock die berühmtesten Orte und architektonische Meisterwerke aus der ganzen Welt nach. Die Schachtel enthält 400 Mikro-Bausteine und eine detaillierte Schritt-für-Schritt-Anleitung. ','notre-dame-de-paris-nbh-093-400-pcs','','','','NOTRE DAME DE PARIS, NBH-093 - 400 Pcs','In Stock','','',''),(62,11,3,'Nanoblock est une ligne de petits briques pour costruire, dessinée au Japon. Les petits briques sont 1/8 de la dimension standard des communs briques pour construire: le plus petit mésure 4 x 4 x 5 mm. Leur particularité se trouve aussi dans le système d\'attelage de derrière qui, grâce à la double rainure, permet de distancer chaque pièce avec facilité sur la base d\'exigences de construction. Les Nanoblock sont réalisés par Kawada co. Ltd, entreprise japonaise basée à Tokyo. Ils se sont affirmés dans le monde entier grâce à leurs caractéristiques uniques, en donnant le feu ouvert à une vraie manie. La large gamme des sujets proposés, permet de collectionner, offrir, construire ces sujets qui sont le symbole des passions et loisirs appropriés pour tous les goûts et tous les âges.','Recrée les endroits plus fameux et les icônes architecturales du monde entier avec Nanoblock. La boîte contient et 400 micro briques et instructions détaillées que te guideront pas à pas.','notre-dame-de-paris-nbh-093-400-pcs','','','','NOTRE DAME DE PARIS, NBH-093 - 400 Pcs','In Stock','','',''),(62,11,4,'Nanoblock è una linea di micro mattoncini per costruire, disegnata in Giappone. I mattoncini Nanoblock sono solo 1/8 delle dimensioni dei mattoni da costruzione standard, il più piccolo misura 4 x 4 x 5 mm. La loro particolarità, risiede anche nel sistema di aggancio sul retro che, grazie alla doppia scanalatura, permette di distanziare con facilità ogni singolo pezzo in base alle esigenze di costruzione. I Nanoblock sono realizzati da Kawada co. Ltd, azienda giapponese che ha sede a Tokyo. Si sono affermati in tutto il mondo grazie alle loro caratteristiche uniche, dando il via ad un vera e propria mania. La vasta gamma di temi proposti, permette di collezionare, regalare, costruire, soggetti simbolo di passioni e hobby adatti a tutti i gusti ed età.','Ricrea I luoghi più famosi e le icone architettoniche di tutto il mondo con Nanoblock. La scatola contiene 400 micro mattoncini e le dettagliate istruzioni che ti guideranno passo a passo.','notre-dame-de-paris-nbh-093-400-pcs','','','','NOTRE DAME DE PARIS, NBH-093 - 400 Pcs','In Stock','','',''),(63,6,1,'Nanoblock is a range of micro sized building blocks, designed and developed in Japan. The Nanoblock blocks are only 1/8th of the standard building blocks. The smallest piece measures only 4 x 4 x 5 mm. Each block has a special dividing flange, known as the double-ridged backing system, which allows you to easily place each piece according to your needs. Nanoblock is produced by Kawada co. Ltd, a Japanese company with headquarters in Tokyo. It has become well known across the world thanks to its unique selling points, and has developed a huge fanbase. There are so many different themes to choose from, so that all tastes and ages will find something to collect, build or gift.','Recreate the most famous sights and icons of architecture from around the world with Nanoblock. This set contains the iconic monument of Paris, pictured overlooking the Seine river banks. The small blocks will help you to capture each detail of the structure and the surrounding area. This set contains 310 pieces.','rives-de-la-seine-paris-nbh-097-310-pcs','','','','RIVES DE LA SEINE - PARIS NBH-097 - 310 Pcs','In Stock','','',''),(63,6,2,'Nanoblock ist eine Produktlinie von Mikro-Bausteinen, die in Japan konzipiert und entworfen wurden. Der Miniatur-Baustein von Nanoblock misst lediglich 1/8 der Größe eines Standardbausteins – das kleinste Modell misst gerade einmal 4 x 4 x 5 mm. Eine weitere Besonderheit ist das Verbindungssystem auf der Rückseite, durch das man dank der doppelten Vertiefung die einzelnen Teile mit Leichtigkeit, je nach den Erfordernissen der Konstruktion, im richtigen Abstand zueinander positionieren kann. Nanoblock wurde von Kawada Co. Ltd entwickelt, einer japanischen Firma mit Sitz in Tokio. Die Mikro-Bausteine konnten sich aufgrund ihrer unverwechselbaren Eigenschaften in der ganzen Welt etablieren und haben einen regelrechten Hype ausgelöst. Aufgrund des breit gefächerten Themenangebots eignen sich die Bausteine zum Sammeln, Verschenken und Tüfteln – als Symbole der Leidenschaft und Hobby für jeden Geschmack und jedes Alter. ','Bauen Sie mit Nanoblock die berühmtesten Orte und architektonische Meisterwerke aus der ganzen Welt nach. Das Set enthält das symbolträchtige Gebäude der Stadt Paris am Ufer der Seine. Die kleinen Mikro-Bausteine ermöglichen die genaue Rekonstruktion eines jeden Details der Baustruktur und der angrenzenden Umgebung. Die Schachtel enthält 310 Teile.','rives-de-la-seine-paris-nbh-097-310-pcs','','','','RIVES DE LA SEINE - PARIS NBH-097 - 310 Pcs','In Stock','','',''),(63,6,3,'Nanoblock est une ligne de petits briques pour costruire, dessinée au Japon. Les petits briques sont 1/8 de la dimension standard des communs briques pour construire: le plus petit mésure 4 x 4 x 5 mm. Leur particularité se trouve aussi dans le système d\'attelage de derrière qui, grâce à la double rainure, permet de distancer chaque pièce avec facilité sur la base d\'exigences de construction. Les Nanoblock sont réalisés par Kawada co. Ltd, entreprise japonaise basée à Tokyo. Ils se sont affirmés dans le monde entier grâce à leurs caractéristiques uniques, en donnant le feu ouvert à une vraie manie. La large gamme des sujets proposés, permet de collectionner, offrir, construire ces sujets qui sont le symbole des passions et loisirs appropriés pour tous les goûts et tous les âges.','Recrée les endroits plus fameux et les icônes architecturales du monde entier avec Nanoblock. La boîte contient le monument symbole de la ville de Paris qui donne sur la Seine. Les petits briques te permetteront de reproduire chaque détail de la construction et de son environnement.','rives-de-la-seine-paris-nbh-097-310-pcs','','','','RIVES DE LA SEINE - PARIS NBH-097 - 310 Pcs','In Stock','','',''),(63,6,4,'Nanoblock è una linea di micro mattoncini per costruire, disegnata in Giappone. I mattoncini Nanoblock sono solo 1/8 delle dimensioni dei mattoni da costruzione standard, il più piccolo misura 4 x 4 x 5 mm. La loro particolarità, risiede anche nel sistema di aggancio sul retro che, grazie alla doppia scanalatura, permette di distanziare con facilità ogni singolo pezzo in base alle esigenze di costruzione. I Nanoblock sono realizzati da Kawada co. Ltd, azienda giapponese che ha sede a Tokyo. Si sono affermati in tutto il mondo grazie alle loro caratteristiche uniche, dando il via ad un vera e propria mania. La vasta gamma di temi proposti, permette di collezionare, regalare, costruire, soggetti simbolo di passioni e hobby adatti a tutti i gusti ed età.','Ricrea I luoghi più famosi e le icone architettoniche di tutto il mondo con Nanoblock. Il set contiene il monumento simbolo della città di Parigi che si affaccia sulla Senna. I piccoli mattoncini ti permetteranno di replicare ogni singolo dettaglio della struttura e dell’ambiente circostante. La scatola contiene 310 pezzi.','rives-de-la-seine-paris-nbh-097-310-pcs','','','','RIVES DE LA SEINE - PARIS NBH-097 - 310 Pcs','In Stock','','',''),