(133195,3,1,134809,2,3284758083,'2018-09-04 18:36:52',''),(133196,3,1,134810,2,1780937031,'2018-09-04 19:21:13',''),(133197,3,3,134811,28,1123631500,'2018-09-04 22:04:25',''),(133198,3,1,134812,2,2996488219,'2018-09-04 23:05:10',''),(133199,3,3,134813,130,1123631502,'2018-09-04 23:17:36',''),(133200,3,1,134814,2,875940174,'2018-09-05 02:20:20',''),(133201,3,3,134815,131,1123631504,'2018-09-05 03:12:09',''),(133202,3,1,134816,2,1542483201,'2018-09-05 04:01:02',''),(133203,3,7,134817,1,1542483201,'2018-09-05 04:27:50',''),(133204,3,1,134818,1,3110361038,'2018-09-05 05:44:48',''),(133205,3,1,134819,2,2513610642,'2018-09-05 06:24:14',''),(133206,3,1,134820,2,2513610642,'2018-09-05 06:24:44',''),(133207,3,1,134821,2,2513610642,'2018-09-05 06:24:55',''),(133208,3,1,134822,2,2513610642,'2018-09-05 06:25:15',''),(133209,3,1,134823,2,2513610642,'2018-09-05 06:25:56',''),(133210,3,1,134824,2,2513610642,'2018-09-05 06:26:01',''),(133211,3,1,134825,2,2513610642,'2018-09-05 06:26:02',''),(133212,3,1,134826,2,2513610642,'2018-09-05 06:26:42',''),(133213,3,1,134827,1,3639886582,'2018-09-05 06:32:55',''),(133214,3,1,134828,1,3024883594,'2018-09-05 06:44:31',''),(133215,3,1,134829,2,1600959820,'2018-09-05 07:12:24',''),(133216,3,3,134830,40,1123631504,'2018-09-05 09:35:49',''),(133217,3,1,134831,3,1123631504,'2018-09-05 13:21:49',''),(133218,3,1,134832,3,676177753,'2018-09-05 13:45:41',''),(133219,3,1,134833,10,3024883613,'2018-09-05 14:20:14',''),(133220,3,1,134834,2,1123631502,'2018-09-05 15:07:40',''),(133221,3,1,134835,2,1600959820,'2018-09-05 15:11:13',''),(133222,3,6,134836,114,1123631502,'2018-09-05 15:51:27',''),(133223,3,1,134837,2,1123633429,'2018-09-05 17:37:24',''),(133224,3,1,134838,2,1332615645,'2018-09-05 17:37:49',''),(133225,3,1,134839,2,2745959577,'2018-09-05 17:50:58',''),(133226,3,1,134840,2,1123633432,'2018-09-05 19:58:13',''),(133227,3,3,134841,132,1123633429,'2018-09-05 20:53:21',''),(133228,3,1,134842,2,221899107,'2018-09-05 21:12:43',''),(133229,3,1,134843,2,1123633432,'2018-09-05 21:14:54',''),(133230,3,1,134844,1,1123633429,'2018-09-05 21:44:56',''),(133231,3,1,134845,2,1123633431,'2018-09-05 21:54:43',''),(133232,3,1,134846,2,3024883471,'2018-09-05 23:37:32',''),(133233,3,1,134847,2,1123633432,'2018-09-06 00:29:06',''),(133234,3,1,134848,3,2366148109,'2018-09-06 01:48:47',''),(133235,3,1,134849,2,2919005983,'2018-09-06 02:41:38',''),(133236,3,1,134850,2,1123633421,'2018-09-06 03:09:06',''),(133237,3,1,134851,2,1542483201,'2018-09-06 03:51:01',''),(133238,3,7,134852,1,1542483201,'2018-09-06 04:29:07',''),(133239,3,3,134853,19,1123633417,'2018-09-06 04:35:38',''),(133240,3,1,134854,2,1123633417,'2018-09-06 05:19:53',''),(133241,3,3,134855,81,1123633419,'2018-09-06 06:50:06',''),(133242,3,1,134856,2,3050707695,'2018-09-06 07:18:30',''),(133243,3,1,134857,2,1295552597,'2018-09-06 08:06:06','https://www.google.ch/'),(133244,3,1,134858,2,1123633419,'2018-09-06 10:53:18',''),(133245,3,1,134859,2,2328193043,'2018-09-06 11:26:20',''),(133246,3,1,134860,2,1486198697,'2018-09-06 11:48:02',''),(133247,3,1,134861,2,1123633417,'2018-09-06 11:53:17',''),(133248,3,1,134862,2,1486198697,'2018-09-06 11:53:48',''),(133249,3,1,5,2,1486198697,'2018-09-06 11:55:48',''),(133250,3,1,134863,2,3644455603,'2018-09-06 12:09:25',''),(133251,3,1,134864,3,2366148109,'2018-09-06 12:32:03',''),(133252,3,1,134865,1,1123633421,'2018-09-06 13:11:35',''),(133253,3,1,134866,2,3024883619,'2018-09-06 13:32:23',''),(133254,3,1,134868,2,1123633419,'2018-09-06 14:13:17',''),(133255,3,6,134869,34,1561681173,'2018-09-06 14:31:44','https://www.google.com/'),(133256,3,1,134870,2,2996488219,'2018-09-06 14:35:03',''),(133257,3,1,134871,2,1600959820,'2018-09-06 14:35:10',''),(133258,3,1,134872,2,1123633419,'2018-09-06 16:13:17',''),(133259,3,1,134873,2,1123633417,'2018-09-06 16:33:18',''),(133260,3,3,134874,133,1123633421,'2018-09-06 17:05:39',''),(133261,3,1,134875,2,1123633421,'2018-09-06 18:33:17',''),(133262,3,1,134876,2,1123633417,'2018-09-06 19:33:17',''),(133263,3,1,134877,2,919627301,'2018-09-06 19:50:58',''),(133264,3,1,134878,2,1123631526,'2018-09-06 20:13:17',''),(133265,3,1,134879,2,1123631526,'2018-09-06 21:13:17',''),(133266,3,3,134880,2,1123631525,'2018-09-06 21:53:16',''),(133267,3,3,134882,1,1123631522,'2018-09-06 21:53:46',''),(133268,3,3,134884,1,1123631526,'2018-09-06 21:54:07',''),(133269,3,1,134885,2,1123631526,'2018-09-06 22:33:17',''),(133270,3,1,134886,2,1123631522,'2018-09-06 22:53:17',''),(133271,3,1,134887,2,3651178172,'2018-09-07 00:27:58',''),(133272,3,1,134888,2,3651178172,'2018-09-07 00:27:59',''),(133273,3,1,134889,2,3651178172,'2018-09-07 00:27:59',''),(133274,3,1,134890,2,3651178172,'2018-09-07 00:27:59',''),(133275,3,1,134891,2,3651178172,'2018-09-07 00:27:59',''),(133276,3,1,134892,2,3651178172,'2018-09-07 00:27:59',''),(133277,3,1,134893,2,3651178172,'2018-09-07 00:28:00',''),(133278,3,1,134894,2,1123631525,'2018-09-07 00:33:16',''),(133279,3,1,134895,2,1123631522,'2018-09-07 00:53:17',''),(133280,3,1,134897,1,1123631526,'2018-09-07 01:22:45',''),(133281,3,3,134899,35,1123631522,'2018-09-07 02:04:55',''),(133282,3,1,134900,3,2366148109,'2018-09-07 02:12:26',''),(133283,3,1,134901,2,1123631526,'2018-09-07 02:53:17',''),(133284,3,1,134902,1,1123631522,'2018-09-07 03:09:32',''),(133285,3,1,134903,2,1123631525,'2018-09-07 03:53:17',''),(133286,3,1,134904,2,1542483201,'2018-09-07 04:01:07',''),(133287,3,7,134905,1,1542483201,'2018-09-07 04:30:50',''),(133288,3,1,134906,2,1123631525,'2018-09-07 04:33:17',''),(133289,3,1,134907,1,2366148109,'2018-09-07 05:19:50',''),(133290,3,1,134908,2,1123631525,'2018-09-07 05:33:17',''),(133291,3,1,134909,1,1123631522,'2018-09-07 05:44:40',''),(133292,3,1,134910,1,1600959820,'2018-09-07 06:19:11',''),(133293,3,1,134911,1,1123631522,'2018-09-07 06:53:16',''),(133294,3,1,134912,2,1123631525,'2018-09-07 07:15:05',''),(133295,3,1,134913,2,875940174,'2018-09-07 07:54:54',''),(133296,3,1,134914,2,3284751741,'2018-09-07 09:04:11',''),(133297,3,1,134915,2,1123631525,'2018-09-07 09:26:04',''),(133298,3,1,134916,1,2366148109,'2018-09-07 11:06:02',''),(133299,3,3,134917,82,1123631522,'2018-09-07 11:26:48',''),(133300,3,1,134918,3,3284751741,'2018-09-07 12:01:01',''),(133301,3,1,134919,2,3284751741,'2018-09-07 12:01:11',''),(133302,3,1,134920,2,3284751741,'2018-09-07 12:01:15',''),(133303,3,1,134921,12,3284751741,'2018-09-07 12:01:17',''),(133304,3,1,134922,10,3284751741,'2018-09-07 12:01:18',''),(133305,3,1,134923,11,3284751741,'2018-09-07 12:01:18',''),(133306,3,1,134924,9,3284751741,'2018-09-07 12:01:18',''),(133307,3,1,134925,2,3284751741,'2018-09-07 12:01:18',''),(133308,3,1,134926,3,3284751741,'2018-09-07 12:01:19',''),(133309,3,1,134927,3,3284751741,'2018-09-07 12:01:19',''),(133310,3,1,134928,2,3284751741,'2018-09-07 12:01:19',''),(133311,3,1,134929,1,3284751741,'2018-09-07 12:04:31',''),(133312,3,1,134930,1,3284751741,'2018-09-07 12:04:36',''),(133313,3,1,134931,13,3284751741,'2018-09-07 12:04:41',''),(133314,3,1,134932,1,3284751741,'2018-09-07 12:04:46',''),(133315,3,4,134933,2,3284751741,'2018-09-07 12:06:19',''),(133316,3,6,134934,2,3284751741,'2018-09-07 12:06:22',''),(133317,3,3,134935,2,3284751741,'2018-09-07 12:06:23',''),(133318,3,7,134936,2,3284751741,'2018-09-07 12:06:24',''),(133319,3,5,134937,2,3284751741,'2018-09-07 12:06:24',''),(133320,3,1,134938,2,2366148261,'2018-09-07 12:06:32',''),(133321,3,1,134939,2,633010330,'2018-09-07 12:11:47',''),(133322,3,1,134940,3,1123631522,'2018-09-07 12:33:05',''),(133323,3,1,134941,3,1123631526,'2018-09-07 13:03:21',''),(133324,3,1,134942,3,1123631525,'2018-09-07 13:34:45',''),(133325,3,1,134943,2,2997758930,'2018-09-07 15:56:45',''),(133326,3,1,134944,2,1123631525,'2018-09-07 16:17:36',''),(133327,3,1,134945,2,856637227,'2018-09-07 16:33:49',''),(133328,3,1,134946,3,1123631526,'2018-09-07 18:57:30',''),(133329,3,1,134947,11,2637637618,'2018-09-07 19:43:16',''),(133330,3,1,134948,12,2637637441,'2018-09-07 19:49:32',''),(133331,3,1,134949,12,3284751741,'2018-09-07 19:53:52',''),(133332,3,1,134950,3,3284751741,'2018-09-07 19:53:58',''),(133333,3,1,134951,3,3284751741,'2018-09-07 19:54:02',''),(133334,3,1,134952,10,3284751741,'2018-09-07 19:54:04',''),(133335,3,1,134953,3,3284751741,'2018-09-07 19:54:05',''),(133336,3,1,134954,11,3284751741,'2018-09-07 19:54:05',''),(133337,3,1,134955,9,3284751741,'2018-09-07 19:54:06',''),(133338,3,1,134956,10,3284751741,'2018-09-07 19:54:06',''),(133339,3,1,134957,9,3284751741,'2018-09-07 19:54:07',''),(133340,3,1,134958,10,3284751741,'2018-09-07 19:54:07',''),(133341,3,1,134959,11,3284751741,'2018-09-07 19:54:07',''),(133342,3,1,134960,11,3284751741,'2018-09-07 19:54:08',''),(133343,3,1,134961,9,3284751741,'2018-09-07 19:54:08',''),(133344,3,1,134962,14,3284751741,'2018-09-07 19:54:08',''),(133345,3,1,134963,3,3284751741,'2018-09-07 19:54:08',''),(133346,3,1,134964,12,3284751741,'2018-09-07 19:54:09',''),(133347,3,1,134965,3,3284751741,'2018-09-07 19:54:09',''),(133348,3,1,134966,12,3284751741,'2018-09-07 19:54:09',''),(133349,3,1,134967,3,3284751741,'2018-09-07 19:54:09',''),(133350,3,1,134968,3,3284751741,'2018-09-07 19:54:09',''),(133351,3,1,134969,3,3284751741,'2018-09-07 19:54:09',''),(133352,3,1,134970,3,3284751741,'2018-09-07 19:54:09',''),(133353,3,1,134971,1,3284751741,'2018-09-07 19:54:09',''),(133354,3,1,134972,1,3284751741,'2018-09-07 19:54:09',''),(133355,3,1,134973,1,3284751741,'2018-09-07 19:54:10',''),(133356,3,1,134974,1,3284751741,'2018-09-07 19:54:10',''),(133357,3,1,134975,1,3284751741,'2018-09-07 19:54:10',''),(133358,3,1,134976,13,3284751741,'2018-09-07 19:54:10',''),(133359,3,1,134977,13,3284751741,'2018-09-07 19:54:10',''),(133360,3,1,134978,13,3284751741,'2018-09-07 19:54:10',''),(133361,3,1,134979,135,3284751741,'2018-09-07 19:54:10',''),(133362,3,1,134980,13,3284751741,'2018-09-07 19:54:11',''),(133363,3,1,134981,13,3284751741,'2018-09-07 19:54:11',''),(133364,3,4,134982,9,3284751741,'2018-09-07 19:54:11',''),(133365,3,4,134983,46,3284751741,'2018-09-07 19:54:11',''),(133366,3,4,134984,3,3284751741,'2018-09-07 19:54:11',''),(133367,3,4,134985,50,3284751741,'2018-09-07 19:54:11',''),(133368,3,4,134986,2,3284751741,'2018-09-07 19:54:12',''),(133369,3,4,134987,10,3284751741,'2018-09-07 19:54:12',''),(133370,3,4,134988,11,3284751741,'2018-09-07 19:54:12',''),(133371,3,4,134989,2,3284751741,'2018-09-07 19:54:12',''),(133372,3,4,134990,2,3284751741,'2018-09-07 19:54:12',''),(133373,3,4,134991,3,3284751741,'2018-09-07 19:54:12',''),(133374,3,4,134992,48,3284751741,'2018-09-07 19:54:12',''),(133375,3,4,134993,3,3284751741,'2018-09-07 19:54:13',''),(133376,3,4,134994,54,3284751741,'2018-09-07 19:54:13',''),(133377,3,4,134995,53,3284751741,'2018-09-07 19:54:13',''),(133378,3,4,134996,52,3284751741,'2018-09-07 19:54:13',''),(133379,3,4,134997,2,3284751741,'2018-09-07 19:54:13',''),(133380,3,4,134998,49,3284751741,'2018-09-07 19:54:13',''),(133381,3,4,134999,45,3284751741,'2018-09-07 19:54:14',''),(133382,3,4,135000,12,3284751741,'2018-09-07 19:54:14',''),(133383,3,4,135001,47,3284751741,'2018-09-07 19:54:14',''),(133384,3,6,135002,34,3284751741,'2018-09-07 19:54:14',''),(133385,3,6,135003,12,3284751741,'2018-09-07 19:54:15',''),(133386,3,6,135004,127,3284751741,'2018-09-07 19:54:15',''),(133387,3,6,135005,114,3284751741,'2018-09-07 19:54:15',''),(133388,3,6,135006,3,3284751741,'2018-09-07 19:54:15',''),(133389,3,6,135007,11,3284751741,'2018-09-07 19:54:15',''),(133390,3,1,135008,1,3284751741,'2018-09-07 19:54:46',''),(133391,3,1,135009,1,3284751741,'2018-09-07 19:54:46',''),(133392,3,1,135010,1,3284751741,'2018-09-07 19:54:46',''),(133393,3,1,135011,1,3284751741,'2018-09-07 19:54:47',''),(133394,3,1,135012,13,3284751741,'2018-09-07 19:54:48',''),(133395,3,1,135013,1,3284751741,'2018-09-07 19:54:48',''),(133396,3,1,135014,1,3284751741,'2018-09-07 19:54:48',''),(133397,3,1,135015,13,3284751741,'2018-09-07 19:54:49',''),(133398,3,1,135016,1,3284751741,'2018-09-07 19:54:50',''),(133399,3,1,135017,1,3284751741,'2018-09-07 19:54:50',''),(133400,3,1,135018,13,3284751741,'2018-09-07 19:54:50',''),(133401,3,1,135019,1,3284751741,'2018-09-07 19:55:41',''),(133402,3,4,135020,1,3284751741,'2018-09-07 19:55:41',''),(133403,3,4,135021,1,3284751741,'2018-09-07 19:55:42',''),(133404,3,4,135022,13,3284751741,'2018-09-07 19:55:42',''),(133405,3,4,135023,1,3284751741,'2018-09-07 19:55:42',''),(133406,3,4,135024,1,3284751741,'2018-09-07 19:55:42',''),(133407,3,6,135025,1,3284751741,'2018-09-07 19:55:43',''),(133408,3,6,135026,1,3284751741,'2018-09-07 19:55:43',''),(133409,3,1,135027,2,1600959820,'2018-09-07 20:04:45',''),(133410,3,3,135028,91,1123631525,'2018-09-07 20:15:09',''),(133411,3,1,135029,1,2366148223,'2018-09-07 20:35:12',''),(133412,3,1,135030,2,2637637618,'2018-09-07 22:00:11',''),(133413,3,1,135031,2,1123631522,'2018-09-07 22:09:16',''),(133414,3,1,135032,10,2637637536,'2018-09-07 22:30:31',''),(133415,3,1,135033,14,2637637536,'2018-09-07 23:45:08',''),(133416,3,1,135034,2,1123631526,'2018-09-07 23:49:50',''),(133417,3,1,135035,1,2264501528,'2018-09-07 23:53:00',''),(133418,3,1,135036,2,3118228781,'2018-09-08 01:22:31',''),(133419,3,1,135037,2,2953470920,'2018-09-08 01:23:43',''),(133420,3,1,135038,2,3475901843,'2018-09-08 01:28:07',''),(133421,3,1,135039,9,2637637618,'2018-09-08 03:11:46',''),(133422,3,1,135040,14,2637637618,'2018-09-08 03:14:42',''),(133423,3,1,135041,9,2637637441,'2018-09-08 03:38:04',''),(133424,3,1,135042,12,2637637441,'2018-09-08 03:40:56',''),(133425,3,1,135043,2,1542483201,'2018-09-08 03:56:25',''),(133426,3,1,135044,2,1123085431,'2018-09-08 03:57:53',''),(133427,3,1,135045,10,2637637441,'2018-09-08 04:01:04',''),(133428,3,1,135046,2,624025816,'2018-09-08 04:02:48',''),(133429,3,7,135047,1,1542483201,'2018-09-08 04:24:41',''),(133430,3,1,135048,11,3475901843,'2018-09-08 05:13:20',''),(133431,3,1,135049,2,2313318682,'2018-09-08 05:27:21',''),(133432,3,1,135050,1,3475901843,'2018-09-08 06:12:15',''),(133433,3,1,135051,12,2637637618,'2018-09-08 06:18:49',''),(133434,3,1,135052,2,2637637618,'2018-09-08 07:15:40',''),(133435,3,1,135053,2,3269893099,'2018-09-08 07:54:46',''),(133436,3,1,135054,2,3269893099,'2018-09-08 07:55:43',''),(133437,3,1,135055,2,1414042605,'2018-09-08 07:56:24',''),(133438,3,1,135056,9,1414042605,'2018-09-08 07:57:51',''),(133439,3,1,135057,2,2996488219,'2018-09-08 09:51:10',''),(133440,3,1,135058,1,2637637405,'2018-09-08 11:02:00',''),(133441,3,3,135059,73,1123631525,'2018-09-08 12:08:29',''),(133442,3,1,135060,1,1350185270,'2018-09-08 13:02:30',''),(133443,3,1,135061,9,2637637441,'2018-09-08 13:45:59',''),(133444,3,3,135062,96,1123631525,'2018-09-08 14:12:33',''),(133445,3,1,135063,3,1123631522,'2018-09-08 14:54:03',''),(133446,3,1,135064,2,221899107,'2018-09-08 15:08:57',''),(133447,3,1,135065,2,1123631522,'2018-09-08 15:25:06',''),(133448,3,1,135066,3,1123631525,'2018-09-08 15:32:25',''),(133449,3,7,135067,17,1123631525,'2018-09-08 17:10:22',''),(133450,3,1,135068,2,1600959820,'2018-09-08 19:26:43',''),(133451,3,1,135069,12,2637637618,'2018-09-08 21:52:04',''),(133452,3,1,135070,2,2996488219,'2018-09-08 21:55:32',''),(133453,3,1,135071,10,2637637441,'2018-09-08 22:20:12',''),(133454,3,1,135072,2,2366148109,'2018-09-08 22:28:33',''),(133455,3,1,135073,12,2637637441,'2018-09-08 23:16:30',''),(133456,3,3,135074,16,1123631522,'2018-09-08 23:25:07',''),(133457,3,1,135075,11,2637637405,'2018-09-09 00:40:05',''),(133458,3,1,135076,2,387684620,'2018-09-09 00:57:15',''),(133459,3,1,135077,2,633026636,'2018-09-09 02:08:31',''),(133460,3,1,135078,2,2388507606,'2018-09-09 02:09:09',''),(133461,3,1,135079,1,2388507606,'2018-09-09 02:09:26',''),(133462,3,1,135080,3,2388507606,'2018-09-09 02:09:29',''),(133463,3,1,135081,10,2388507606,'2018-09-09 02:09:29',''),(133464,3,1,135082,12,2388507606,'2018-09-09 02:09:29',''),(133465,3,1,135083,13,2388507606,'2018-09-09 02:09:29',''),(133466,3,1,135084,2,2388507606,'2018-09-09 02:09:29',''),(133467,3,1,135085,2,2388507606,'2018-09-09 02:09:30',''),(133468,3,1,135086,2,2388507606,'2018-09-09 02:09:30',''),(133469,3,1,135087,2,2388507606,'2018-09-09 02:09:30',''),(133470,3,5,135088,2,2388507606,'2018-09-09 02:09:31',''),(133471,3,3,135089,2,2388507606,'2018-09-09 02:09:31',''),(133472,3,7,135090,2,2388507606,'2018-09-09 02:09:31',''),(133473,3,6,135091,2,2388507606,'2018-09-09 02:09:31',''),(133474,3,4,135092,2,2388507606,'2018-09-09 02:09:31',''),(133475,3,1,135093,1,2388507606,'2018-09-09 02:09:31',''),(133476,3,1,135094,1,2388507606,'2018-09-09 02:09:31',''),(133477,3,1,135095,11,2388507606,'2018-09-09 02:09:32',''),(133478,3,1,135096,9,2388507606,'2018-09-09 02:09:32',''),(133479,3,1,135097,1,2388507606,'2018-09-09 02:09:32',''),(133480,3,1,135098,3,2388507606,'2018-09-09 02:09:33',''),(133481,3,1,135099,3,2388507606,'2018-09-09 02:09:33',''),(133482,3,1,135100,2,1123631525,'2018-09-09 02:19:04',''),(133483,3,1,135101,2,3475901759,'2018-09-09 03:48:27',''),(133484,3,1,135102,2,1542483201,'2018-09-09 04:07:18',''),(133485,3,1,135103,2,3644862197,'2018-09-09 04:12:53',''),(133486,3,7,135104,1,1542483201,'2018-09-09 04:38:01',''),(133487,3,1,135105,2,1049437676,'2018-09-09 05:24:44',''),(133488,3,1,135106,14,3475901759,'2018-09-09 05:28:45',''),(133489,3,1,135107,9,3475901759,'2018-09-09 05:41:22',''),(133490,3,1,135108,2,3475901759,'2018-09-09 06:13:24',''),(133491,3,1,135109,2,3475901759,'2018-09-09 06:15:21',''),(133492,3,1,135110,2,1600959820,'2018-09-09 06:19:23',''),(133493,3,3,135111,99,1123631526,'2018-09-09 06:43:14',''),(133494,3,1,135112,1,2637637543,'2018-09-09 07:17:14',''),(133495,3,1,135113,2,875940174,'2018-09-09 08:53:22',''),(133496,3,1,135114,3,1123631526,'2018-09-09 10:05:25',''),(133497,3,1,135115,2,2745959577,'2018-09-09 10:40:03',''),(133498,3,1,135116,9,3475901759,'2018-09-09 13:24:38',''),(133499,3,1,135117,9,3475901759,'2018-09-09 13:51:18',''),(133500,3,1,135118,2,3475901831,'2018-09-09 14:28:48',''),(133501,3,1,135119,2,2313318683,'2018-09-09 15:16:10',''),(133502,3,1,135120,2,636053362,'2018-09-09 15:40:34',''),(133503,3,1,135121,2,3468496792,'2018-09-09 16:16:42',''),(133504,3,1,135122,2,2996488219,'2018-09-09 16:25:03',''),(133505,3,1,135123,2,3118228736,'2018-09-09 17:31:41',''),(133506,3,1,135124,2,3475901759,'2018-09-09 20:05:58',''),(133507,3,1,135125,2,3475901759,'2018-09-09 20:14:41',''),(133508,3,6,135126,115,1123631522,'2018-09-09 20:33:19',''),(133509,3,3,135127,88,1123631526,'2018-09-09 20:34:49',''),(133510,3,1,135128,3,1123631522,'2018-09-09 21:48:12',''),(133511,3,1,135129,2,3115782498,'2018-09-09 22:00:55','https://www.google.com/'),(133512,3,1,135130,2,1123631522,'2018-09-09 23:14:49',''),(133513,3,1,135131,2,2366148109,'2018-09-09 23:52:09',''),(133514,3,1,135132,2,2996488219,'2018-09-10 00:00:57',''),(133515,3,1,135133,2,3093229660,'2018-09-10 01:11:27',''),(133516,3,1,135134,2,758636986,'2018-09-10 01:28:24',''),(133517,3,1,135135,2,3468494848,'2018-09-10 03:46:26',''),(133518,3,1,135136,2,1542483201,'2018-09-10 04:03:21',''),(133519,3,7,135137,1,1542483201,'2018-09-10 04:32:48',''),(133520,3,1,135138,2,2637637415,'2018-09-10 05:00:25',''),(133521,3,1,135139,2,2313318684,'2018-09-10 09:33:48',''),(133522,3,1,135140,2,2996488219,'2018-09-10 09:56:43',''),(133523,3,1,135141,11,2637637584,'2018-09-10 11:00:03',''),(133524,3,1,135142,2,1562901684,'2018-09-10 12:04:32',''),(133525,3,1,135143,2,3573749106,'2018-09-10 12:37:34',''),(133526,3,1,135144,2,2385307750,'2018-09-10 12:52:14',''),(133527,3,1,135145,1,2366148109,'2018-09-10 13:13:33',''),(133528,3,1,135146,2,2637637415,'2018-09-10 13:33:20',''),(133529,3,1,135147,2,1123631522,'2018-09-10 21:07:09',''),(133530,3,1,135148,2,3169898522,'2018-09-10 21:09:30',''),(133531,3,1,135149,1,2366148109,'2018-09-10 21:25:27',''),(133532,3,1,135150,2,2996488219,'2018-09-10 21:49:15',''),(133533,3,3,135151,41,1123631525,'2018-09-10 22:09:37',''),(133534,3,1,135152,2,1423891756,'2018-09-10 23:19:06','https://www.google.it/'),(133535,3,1,135153,2,2655386851,'2018-09-11 00:54:51',''),(133536,3,1,135154,2,1600959820,'2018-09-11 01:15:59',''),(133537,3,1,135155,2,1542483201,'2018-09-11 04:01:46',''),(133538,3,7,135156,1,1542483201,'2018-09-11 04:27:04',''),(133539,3,1,135157,2,1508525137,'2018-09-11 04:35:33',''),(133540,3,1,135158,9,1508525137,'2018-09-11 04:35:52',''),(133541,3,1,135159,1,1508525137,'2018-09-11 04:35:59',''),(133542,3,1,135160,2,1508525137,'2018-09-11 04:36:06',''),(133543,3,1,135161,2,1508525137,'2018-09-11 04:36:22',''),(133544,3,1,135162,2,1508525137,'2018-09-11 04:36:31',''),(133545,3,1,135163,3,2366148109,'2018-09-11 07:19:31',''),(133546,3,1,135164,1,2996488219,'2018-09-11 08:15:23',''),(133547,3,1,135165,2,2996488219,'2018-09-11 09:03:45',''),(133548,3,1,135166,3,1600959820,'2018-09-11 09:31:10',''),(133549,3,1,135167,14,2637637415,'2018-09-11 10:24:08',''),(133550,3,1,135168,2,915931175,'2018-09-11 10:27:46',''),(133551,3,1,135169,3,2366148109,'2018-09-11 10:28:34',''),(133552,3,5,5,136,1486198697,'2018-09-11 10:30:05','https://www.paypal.com/webapps/hermes?flow=1-P&ulReturn=true&token=EC-8WX70042AB905602H&useraction=commit&country.x=IT&locale.x=it_IT'),(133553,3,1,135170,2,1759476578,'2018-09-11 11:02:10',''),(133554,3,4,135171,2,2637637461,'2018-09-11 12:40:42',''),(133555,3,1,135172,11,676177765,'2018-09-11 12:42:45',''),(133556,3,6,135173,120,1123631522,'2018-09-11 13:02:59',''),(133557,3,1,135174,2,875940174,'2018-09-11 13:51:36',''),(133558,3,1,135175,2,96731521,'2018-09-11 14:44:05',''),(133559,3,1,135176,2,1123631525,'2018-09-11 15:03:41',''),(133560,3,1,135177,2,2996488219,'2018-09-11 15:44:27',''),(133561,3,1,135178,11,2637637415,'2018-09-11 16:29:31',''),(133562,3,1,135179,2,1123631526,'2018-09-11 16:33:34',''),(133563,3,1,135180,2,2366148109,'2018-09-11 16:44:07',''),(133564,3,1,134857,2,1295552597,'2018-09-11 17:54:51','https://int.search.myway.com/search/GGmain.jhtml?n=7849a068&p2=%5EBSB%5Expt949%5ELMDEDE%5Ech&ptb=23C650AA-2C76-4DDC-AF2A-41ACF5D878F2&qs=&si=ret&ss=sub&st=tab&trs=wtt&tpr=sbt&enc=2&searchfor=VcmKzCj38s9MowOENK6c7pSSIzW7xTlTRksjrcirEIkksbUiog3JTZ7ZJbd_Nwt'),(133565,3,1,135181,2,1780937029,'2018-09-11 19:23:25',''),(133566,3,1,135182,2,1123631522,'2018-09-11 19:33:22',''),(133567,3,1,135183,2,1356587095,'2018-09-11 21:23:30','https://www.google.ch/'),(133568,3,1,135184,2,2313318683,'2018-09-11 21:32:11',''),(133569,3,1,135185,2,3650332977,'2018-09-11 23:00:38',''),(133570,3,1,135186,2,1123631526,'2018-09-12 00:42:28',''),(133571,3,4,135187,10,3475901887,'2018-09-12 02:13:26',''),(133572,3,4,135188,2,676177676,'2018-09-12 02:16:51',''),(133573,3,4,135189,10,676177676,'2018-09-12 02:16:51',''),(133574,3,4,135190,2,3475901784,'2018-09-12 02:21:54',''),(133575,3,4,135191,9,676177867,'2018-09-12 02:35:03',''),(133576,3,4,135192,12,676177867,'2018-09-12 02:35:03',''),(133577,3,4,135193,54,3475901883,'2018-09-12 02:35:07',''),(133578,3,4,135194,11,676177676,'2018-09-12 02:35:12',''),(133579,3,4,135195,53,676177676,'2018-09-12 02:35:12',''),(133580,3,4,135196,3,676177676,'2018-09-12 02:35:12',''),(133581,3,4,135197,47,676177673,'2018-09-12 02:35:27',''),(133582,3,4,135198,45,676177673,'2018-09-12 02:35:28',''),(133583,3,4,135199,1,676177673,'2018-09-12 02:35:28',''),(133584,3,4,135200,9,3475901784,'2018-09-12 02:36:51',''),(133585,3,4,135201,49,676177867,'2018-09-12 02:40:04',''),(133586,3,4,135202,1,3475901883,'2018-09-12 02:40:09',''),(133587,3,4,135203,1,3475901883,'2018-09-12 02:40:11',''),(133588,3,4,135204,1,676177673,'2018-09-12 02:40:14',''),(133589,3,4,135205,50,676177673,'2018-09-12 02:40:14',''),(133590,3,4,135206,3,676177673,'2018-09-12 02:40:14',''),(133591,3,4,135207,52,676177673,'2018-09-12 02:40:14',''),(133592,3,4,135208,3,676177676,'2018-09-12 02:40:18',''),(133593,3,4,135209,46,676177676,'2018-09-12 02:40:18',''),(133594,3,4,135210,48,676177673,'2018-09-12 02:40:23',''),(133595,3,4,135211,12,3475901784,'2018-09-12 02:41:52',''),(133596,3,4,135212,9,3475901883,'2018-09-12 02:45:06',''),(133597,3,4,135213,14,676177676,'2018-09-12 02:45:10',''),(133598,3,4,135214,9,676177676,'2018-09-12 02:45:11',''),(133599,3,4,135215,11,3475901784,'2018-09-12 03:06:01',''),(133600,3,4,135216,2,3475901887,'2018-09-12 03:06:14',''),(133601,3,1,135217,2,1123631525,'2018-09-12 03:11:39',''),(133602,3,4,135218,11,676177867,'2018-09-12 03:25:12',''),(133603,3,1,135219,2,1542483201,'2018-09-12 04:03:09',''),(133604,3,7,135220,1,1542483201,'2018-09-12 04:26:19',''),(133605,3,1,135221,2,2734115545,'2018-09-12 04:37:06',''),(133606,3,1,135222,2,221899107,'2018-09-12 04:38:55',''),(133607,3,1,135223,2,2266488206,'2018-09-12 05:03:17',''),(133608,3,1,135224,2,2266488206,'2018-09-12 05:03:20',''),(133609,3,1,135225,1,1600959820,'2018-09-12 06:20:22',''),(133610,3,1,135226,2,2987503118,'2018-09-12 07:05:00',''),(133611,3,1,135227,2,1123631526,'2018-09-12 07:43:00',''),(133612,3,1,135228,2,1123631526,'2018-09-12 08:23:19',''),(133613,3,1,135229,2,1123631522,'2018-09-12 09:23:02',''),(133614,3,1,135230,1,1123631526,'2018-09-12 09:32:48',''),(133615,3,1,135231,2,2745992391,'2018-09-12 10:00:24',''),(133616,3,1,135232,1,676177826,'2018-09-12 12:23:16',''),(133617,3,1,135233,2,3158117243,'2018-09-12 12:31:59','https://www.google.com/'),(133618,3,1,135234,2,1123631522,'2018-09-12 12:43:19',''),(133619,3,1,135235,2,3283092243,'2018-09-12 13:04:57',''),(133620,3,1,135236,2,2366148109,'2018-09-12 13:07:25',''),(133621,3,1,135237,2,1123631526,'2018-09-12 14:13:31',''),(133622,3,1,135238,2,2101835802,'2018-09-12 14:54:37',''),(133623,3,1,135239,2,2101835802,'2018-09-12 14:54:39',''),(133624,3,1,135240,1,2101835802,'2018-09-12 14:54:41',''),(133625,3,1,135241,2,2101835802,'2018-09-12 14:54:41',''),(133626,3,1,135242,2,2101835802,'2018-09-12 14:54:42',''),(133627,3,1,135243,2,2101835802,'2018-09-12 14:54:43',''),(133628,3,1,135244,2,2101835802,'2018-09-12 14:54:43',''),(133629,3,1,135245,2,2101835802,'2018-09-12 14:54:44',''),(133630,3,1,135246,2,2101835802,'2018-09-12 14:54:44',''),(133631,3,1,135247,2,2101835802,'2018-09-12 14:54:44',''),(133632,3,1,135248,2,2101835802,'2018-09-12 14:54:45',''),(133633,3,1,135249,2,2101835802,'2018-09-12 14:54:45',''),(133634,3,1,135250,2,2101835802,'2018-09-12 14:54:46',''),(133635,3,1,135251,13,2101835802,'2018-09-12 14:54:46',''),(133636,3,1,135252,13,2101835802,'2018-09-12 14:54:47',''),(133637,3,5,135253,2,2101835802,'2018-09-12 14:54:49',''),(133638,3,5,135254,2,2101835802,'2018-09-12 14:54:51',''),(133639,3,3,135255,2,2101835802,'2018-09-12 14:54:54',''),(133640,3,3,135256,2,2101835802,'2018-09-12 14:54:56',''),(133641,3,6,135257,2,2101835802,'2018-09-12 14:54:59',''),(133642,3,6,135258,2,2101835802,'2018-09-12 14:55:01',''),(133643,3,4,135259,2,2101835802,'2018-09-12 14:55:04',''),(133644,3,4,135260,2,2101835802,'2018-09-12 14:55:06',''),(133645,3,7,135261,2,2101835802,'2018-09-12 14:55:09',''),(133646,3,7,135262,2,2101835802,'2018-09-12 14:55:12',''),(133647,3,1,135263,1,2101835802,'2018-09-12 14:55:13',''),(133648,3,1,135264,1,2101835802,'2018-09-12 14:55:14',''),(133649,3,1,135265,1,2101835802,'2018-09-12 14:55:14',''),(133650,3,1,135266,1,2101835802,'2018-09-12 14:55:15',''),(133651,3,1,135267,11,2101835802,'2018-09-12 14:55:15',''),(133652,3,1,135268,11,2101835802,'2018-09-12 14:55:15',''),(133653,3,1,135269,12,2101835802,'2018-09-12 14:55:16',''),(133654,3,1,135270,12,2101835802,'2018-09-12 14:55:16',''),(133655,3,1,135271,9,2101835802,'2018-09-12 14:55:17',''),(133656,3,1,135272,9,2101835802,'2018-09-12 14:55:18',''),(133657,3,1,135273,3,2101835802,'2018-09-12 14:55:18',''),(133658,3,1,135274,3,2101835802,'2018-09-12 14:55:19',''),(133659,3,1,135275,10,2101835802,'2018-09-12 14:55:19',''),(133660,3,1,135276,10,2101835802,'2018-09-12 14:55:19',''),(133661,3,1,135277,3,2101835802,'2018-09-12 14:55:20',''),(133662,3,1,135278,3,2101835802,'2018-09-12 14:55:21',''),(133663,3,1,135279,3,2101835802,'2018-09-12 14:55:22',''),(133664,3,1,135280,3,2101835802,'2018-09-12 14:55:23',''),(133665,3,1,135281,2,2101835802,'2018-09-12 14:55:28',''),(133666,3,1,135282,2,2101835802,'2018-09-12 14:55:33',''),(133667,3,1,135283,11,2637637415,'2018-09-12 15:06:41',''),(133668,3,1,135284,2,1123631525,'2018-09-12 15:24:00',''),(133669,3,1,135285,10,676177826,'2018-09-12 15:56:02',''),(133670,3,1,135286,1,3523380836,'2018-09-12 16:08:59',''),(133671,3,1,135287,2,3523380836,'2018-09-12 16:09:00',''),(133672,3,1,135288,3,2366148109,'2018-09-12 16:11:24',''),(133673,3,4,135289,11,2637637386,'2018-09-12 16:33:01',''),(133674,3,1,5,2,522987010,'2018-09-12 16:47:33',''),(133675,3,1,135290,2,3252959044,'2018-09-12 16:52:47',''),(133676,3,4,135291,11,2637637386,'2018-09-12 16:53:30',''),(133677,3,1,135292,2,676177706,'2018-09-12 17:13:54',''),(133678,3,4,135293,14,2637637386,'2018-09-12 17:17:30',''),(133679,3,4,135294,12,2637637415,'2018-09-12 17:18:24',''),(133680,3,4,135295,10,676177706,'2018-09-12 17:25:17',''),(133681,3,4,135296,14,676177676,'2018-09-12 17:25:21',''),(133682,3,4,135297,12,676177706,'2018-09-12 17:27:17',''),(133683,3,6,135298,2,2637637415,'2018-09-12 17:29:34',''),(133684,3,4,135299,10,676177706,'2018-09-12 17:31:07',''),(133685,3,1,135300,2,2331442437,'2018-09-12 17:33:17',''),(133686,3,4,135301,2,2637637386,'2018-09-12 17:39:05',''),(133687,3,1,135302,2,3484921637,'2018-09-12 17:44:18','https://www.google.com/'),(133688,3,1,135303,2,1123631525,'2018-09-12 18:05:52',''),(133689,3,1,135304,10,676177706,'2018-09-12 18:31:14',''),(133690,3,1,135305,2,1123631522,'2018-09-12 19:57:04',''),(133691,3,1,135306,2,1123631526,'2018-09-12 20:37:34',''),(133692,3,1,135308,1,3252959044,'2018-09-12 21:52:30',''),(133693,3,4,135309,49,1323698236,'2018-09-12 22:21:36','https://r.search.yahoo.com/_ylt=AwrP4lERdJlbNyEAJtaJyiI5;_ylu=X3oDMTBydWZibG83BGNvbG8DaXIyBHBvcwM4BHZ0aWQDBHNlYwNzcg--/RV=2/RE=1536812178/RO=10/RU=https%3a%2f%2ftandg.quicklysa.ch%2fquercetti%2ffr%2fpixel-art%2f46-pixel-star-wars-9-0848-11600-chiodini/RK'),(133694,3,1,135310,2,1123631522,'2018-09-12 22:47:41',''),(133695,3,1,135311,2,2655384031,'2018-09-12 23:27:16',''),(133696,3,1,135312,2,1123631525,'2018-09-12 23:48:23',''),(133697,3,1,135313,2,1123631522,'2018-09-13 01:53:16',''),(133698,3,1,135314,2,1123631526,'2018-09-13 02:34:01',''),(133699,3,1,135315,2,2745959577,'2018-09-13 03:16:13',''),(133700,3,1,135316,2,1123631525,'2018-09-13 03:43:52',''),(133701,3,1,135317,2,1542483201,'2018-09-13 04:06:40',''),(133702,3,7,135318,1,1542483201,'2018-09-13 04:28:50',''),(133703,3,1,135319,2,1123631525,'2018-09-13 05:04:56',''),(133704,3,1,135320,2,1123631526,'2018-09-13 05:24:15',''),(133705,3,1,135321,2,1123631526,'2018-09-13 06:25:03',''),(133706,3,1,135322,2,2637637415,'2018-09-13 08:20:16',''),(133707,3,1,135323,2,1123631525,'2018-09-13 08:25:21',''),(133708,3,1,135324,2,1123631526,'2018-09-13 09:35:00',''),(133709,3,1,135325,2,2366148109,'2018-09-13 10:53:25',''),(133710,3,1,135326,2,1123631526,'2018-09-13 11:05:30',''),(133711,3,4,135327,14,2637637386,'2018-09-13 11:34:50',''),(133712,3,1,135328,2,1123631522,'2018-09-13 11:35:39',''),(133713,3,4,135329,52,676177867,'2018-09-13 11:48:17',''),(133714,3,4,135330,50,2637637569,'2018-09-13 11:48:23',''),(133715,3,1,135331,2,597242462,'2018-09-13 12:09:22',''),(133716,3,7,135332,2,1123631525,'2018-09-13 13:16:47',''),(133717,3,1,135333,2,2680899055,'2018-09-13 14:27:07',''),(133718,3,1,135334,2,1123631525,'2018-09-13 14:27:29',''),(133719,3,1,135335,2,1123631522,'2018-09-13 14:47:49',''),(133720,3,1,135336,2,676177706,'2018-09-13 15:39:38',''),(133721,3,1,135337,1,3252959044,'2018-09-13 16:09:37',''),(133722,3,1,135338,2,1123631525,'2018-09-13 16:48:07',''),(133723,3,1,135339,1,3252959044,'2018-09-13 16:53:31',''),(133724,3,1,135340,2,1123631522,'2018-09-13 17:08:00',''),(133725,3,1,135341,1,3252959044,'2018-09-13 17:27:13',''),(133726,3,1,135152,2,1423887340,'2018-09-13 17:34:29','https://www.google.it/'),(133727,3,1,135342,2,1123631525,'2018-09-13 18:18:23',''),(133728,3,1,135343,2,2999043237,'2018-09-13 18:19:34','https://www.google.com/'),(133729,3,1,135344,2,2534553321,'2018-09-13 18:21:49',''),(133730,3,1,135345,2,875940174,'2018-09-13 18:34:51',''),(133731,3,1,135346,2,1123631525,'2018-09-13 18:58:12',''),(133732,3,1,135347,2,2680906551,'2018-09-13 18:58:47',''),(133733,3,1,135348,1,2680906551,'2018-09-13 18:59:03',''),(133734,3,1,135349,10,2680906551,'2018-09-13 18:59:24',''),(133735,3,1,135350,12,2680906551,'2018-09-13 18:59:24',''),(133736,3,1,135351,3,2680906551,'2018-09-13 18:59:25',''),(133737,3,1,135352,2,2680906551,'2018-09-13 18:59:25',''),(133738,3,1,135353,13,2680906551,'2018-09-13 18:59:25',''),(133739,3,1,135354,2,2680906551,'2018-09-13 18:59:26',''),(133740,3,1,135355,2,2680906551,'2018-09-13 18:59:26',''),(133741,3,1,135356,2,2680906551,'2018-09-13 18:59:26',''),(133742,3,5,135357,2,2680906551,'2018-09-13 18:59:26',''),(133743,3,3,135358,2,2680906551,'2018-09-13 18:59:26',''),(133744,3,4,135359,2,2680906551,'2018-09-13 18:59:27',''),(133745,3,6,135360,2,2680906551,'2018-09-13 18:59:27',''),(133746,3,1,135361,1,2680906551,'2018-09-13 18:59:27',''),(133747,3,7,135362,2,2680906551,'2018-09-13 18:59:27',''),(133748,3,1,135363,11,2680906551,'2018-09-13 18:59:27',''),(133749,3,1,135364,1,2680906551,'2018-09-13 18:59:27',''),(133750,3,1,135365,1,2680906551,'2018-09-13 18:59:28',''),(133751,3,1,135366,9,2680906551,'2018-09-13 18:59:28',''),(133752,3,1,135367,3,2680906551,'2018-09-13 18:59:28',''),(133753,3,1,135368,3,2680906551,'2018-09-13 18:59:28',''),(133754,3,1,135369,2,1123631525,'2018-09-13 20:18:09',''),(133755,3,1,135370,2,1123633429,'2018-09-13 20:38:52',''),(133756,3,1,135371,2,1356562004,'2018-09-13 20:39:15',''),(133757,3,1,135372,2,1123633431,'2018-09-13 21:38:43',''),(133758,3,1,135373,2,1123633429,'2018-09-13 22:08:29',''),(133759,3,4,135374,14,2637637569,'2018-09-13 22:59:00',''),(133760,3,1,135375,2,1123633429,'2018-09-13 23:49:53',''),(133761,3,1,135376,2,1123633431,'2018-09-14 00:20:20',''),(133762,3,1,135377,2,3111985522,'2018-09-14 00:45:48',''),(133763,3,1,135378,2,1123633429,'2018-09-14 02:29:59',''),(133764,3,1,135379,2,1542483201,'2018-09-14 03:59:56',''),(133765,3,1,135380,1,2264501528,'2018-09-14 04:09:27',''),(133766,3,7,135381,1,1542483201,'2018-09-14 04:26:04',''),(133767,3,1,135382,2,1123633429,'2018-09-14 04:50:09',''),(133768,3,4,135383,10,1434723780,'2018-09-14 05:20:20',''),(133769,3,1,135384,2,1123633431,'2018-09-14 06:30:54',''),(133770,3,4,135385,52,676177706,'2018-09-14 06:52:26',''),(133771,3,1,135386,2,3024883615,'2018-09-14 06:55:04',''),(133772,3,7,135387,2,1123632486,'2018-09-14 06:59:09',''),(133773,3,1,135388,1,3024883597,'2018-09-14 07:28:22',''),(133774,3,1,135389,2,3024883462,'2018-09-14 09:02:46',''),(133775,3,5,135390,2,1123632486,'2018-09-14 10:19:19',''),(133776,3,1,135391,1,779525029,'2018-09-14 11:52:46',''),(133777,3,1,135392,1,779525029,'2018-09-14 11:52:47',''),(133778,3,1,135393,1,779525029,'2018-09-14 11:52:47',''),(133779,3,1,135394,9,2366148109,'2018-09-14 13:22:01',''),(133780,3,7,135395,2,1123632485,'2018-09-14 14:41:23',''),(133781,3,1,135396,1,3512394212,'2018-09-14 15:55:05',''),(133782,3,1,135397,2,585481681,'2018-09-14 17:54:40',''),(133783,3,1,135398,2,1090204921,'2018-09-14 19:43:21','https://www.google.com/'),(133784,3,1,135399,2,2996488219,'2018-09-14 20:01:09',''),(133785,3,1,135400,2,3237164339,'2018-09-14 21:27:59',''),(133786,3,1,135401,10,598413328,'2018-09-14 22:43:40',''),(133787,3,1,135402,2,3729373016,'2018-09-15 00:30:51',''),(133788,3,1,135403,2,3729373016,'2018-09-15 00:31:59',''),(133789,3,1,135404,2,221899107,'2018-09-15 01:50:31',''),(133790,3,1,135405,2,1542483201,'2018-09-15 04:04:26',''),(133791,3,7,135406,1,1542483201,'2018-09-15 04:35:51',''),(133792,3,1,135407,1,2366148109,'2018-09-15 05:16:38',''),(133793,3,1,135408,2,3024883601,'2018-09-15 08:16:16',''),(133794,3,1,135409,1,3024883606,'2018-09-15 08:49:35',''),(133795,3,1,135410,2,3024883463,'2018-09-15 09:22:57',''),(133796,3,1,135411,2,1600959820,'2018-09-15 10:18:17',''),(133797,3,1,135412,2,2637637611,'2018-09-15 12:11:43',''),(133798,3,1,135413,2,1123631237,'2018-09-15 12:53:32',''),(133799,3,1,135414,2,1123631238,'2018-09-15 14:47:08',''),(133800,3,1,135415,2,1782750631,'2018-09-15 15:02:08',''),(133801,3,1,135416,2,1782750631,'2018-09-15 15:02:09',''),(133802,3,1,135417,2,1782750631,'2018-09-15 15:02:09',''),(133803,3,1,135418,2,1782750631,'2018-09-15 15:02:20',''),(133804,3,1,135419,12,1782750631,'2018-09-15 15:02:46',''),(133805,3,1,135420,2,1782750631,'2018-09-15 15:02:55',''),(133806,3,1,135421,2,1782750631,'2018-09-15 15:03:05',''),(133807,3,1,135422,2,1123631238,'2018-09-15 15:24:59',''),(133808,3,1,135423,2,1123631238,'2018-09-15 16:02:53',''),(133809,3,3,135424,2,1123631238,'2018-09-15 16:42:31',''),(133810,3,1,135425,2,915559863,'2018-09-15 17:13:18',''),(133811,3,5,135426,2,1123631234,'2018-09-15 17:18:41',''),(133812,3,1,135427,2,2534709946,'2018-09-15 17:38:23',''),(133813,3,7,135428,2,1123631238,'2018-09-15 17:57:25',''),(133814,3,1,135429,2,224255093,'2018-09-15 18:13:57',''),(133815,3,4,135430,2,1123631237,'2018-09-15 18:34:28',''),(133816,3,1,135431,2,1508548094,'2018-09-15 18:59:17',''),(133817,3,6,135432,2,1123631238,'2018-09-15 19:12:33',''),(133818,3,1,135433,1,1123631237,'2018-09-15 19:28:18',''),(133819,3,1,135434,1,2996488219,'2018-09-15 19:32:23',''),(133820,3,1,135436,10,1123631238,'2018-09-15 20:32:48',''),(133821,3,1,135437,9,1123631237,'2018-09-15 21:07:34',''),(133822,3,1,135438,12,1123631234,'2018-09-15 21:43:53',''),(133823,3,1,135439,2,3169898522,'2018-09-15 21:46:44',''),(133824,3,1,135440,2,2448382491,'2018-09-15 21:56:50',''),(133825,3,1,135441,1,1123631237,'2018-09-15 22:22:45',''),(133826,3,1,135442,2,1600959820,'2018-09-15 22:52:17',''),(133827,3,1,135443,1,1123631234,'2018-09-15 22:59:41',''),(133828,3,1,135444,1,1123631238,'2018-09-15 23:37:40',''),(133829,3,1,135445,2,3024883469,'2018-09-15 23:51:54',''),(133830,3,1,135446,3,1123631234,'2018-09-16 00:15:27',''),(133831,3,1,135447,3,1123631237,'2018-09-16 00:53:21',''),(133832,3,1,135448,2,875940174,'2018-09-16 01:26:44',''),(133833,3,1,135449,3,1123631238,'2018-09-16 02:09:07',''),(133834,3,1,135450,1,1350185270,'2018-09-16 02:44:01',''),(133835,3,1,135451,2,2313318682,'2018-09-16 03:03:38',''),(133836,3,1,135452,2,1542483201,'2018-09-16 04:02:33',''),(133837,3,7,135453,1,1542483201,'2018-09-16 04:24:28',''),(133838,3,1,135454,11,1123631237,'2018-09-16 04:48:08',''),(133839,3,1,135455,2,2366148109,'2018-09-16 05:59:28',''),(133840,3,1,135456,2,1123631238,'2018-09-16 06:19:41',''),(133841,3,1,135458,2,858146176,'2018-09-16 06:44:08',''),(133842,3,1,135459,11,1123631238,'2018-09-16 07:13:23',''),(133843,3,1,135460,11,1123631238,'2018-09-16 07:50:09',''),(133844,3,1,135461,10,1123631238,'2018-09-16 08:28:10',''),(133845,3,6,135462,120,1123631237,'2018-09-16 08:29:51',''),(133846,3,1,135463,9,1123631234,'2018-09-16 09:18:16',''),(133847,3,1,135465,9,1123631238,'2018-09-16 10:23:15',''),(133848,3,1,135466,10,1123631234,'2018-09-16 10:59:37',''),(133849,3,1,135467,12,1123631234,'2018-09-16 11:38:24',''),(133850,3,1,135468,2,2637637611,'2018-09-16 12:14:49',''),(133851,3,1,135469,12,1123631237,'2018-09-16 12:15:25',''),(133852,3,1,135470,2,2999221721,'2018-09-16 12:32:27','https://www.google.com/'),(133853,3,1,135471,9,1123631234,'2018-09-16 12:53:18',''),(133854,3,3,135472,2,1123631238,'2018-09-16 13:33:25',''),(133855,3,1,135473,2,1123631237,'2018-09-16 13:34:52',''),(133856,3,1,135474,14,1123631237,'2018-09-16 14:09:04',''),(133857,3,3,135475,2,1123631238,'2018-09-16 14:48:49',''),(133858,3,3,135476,2,1123631234,'2018-09-16 15:24:51',''),(133859,3,1,135477,2,3024883468,'2018-09-16 15:29:36',''),(133860,3,1,135478,11,2637637439,'2018-09-16 15:33:16',''),(133861,3,1,135479,2,3164979420,'2018-09-16 15:46:45',''),(133862,3,5,135480,2,1123631238,'2018-09-16 16:03:19',''),(133863,3,1,135481,2,3024883594,'2018-09-16 16:36:15',''),(133864,3,5,135482,2,1123631237,'2018-09-16 16:43:25',''),(133865,3,7,135483,2,1123631234,'2018-09-16 17:18:32',''),(133866,3,4,135484,2,1123631234,'2018-09-16 18:03:28',''),(133867,3,1,135485,2,3258609466,'2018-09-16 18:25:59',''),(133868,3,1,135486,1,2366148109,'2018-09-16 18:28:53',''),(133869,3,6,135487,2,1123631237,'2018-09-16 18:34:20',''),(133870,3,1,135488,12,2637637387,'2018-09-16 19:15:11',''),(133871,3,1,135489,2,585886172,'2018-09-16 20:53:20',''),(133872,3,1,135490,2,1296585228,'2018-09-16 21:19:28',''),(133873,3,1,135491,2,1161474619,'2018-09-16 21:48:07',''),(133874,3,1,135492,12,1161474619,'2018-09-16 21:48:08',''),(133875,3,1,135493,3,1161474619,'2018-09-16 21:48:09',''),(133876,3,1,135494,2,2996488219,'2018-09-16 22:51:22',''),(133877,3,1,135495,2,3024883472,'2018-09-16 23:36:23',''),(133878,3,1,135496,2,1474938226,'2018-09-16 23:41:58',''),(133879,3,1,135497,14,2637637435,'2018-09-17 02:47:41',''),(133880,3,1,135498,2,2637637611,'2018-09-17 03:10:42',''),(133881,3,1,135499,2,633036374,'2018-09-17 03:19:38',''),(133882,3,1,135500,2,2313318682,'2018-09-17 03:23:40',''),(133883,3,1,135501,2,3118228998,'2018-09-17 03:35:54',''),(133884,3,1,135502,2,2996488219,'2018-09-17 03:37:19',''),(133885,3,1,135503,2,1542483201,'2018-09-17 04:01:25',''),(133886,3,7,135504,1,1542483201,'2018-09-17 04:33:21',''),(133887,3,1,135505,2,2783172558,'2018-09-17 05:32:15',''),(133888,3,1,135506,10,2637637387,'2018-09-17 07:28:22',''),(133889,3,1,135507,12,2637637387,'2018-09-17 07:47:10',''),(133890,3,1,135508,1,3024883596,'2018-09-17 08:23:59',''),(133891,3,1,135509,12,2637637611,'2018-09-17 08:29:31',''),(133892,3,1,135510,2,3024883483,'2018-09-17 08:57:22',''),(133893,3,1,135511,2,2487236684,'2018-09-17 13:24:35',''),(133894,3,1,135512,2,916481305,'2018-09-17 13:54:40',''),(133895,3,1,135513,2,2996488219,'2018-09-17 14:20:11',''),(133896,3,1,135514,2,3118228763,'2018-09-17 15:55:26',''),(133897,3,1,135515,2,3118228733,'2018-09-17 16:14:47',''),(133898,3,1,135516,2,1327498472,'2018-09-17 17:08:23','https://www.google.it/'),(133899,3,1,135517,9,2637637611,'2018-09-17 18:06:26',''),(133900,3,6,135518,11,1123631237,'2018-09-17 18:22:33',''),(133901,3,1,135519,2,2487236684,'2018-09-17 18:25:54',''),(133902,3,4,135520,54,3475901883,'2018-09-17 18:57:32',''),(133903,3,1,135521,3,2366148109,'2018-09-17 19:04:20',''),(133904,3,1,135522,1,2366158604,'2018-09-17 19:19:20',''),(133905,3,4,135523,2,1476059185,'2018-09-17 19:35:37',''),(133906,3,1,135524,12,2637637611,'2018-09-17 20:05:07',''),(133907,3,1,135525,2,1423818956,'2018-09-17 20:21:28','https://www.google.it/'),(133908,3,1,135526,12,2637637387,'2018-09-17 20:58:23',''),(133909,3,1,135527,10,2637637387,'2018-09-17 20:59:32',''),(133910,3,1,135528,2,221899107,'2018-09-17 22:32:01',''),(133911,3,1,135529,2,1432163574,'2018-09-17 22:37:27',''),(133912,3,1,135530,2,2637637611,'2018-09-17 23:00:24',''),(133913,3,1,135531,2,1873900836,'2018-09-17 23:15:46',''),(133914,3,1,135532,2,1873900836,'2018-09-17 23:17:06',''),(133915,3,1,135533,2,676177851,'2018-09-17 23:21:35',''),(133916,3,5,135534,2,3024883473,'2018-09-18 02:02:52',''),(133917,3,1,135535,2,1123631234,'2018-09-18 02:58:36',''),(133918,3,1,135536,2,2996488219,'2018-09-18 03:34:34',''),(133919,3,1,135537,2,2366148109,'2018-09-18 03:46:33',''),(133920,3,1,135538,2,1542483201,'2018-09-18 03:57:10',''),(133921,3,1,135539,2,2637637611,'2018-09-18 04:10:27',''),(133922,3,7,135540,1,1542483201,'2018-09-18 04:26:56',''),(133923,3,1,135541,1,676177851,'2018-09-18 05:09:43',''),(133924,3,1,135542,2,2870591769,'2018-09-18 07:02:38',''),(133925,3,1,135543,9,2637637387,'2018-09-18 07:17:28',''),(133926,3,1,135544,2,1123631238,'2018-09-18 07:41:18',''),(133927,3,1,135545,2,875940174,'2018-09-18 08:07:29',''),(133928,3,1,135546,2,1308079525,'2018-09-18 10:21:29',''),(133929,3,1,135547,2,3024883590,'2018-09-18 10:40:58',''),(133930,3,1,135548,2,3024883462,'2018-09-18 11:14:16',''),(133931,3,1,135549,2,1123631170,'2018-09-18 14:58:57',''),(133932,3,6,135550,11,1123631174,'2018-09-18 15:22:18',''),(133933,3,3,135551,2,676177714,'2018-09-18 15:52:03',''),(133934,3,6,135552,11,1123631234,'2018-09-18 16:00:11',''),(133935,3,1,135553,2,1035015235,'2018-09-18 16:10:53',''),(133936,3,1,135554,2,1035015235,'2018-09-18 16:12:07',''),(133937,3,1,135555,2,1123631238,'2018-09-18 16:31:27',''),(133938,3,1,135557,3,2996488219,'2018-09-18 16:38:06',''),(133939,3,1,135558,2,2388476346,'2018-09-18 16:43:11',''),(133940,3,1,135559,1,2388476346,'2018-09-18 16:43:29',''),(133941,3,1,135560,3,2388476346,'2018-09-18 16:43:34',''),(133942,3,1,135561,12,2388476346,'2018-09-18 16:43:34',''),(133943,3,1,135562,10,2388476346,'2018-09-18 16:43:34',''),(133944,3,1,135563,2,2388476346,'2018-09-18 16:43:34',''),(133945,3,1,135564,13,2388476346,'2018-09-18 16:43:34',''),(133946,3,1,135565,2,2388476346,'2018-09-18 16:43:35',''),(133947,3,1,135566,2,2388476346,'2018-09-18 16:43:35',''),(133948,3,1,135567,2,2388476346,'2018-09-18 16:43:35',''),(133949,3,3,135568,2,2388476346,'2018-09-18 16:43:35',''),(133950,3,5,135569,2,2388476346,'2018-09-18 16:43:35',''),(133951,3,6,135570,2,2388476346,'2018-09-18 16:43:36',''),(133952,3,4,135571,2,2388476346,'2018-09-18 16:43:36',''),(133953,3,7,135572,2,2388476346,'2018-09-18 16:43:36',''),(133954,3,1,135573,1,2388476346,'2018-09-18 16:43:36',''),(133955,3,1,135574,1,2388476346,'2018-09-18 16:43:36',''),(133956,3,1,135575,1,2388476346,'2018-09-18 16:43:37',''),(133957,3,1,135576,11,2388476346,'2018-09-18 16:43:37',''),(133958,3,1,135577,9,2388476346,'2018-09-18 16:43:37',''),(133959,3,1,135578,3,2388476346,'2018-09-18 16:43:38',''),(133960,3,1,135579,3,2388476346,'2018-09-18 16:43:38',''),(133961,3,1,135580,1,1123631234,'2018-09-18 16:49:44',''),(133962,3,1,135582,2,1123631237,'2018-09-18 17:50:04',''),(133963,3,1,135585,2,3024883591,'2018-09-18 18:20:56',''),(133964,3,1,135586,2,3114238230,'2018-09-18 18:39:51','https://mp4king.mobi'),(133965,3,6,135587,2,1123631238,'2018-09-18 19:47:45',''),(133966,3,1,135588,2,1123631237,'2018-09-18 20:10:14',''),(133967,3,6,135589,2,1123631238,'2018-09-18 21:03:18',''),(133968,3,1,135590,2,2996488219,'2018-09-18 21:25:38',''),(133969,3,1,135591,2,1795593973,'2018-09-18 21:49:00',''),(133970,3,1,135592,2,2809310815,'2018-09-18 21:50:59',''),(133971,3,1,135593,1,2809310815,'2018-09-18 21:51:02',''),(133972,3,1,135594,1,2809310815,'2018-09-18 21:51:18',''),(133973,3,1,135595,2,2809310815,'2018-09-18 21:51:19',''),(133974,3,3,135596,2,1123631234,'2018-09-18 23:10:45',''),(133975,3,1,135597,12,1123631262,'2018-09-19 00:03:14',''),(133976,3,6,135598,10,1123631237,'2018-09-19 00:12:45',''),(133977,3,1,135599,2,2996488219,'2018-09-19 00:49:57',''),(133978,3,1,135600,2,1123631238,'2018-09-19 00:54:40',''),(133979,3,1,135601,1,2637637611,'2018-09-19 01:05:42',''),(133980,3,1,135602,2,1123631237,'2018-09-19 02:14:27',''),(133981,3,1,135603,2,3024883598,'2018-09-19 02:17:02',''),(133982,3,1,135605,2,2870591821,'2018-09-19 03:14:11',''),(133983,3,1,135606,2,1542483201,'2018-09-19 04:02:33',''),(133984,3,1,135607,2,1123631234,'2018-09-19 04:20:28',''),(133985,3,1,135608,2,3284751640,'2018-09-19 04:22:30',''),(133986,3,7,135609,1,1542483201,'2018-09-19 04:35:01',''),(133987,3,6,135610,10,1123631237,'2018-09-19 04:42:48',''),(133988,3,1,135611,1,3475901920,'2018-09-19 04:50:45',''),(133989,3,1,135612,2,911987839,'2018-09-19 05:56:30',''),(133990,3,6,135613,10,1123631238,'2018-09-19 05:57:51',''),(133991,3,6,135614,9,1123631237,'2018-09-19 06:48:07',''),(133992,3,1,135615,9,2637637405,'2018-09-19 07:05:21',''),(133993,3,6,135616,12,1123631234,'2018-09-19 07:13:08',''),(133994,3,1,135617,2,1123631238,'2018-09-19 07:43:20',''),(133995,3,4,135619,2,1123631238,'2018-09-19 08:24:12',''),(133996,3,1,135620,2,1123631238,'2018-09-19 09:09:12',''),(133997,3,6,135621,12,1123631234,'2018-09-19 09:14:22',''),(133998,3,6,135622,9,1123631237,'2018-09-19 11:08:07',''),(133999,3,1,135623,10,1123631238,'2018-09-19 11:42:52',''),(134000,3,6,135624,10,1123631237,'2018-09-19 12:23:50',''),(134001,3,1,135625,2,1123631173,'2018-09-19 12:34:21',''),(134002,3,1,135626,2,3165001293,'2018-09-19 12:46:33',''),(134003,3,1,135628,2,3251232991,'2018-09-19 13:05:06',''),(134004,3,1,135629,2,1123631170,'2018-09-19 13:25:45',''),(134005,3,1,135630,2,3024883470,'2018-09-19 14:01:36',''),(134006,3,6,135631,9,1123631174,'2018-09-19 14:18:11',''),(134007,3,6,135632,12,1123631170,'2018-09-19 14:55:26',''),(134008,3,1,135633,2,1123631173,'2018-09-19 15:26:51',''),(134009,3,6,135634,113,1123631174,'2018-09-19 15:33:50',''),(134010,3,6,135635,14,1123631170,'2018-09-19 16:13:57',''),(134011,3,6,135636,113,1123631174,'2018-09-19 16:49:05',''),(134012,3,1,135637,2,1123631173,'2018-09-19 17:55:00',''),(134013,3,1,135638,2,1123631170,'2018-09-19 18:14:13',''),(134014,3,1,135639,2,1123631174,'2018-09-19 19:31:33',''),(134015,3,1,135640,2,1600959820,'2018-09-19 19:41:16',''),(134016,3,1,135641,2,1780937069,'2018-09-19 19:42:50',''),(134017,3,1,135642,2,3249261206,'2018-09-19 19:50:57',''),(134018,3,1,135643,2,2313318682,'2018-09-19 20:17:21',''),(134019,3,1,135644,2,3024883474,'2018-09-19 21:02:16',''),(134020,3,1,135645,2,1123631170,'2018-09-19 22:24:12',''),(134021,3,1,135646,2,1123631174,'2018-09-19 23:39:52',''),(134022,3,1,135647,2,1123631170,'2018-09-20 00:05:34',''),(134023,3,1,135648,2,1086216764,'2018-09-20 01:57:11',''),(134024,3,1,135649,2,1123631170,'2018-09-20 02:14:09',''),(134025,3,1,135650,2,786802826,'2018-09-20 02:21:45',''),(134026,3,1,135651,2,1123631174,'2018-09-20 02:39:52',''),(134027,3,1,135652,2,1123631173,'2018-09-20 03:00:10',''),(134028,3,1,135653,2,1123631173,'2018-09-20 03:57:00',''),(134029,3,1,135654,2,1542483201,'2018-09-20 04:11:31',''),(134030,3,1,135655,2,871092996,'2018-09-20 04:16:36','https://www.google.com/'),(134031,3,7,135656,1,1542483201,'2018-09-20 04:40:39',''),(134032,3,1,135657,2,1315772162,'2018-09-20 04:57:11',''),(134033,3,1,135658,2,1123631173,'2018-09-20 05:14:09',''),(134034,3,1,135659,2,1123631170,'2018-09-20 06:05:34',''),(134035,3,1,135660,2,1123631170,'2018-09-20 06:57:00',''),(134036,3,1,135661,2,1123631173,'2018-09-20 07:22:43',''),(134037,3,1,135662,11,3475901920,'2018-09-20 07:37:52',''),(134038,3,1,135663,2,3024883593,'2018-09-20 09:04:27',''),(134039,3,1,135664,9,2637637405,'2018-09-20 09:05:29',''),(134040,3,1,135665,2,2297632725,'2018-09-20 09:34:56',''),(134041,3,1,135666,2,786802830,'2018-09-20 09:39:19',''),(134042,3,1,135667,2,2337359231,'2018-09-20 09:42:22',''),(134043,3,4,135668,2,2637637405,'2018-09-20 10:13:22',''),(134044,3,1,135669,14,2637637611,'2018-09-20 10:22:25',''),(134045,3,6,135670,116,1123631174,'2018-09-20 10:30:04',''),(134046,3,6,135671,116,1123631174,'2018-09-20 11:08:30',''),(134047,3,6,135672,117,1123634947,'2018-09-20 11:47:53',''),(134048,3,1,135673,2,2297632725,'2018-09-20 11:58:48',''),(134049,3,1,135674,2,2297632725,'2018-09-20 11:58:58',''),(134050,3,1,135675,10,2297632725,'2018-09-20 11:59:00',''),(134051,3,1,135676,12,2297632725,'2018-09-20 11:59:03',''),(134052,3,1,135677,2,2297632725,'2018-09-20 11:59:03',''),(134053,3,1,135678,3,2297632725,'2018-09-20 11:59:04',''),(134054,3,1,135679,2,2297632725,'2018-09-20 11:59:04',''),(134055,3,1,135680,11,2297632725,'2018-09-20 11:59:04',''),(134056,3,1,135681,3,2297632725,'2018-09-20 11:59:05',''),(134057,3,1,135682,9,2297632725,'2018-09-20 11:59:06',''),(134058,3,1,135683,3,2297632725,'2018-09-20 11:59:06',''),(134059,3,1,135684,13,2297632725,'2018-09-20 11:59:44',''),(134060,3,1,135685,1,2297632725,'2018-09-20 11:59:44',''),(134061,3,1,135686,1,2297632725,'2018-09-20 11:59:45',''),(134062,3,1,135687,1,2297632725,'2018-09-20 11:59:47',''),(134063,3,7,135688,2,2297632725,'2018-09-20 12:00:23',''),(134064,3,6,135689,2,2297632725,'2018-09-20 12:00:23',''),(134065,3,5,135690,2,2297632725,'2018-09-20 12:00:24',''),(134066,3,4,135691,2,2297632725,'2018-09-20 12:00:24',''),(134067,3,3,135692,2,2297632725,'2018-09-20 12:00:24',''),(134068,3,6,135693,117,1123634947,'2018-09-20 12:23:44',''),(134069,3,1,135694,2,920692365,'2018-09-20 12:33:13',''),(134070,3,6,135696,105,1123634948,'2018-09-20 13:02:51',''),(134071,3,6,135697,109,1123634948,'2018-09-20 13:39:32',''),(134072,3,1,135698,2,875940174,'2018-09-20 13:57:31',''),(134073,3,1,135699,2,2783171225,'2018-09-20 14:09:37',''),(134074,3,6,135700,121,1123634950,'2018-09-20 14:17:41',''),(134075,3,6,135701,121,1123634947,'2018-09-20 14:55:19',''),(134076,3,1,135702,2,1515589718,'2018-09-20 15:03:20',''),(134077,3,1,135703,2,2637637611,'2018-09-20 15:04:51',''),(134078,3,1,135704,1,3512394211,'2018-09-20 15:57:20',''),(134079,3,1,135705,2,786802825,'2018-09-20 17:08:26',''),(134080,3,1,135706,2,1089906120,'2018-09-20 18:02:41',''),(134081,3,1,135707,2,3331300238,'2018-09-20 18:12:48',''),(134082,3,1,135708,2,221899107,'2018-09-20 19:50:18',''),(134083,3,1,135709,11,2297632725,'2018-09-20 20:36:20',''),(134084,3,1,135710,3,2297632725,'2018-09-20 20:36:25',''),(134085,3,1,135711,10,2297632725,'2018-09-20 20:36:28',''),(134086,3,1,135712,3,2297632725,'2018-09-20 20:36:29',''),(134087,3,1,135713,9,2297632725,'2018-09-20 20:36:30',''),(134088,3,1,135714,3,2297632725,'2018-09-20 20:36:31',''),(134089,3,1,135715,12,2297632725,'2018-09-20 20:36:31',''),(134090,3,1,135716,10,2297632725,'2018-09-20 20:36:31',''),(134091,3,1,135717,10,2297632725,'2018-09-20 20:36:31',''),(134092,3,1,135718,14,2297632725,'2018-09-20 20:36:31',''),(134093,3,1,135719,11,2297632725,'2018-09-20 20:36:31',''),(134094,3,1,135720,12,2297632725,'2018-09-20 20:36:32',''),(134095,3,1,135721,3,2297632725,'2018-09-20 20:36:32',''),(134096,3,1,135722,9,2297632725,'2018-09-20 20:36:32',''),(134097,3,1,135723,3,2297632725,'2018-09-20 20:36:32',''),(134098,3,1,135724,3,2297632725,'2018-09-20 20:36:32',''),(134099,3,1,135725,12,2297632725,'2018-09-20 20:36:32',''),(134100,3,1,135726,3,2297632725,'2018-09-20 20:36:32',''),(134101,3,1,135727,3,2297632725,'2018-09-20 20:36:32',''),(134102,3,1,135728,3,2297632725,'2018-09-20 20:36:32',''),(134103,3,1,135729,9,2297632725,'2018-09-20 20:36:33',''),(134104,3,1,135730,11,2297632725,'2018-09-20 20:36:33',''),(134105,3,1,135731,135,2297632725,'2018-09-20 20:36:33',''),(134106,3,1,135732,13,2297632725,'2018-09-20 20:36:33',''),(134107,3,1,135733,1,2297632725,'2018-09-20 20:36:33',''),(134108,3,1,135734,13,2297632725,'2018-09-20 20:36:33',''),(134109,3,1,135735,1,2297632725,'2018-09-20 20:36:33',''),(134110,3,1,135736,1,2297632725,'2018-09-20 20:36:34',''),(134111,3,1,135739,13,2297632725,'2018-09-20 20:36:34',''),(134112,3,1,135737,13,2297632725,'2018-09-20 20:36:34',''),(134113,3,1,135738,1,2297632725,'2018-09-20 20:36:34',''),(134114,3,1,135740,13,2297632725,'2018-09-20 20:36:34',''),(134115,3,1,135741,1,2297632725,'2018-09-20 20:36:34',''),(134116,3,7,135742,9,2297632725,'2018-09-20 20:36:35',''),(134117,3,6,135743,2,2297632725,'2018-09-20 20:36:35',''),(134118,3,6,135744,3,2297632725,'2018-09-20 20:36:36',''),(134119,3,7,135745,3,2297632725,'2018-09-20 20:36:36',''),(134120,3,7,135746,18,2297632725,'2018-09-20 20:36:36',''),(134121,3,7,135747,2,2297632725,'2018-09-20 20:36:36',''),(134122,3,7,135748,3,2297632725,'2018-09-20 20:36:36',''),(134123,3,6,135749,3,2297632725,'2018-09-20 20:36:37',''),(134124,3,7,135750,12,2297632725,'2018-09-20 20:36:37',''),(134125,3,7,135751,10,2297632725,'2018-09-20 20:36:37',''),(134126,3,7,135752,17,2297632725,'2018-09-20 20:36:37',''),(134127,3,7,135753,3,2297632725,'2018-09-20 20:36:37',''),(134128,3,6,135754,113,2297632725,'2018-09-20 20:36:37',''),(134129,3,6,135755,9,2297632725,'2018-09-20 20:36:37',''),(134130,3,6,135756,2,2297632725,'2018-09-20 20:36:38',''),(134131,3,6,135757,119,2297632725,'2018-09-20 20:36:38',''),(134132,3,6,135758,114,2297632725,'2018-09-20 20:36:38',''),(134133,3,6,135759,2,2297632725,'2018-09-20 20:36:38',''),(134134,3,6,135760,2,2297632725,'2018-09-20 20:36:38',''),(134135,3,7,135761,2,2297632725,'2018-09-20 20:36:38',''),(134136,3,7,135762,15,2297632725,'2018-09-20 20:36:39',''),(134137,3,7,135763,11,2297632725,'2018-09-20 20:36:39',''),(134138,3,6,135764,10,2297632725,'2018-09-20 20:36:39',''),(134139,3,7,135765,2,2297632725,'2018-09-20 20:36:39',''),(134140,3,7,135766,2,2297632725,'2018-09-20 20:36:39',''),(134141,3,6,135767,128,2297632725,'2018-09-20 20:36:39',''),(134142,3,6,135768,127,2297632725,'2018-09-20 20:36:39',''),(134143,3,1,135769,1,2297632725,'2018-09-20 20:38:00',''),(134144,3,1,135770,1,2297632725,'2018-09-20 20:38:05',''),(134145,3,1,135771,1,2297632725,'2018-09-20 20:38:10',''),(134146,3,1,135772,13,2297632725,'2018-09-20 20:38:15',''),(134147,3,1,135773,1,2297632725,'2018-09-20 20:39:23',''),(134148,3,1,135774,1,2297632725,'2018-09-20 20:39:26',''),(134149,3,1,135775,1,2297632725,'2018-09-20 20:39:28',''),(134150,3,1,135776,1,2297632725,'2018-09-20 20:39:31',''),(134151,3,1,135777,13,2297632725,'2018-09-20 20:39:33',''),(134152,3,1,135778,1,2297632725,'2018-09-20 20:39:36',''),(134153,3,1,135779,1,2297632725,'2018-09-20 20:39:37',''),(134154,3,1,135780,13,2297632725,'2018-09-20 20:39:38',''),(134155,3,7,135781,1,2297632725,'2018-09-20 20:39:40',''),(134156,3,7,135782,1,2297632725,'2018-09-20 20:39:40',''),(134157,3,7,135783,1,2297632725,'2018-09-20 20:39:41',''),(134158,3,6,135784,1,2297632725,'2018-09-20 20:39:42',''),(134159,3,6,135785,1,2297632725,'2018-09-20 20:39:42',''),(134160,3,7,135786,13,2297632725,'2018-09-20 20:39:43',''),(134161,3,1,135787,2,786802823,'2018-09-20 21:53:21',''),(134162,3,7,135788,2,2366158604,'2018-09-20 21:55:52',''),(134163,3,1,135789,9,3475901932,'2018-09-20 22:26:27',''),(134164,3,1,135790,10,2637637585,'2018-09-20 23:17:42',''),(134165,3,1,135791,2,2996488219,'2018-09-20 23:24:15',''),(134166,3,1,135792,2,2953470920,'2018-09-20 23:51:48',''),(134167,3,1,135793,2,1495218437,'2018-09-21 00:46:54',''),(134168,3,1,135794,14,3475901920,'2018-09-21 02:01:52',''),(134169,3,1,135795,2,2655383942,'2018-09-21 02:04:57',''),(134170,3,1,135796,2,2655383942,'2018-09-21 02:04:58',''),(134171,3,1,135797,2,2655384031,'2018-09-21 02:12:47',''),(134172,3,1,135798,2,2655384031,'2018-09-21 02:12:48',''),(134173,3,1,135799,11,3475901920,'2018-09-21 02:17:05',''),(134174,3,1,135800,2,1600959820,'2018-09-21 02:35:22',''),(134175,3,1,135801,10,2655384031,'2018-09-21 03:01:08','http://localhost:8080/website-contact?contactUrl=https://tandg.quicklysa.ch/en/contact-us&word=momento'),(134176,3,1,135802,2,2870591821,'2018-09-21 03:01:29',''),(134177,3,1,135803,2,1542483201,'2018-09-21 04:02:43',''),(134178,3,1,135804,11,2637637585,'2018-09-21 04:07:20',''),(134179,3,7,135805,1,1542483201,'2018-09-21 04:34:36',''),(134180,3,1,135806,2,3475901920,'2018-09-21 06:26:40',''),(134181,3,6,135807,116,1123635106,'2018-09-21 08:17:31',''),(134182,3,6,135808,116,1123635106,'2018-09-21 08:55:22',''),(134183,3,6,135809,117,1123635106,'2018-09-21 09:33:15',''),(134184,3,6,135810,117,1123635109,'2018-09-21 10:11:53',''),(134185,3,6,135811,105,1123635109,'2018-09-21 10:49:02',''),(134186,3,1,135812,2,1040353676,'2018-09-21 11:05:25','https://www.google.ch/'),(134187,3,1,135813,2,3024883619,'2018-09-21 11:23:36',''),(134188,3,6,135814,109,1123635110,'2018-09-21 11:26:55',''),(134189,3,1,135815,2,2870591821,'2018-09-21 11:29:40',''),(134190,3,1,135816,2,3024883595,'2018-09-21 11:56:57',''),(134191,3,1,135817,2,86888204,'2018-09-21 12:04:01',''),(134192,3,6,135818,121,1123635110,'2018-09-21 12:04:48',''),(134193,3,1,135819,2,3024883481,'2018-09-21 12:30:15',''),(134194,3,6,135820,121,1123635110,'2018-09-21 12:42:41',''),(134195,3,6,135821,109,1123635109,'2018-09-21 13:20:34',''),(134196,3,1,135822,2,2918995718,'2018-09-21 13:25:25','https://www.facebook.com/'),(134197,3,1,135823,2,2918997779,'2018-09-21 13:29:27','https://www.facebook.com/'),(134198,3,1,135824,2,1123635110,'2018-09-21 14:15:06',''),(134199,3,6,135825,2,2996488219,'2018-09-21 19:23:43',''),(134200,3,1,135826,2,3024883615,'2018-09-21 19:37:50',''),(134201,3,1,135827,2,314946244,'2018-09-21 19:58:04',''),(134202,3,1,135828,2,2637637585,'2018-09-21 20:09:34',''),(134203,3,1,135829,2,3024883603,'2018-09-21 20:11:11',''),(134204,3,1,135830,1,2366148109,'2018-09-21 20:34:44',''),(134205,3,1,135831,2,1123635109,'2018-09-21 20:37:14',''),(134206,3,1,135832,2,2366148109,'2018-09-21 21:17:20',''),(134207,3,1,135833,2,1342979854,'2018-09-21 22:07:58','https://www.google.com/'),(134208,3,1,135834,2,1123635109,'2018-09-21 22:27:47',''),(134209,3,1,135835,2,1123635109,'2018-09-22 00:39:00',''),(134210,3,1,135836,2,1053959506,'2018-09-22 01:00:26',''),(134211,3,1,135837,2,2996488219,'2018-09-22 01:20:27',''),(134212,3,1,135838,2,3475901920,'2018-09-22 02:53:18',''),(134213,3,1,135839,2,1542483201,'2018-09-22 04:00:35',''),(134214,3,1,135840,2,786802833,'2018-09-22 04:02:20',''),(134215,3,7,135841,1,1542483201,'2018-09-22 04:29:49',''),(134216,3,1,135842,2,1442374564,'2018-09-22 06:28:58',''),(134217,3,1,135843,2,2996488219,'2018-09-22 08:04:06',''),(134218,3,1,135844,2,786802820,'2018-09-22 08:39:59',''),(134219,3,1,135845,2,1123635106,'2018-09-22 08:42:48',''),(134220,3,1,135846,2,1123635106,'2018-09-22 10:43:34',''),(134221,3,1,135847,2,2366148109,'2018-09-22 11:10:42',''),(134222,3,4,135848,2,3475901932,'2018-09-22 13:27:42',''),(134223,3,1,135849,2,786802825,'2018-09-22 13:37:26',''),(134224,3,1,135850,2,786802835,'2018-09-22 13:58:41',''),(134225,3,1,135851,2,3024883605,'2018-09-22 14:59:50',''),(134226,3,1,135852,2,1123635110,'2018-09-22 17:25:47',''),(134227,3,1,135853,2,786802825,'2018-09-22 17:43:27',''),(134228,3,1,135854,1,1375225404,'2018-09-22 17:48:41',''),(134229,3,1,135855,1,794849543,'2018-09-22 17:57:21',''),(134230,3,1,135856,2,794849543,'2018-09-22 17:57:25',''),(134231,3,1,135857,1,794849543,'2018-09-22 17:57:28',''),(134232,3,1,135858,2,1123635109,'2018-09-22 18:35:44',''),(134233,3,3,135859,2,1476059185,'2018-09-22 19:12:57',''),(134234,3,1,135860,1,2996488219,'2018-09-22 19:26:00',''),(134235,3,1,135861,11,2366148109,'2018-09-22 19:44:06',''),(134236,3,1,135862,2,875940174,'2018-09-22 19:45:58',''),(134237,3,1,135863,2,1123635106,'2018-09-22 19:46:53',''),(134238,3,4,135864,12,676177708,'2018-09-22 21:58:10',''),(134239,3,1,135865,2,2313318684,'2018-09-22 22:23:28',''),(134240,3,4,135866,10,676177708,'2018-09-22 22:43:56',''),(134241,3,1,135867,2,2366158604,'2018-09-22 23:09:55',''),(134242,3,1,135868,2,2996829310,'2018-09-22 23:21:03',''),(134243,3,1,135869,2,2996829310,'2018-09-22 23:21:04',''),(134244,3,1,135870,2,2366148109,'2018-09-22 23:43:42',''),(134245,3,1,135871,1,1981329459,'2018-09-22 23:48:59',''),(134246,3,1,135872,2,1981329459,'2018-09-22 23:49:02',''),(134247,3,1,135873,1,1981329459,'2018-09-22 23:49:05',''),(134248,3,1,135874,2,3118228781,'2018-09-23 00:48:04',''),(134249,3,1,135875,2,1123635109,'2018-09-23 00:48:10',''),(134250,3,4,135876,14,3475901932,'2018-09-23 00:52:14',''),(134251,3,4,135877,11,3475901932,'2018-09-23 01:07:23',''),(134252,3,1,135878,2,3164983325,'2018-09-23 01:09:16',''),(134253,3,4,135879,9,676177722,'2018-09-23 01:09:37',''),(134254,3,1,135880,1,2430184171,'2018-09-23 01:27:59',''),(134255,3,1,135881,1,2430184171,'2018-09-23 01:28:00',''),(134256,3,1,135882,1,2430184171,'2018-09-23 01:28:01',''),(134257,3,1,135883,1,2430184171,'2018-09-23 01:28:02',''),(134258,3,1,135884,2,1123635109,'2018-09-23 02:28:25',''),(134259,3,1,135885,2,1583745962,'2018-09-23 02:44:34',''),(134260,3,4,135886,11,676177722,'2018-09-23 03:02:51',''),(134261,3,1,135887,2,1542483201,'2018-09-23 04:13:15',''),(134262,3,7,135888,1,1542483201,'2018-09-23 04:43:12',''),(134263,3,1,135889,2,1123635109,'2018-09-23 06:40:25',''),(134264,3,4,135890,2,676177722,'2018-09-23 07:44:00',''),(134265,3,1,135891,2,758638647,'2018-09-23 07:58:38',''),(134266,3,1,135892,1,758638647,'2018-09-23 07:58:46',''),(134267,3,1,135893,10,758638647,'2018-09-23 07:59:00',''),(134268,3,1,135894,12,758638647,'2018-09-23 07:59:00',''),(134269,3,1,135895,3,758638647,'2018-09-23 07:59:00',''),(134270,3,1,135896,13,758638647,'2018-09-23 07:59:01',''),(134271,3,1,135897,2,758638647,'2018-09-23 07:59:01',''),(134272,3,1,135898,2,758638647,'2018-09-23 07:59:01',''),(134273,3,1,135899,2,758638647,'2018-09-23 07:59:01',''),(134274,3,1,135900,2,758638647,'2018-09-23 07:59:01',''),(134275,3,5,135901,2,758638647,'2018-09-23 07:59:02',''),(134276,3,6,135902,2,758638647,'2018-09-23 07:59:02',''),(134277,3,3,135903,2,758638647,'2018-09-23 07:59:02',''),(134278,3,4,135904,2,758638647,'2018-09-23 07:59:02',''),(134279,3,7,135905,2,758638647,'2018-09-23 07:59:03',''),(134280,3,1,135906,1,758638647,'2018-09-23 07:59:03',''),(134281,3,1,135907,1,758638647,'2018-09-23 07:59:03',''),(134282,3,1,135908,11,758638647,'2018-09-23 07:59:03',''),(134283,3,1,135909,1,758638647,'2018-09-23 07:59:03',''),(134284,3,1,135910,9,758638647,'2018-09-23 07:59:03',''),(134285,3,1,135911,3,758638647,'2018-09-23 07:59:04',''),(134286,3,1,135912,3,758638647,'2018-09-23 07:59:05',''),(134287,3,4,135913,11,3475901932,'2018-09-23 08:37:57',''),(134288,3,1,135914,1,1296715634,'2018-09-23 09:16:30',''),(134289,3,1,135915,2,1296715634,'2018-09-23 09:16:30',''),(134290,3,1,135916,1,1296715634,'2018-09-23 09:16:31',''),(134291,3,4,135917,10,3475901932,'2018-09-23 09:19:35',''),(134292,3,1,135918,2,1123635106,'2018-09-23 09:27:46',''),(134293,3,4,135919,12,676177722,'2018-09-23 09:35:49',''),(134294,3,1,135920,2,3024883605,'2018-09-23 09:54:50',''),(134295,3,4,135921,10,676177708,'2018-09-23 10:15:46',''),(134296,3,1,135922,1,3188481458,'2018-09-23 10:23:42',''),(134297,3,1,135923,1,3188481458,'2018-09-23 10:23:44',''),(134298,3,1,135924,1,3188481458,'2018-09-23 10:23:47',''),(134299,3,1,135925,1,3188481458,'2018-09-23 10:23:49',''),(134300,3,1,135926,1,3024883464,'2018-09-23 10:28:09',''),(134301,3,4,135927,14,3475901932,'2018-09-23 11:26:07',''),(134302,3,4,135928,12,3475901870,'2018-09-23 11:55:00',''),(134303,3,4,135929,2,3475901932,'2018-09-23 12:13:16',''),(134304,3,1,135930,2,916900625,'2018-09-23 12:41:55',''),(134305,3,1,135931,2,1123635110,'2018-09-23 13:20:02',''),(134306,3,1,135932,1,2056833313,'2018-09-23 16:04:18',''),(134307,3,1,135933,2,2056833313,'2018-09-23 16:04:20',''),(134308,3,1,135934,1,2056833313,'2018-09-23 16:04:27',''),(134309,3,1,135935,2,221899107,'2018-09-23 17:07:24',''),(134310,3,1,135936,2,827338702,'2018-09-23 17:09:57',''),(134311,3,1,135937,1,2043445657,'2018-09-23 18:41:34',''),(134312,3,1,135938,2,2043445657,'2018-09-23 18:41:41',''),(134313,3,1,135939,1,2043445657,'2018-09-23 18:41:46',''),(134314,3,1,135940,2,1747475817,'2018-09-23 19:08:27',''),(134315,3,1,135941,1,676177708,'2018-09-23 20:01:49',''),(134316,3,1,135942,2,827338702,'2018-09-23 20:04:20',''),(134317,3,1,135943,3,827338702,'2018-09-23 20:05:59',''),(134318,3,1,135944,3,827338702,'2018-09-23 20:06:00',''),(134319,3,1,135945,10,827338702,'2018-09-23 20:06:00',''),(134320,3,1,135946,3,827338702,'2018-09-23 20:06:00',''),(134321,3,1,135947,2,827338702,'2018-09-23 20:06:00',''),(134322,3,1,135948,2,827338702,'2018-09-23 20:06:00',''),(134323,3,1,135949,2,827338702,'2018-09-23 20:06:00',''),(134324,3,1,135950,2,827338702,'2018-09-23 20:06:00',''),(134325,3,1,135951,13,827338702,'2018-09-23 20:06:02',''),(134326,3,5,135952,2,827338702,'2018-09-23 20:06:02',''),(134327,3,3,135953,2,827338702,'2018-09-23 20:06:03',''),(134328,3,6,135954,2,827338702,'2018-09-23 20:06:03',''),(134329,3,1,135955,1,827338702,'2018-09-23 20:06:03',''),(134330,3,1,135956,11,827338702,'2018-09-23 20:06:03',''),(134331,3,1,135957,12,827338702,'2018-09-23 20:06:03',''),(134332,3,4,135958,2,827338702,'2018-09-23 20:06:03',''),(134333,3,7,135959,2,827338702,'2018-09-23 20:06:03',''),(134334,3,1,135960,1,827338702,'2018-09-23 20:06:03',''),(134335,3,1,135961,9,827338702,'2018-09-23 20:06:04',''),(134336,3,1,135962,1,827338702,'2018-09-23 20:06:04',''),(134337,3,1,135963,2,827338702,'2018-09-23 20:06:07',''),(134338,3,1,135964,1,827338702,'2018-09-23 20:06:07',''),(134339,3,1,135965,1,827338702,'2018-09-23 20:06:08',''),(134340,3,1,135966,1,827338702,'2018-09-23 20:06:08',''),(134341,3,1,135967,2,1313252936,'2018-09-23 20:14:52',''),(134342,3,1,135968,2,3024883489,'2018-09-23 20:40:44',''),(134343,3,1,135969,2,3024883602,'2018-09-23 21:14:03',''),(134344,3,1,135970,2,2961112076,'2018-09-23 21:15:58',''),(134345,3,1,135971,2,1123635109,'2018-09-23 21:42:35',''),(134346,3,1,135972,2,2366158604,'2018-09-23 22:05:20',''),(134347,3,4,135973,2,676177722,'2018-09-23 22:18:49',''),(134348,3,1,135974,2,1439141357,'2018-09-23 22:21:14',''),(134349,3,4,135975,11,676177722,'2018-09-23 22:43:09',''),(134350,3,1,135976,2,1163186166,'2018-09-24 00:08:17',''),(134351,3,4,135977,12,676177722,'2018-09-24 00:15:09',''),(134352,3,4,135978,10,3475901932,'2018-09-24 01:26:02',''),(134353,3,1,135979,2,2783166120,'2018-09-24 02:14:21',''),(134354,3,4,135980,10,676177708,'2018-09-24 02:51:02',''),(134355,3,1,135981,2,1542483201,'2018-09-24 04:00:56',''),(134356,3,1,135982,2,1123635106,'2018-09-24 04:13:35',''),(134357,3,7,135983,1,1542483201,'2018-09-24 04:34:02',''),(134358,3,4,135984,2,3475901932,'2018-09-24 05:16:35',''),(134359,3,4,135985,11,3475901932,'2018-09-24 06:49:10',''),(134360,3,1,135986,2,1123635106,'2018-09-24 08:42:46',''),(134361,3,1,135987,2,1123635106,'2018-09-24 09:52:45',''),(134362,3,1,135988,1,2323218474,'2018-09-24 10:03:30',''),(134363,3,1,135989,2,2323218474,'2018-09-24 10:03:32',''),(134364,3,1,135990,1,2323218474,'2018-09-24 10:03:33',''),(134365,3,1,135992,1,1123635106,'2018-09-24 10:53:11',''),(134366,3,1,135993,2,1123635110,'2018-09-24 11:23:04',''),(134367,3,1,135994,1,676177708,'2018-09-24 11:38:23',''),(134368,3,4,135995,12,3475901870,'2018-09-24 12:42:31',''),(134369,3,1,135996,2,1123635106,'2018-09-24 12:43:42',''),(134370,3,1,135997,2,1123635106,'2018-09-24 13:33:34',''),(134371,3,1,135998,2,3024883476,'2018-09-24 13:59:50',''),(134372,3,1,135999,2,1123635110,'2018-09-24 14:23:33',''),(134373,3,1,136000,2,1056514125,'2018-09-24 14:27:47','https://www.google.it/'),(134374,3,1,136001,2,628620893,'2018-09-24 15:37:05','https://www.google.com/search?client=firefox-b&q=Toys+And+Games+Mendrisio,+Svizzera&ludocid=3547640149701199223&sa=X&ved=2ahUKEwjlusOi4dPdAhXMAMAKHYFcB_kQ_pABegQICxAG'),(134375,3,1,136002,1,1123635110,'2018-09-24 16:22:27',''),(134376,3,5,136003,2,2996488219,'2018-09-24 16:24:45',''),(134377,3,1,136004,2,1758135000,'2018-09-24 16:47:15',''),(134378,3,1,136005,2,1402340070,'2018-09-24 16:53:57',''),(134379,3,3,136006,2,1402340070,'2018-09-24 16:56:10',''),(134380,3,1,136007,2,1123635106,'2018-09-24 17:24:27',''),(134381,3,1,136008,2,2182734329,'2018-09-24 17:28:13','https://www.google.it/'),(134382,3,1,136009,2,1123635106,'2018-09-24 19:04:56',''),(134383,3,1,136010,1,1589032789,'2018-09-24 19:46:38',''),(134384,3,1,136011,1,1589032789,'2018-09-24 19:46:39',''),(134385,3,1,136012,1,1589032789,'2018-09-24 19:46:40',''),(134386,3,1,136013,1,1589032789,'2018-09-24 19:46:41',''),(134387,3,1,136014,2,2996488219,'2018-09-24 19:58:31',''),(134388,3,1,136015,2,1123635106,'2018-09-24 20:05:18',''),(134389,3,1,136016,1,1123635170,'2018-09-24 20:35:15',''),(134390,3,1,136017,2,2425027345,'2018-09-24 20:40:17',''),(134391,3,4,136018,12,3475901870,'2018-09-24 20:42:49',''),(134392,3,1,136019,2,1123635173,'2018-09-24 20:55:13',''),(134393,3,1,136020,2,1123635173,'2018-09-24 21:45:46',''),(134394,3,4,136021,11,3475901932,'2018-09-24 22:10:32',''),(134395,3,1,136023,2,3024883612,'2018-09-24 22:18:53',''),(134396,3,1,136024,2,1600959820,'2018-09-24 22:30:16',''),(134397,3,4,136025,12,676177722,'2018-09-24 23:16:51',''),(134398,3,1,136026,2,2366148109,'2018-09-24 23:20:07',''),(134399,3,1,136027,1,1123635170,'2018-09-24 23:20:39',''),(134400,3,1,136028,3,1123635171,'2018-09-25 00:10:42',''),(134401,3,4,136029,10,676177708,'2018-09-25 00:44:13',''),(134402,3,4,136030,10,3475901932,'2018-09-25 01:03:17',''),(134403,3,4,136031,2,3475901932,'2018-09-25 02:00:44',''),(134404,3,1,136032,2,1123635171,'2018-09-25 02:03:52',''),(134405,3,1,136034,2,875940174,'2018-09-25 02:18:45',''),(134406,3,1,136035,2,1123631758,'2018-09-25 03:35:44',''),(134407,3,1,136037,2,1542483201,'2018-09-25 04:08:37',''),(134408,3,1,136038,2,1123631760,'2018-09-25 04:15:39',''),(134409,3,7,136039,1,1542483201,'2018-09-25 04:39:06',''),(134410,3,3,136040,88,1123631756,'2018-09-25 05:06:11',''),(134411,3,1,136041,2,786802820,'2018-09-25 05:23:57',''),(134412,3,1,136043,2,3024883609,'2018-09-25 06:11:40',''),(134413,3,1,136044,2,3118228761,'2018-09-25 06:46:02',''),(134414,3,1,136045,2,1123631756,'2018-09-25 06:46:43',''),(134415,3,1,136046,3,1123631758,'2018-09-25 08:25:42',''),(134416,3,1,136047,11,676177708,'2018-09-25 10:06:27',''),(134417,3,6,136048,2,3475901870,'2018-09-25 10:06:32',''),(134418,3,1,136049,2,3475901870,'2018-09-25 10:06:33',''),(134419,3,4,136050,12,3475901870,'2018-09-25 10:06:33',''),(134420,3,3,136051,2,676177722,'2018-09-25 10:06:39',''),(134421,3,1,136052,2,1123631525,'2018-09-25 11:27:59',''),(134422,3,4,136053,14,3475901932,'2018-09-25 12:24:04',''),(134423,3,1,136054,2,1123631526,'2018-09-25 12:28:50',''),(134424,3,4,136055,14,3475901932,'2018-09-25 12:31:37',''),(134425,3,1,136056,2,1123631526,'2018-09-25 13:19:39',''),(134426,3,1,136057,2,886492629,'2018-09-25 13:50:17',''),(134427,3,1,136058,2,1123631522,'2018-09-25 14:29:59',''),(134428,3,1,136059,1,2366148109,'2018-09-25 15:08:44',''),(134429,3,1,136060,2,1389079932,'2018-09-25 15:13:19','https://www.google.com/'),(134430,3,1,136061,2,3024883607,'2018-09-25 15:13:39',''),(134431,3,1,136062,2,1567839748,'2018-09-25 15:31:40',''),(134432,3,1,136063,2,1123631526,'2018-09-25 15:40:49',''),(134433,3,1,136065,9,3475901932,'2018-09-25 15:54:17',''),(134434,3,7,136066,2,1123631522,'2018-09-25 16:50:43',''),(134435,3,1,136067,2,1123631526,'2018-09-25 17:02:48',''),(134436,3,1,136068,2,1123631525,'2018-09-25 17:20:47',''),(134437,3,1,136069,11,1123631522,'2018-09-25 17:39:32',''),(134438,3,1,136070,14,1123631526,'2018-09-25 17:44:13',''),(134439,3,1,136073,12,1123631525,'2018-09-25 17:57:35',''),(134440,3,3,136074,2,1123632389,'2018-09-25 19:00:19',''),(134441,3,1,136075,2,1123632391,'2018-09-25 19:20:29',''),(134442,3,1,136076,2,2933525140,'2018-09-25 19:47:12','https://www.google.com/'),(134443,3,1,136077,9,1123632393,'2018-09-25 20:29:58',''),(134444,3,1,136078,2,3475901870,'2018-09-25 21:40:53',''),(134445,3,7,136079,2,1123632393,'2018-09-25 21:50:59',''),(134446,3,1,136080,10,1123632389,'2018-09-25 22:01:15',''),(134447,3,1,136081,12,3475901932,'2018-09-25 22:05:30',''),(134448,3,4,136082,2,1123632391,'2018-09-25 22:21:19',''),(134449,3,4,136083,53,1123632393,'2018-09-25 22:26:01',''),(134450,3,1,136085,1,2366148109,'2018-09-25 22:59:17',''),(134451,3,1,136086,2,1123632393,'2018-09-26 00:12:02',''),(134452,3,1,136087,2,1123632391,'2018-09-26 00:22:13',''),(134453,3,1,136088,1,2178236177,'2018-09-26 00:30:23',''),(134454,3,1,136089,1,2178236177,'2018-09-26 00:30:24',''),(134455,3,1,136090,1,2178236177,'2018-09-26 00:30:25',''),(134456,3,1,136091,2,2366158604,'2018-09-26 01:26:06',''),(134457,3,1,136092,2,1123632393,'2018-09-26 01:31:58',''),(134458,3,1,136094,2,2313318683,'2018-09-26 02:00:02',''),(134459,3,1,136095,2,1542483201,'2018-09-26 04:06:45',''),(134460,3,7,136096,1,1542483201,'2018-09-26 04:30:44',''),(134461,3,1,136097,2,1123632389,'2018-09-26 05:03:30',''),(134462,3,1,136098,2,2808293977,'2018-09-26 05:34:37',''),(134463,3,1,136099,2,1123632393,'2018-09-26 07:34:19',''),(134464,3,1,136100,3,1123632391,'2018-09-26 08:29:58',''),(134465,3,1,136102,2,786802823,'2018-09-26 08:38:47',''),(134466,3,5,136103,2,3024883603,'2018-09-26 08:40:38',''),(134467,3,1,136104,2,3024883600,'2018-09-26 09:14:00',''),(134468,3,1,136105,1,3475901931,'2018-09-26 09:42:23',''),(134469,3,1,136106,2,3024883480,'2018-09-26 09:47:18',''),(134470,3,1,136107,1,1779181110,'2018-09-26 09:58:39',''),(134471,3,1,136108,1,1779181110,'2018-09-26 09:58:42',''),(134472,3,1,136109,1,1779181110,'2018-09-26 09:58:46',''),(134473,3,1,136110,1,978797271,'2018-09-26 10:36:18',''),(134474,3,1,136111,1,978797271,'2018-09-26 10:36:19',''),(134475,3,1,136112,1,978797271,'2018-09-26 10:36:20',''),(134476,3,4,136113,9,2637637412,'2018-09-26 13:04:31',''),(134477,3,1,136114,3,1123632391,'2018-09-26 13:17:58',''),(134478,3,1,136115,2,221899107,'2018-09-26 14:09:23',''),(134479,3,6,136116,113,1427755561,'2018-09-26 14:52:33',''),(134480,3,6,136117,113,1427755754,'2018-09-26 14:52:47',''),(134481,3,3,136118,26,1427755754,'2018-09-26 14:52:51',''),(134482,3,3,136119,130,1427755561,'2018-09-26 14:52:57',''),(134483,3,3,136120,130,1427755561,'2018-09-26 14:52:58',''),(134484,3,4,136121,45,1049231385,'2018-09-26 14:53:11',''),(134485,3,3,136122,131,1049231385,'2018-09-26 14:53:11',''),(134486,3,3,136123,131,1049231385,'2018-09-26 14:53:11',''),(134487,3,3,136124,131,1427755754,'2018-09-26 14:53:40',''),(134488,3,3,136125,14,1427755754,'2018-09-26 14:54:54',''),(134489,3,4,136126,45,1427755754,'2018-09-26 14:55:29',''),(134490,3,3,136127,131,1432180827,'2018-09-26 14:56:07',''),(134491,3,3,136128,131,1432180827,'2018-09-26 14:57:30',''),(134492,3,3,136129,131,1427755754,'2018-09-26 14:59:07',''),(134493,3,3,136130,131,1427755754,'2018-09-26 14:59:41',''),(134494,3,3,136131,131,1049231385,'2018-09-26 14:59:43',''),(134495,3,3,136132,23,1049231385,'2018-09-26 15:01:07',''),(134496,3,3,136133,131,1427755561,'2018-09-26 15:03:55',''),(134497,3,6,136134,113,1432180827,'2018-09-26 15:05:31',''),(134498,3,3,136135,131,1427755561,'2018-09-26 15:27:12',''),(134499,3,3,136136,131,1427755561,'2018-09-26 15:27:17',''),(134500,3,6,136137,113,1427755561,'2018-09-26 15:27:17',''),(134501,3,6,136138,113,1427755754,'2018-09-26 15:27:19',''),(134502,3,6,136139,113,1427755754,'2018-09-26 15:27:20',''),(134503,3,3,136140,131,1049231385,'2018-09-26 15:27:25',''),(134504,3,6,136141,113,1049231385,'2018-09-26 15:27:25',''),(134505,3,3,136142,19,1427755754,'2018-09-26 15:27:28',''),(134506,3,3,136143,131,1432180827,'2018-09-26 15:30:20',''),(134507,3,3,136144,131,1432180827,'2018-09-26 15:30:39',''),(134508,3,3,136145,131,1432180827,'2018-09-26 15:30:59',''),(134509,3,3,136146,20,1427755754,'2018-09-26 15:31:46',''),(134510,3,3,136147,20,1427755754,'2018-09-26 15:31:46',''),(134511,3,3,136148,19,1432180827,'2018-09-26 15:32:06',''),(134512,3,3,136149,131,1049231385,'2018-09-26 15:32:28',''),(134513,3,3,136150,131,84503507,'2018-09-26 15:40:53',''),(134514,3,3,136151,131,84503507,'2018-09-26 15:40:54',''),(134515,3,3,136152,131,84503507,'2018-09-26 15:40:59',''),(134516,3,3,136153,131,84503507,'2018-09-26 15:41:03',''),(134517,3,3,136154,131,84503507,'2018-09-26 15:41:05',''),(134518,3,3,136155,131,84503507,'2018-09-26 15:41:07',''),(134519,3,3,136156,131,84503507,'2018-09-26 15:41:08',''),(134520,3,3,136157,131,84503507,'2018-09-26 15:41:10',''),(134521,3,3,136158,131,84503507,'2018-09-26 15:41:11',''),(134522,3,3,136159,131,84503507,'2018-09-26 15:41:13',''),(134523,3,3,136160,131,84503507,'2018-09-26 15:41:15',''),(134524,3,3,136161,131,84503507,'2018-09-26 15:41:16',''),(134525,3,3,136162,131,84503507,'2018-09-26 15:41:18',''),(134526,3,3,136163,131,84503507,'2018-09-26 15:41:19',''),(134527,3,3,136164,131,84503507,'2018-09-26 15:41:21',''),(134528,3,3,136165,131,84503507,'2018-09-26 15:41:23',''),(134529,3,3,136166,131,84503507,'2018-09-26 15:41:24',''),(134530,3,3,136167,131,84503507,'2018-09-26 15:41:26',''),(134531,3,3,136168,131,84503507,'2018-09-26 15:41:27',''),(134532,3,3,136169,131,84503507,'2018-09-26 15:41:29',''),(134533,3,3,136170,131,84503507,'2018-09-26 15:41:31',''),(134534,3,3,136171,131,84503507,'2018-09-26 15:41:32',''),(134535,3,3,136172,131,84503507,'2018-09-26 15:41:34',''),(134536,3,3,136173,131,84503507,'2018-09-26 15:41:35',''),(134537,3,3,136174,131,84503507,'2018-09-26 15:41:37',''),(134538,3,3,136175,131,84503507,'2018-09-26 15:41:38',''),(134539,3,3,136176,131,84503507,'2018-09-26 15:41:40',''),(134540,3,3,136177,131,84503507,'2018-09-26 15:41:41',''),(134541,3,3,136178,131,84503507,'2018-09-26 15:41:43',''),(134542,3,3,136179,131,84503507,'2018-09-26 15:41:44',''),(134543,3,3,136180,131,84503507,'2018-09-26 15:41:46',''),(134544,3,3,136181,131,84503507,'2018-09-26 15:41:47',''),(134545,3,3,136182,131,84503507,'2018-09-26 15:41:49',''),(134546,3,3,136183,131,84503507,'2018-09-26 15:41:50',''),(134547,3,3,136184,131,84503507,'2018-09-26 15:41:52',''),(134548,3,3,136185,131,84503507,'2018-09-26 15:41:53',''),(134549,3,3,136186,131,84503507,'2018-09-26 15:41:55',''),(134550,3,3,136187,131,84503507,'2018-09-26 15:41:56',''),(134551,3,3,136188,131,84503507,'2018-09-26 15:41:58',''),(134552,3,3,136189,131,84503507,'2018-09-26 15:41:59',''),(134553,3,3,136190,131,84503507,'2018-09-26 15:42:01',''),(134554,3,3,136191,131,84503507,'2018-09-26 15:42:02',''),(134555,3,3,136192,131,84503507,'2018-09-26 15:42:04',''),(134556,3,3,136193,131,84503507,'2018-09-26 15:42:05',''),(134557,3,3,136194,131,84503507,'2018-09-26 15:42:07',''),(134558,3,3,136195,131,84503507,'2018-09-26 15:42:08',''),(134559,3,3,136196,131,84503507,'2018-09-26 15:42:10',''),(134560,3,3,136197,131,84503507,'2018-09-26 15:42:11',''),(134561,3,3,136198,131,84503507,'2018-09-26 15:42:13',''),(134562,3,3,136199,131,84503507,'2018-09-26 15:42:15',''),(134563,3,3,136200,131,84503507,'2018-09-26 15:42:16',''),(134564,3,3,136201,131,84503507,'2018-09-26 15:42:18',''),(134565,3,3,136202,131,84503507,'2018-09-26 15:42:19',''),(134566,3,3,136203,131,84503507,'2018-09-26 15:42:21',''),(134567,3,3,136204,131,84503507,'2018-09-26 15:42:22',''),(134568,3,3,136205,131,84503507,'2018-09-26 15:42:24',''),(134569,3,3,136206,131,84503507,'2018-09-26 15:42:26',''),(134570,3,3,136207,131,84503507,'2018-09-26 15:42:27',''),(134571,3,3,136208,131,84503507,'2018-09-26 15:42:28',''),(134572,3,3,136209,131,84503507,'2018-09-26 15:42:30',''),(134573,3,3,136210,131,84503507,'2018-09-26 15:42:31',''),(134574,3,3,136211,131,84503507,'2018-09-26 15:42:33',''),(134575,3,3,136212,131,84503507,'2018-09-26 15:42:34',''),(134576,3,3,136213,131,84503507,'2018-09-26 15:42:36',''),(134577,3,3,136214,131,84503507,'2018-09-26 15:42:37',''),(134578,3,3,136215,131,84503507,'2018-09-26 15:42:39',''),(134579,3,3,136216,131,84503507,'2018-09-26 15:42:41',''),(134580,3,3,136217,131,84503507,'2018-09-26 15:42:42',''),(134581,3,3,136218,131,84503507,'2018-09-26 15:42:44',''),(134582,3,3,136219,131,84503507,'2018-09-26 15:42:45',''),(134583,3,3,136220,131,84503507,'2018-09-26 15:42:47',''),(134584,3,3,136221,131,84503507,'2018-09-26 15:42:49',''),(134585,3,3,136222,131,84503507,'2018-09-26 15:42:50',''),(134586,3,3,136223,131,84503507,'2018-09-26 15:42:52',''),(134587,3,3,136224,131,84503507,'2018-09-26 15:42:53',''),(134588,3,3,136225,131,84503507,'2018-09-26 15:42:55',''),(134589,3,3,136226,131,84503507,'2018-09-26 15:42:56',''),(134590,3,3,136227,131,84503507,'2018-09-26 15:42:58',''),(134591,3,3,136228,131,84503507,'2018-09-26 15:43:00',''),(134592,3,3,136229,131,84503507,'2018-09-26 15:43:01',''),(134593,3,3,136230,131,84503507,'2018-09-26 15:43:03',''),(134594,3,3,136231,131,84503507,'2018-09-26 15:43:05',''),(134595,3,3,136232,131,84503507,'2018-09-26 15:43:06',''),(134596,3,3,136233,131,84503507,'2018-09-26 15:43:08',''),(134597,3,3,136234,131,84503507,'2018-09-26 15:43:09',''),(134598,3,3,136235,131,84503507,'2018-09-26 15:43:10',''),(134599,3,3,136236,131,84503507,'2018-09-26 15:43:12',''),(134600,3,3,136237,131,84503507,'2018-09-26 15:43:14',''),(134601,3,3,136238,131,84503507,'2018-09-26 15:43:15',''),(134602,3,3,136239,131,84503507,'2018-09-26 15:43:17',''),(134603,3,3,136240,131,84503507,'2018-09-26 15:43:18',''),(134604,3,3,136241,131,84503507,'2018-09-26 15:43:20',''),(134605,3,3,136242,131,84503507,'2018-09-26 15:43:22',''),(134606,3,3,136243,131,84503507,'2018-09-26 15:43:24',''),(134607,3,3,136244,131,84503507,'2018-09-26 15:43:25',''),(134608,3,3,136245,131,84503507,'2018-09-26 15:43:27',''),(134609,3,3,136246,131,84503507,'2018-09-26 15:43:28',''),(134610,3,3,136247,131,84503507,'2018-09-26 15:43:30',''),(134611,3,3,136248,131,84503507,'2018-09-26 15:43:31',''),(134612,3,3,136249,131,84503507,'2018-09-26 15:43:33',''),(134613,3,3,136250,131,84503507,'2018-09-26 15:43:34',''),(134614,3,3,136251,131,84503507,'2018-09-26 15:43:36',''),(134615,3,3,136252,131,84503507,'2018-09-26 15:43:37',''),(134616,3,3,136253,131,84503507,'2018-09-26 15:43:39',''),(134617,3,3,136254,131,84503507,'2018-09-26 15:43:41',''),(134618,3,3,136255,131,84503507,'2018-09-26 15:43:42',''),(134619,3,3,136256,131,84503507,'2018-09-26 15:43:44',''),(134620,3,3,136257,131,84503507,'2018-09-26 15:43:45',''),(134621,3,3,136258,131,84503507,'2018-09-26 15:43:47',''),(134622,3,3,136259,131,84503507,'2018-09-26 15:43:48',''),(134623,3,3,136260,131,84503507,'2018-09-26 15:43:50',''),(134624,3,3,136261,131,84503507,'2018-09-26 15:43:51',''),(134625,3,3,136262,131,84503507,'2018-09-26 15:43:53',''),(134626,3,3,136263,131,84503507,'2018-09-26 15:43:55',''),(134627,3,3,136264,131,84503507,'2018-09-26 15:43:56',''),(134628,3,3,136265,131,84503507,'2018-09-26 15:43:57',''),(134629,3,3,136266,131,84503507,'2018-09-26 15:43:59',''),(134630,3,3,136267,131,84503507,'2018-09-26 15:44:01',''),(134631,3,3,136268,131,84503507,'2018-09-26 15:44:02',''),(134632,3,3,136269,131,84503507,'2018-09-26 15:44:04',''),(134633,3,3,136270,131,84503507,'2018-09-26 15:44:05',''),(134634,3,3,136271,131,84503507,'2018-09-26 15:44:07',''),(134635,3,3,136272,131,84503507,'2018-09-26 15:44:09',''),(134636,3,3,136273,131,84503507,'2018-09-26 15:44:10',''),(134637,3,3,136274,131,84503507,'2018-09-26 15:44:12',''),(134638,3,3,136275,131,84503507,'2018-09-26 15:44:13',''),(134639,3,3,136276,131,84503507,'2018-09-26 15:44:15',''),(134640,3,3,136277,131,84503507,'2018-09-26 15:44:17',''),(134641,3,3,136278,131,84503507,'2018-09-26 15:44:18',''),(134642,3,3,136279,131,84503507,'2018-09-26 15:44:20',''),(134643,3,3,136280,131,84503507,'2018-09-26 15:44:21',''),(134644,3,3,136281,131,84503507,'2018-09-26 15:44:23',''),(134645,3,3,136282,131,84503507,'2018-09-26 15:44:24',''),(134646,3,3,136283,131,84503507,'2018-09-26 15:44:26',''),(134647,3,3,136284,131,84503507,'2018-09-26 15:44:27',''),(134648,3,3,136285,131,84503507,'2018-09-26 15:44:29',''),(134649,3,3,136286,131,84503507,'2018-09-26 15:44:30',''),(134650,3,3,136287,131,84503507,'2018-09-26 15:44:32',''),(134651,3,3,136288,131,84503507,'2018-09-26 15:44:33',''),(134652,3,3,136289,131,84503507,'2018-09-26 15:44:35',''),(134653,3,3,136290,131,84503507,'2018-09-26 15:44:37',''),(134654,3,3,136291,131,84503507,'2018-09-26 15:44:38',''),(134655,3,3,136292,131,84503507,'2018-09-26 15:44:40',''),(134656,3,3,136293,131,84503507,'2018-09-26 15:44:41',''),(134657,3,3,136294,131,84503507,'2018-09-26 15:44:43',''),(134658,3,3,136295,131,84503507,'2018-09-26 15:44:44',''),(134659,3,3,136296,131,84503507,'2018-09-26 15:44:46',''),(134660,3,3,136297,131,84503507,'2018-09-26 15:44:47',''),(134661,3,3,136298,131,84503507,'2018-09-26 15:44:49',''),(134662,3,3,136299,131,84503507,'2018-09-26 15:44:50',''),(134663,3,3,136300,40,84503507,'2018-09-26 15:45:00',''),(134664,3,3,136301,40,84503507,'2018-09-26 15:45:12',''),(134665,3,3,136302,40,84503507,'2018-09-26 15:45:13',''),(134666,3,3,136303,40,84503507,'2018-09-26 15:45:15',''),(134667,3,3,136304,40,84503507,'2018-09-26 15:45:16',''),(134668,3,3,136305,40,84503507,'2018-09-26 15:45:18',''),(134669,3,3,136306,40,84503507,'2018-09-26 15:45:20',''),(134670,3,3,136307,40,84503507,'2018-09-26 15:45:21',''),(134671,3,3,136308,40,84503507,'2018-09-26 15:45:23',''),(134672,3,3,136309,40,84503507,'2018-09-26 15:45:24',''),(134673,3,3,136310,40,84503507,'2018-09-26 15:45:31',''),(134674,3,3,136311,40,84503507,'2018-09-26 15:45:33',''),(134675,3,3,136312,40,84503507,'2018-09-26 15:45:34',''),(134676,3,3,136313,40,84503507,'2018-09-26 15:45:36',''),(134677,3,3,136314,40,84503507,'2018-09-26 15:45:37',''),(134678,3,3,136315,40,84503507,'2018-09-26 15:45:39',''),(134679,3,3,136316,40,84503507,'2018-09-26 15:45:40',''),(134680,3,3,136317,40,84503507,'2018-09-26 15:45:42',''),(134681,3,3,136318,14,84503507,'2018-09-26 15:45:43',''),(134682,3,3,136319,14,84503507,'2018-09-26 15:45:48',''),(134683,3,3,136320,14,84503507,'2018-09-26 15:45:50',''),(134684,3,3,136321,14,84503507,'2018-09-26 15:45:52',''),(134685,3,3,136322,14,84503507,'2018-09-26 15:45:53',''),(134686,3,3,136323,14,84503507,'2018-09-26 15:45:55',''),(134687,3,3,136324,14,84503507,'2018-09-26 15:45:56',''),(134688,3,3,136325,14,84503507,'2018-09-26 15:45:58',''),(134689,3,3,136326,14,84503507,'2018-09-26 15:46:00',''),(134690,3,3,136327,14,84503507,'2018-09-26 15:46:02',''),(134691,3,3,136328,14,84503507,'2018-09-26 15:46:04',''),(134692,3,3,136329,14,84503507,'2018-09-26 15:46:06',''),(134693,3,3,136330,14,84503507,'2018-09-26 15:46:08',''),(134694,3,3,136331,14,84503507,'2018-09-26 15:46:10',''),(134695,3,3,136332,14,84503507,'2018-09-26 15:46:12',''),(134696,3,3,136333,14,84503507,'2018-09-26 15:46:13',''),(134697,3,3,136334,14,84503507,'2018-09-26 15:46:15',''),(134698,3,3,136335,14,84503507,'2018-09-26 15:46:16',''),(134699,3,3,136336,14,84503507,'2018-09-26 15:46:18',''),(134700,3,3,136337,14,84503507,'2018-09-26 15:46:20',''),(134701,3,3,136338,14,84503507,'2018-09-26 15:46:21',''),(134702,3,3,136339,14,84503507,'2018-09-26 15:46:23',''),(134703,3,3,136340,14,84503507,'2018-09-26 15:46:25',''),(134704,3,3,136341,14,84503507,'2018-09-26 15:46:26',''),(134705,3,3,136342,14,84503507,'2018-09-26 15:46:28',''),(134706,3,3,136343,14,84503507,'2018-09-26 15:46:30',''),(134707,3,3,136344,14,84503507,'2018-09-26 15:46:31',''),(134708,3,3,136345,14,84503507,'2018-09-26 15:46:33',''),(134709,3,3,136346,14,84503507,'2018-09-26 15:46:35',''),(134710,3,3,136347,14,84503507,'2018-09-26 15:46:36',''),(134711,3,3,136348,14,84503507,'2018-09-26 15:46:38',''),(134712,3,3,136349,14,84503507,'2018-09-26 15:46:39',''),(134713,3,3,136350,14,84503507,'2018-09-26 15:46:41',''),(134714,3,3,136351,14,84503507,'2018-09-26 15:46:42',''),(134715,3,3,136352,14,84503507,'2018-09-26 15:46:44',''),(134716,3,3,136353,14,84503507,'2018-09-26 15:46:45',''),(134717,3,3,136354,14,84503507,'2018-09-26 15:46:47',''),(134718,3,3,136355,14,84503507,'2018-09-26 15:46:49',''),(134719,3,3,136356,14,84503507,'2018-09-26 15:46:50',''),(134720,3,3,136357,14,84503507,'2018-09-26 15:46:52',''),(134721,3,3,136358,14,84503507,'2018-09-26 15:46:53',''),(134722,3,3,136359,14,84503507,'2018-09-26 15:46:55',''),(134723,3,3,136360,14,84503507,'2018-09-26 15:46:57',''),(134724,3,3,136361,14,84503507,'2018-09-26 15:46:58',''),(134725,3,3,136362,14,84503507,'2018-09-26 15:47:00',''),(134726,3,6,136363,14,84503507,'2018-09-26 15:47:02',''),(134727,3,4,136364,45,84503507,'2018-09-26 15:47:04',''),(134728,3,3,136365,131,84515810,'2018-09-26 15:52:15',''),(134729,3,3,136366,131,84515810,'2018-09-26 15:52:17',''),(134730,3,3,136367,131,84515810,'2018-09-26 15:52:19',''),(134731,3,3,136368,131,84515810,'2018-09-26 15:52:20',''),(134732,3,3,136369,131,84515810,'2018-09-26 15:52:22',''),(134733,3,3,136370,131,84515810,'2018-09-26 15:52:23',''),(134734,3,3,136371,131,84515810,'2018-09-26 15:52:24',''),(134735,3,3,136372,131,84515810,'2018-09-26 15:52:26',''),(134736,3,3,136373,131,84515810,'2018-09-26 15:52:28',''),(134737,3,3,136374,131,84515810,'2018-09-26 15:52:29',''),(134738,3,3,136375,131,84515810,'2018-09-26 15:52:31',''),(134739,3,3,136376,131,84515810,'2018-09-26 15:52:32',''),(134740,3,3,136377,131,84515810,'2018-09-26 15:52:34',''),(134741,3,3,136378,131,84515810,'2018-09-26 15:52:35',''),(134742,3,3,136379,131,84515810,'2018-09-26 15:52:37',''),(134743,3,3,136380,131,84515810,'2018-09-26 15:52:38',''),(134744,3,3,136381,131,84515810,'2018-09-26 15:52:40',''),(134745,3,3,136382,131,84515810,'2018-09-26 15:52:41',''),(134746,3,3,136383,131,84515810,'2018-09-26 15:52:43',''),(134747,3,3,136384,131,84515810,'2018-09-26 15:52:44',''),(134748,3,3,136385,131,84515810,'2018-09-26 15:52:46',''),(134749,3,3,136386,131,84515810,'2018-09-26 15:52:47',''),(134750,3,3,136387,131,84515810,'2018-09-26 15:52:49',''),(134751,3,3,136388,131,84515810,'2018-09-26 15:52:50',''),(134752,3,3,136389,131,84515810,'2018-09-26 15:52:52',''),(134753,3,3,136390,131,84515810,'2018-09-26 15:52:53',''),(134754,3,3,136391,131,84515810,'2018-09-26 15:52:55',''),(134755,3,3,136392,131,84515810,'2018-09-26 15:52:56',''),(134756,3,3,136393,131,84515810,'2018-09-26 15:52:58',''),(134757,3,3,136394,131,84515810,'2018-09-26 15:52:59',''),(134758,3,3,136395,131,84515810,'2018-09-26 15:53:01',''),(134759,3,3,136396,131,84515810,'2018-09-26 15:53:02',''),(134760,3,3,136397,131,84515810,'2018-09-26 15:53:04',''),(134761,3,3,136398,131,84515810,'2018-09-26 15:53:06',''),(134762,3,3,136399,131,84515810,'2018-09-26 15:53:07',''),(134763,3,3,136400,131,84515810,'2018-09-26 15:53:08',''),(134764,3,3,136401,131,84515810,'2018-09-26 15:53:10',''),(134765,3,3,136402,131,84515810,'2018-09-26 15:53:11',''),(134766,3,3,136403,131,84515810,'2018-09-26 15:53:13',''),(134767,3,3,136404,131,84515810,'2018-09-26 15:53:14',''),(134768,3,3,136405,131,84515810,'2018-09-26 15:53:16',''),(134769,3,3,136406,131,84515810,'2018-09-26 15:53:18',''),(134770,3,3,136407,131,84515810,'2018-09-26 15:53:19',''),(134771,3,3,136408,131,84515810,'2018-09-26 15:53:21',''),(134772,3,3,136409,131,84515810,'2018-09-26 15:53:23',''),(134773,3,3,136410,131,84515810,'2018-09-26 15:53:25',''),(134774,3,3,136411,131,84515810,'2018-09-26 15:53:26',''),(134775,3,3,136412,131,84515810,'2018-09-26 15:53:28',''),(134776,3,3,136413,131,84515810,'2018-09-26 15:53:29',''),(134777,3,3,136414,131,84515810,'2018-09-26 15:53:31',''),(134778,3,3,136415,131,84515810,'2018-09-26 15:53:33',''),(134779,3,3,136416,131,84515810,'2018-09-26 15:53:34',''),(134780,3,3,136417,131,84515810,'2018-09-26 15:53:36',''),(134781,3,3,136418,131,84515810,'2018-09-26 15:53:38',''),(134782,3,3,136419,131,84515810,'2018-09-26 15:53:39',''),(134783,3,3,136420,131,84515810,'2018-09-26 15:53:41',''),(134784,3,3,136421,131,84515810,'2018-09-26 15:53:43',''),(134785,3,3,136422,131,84515810,'2018-09-26 15:53:44',''),(134786,3,3,136423,131,84515810,'2018-09-26 15:53:46',''),(134787,3,3,136424,131,84515810,'2018-09-26 15:53:48',''),(134788,3,3,136425,131,84515810,'2018-09-26 15:53:49',''),(134789,3,3,136426,131,84515810,'2018-09-26 15:53:51',''),(134790,3,3,136427,131,84515810,'2018-09-26 15:53:53',''),(134791,3,3,136428,131,84515810,'2018-09-26 15:53:54',''),(134792,3,3,136429,131,84515810,'2018-09-26 15:53:56',''),(134793,3,3,136430,131,84515810,'2018-09-26 15:53:58',''),(134794,3,3,136431,131,84515810,'2018-09-26 15:53:59',''),(134795,3,3,136432,131,84515810,'2018-09-26 15:54:01',''),(134796,3,3,136433,131,84515810,'2018-09-26 15:54:02',''),(134797,3,3,136434,131,84515810,'2018-09-26 15:54:04',''),(134798,3,3,136435,131,84515810,'2018-09-26 15:54:06',''),(134799,3,3,136436,131,84515810,'2018-09-26 15:54:07',''),(134800,3,3,136437,131,84515810,'2018-09-26 15:54:09',''),(134801,3,3,136438,131,84515810,'2018-09-26 15:54:11',''),(134802,3,3,136439,131,84515810,'2018-09-26 15:54:13',''),(134803,3,3,136440,131,84515810,'2018-09-26 15:54:14',''),(134804,3,3,136441,131,84515810,'2018-09-26 15:54:16',''),(134805,3,3,136442,131,84515810,'2018-09-26 15:54:17',''),(134806,3,3,136443,131,84515810,'2018-09-26 15:54:19',''),(134807,3,3,136444,131,84515810,'2018-09-26 15:54:21',''),(134808,3,3,136445,131,84515810,'2018-09-26 15:54:22',''),(134809,3,3,136446,131,84515810,'2018-09-26 15:54:24',''),(134810,3,3,136447,131,84515810,'2018-09-26 15:54:25',''),(134811,3,3,136448,131,84515810,'2018-09-26 15:54:27',''),(134812,3,3,136449,131,84515810,'2018-09-26 15:54:29',''),(134813,3,4,136450,6,1123632554,'2018-09-26 16:03:59',''),(134814,3,6,136451,113,1427755561,'2018-09-26 16:35:07',''),(134815,3,6,136452,113,1427755754,'2018-09-26 16:35:41',''),(134816,3,6,136453,113,1427755561,'2018-09-26 16:35:52',''),(134817,3,3,136454,23,1427755754,'2018-09-26 16:37:02',''),(134818,3,3,136455,25,1427755754,'2018-09-26 16:38:03',''),(134819,3,3,136456,19,1432180827,'2018-09-26 16:38:56',''),(134820,3,3,136457,131,1049231385,'2018-09-26 16:38:59',''),(134821,3,3,136458,131,1432180827,'2018-09-26 16:39:27',''),(134822,3,3,136459,20,1432180827,'2018-09-26 16:39:50',''),(134823,3,3,136460,14,1432180827,'2018-09-26 16:40:32',''),(134824,3,3,136461,131,1049231385,'2018-09-26 16:41:02',''),(134825,3,3,136462,131,1432180827,'2018-09-26 16:41:28',''),(134826,3,3,136463,131,1432180827,'2018-09-26 16:43:41',''),(134827,3,3,136464,40,1432180827,'2018-09-26 16:44:25',''),(134828,3,6,136465,113,1432180827,'2018-09-26 16:49:27',''),(134829,3,3,136466,80,1123632554,'2018-09-26 17:04:49',''),(134830,3,3,136467,131,1427755561,'2018-09-26 17:08:47',''),(134831,3,6,136468,14,1427755754,'2018-09-26 17:08:49',''),(134832,3,6,136469,114,1049231385,'2018-09-26 17:08:54',''),(134833,3,3,136470,131,1427755754,'2018-09-26 17:08:59',''),(134834,3,3,136471,40,1427755754,'2018-09-26 17:09:07',''),(134835,3,6,136472,113,1049231385,'2018-09-26 17:09:18',''),(134836,3,6,136473,113,1427755561,'2018-09-26 17:09:52',''),(134837,3,4,136474,45,1427755754,'2018-09-26 17:10:12',''),(134838,3,3,136475,131,1049231385,'2018-09-26 17:11:55',''),(134839,3,3,136476,131,1432180827,'2018-09-26 17:12:36',''),(134840,3,3,136477,40,1432180827,'2018-09-26 17:12:36',''),(134841,3,3,136478,131,1427755754,'2018-09-26 17:12:46',''),(134842,3,3,136479,131,1432180827,'2018-09-26 17:14:18',''),(134843,3,3,136480,131,2420923215,'2018-09-26 17:28:13',''),(134844,3,3,136481,131,2420923215,'2018-09-26 17:28:15',''),(134845,3,3,136482,131,2420923215,'2018-09-26 17:28:16',''),(134846,3,3,136483,131,2420923215,'2018-09-26 17:28:18',''),(134847,3,3,136484,131,2420923215,'2018-09-26 17:28:19',''),(134848,3,3,136485,131,2420923215,'2018-09-26 17:28:21',''),(134849,3,3,136486,131,2420923215,'2018-09-26 17:28:22',''),(134850,3,3,136487,131,2420923215,'2018-09-26 17:28:24',''),(134851,3,3,136488,131,2420923215,'2018-09-26 17:28:25',''),(134852,3,4,136489,45,1427755561,'2018-09-26 17:40:25',''),(134853,3,3,136490,131,1427755561,'2018-09-26 17:40:33',''),(134854,3,3,136491,131,1427755754,'2018-09-26 17:40:56',''),(134855,3,3,136492,23,1049231385,'2018-09-26 17:41:25',''),(134856,3,6,136493,113,1427755561,'2018-09-26 17:41:26',''),(134857,3,6,136494,14,1049231385,'2018-09-26 17:41:30',''),(134858,3,3,136495,23,1427755754,'2018-09-26 17:41:59',''),(134859,3,3,136496,131,1432180827,'2018-09-26 17:44:03',''),(134860,3,3,136497,40,1432180827,'2018-09-26 17:44:33',''),(134861,3,6,136498,114,1432180827,'2018-09-26 17:44:34',''),(134862,3,4,136499,14,1427755754,'2018-09-26 17:44:47',''),(134863,3,3,136500,21,1427755561,'2018-09-26 17:45:39',''),(134864,3,3,136501,131,1432180827,'2018-09-26 17:46:41',''),(134865,3,3,136502,131,1427755754,'2018-09-26 17:48:20',''),(134866,3,6,136503,113,1432180827,'2018-09-26 17:50:44',''),(134867,3,3,136504,19,1432180827,'2018-09-26 17:52:48',''),(134868,3,3,136505,40,1427755561,'2018-09-26 18:11:24',''),(134869,3,4,136506,45,1427755561,'2018-09-26 18:11:24',''),(134870,3,6,136507,113,1427755561,'2018-09-26 18:11:25',''),(134871,3,3,136508,131,1427755561,'2018-09-26 18:11:25',''),(134872,3,3,136509,14,1427755561,'2018-09-26 18:11:30',''),(134873,3,3,136510,131,1427755561,'2018-09-26 18:11:36',''),(134874,3,3,136511,131,1427755754,'2018-09-26 18:11:44',''),(134875,3,4,136512,45,1427755754,'2018-09-26 18:13:10',''),(134876,3,6,136513,114,1427755754,'2018-09-26 18:13:38',''),(134877,3,3,136514,14,1427755754,'2018-09-26 18:13:40',''),(134878,3,3,136515,131,1432180827,'2018-09-26 18:14:29',''),(134879,3,3,136516,131,1432180827,'2018-09-26 18:15:33',''),(134880,3,6,136517,113,1432180827,'2018-09-26 18:17:01',''),(134881,3,3,136518,131,1432180827,'2018-09-26 18:18:27',''),(134882,3,6,136519,114,1432180827,'2018-09-26 18:18:34',''),(134883,3,6,136520,14,1432180827,'2018-09-26 18:18:44',''),(134884,3,6,136521,113,1427755754,'2018-09-26 18:42:59',''),(134885,3,3,136522,20,1049231385,'2018-09-26 18:43:02',''),(134886,3,3,136523,14,1427755561,'2018-09-26 18:43:02',''),(134887,3,6,136524,113,1049231385,'2018-09-26 18:43:21',''),(134888,3,3,136525,40,1049231385,'2018-09-26 18:43:25',''),(134889,3,3,136526,19,1427755754,'2018-09-26 18:43:29',''),(134890,3,6,136527,114,1427755754,'2018-09-26 18:43:44',''),(134891,3,6,136528,113,1427755561,'2018-09-26 18:44:10',''),(134892,3,6,136529,113,1049231385,'2018-09-26 18:44:57',''),(134893,3,4,136530,45,1432180827,'2018-09-26 18:45:28',''),(134894,3,3,136531,40,1432180827,'2018-09-26 18:45:34',''),(134895,3,6,136532,14,1432180827,'2018-09-26 18:46:23',''),(134896,3,3,136533,19,1432180827,'2018-09-26 18:47:05',''),(134897,3,4,136534,45,1049231385,'2018-09-26 18:47:20',''),(134898,3,3,136535,131,1432180827,'2018-09-26 18:48:33',''),(134899,3,6,136536,113,1432180827,'2018-09-26 18:48:34',''),(134900,3,3,136537,131,1432180827,'2018-09-26 18:48:53',''),(134901,3,3,136538,14,1427755754,'2018-09-26 18:49:46',''),(134902,3,6,136539,114,1427755561,'2018-09-26 19:11:27',''),(134903,3,3,136540,19,1427755561,'2018-09-26 19:11:33',''),(134904,3,3,136541,14,1427755754,'2018-09-26 19:11:35',''),(134905,3,4,136542,45,1049231385,'2018-09-26 19:11:38',''),(134906,3,3,136543,35,1427755754,'2018-09-26 19:11:40',''),(134907,3,6,136544,113,1049231385,'2018-09-26 19:11:40',''),(134908,3,3,136545,131,1049231385,'2018-09-26 19:11:43',''),(134909,3,3,136546,20,1049231385,'2018-09-26 19:11:44',''),(134910,3,4,136547,45,1049231385,'2018-09-26 19:11:51',''),(134911,3,3,136548,131,1049231385,'2018-09-26 19:11:51',''),(134912,3,6,136549,14,1049231385,'2018-09-26 19:11:56',''),(134913,3,6,136550,14,1049231385,'2018-09-26 19:11:59',''),(134914,3,3,136551,131,772030458,'2018-09-26 19:13:13',''),(134915,3,3,136552,131,772030458,'2018-09-26 19:13:15',''),(134916,3,3,136553,131,772030458,'2018-09-26 19:13:16',''),(134917,3,3,136554,20,1432180827,'2018-09-26 19:15:24',''),(134918,3,6,136555,114,1427755561,'2018-09-26 19:16:01',''),(134919,3,3,136556,131,1432180827,'2018-09-26 19:21:44',''),(134920,3,6,136557,113,1427755561,'2018-09-26 19:40:12',''),(134921,3,3,136558,26,1427755561,'2018-09-26 19:40:12',''),(134922,3,4,136559,45,1427755754,'2018-09-26 19:40:12',''),(134923,3,3,136560,14,1427755754,'2018-09-26 19:40:12',''),(134924,3,3,136561,20,1427755754,'2018-09-26 19:40:15',''),(134925,3,3,136562,131,1427755561,'2018-09-26 19:40:16',''),(134926,3,3,136563,131,1427755754,'2018-09-26 19:40:18',''),(134927,3,6,136564,14,1427755754,'2018-09-26 19:40:19',''),(134928,3,3,136565,40,1049231385,'2018-09-26 19:40:23',''),(134929,3,3,136566,19,1432180827,'2018-09-26 19:42:46',''),(134930,3,3,136567,131,1432180827,'2018-09-26 19:42:47',''),(134931,3,6,136568,113,1432180827,'2018-09-26 19:42:47',''),(134932,3,3,136569,23,1432180827,'2018-09-26 19:42:51',''),(134933,3,4,136570,45,1432180827,'2018-09-26 19:44:52',''),(134934,3,3,136571,19,1427755561,'2018-09-26 19:50:47',''),(134935,3,6,136572,113,1432180827,'2018-09-26 19:52:14',''),(134936,3,3,136573,131,1489379729,'2018-09-26 20:57:59',''),(134937,3,3,136574,131,1489379729,'2018-09-26 20:58:01',''),(134938,3,3,136575,131,1489379729,'2018-09-26 20:58:02',''),(134939,3,3,136576,131,1489379729,'2018-09-26 20:58:04',''),(134940,3,3,136577,131,1489379729,'2018-09-26 20:58:06',''),(134941,3,3,136578,131,1489379729,'2018-09-26 20:58:07',''),(134942,3,3,136579,131,1489379729,'2018-09-26 20:58:09',''),(134943,3,3,136580,131,1489379729,'2018-09-26 20:58:11',''),(134944,3,3,136581,131,1489379729,'2018-09-26 20:58:12',''),(134945,3,3,136582,131,1489379729,'2018-09-26 20:58:14',''),(134946,3,3,136583,131,1489379729,'2018-09-26 20:58:15',''),(134947,3,3,136584,131,1489379729,'2018-09-26 20:58:17',''),(134948,3,3,136585,131,1489379729,'2018-09-26 20:58:19',''),(134949,3,3,136586,131,1489379729,'2018-09-26 20:58:20',''),(134950,3,3,136587,131,1489379729,'2018-09-26 20:58:21',''),(134951,3,3,136588,131,1489379729,'2018-09-26 20:58:23',''),(134952,3,3,136589,131,1489379729,'2018-09-26 20:58:25',''),(134953,3,3,136590,131,1489379729,'2018-09-26 20:58:26',''),(134954,3,3,136591,131,1489379729,'2018-09-26 20:58:27',''),(134955,3,3,136592,131,1489379729,'2018-09-26 20:58:29',''),(134956,3,3,136593,131,1489379729,'2018-09-26 20:58:31',''),(134957,3,3,136594,131,1489379729,'2018-09-26 20:58:32',''),(134958,3,3,136595,131,1489379729,'2018-09-26 20:58:34',''),(134959,3,3,136596,131,1489379729,'2018-09-26 20:58:35',''),(134960,3,3,136597,131,1489379729,'2018-09-26 20:58:37',''),(134961,3,3,136598,131,1489379729,'2018-09-26 20:58:38',''),(134962,3,3,136599,131,1489379729,'2018-09-26 20:58:40',''),(134963,3,3,136600,131,1489379729,'2018-09-26 20:58:42',''),(134964,3,3,136601,131,1489379729,'2018-09-26 20:58:43',''),(134965,3,3,136602,131,1489379729,'2018-09-26 20:58:45',''),(134966,3,3,136603,131,1489379729,'2018-09-26 20:58:46',''),(134967,3,3,136604,131,1489379729,'2018-09-26 20:58:48',''),(134968,3,3,136605,131,1489379729,'2018-09-26 20:58:49',''),(134969,3,3,136606,131,1489379729,'2018-09-26 20:58:51',''),(134970,3,3,136607,131,1489379729,'2018-09-26 20:58:52',''),(134971,3,3,136608,131,1489379729,'2018-09-26 20:58:54',''),(134972,3,3,136609,131,1489379729,'2018-09-26 20:58:55',''),(134973,3,3,136610,131,1489379729,'2018-09-26 20:58:57',''),(134974,3,3,136611,131,1489379729,'2018-09-26 20:58:59',''),(134975,3,3,136612,131,1489379729,'2018-09-26 20:59:00',''),(134976,3,3,136613,131,1489379729,'2018-09-26 20:59:02',''),(134977,3,3,136614,131,1489379729,'2018-09-26 20:59:03',''),(134978,3,3,136615,131,1489379729,'2018-09-26 20:59:04',''),(134979,3,3,136616,131,1489379729,'2018-09-26 20:59:06',''),(134980,3,3,136617,131,1489379729,'2018-09-26 20:59:08',''),(134981,3,3,136618,131,1489379729,'2018-09-26 20:59:09',''),(134982,3,3,136619,131,1489379729,'2018-09-26 20:59:11',''),(134983,3,3,136620,131,1489379729,'2018-09-26 20:59:12',''),(134984,3,3,136621,131,1489379729,'2018-09-26 20:59:14',''),(134985,3,3,136622,131,1489379729,'2018-09-26 20:59:16',''),(134986,3,3,136623,131,1489379729,'2018-09-26 20:59:17',''),(134987,3,3,136624,131,1489379729,'2018-09-26 20:59:19',''),(134988,3,3,136625,131,1489379729,'2018-09-26 20:59:20',''),(134989,3,3,136626,131,1489379729,'2018-09-26 20:59:22',''),(134990,3,3,136627,131,1489379729,'2018-09-26 20:59:24',''),(134991,3,3,136628,131,1489379729,'2018-09-26 20:59:25',''),(134992,3,3,136629,131,1489379729,'2018-09-26 20:59:27',''),(134993,3,3,136630,131,1489379729,'2018-09-26 20:59:28',''),(134994,3,3,136631,131,1489379729,'2018-09-26 20:59:30',''),(134995,3,3,136632,131,1489379729,'2018-09-26 20:59:31',''),(134996,3,3,136633,131,1489379729,'2018-09-26 20:59:33',''),(134997,3,3,136634,131,1489379729,'2018-09-26 20:59:34',''),(134998,3,3,136635,131,1489379729,'2018-09-26 20:59:36',''),(134999,3,3,136636,131,1489379729,'2018-09-26 20:59:37',''),(135000,3,3,136637,131,1489379729,'2018-09-26 20:59:39',''),(135001,3,3,136638,131,1489379729,'2018-09-26 20:59:40',''),(135002,3,3,136639,131,1489379729,'2018-09-26 20:59:42',''),(135003,3,3,136640,131,1489379729,'2018-09-26 20:59:43',''),(135004,3,3,136641,131,1489379729,'2018-09-26 20:59:45',''),(135005,3,3,136642,131,1489379729,'2018-09-26 20:59:46',''),(135006,3,3,136643,131,1489379729,'2018-09-26 20:59:48',''),(135007,3,3,136644,131,1489379729,'2018-09-26 20:59:50',''),(135008,3,3,136645,131,1489379729,'2018-09-26 20:59:51',''),(135009,3,3,136646,131,1489379729,'2018-09-26 20:59:53',''),(135010,3,3,136647,131,1489379729,'2018-09-26 20:59:54',''),(135011,3,3,136648,131,1489379729,'2018-09-26 20:59:56',''),(135012,3,3,136649,131,1489379729,'2018-09-26 20:59:57',''),(135013,3,3,136650,131,1489379729,'2018-09-26 20:59:59',''),(135014,3,3,136651,131,1489379729,'2018-09-26 21:00:00',''),(135015,3,3,136652,131,1489379729,'2018-09-26 21:01:35',''),(135016,3,3,136653,131,1489379729,'2018-09-26 21:01:36',''),(135017,3,3,136654,131,1489379729,'2018-09-26 21:01:38',''),(135018,3,3,136655,131,1489379729,'2018-09-26 21:01:39',''),(135019,3,3,136656,131,1489379729,'2018-09-26 21:01:41',''),(135020,3,3,136657,131,1489379729,'2018-09-26 21:01:42',''),(135021,3,3,136658,131,1489379729,'2018-09-26 21:01:44',''),(135022,3,3,136659,131,1489379729,'2018-09-26 21:01:45',''),(135023,3,3,136660,131,1489379729,'2018-09-26 21:01:47',''),(135024,3,3,136661,131,1489379729,'2018-09-26 21:01:49',''),(135025,3,3,136662,131,1489379729,'2018-09-26 21:01:50',''),(135026,3,3,136663,131,1489379729,'2018-09-26 21:01:52',''),(135027,3,3,136664,131,1489379729,'2018-09-26 21:01:53',''),(135028,3,3,136665,131,1489379729,'2018-09-26 21:01:55',''),(135029,3,3,136666,131,1489379729,'2018-09-26 21:01:56',''),(135030,3,3,136667,131,1489379729,'2018-09-26 21:01:58',''),(135031,3,3,136668,131,1489379729,'2018-09-26 21:01:59',''),(135032,3,3,136669,131,1489379729,'2018-09-26 21:02:01',''),(135033,3,3,136670,131,1489379729,'2018-09-26 21:02:03',''),(135034,3,3,136671,131,1489379729,'2018-09-26 21:02:05',''),(135035,3,3,136672,131,1489379729,'2018-09-26 21:02:06',''),(135036,3,3,136673,131,1489379729,'2018-09-26 21:02:08',''),(135037,3,3,136674,131,1489379729,'2018-09-26 21:02:09',''),(135038,3,3,136675,131,1489379729,'2018-09-26 21:02:11',''),(135039,3,3,136676,131,1489379729,'2018-09-26 21:02:12',''),(135040,3,3,136677,131,1489379729,'2018-09-26 21:02:14',''),(135041,3,3,136678,131,1489379729,'2018-09-26 21:02:15',''),(135042,3,3,136679,131,1489379729,'2018-09-26 21:02:17',''),(135043,3,3,136680,131,1489379729,'2018-09-26 21:02:18',''),(135044,3,3,136681,131,1489379729,'2018-09-26 21:02:20',''),(135045,3,3,136682,131,1489379729,'2018-09-26 21:02:21',''),(135046,3,3,136683,131,1489379729,'2018-09-26 21:02:23',''),(135047,3,3,136684,131,1489379729,'2018-09-26 21:02:24',''),(135048,3,3,136685,131,1489379729,'2018-09-26 21:02:26',''),(135049,3,3,136686,131,1489379729,'2018-09-26 21:02:28',''),(135050,3,3,136687,131,1489379729,'2018-09-26 21:02:29',''),(135051,3,3,136688,131,1489379729,'2018-09-26 21:02:31',''),(135052,3,3,136689,131,1489379729,'2018-09-26 21:02:32',''),(135053,3,3,136690,131,1489379729,'2018-09-26 21:02:34',''),(135054,3,3,136691,131,1489379729,'2018-09-26 21:02:36',''),(135055,3,3,136692,131,1489379729,'2018-09-26 21:02:37',''),(135056,3,3,136693,131,1489379729,'2018-09-26 21:02:39',''),(135057,3,3,136694,131,1489379729,'2018-09-26 21:02:40',''),(135058,3,3,136695,131,1489379729,'2018-09-26 21:02:42',''),(135059,3,3,136696,131,1489379729,'2018-09-26 21:02:43',''),(135060,3,3,136697,131,1489379729,'2018-09-26 21:02:45',''),(135061,3,3,136698,131,1489379729,'2018-09-26 21:02:46',''),(135062,3,3,136699,131,1489379729,'2018-09-26 21:02:48',''),(135063,3,3,136700,131,1489379729,'2018-09-26 21:02:49',''),(135064,3,3,136701,131,1489379729,'2018-09-26 21:02:51',''),(135065,3,3,136702,131,1489379729,'2018-09-26 21:02:52',''),(135066,3,3,136703,131,1489379729,'2018-09-26 21:02:54',''),(135067,3,3,136704,131,1489379729,'2018-09-26 21:02:55',''),(135068,3,3,136705,131,1489379729,'2018-09-26 21:02:57',''),(135069,3,3,136706,131,1489379729,'2018-09-26 21:02:58',''),(135070,3,3,136707,131,1489379729,'2018-09-26 21:03:00',''),(135071,3,3,136708,131,1489379729,'2018-09-26 21:03:02',''),(135072,3,3,136709,131,1489379729,'2018-09-26 21:03:03',''),(135073,3,3,136710,131,1489379729,'2018-09-26 21:03:05',''),(135074,3,3,136711,131,1489379729,'2018-09-26 21:03:06',''),(135075,3,3,136712,131,1489379729,'2018-09-26 21:03:08',''),(135076,3,3,136713,131,1489379729,'2018-09-26 21:03:09',''),(135077,3,3,136714,131,1489379729,'2018-09-26 21:03:11',''),(135078,3,3,136715,131,1489379729,'2018-09-26 21:03:12',''),(135079,3,3,136716,131,1489379729,'2018-09-26 21:03:14',''),(135080,3,3,136717,131,1489379729,'2018-09-26 21:03:15',''),(135081,3,3,136718,131,1489379729,'2018-09-26 21:03:17',''),(135082,3,3,136719,131,1489379729,'2018-09-26 21:03:18',''),(135083,3,3,136720,131,1489379729,'2018-09-26 21:03:20',''),(135084,3,3,136721,131,1489379729,'2018-09-26 21:03:21',''),(135085,3,3,136722,131,1489379729,'2018-09-26 21:03:23',''),(135086,3,3,136723,131,1489379729,'2018-09-26 21:03:24',''),(135087,3,3,136724,131,1489379729,'2018-09-26 21:03:26',''),(135088,3,3,136725,131,1489379729,'2018-09-26 21:03:28',''),(135089,3,3,136726,131,1489379729,'2018-09-26 21:03:29',''),(135090,3,3,136727,131,1489379729,'2018-09-26 21:03:31',''),(135091,3,3,136728,131,1489379729,'2018-09-26 21:03:32',''),(135092,3,3,136729,131,1489379729,'2018-09-26 21:03:34',''),(135093,3,3,136730,131,1489379729,'2018-09-26 21:03:35',''),(135094,3,3,136731,131,1489379729,'2018-09-26 21:03:37',''),(135095,3,3,136732,131,1489379729,'2018-09-26 21:03:38',''),(135096,3,3,136733,131,1489379729,'2018-09-26 21:03:40',''),(135097,3,3,136734,131,1489379729,'2018-09-26 21:03:41',''),(135098,3,3,136735,131,1489379729,'2018-09-26 21:03:43',''),(135099,3,3,136736,131,1489379729,'2018-09-26 21:03:44',''),(135100,3,3,136737,131,1489379729,'2018-09-26 21:03:46',''),(135101,3,3,136738,131,1489379729,'2018-09-26 21:03:48',''),(135102,3,3,136739,131,1489379729,'2018-09-26 21:03:49',''),(135103,3,3,136740,131,1489379729,'2018-09-26 21:03:51',''),(135104,3,3,136741,131,1489379729,'2018-09-26 21:03:52',''),(135105,3,3,136742,131,1489379729,'2018-09-26 21:03:54',''),(135106,3,3,136743,131,1489379729,'2018-09-26 21:03:55',''),(135107,3,3,136744,131,1489379729,'2018-09-26 21:03:56',''),(135108,3,3,136745,131,1489379729,'2018-09-26 21:03:58',''),(135109,3,3,136746,131,1489379729,'2018-09-26 21:04:00',''),(135110,3,3,136747,131,1489379729,'2018-09-26 21:04:01',''),(135111,3,3,136748,131,1489379729,'2018-09-26 21:04:03',''),(135112,3,3,136749,131,1489379729,'2018-09-26 21:04:04',''),(135113,3,3,136750,131,1489379729,'2018-09-26 21:04:06',''),(135114,3,3,136751,131,1489379729,'2018-09-26 21:04:07',''),(135115,3,3,136752,131,1489379729,'2018-09-26 21:04:09',''),(135116,3,3,136753,131,1489379729,'2018-09-26 21:04:10',''),(135117,3,3,136754,131,1489379729,'2018-09-26 21:04:12',''),(135118,3,3,136755,131,1489379729,'2018-09-26 21:04:13',''),(135119,3,3,136756,131,1489379729,'2018-09-26 21:04:15',''),(135120,3,3,136757,131,1489379729,'2018-09-26 21:04:16',''),(135121,3,3,136758,131,1489379729,'2018-09-26 21:04:18',''),(135122,3,3,136759,131,1489379729,'2018-09-26 21:04:19',''),(135123,3,3,136760,131,1489379729,'2018-09-26 21:04:21',''),(135124,3,3,136761,131,1489379729,'2018-09-26 21:04:22',''),(135125,3,3,136762,131,1489379729,'2018-09-26 21:04:23',''),(135126,3,3,136763,131,1489379729,'2018-09-26 21:04:25',''),(135127,3,3,136764,131,1489379729,'2018-09-26 21:04:26',''),(135128,3,3,136765,131,1489379729,'2018-09-26 21:04:28',''),(135129,3,3,136766,131,1489379729,'2018-09-26 21:04:29',''),(135130,3,3,136767,131,1489379729,'2018-09-26 21:04:31',''),(135131,3,3,136768,131,1489379729,'2018-09-26 21:04:33',''),(135132,3,3,136769,131,1489379729,'2018-09-26 21:04:34',''),(135133,3,3,136770,131,1489379729,'2018-09-26 21:04:36',''),(135134,3,3,136771,131,1489379729,'2018-09-26 21:04:37',''),(135135,3,3,136772,131,1489379729,'2018-09-26 21:04:39',''),(135136,3,3,136773,131,1489379729,'2018-09-26 21:04:41',''),(135137,3,3,136774,131,1489379729,'2018-09-26 21:04:42',''),(135138,3,3,136775,131,1489379729,'2018-09-26 21:04:44',''),(135139,3,3,136776,131,1489379729,'2018-09-26 21:04:45',''),(135140,3,3,136777,131,1489379729,'2018-09-26 21:04:47',''),(135141,3,3,136778,131,1489379729,'2018-09-26 21:04:48',''),(135142,3,3,136779,131,1489379729,'2018-09-26 21:04:50',''),(135143,3,3,136780,131,1489379729,'2018-09-26 21:04:52',''),(135144,3,3,136781,131,1489379729,'2018-09-26 21:04:53',''),(135145,3,3,136782,131,1489379729,'2018-09-26 21:04:55',''),(135146,3,3,136783,131,1489379729,'2018-09-26 21:04:56',''),(135147,3,3,136784,131,1489379729,'2018-09-26 21:04:58',''),(135148,3,3,136785,131,1489379729,'2018-09-26 21:04:59',''),(135149,3,3,136786,131,1489379729,'2018-09-26 21:05:01',''),(135150,3,3,136787,131,1489379729,'2018-09-26 21:05:02',''),(135151,3,3,136788,131,1489379729,'2018-09-26 21:05:04',''),(135152,3,3,136789,131,1489379729,'2018-09-26 21:05:05',''),(135153,3,3,136790,131,1489379729,'2018-09-26 21:05:07',''),(135154,3,3,136791,131,1489379729,'2018-09-26 21:05:08',''),(135155,3,3,136792,131,1489379729,'2018-09-26 21:05:10',''),(135156,3,3,136793,131,1489379729,'2018-09-26 21:05:12',''),(135157,3,3,136794,131,1489379729,'2018-09-26 21:05:13',''),(135158,3,3,136795,131,1489379729,'2018-09-26 21:05:15',''),(135159,3,3,136796,131,1489379729,'2018-09-26 21:05:16',''),(135160,3,3,136797,131,1489379729,'2018-09-26 21:05:18',''),(135161,3,3,136798,131,1489379729,'2018-09-26 21:05:19',''),(135162,3,3,136799,131,1489379729,'2018-09-26 21:05:21',''),(135163,3,3,136800,131,1489379729,'2018-09-26 21:05:23',''),(135164,3,3,136801,131,1489379729,'2018-09-26 21:05:24',''),(135165,3,3,136802,131,1489379729,'2018-09-26 21:05:26',''),(135166,3,3,136803,131,1489379729,'2018-09-26 21:05:27',''),(135167,3,3,136804,131,1489379729,'2018-09-26 21:05:29',''),(135168,3,3,136805,131,1489379729,'2018-09-26 21:05:30',''),(135169,3,3,136806,131,1489379729,'2018-09-26 21:05:32',''),(135170,3,3,136807,131,1489379729,'2018-09-26 21:05:33',''),(135171,3,3,136808,131,1489379729,'2018-09-26 21:05:35',''),(135172,3,3,136809,131,1489379729,'2018-09-26 21:05:36',''),(135173,3,3,136810,131,1489379729,'2018-09-26 21:05:38',''),(135174,3,3,136811,131,1489379729,'2018-09-26 21:05:39',''),(135175,3,3,136812,131,1489379729,'2018-09-26 21:05:41',''),(135176,3,3,136813,131,1489379729,'2018-09-26 21:05:42',''),(135177,3,3,136814,131,1489379729,'2018-09-26 21:05:44',''),(135178,3,3,136815,131,1489379729,'2018-09-26 21:05:45',''),(135179,3,3,136816,131,1489379729,'2018-09-26 21:05:47',''),(135180,3,3,136817,131,1489379729,'2018-09-26 21:05:48',''),(135181,3,3,136818,131,1489379729,'2018-09-26 21:05:50',''),(135182,3,3,136819,131,1489379729,'2018-09-26 21:05:51',''),(135183,3,3,136820,131,1489379729,'2018-09-26 21:05:53',''),(135184,3,3,136821,131,1489379729,'2018-09-26 21:05:54',''),(135185,3,3,136822,14,1489379729,'2018-09-26 21:05:56',''),(135186,3,3,136823,14,1489379729,'2018-09-26 21:05:57',''),(135187,3,3,136824,14,1489379729,'2018-09-26 21:05:59',''),(135188,3,3,136825,14,1489379729,'2018-09-26 21:06:01',''),(135189,3,3,136826,14,1489379729,'2018-09-26 21:06:02',''),(135190,3,3,136827,14,1489379729,'2018-09-26 21:06:04',''),(135191,3,3,136828,14,1489379729,'2018-09-26 21:06:06',''),(135192,3,3,136829,14,1489379729,'2018-09-26 21:06:07',''),(135193,3,3,136830,14,1489379729,'2018-09-26 21:06:09',''),(135194,3,3,136831,14,1489379729,'2018-09-26 21:06:11',''),(135195,3,3,136832,14,1489379729,'2018-09-26 21:06:12',''),(135196,3,3,136833,14,1489379729,'2018-09-26 21:06:14',''),(135197,3,3,136834,14,1489379729,'2018-09-26 21:06:16',''),(135198,3,3,136835,14,1489379729,'2018-09-26 21:06:17',''),(135199,3,3,136836,14,1489379729,'2018-09-26 21:06:18',''),(135200,3,3,136837,14,1489379729,'2018-09-26 21:06:20',''),(135201,3,3,136838,14,1489379729,'2018-09-26 21:06:21',''),(135202,3,4,136839,45,1489379729,'2018-09-26 21:06:23',''),(135203,3,3,136840,40,2420900905,'2018-09-26 22:43:03',''),(135204,3,3,136841,131,2420900905,'2018-09-26 22:43:04',''),(135205,3,3,136842,131,2420900905,'2018-09-26 22:43:06',''),(135206,3,3,136843,131,2420900905,'2018-09-26 22:43:07',''),(135207,3,3,136844,131,2420900905,'2018-09-26 22:43:09',''),(135208,3,3,136845,131,2420900905,'2018-09-26 22:43:10',''),(135209,3,3,136846,131,2420900905,'2018-09-26 22:43:12',''),(135210,3,3,136847,131,2420900905,'2018-09-26 22:43:14',''),(135211,3,3,136848,131,2420900905,'2018-09-26 22:43:15',''),(135212,3,3,136849,131,2420900905,'2018-09-26 22:43:17',''),(135213,3,3,136850,131,2420900905,'2018-09-26 22:43:18',''),(135214,3,3,136851,131,2420900905,'2018-09-26 22:43:19',''),(135215,3,3,136852,131,2420900905,'2018-09-26 22:43:21',''),(135216,3,3,136853,131,2420900905,'2018-09-26 22:43:22',''),(135217,3,3,136854,131,2420900905,'2018-09-26 22:43:24',''),(135218,3,3,136855,131,2420900905,'2018-09-26 22:43:25',''),(135219,3,3,136856,131,2420900905,'2018-09-26 22:43:27',''),(135220,3,3,136857,131,2420900905,'2018-09-26 22:43:28',''),(135221,3,3,136858,131,2420900905,'2018-09-26 22:43:30',''),(135222,3,3,136859,131,2420900905,'2018-09-26 22:43:31',''),(135223,3,3,136860,131,2420900905,'2018-09-26 22:43:33',''),(135224,3,3,136861,131,2420900905,'2018-09-26 22:43:34',''),(135225,3,3,136862,131,2420900905,'2018-09-26 22:43:36',''),(135226,3,3,136863,131,2420900905,'2018-09-26 22:43:37',''),(135227,3,3,136864,131,2420900905,'2018-09-26 22:43:39',''),(135228,3,3,136865,131,2420900905,'2018-09-26 22:43:40',''),(135229,3,3,136866,131,2420900905,'2018-09-26 22:43:42',''),(135230,3,3,136867,131,2420900905,'2018-09-26 22:43:43',''),(135231,3,3,136868,131,2420900905,'2018-09-26 22:43:45',''),(135232,3,3,136869,131,2420900905,'2018-09-26 22:43:46',''),(135233,3,3,136870,131,2420900905,'2018-09-26 22:43:48',''),(135234,3,3,136871,131,2420900905,'2018-09-26 22:43:49',''),(135235,3,3,136872,131,2420900905,'2018-09-26 22:43:51',''),(135236,3,3,136873,131,2420900905,'2018-09-26 22:43:52',''),(135237,3,3,136874,131,2420900905,'2018-09-26 22:43:54',''),(135238,3,3,136875,131,2420900905,'2018-09-26 22:43:55',''),(135239,3,3,136876,131,2420900905,'2018-09-26 22:43:57',''),(135240,3,3,136877,131,2420900905,'2018-09-26 22:43:58',''),(135241,3,3,136878,131,2420900905,'2018-09-26 22:44:00',''),(135242,3,3,136879,131,2420900905,'2018-09-26 22:44:02',''),(135243,3,3,136880,131,2420900905,'2018-09-26 22:44:03',''),(135244,3,3,136881,131,2420900905,'2018-09-26 22:44:05',''),(135245,3,3,136882,131,2420900905,'2018-09-26 22:44:06',''),(135246,3,3,136883,131,2420900905,'2018-09-26 22:44:08',''),(135247,3,3,136884,131,2420900905,'2018-09-26 22:44:09',''),(135248,3,3,136885,131,2420900905,'2018-09-26 22:44:11',''),(135249,3,3,136886,131,2420900905,'2018-09-26 22:44:13',''),(135250,3,3,136887,131,2420900905,'2018-09-26 22:44:14',''),(135251,3,3,136888,131,2420900905,'2018-09-26 22:44:15',''),(135252,3,3,136889,131,2420900905,'2018-09-26 22:44:17',''),(135253,3,3,136890,131,2420900905,'2018-09-26 22:44:18',''),(135254,3,3,136891,131,2420900905,'2018-09-26 22:44:20',''),(135255,3,3,136892,131,2420900905,'2018-09-26 22:44:22',''),(135256,3,3,136893,131,2420900905,'2018-09-26 22:44:23',''),(135257,3,3,136894,131,2420900905,'2018-09-26 22:44:24',''),(135258,3,3,136895,131,2420900905,'2018-09-26 22:44:26',''),(135259,3,3,136896,131,2420900905,'2018-09-26 22:44:27',''),(135260,3,3,136897,131,2420900905,'2018-09-26 22:44:29',''),(135261,3,3,136898,131,2420900905,'2018-09-26 22:44:31',''),(135262,3,3,136899,131,2420900905,'2018-09-26 22:44:32',''),(135263,3,3,136900,131,2420900905,'2018-09-26 22:44:34',''),(135264,3,3,136901,131,2420900905,'2018-09-26 22:44:35',''),(135265,3,3,136902,131,2420900905,'2018-09-26 22:44:37',''),(135266,3,3,136903,131,2420900905,'2018-09-26 22:44:38',''),(135267,3,3,136904,131,2420900905,'2018-09-26 22:44:40',''),(135268,3,3,136905,131,2420900905,'2018-09-26 22:44:42',''),(135269,3,3,136906,131,2420900905,'2018-09-26 22:44:43',''),(135270,3,3,136907,131,2420900905,'2018-09-26 22:44:45',''),(135271,3,3,136908,131,2420900905,'2018-09-26 22:44:46',''),(135272,3,3,136909,131,2420900905,'2018-09-26 22:44:48',''),(135273,3,3,136910,131,2420900905,'2018-09-26 22:44:49',''),(135274,3,3,136911,131,2420900905,'2018-09-26 22:44:51',''),(135275,3,3,136912,131,2420900905,'2018-09-26 22:44:53',''),(135276,3,3,136913,131,2420900905,'2018-09-26 22:44:54',''),(135277,3,3,136914,131,2420900905,'2018-09-26 22:44:55',''),(135278,3,3,136915,131,2420900905,'2018-09-26 22:44:57',''),(135279,3,3,136916,131,2420900905,'2018-09-26 22:44:59',''),(135280,3,3,136917,131,2420900905,'2018-09-26 22:45:00',''),(135281,3,3,136918,131,2420900905,'2018-09-26 22:45:02',''),(135282,3,3,136919,131,2420900905,'2018-09-26 22:45:03',''),(135283,3,3,136920,131,2420900905,'2018-09-26 22:45:05',''),(135284,3,3,136921,131,2420900905,'2018-09-26 22:45:07',''),(135285,3,3,136922,131,2420900905,'2018-09-26 22:45:08',''),(135286,3,3,136923,131,2420900905,'2018-09-26 22:45:10',''),(135287,3,3,136924,131,2420900905,'2018-09-26 22:45:12',''),(135288,3,3,136925,131,2420900905,'2018-09-26 22:45:13',''),(135289,3,3,136926,131,2420900905,'2018-09-26 22:45:15',''),(135290,3,3,136927,131,2420900905,'2018-09-26 22:45:16',''),(135291,3,3,136928,131,2420900905,'2018-09-26 22:45:18',''),(135292,3,3,136929,131,2420900905,'2018-09-26 22:45:19',''),(135293,3,3,136930,131,2420900905,'2018-09-26 22:45:21',''),(135294,3,3,136931,131,2420900905,'2018-09-26 22:45:22',''),(135295,3,3,136932,131,2420900905,'2018-09-26 22:45:24',''),(135296,3,3,136933,131,2420900905,'2018-09-26 22:45:25',''),(135297,3,3,136934,131,2420900905,'2018-09-26 22:45:27',''),(135298,3,3,136935,131,2420900905,'2018-09-26 22:45:28',''),(135299,3,3,136936,131,2420900905,'2018-09-26 22:45:30',''),(135300,3,3,136937,131,2420900905,'2018-09-26 22:45:31',''),(135301,3,3,136938,131,2420900905,'2018-09-26 22:45:33',''),(135302,3,3,136939,131,2420900905,'2018-09-26 22:45:34',''),(135303,3,3,136940,131,2420900905,'2018-09-26 22:45:36',''),(135304,3,3,136941,131,2420900905,'2018-09-26 22:45:37',''),(135305,3,3,136942,131,2420900905,'2018-09-26 22:45:39',''),(135306,3,3,136943,131,2420900905,'2018-09-26 22:45:40',''),(135307,3,3,136944,131,2420900905,'2018-09-26 22:45:42',''),(135308,3,3,136945,131,2420900905,'2018-09-26 22:45:43',''),(135309,3,3,136946,131,2420900905,'2018-09-26 22:45:45',''),(135310,3,3,136947,131,2420900905,'2018-09-26 22:45:46',''),(135311,3,3,136948,131,2420900905,'2018-09-26 22:45:48',''),(135312,3,3,136949,131,2420900905,'2018-09-26 22:45:49',''),(135313,3,3,136950,131,2420900905,'2018-09-26 22:45:51',''),(135314,3,3,136951,131,2420900905,'2018-09-26 22:45:53',''),(135315,3,3,136952,131,2420900905,'2018-09-26 22:45:54',''),(135316,3,3,136953,131,2420900905,'2018-09-26 22:45:56',''),(135317,3,3,136954,131,2420900905,'2018-09-26 22:45:57',''),(135318,3,3,136955,131,2420900905,'2018-09-26 22:45:58',''),(135319,3,3,136956,131,2420900905,'2018-09-26 22:46:00',''),(135320,3,3,136957,131,2420900905,'2018-09-26 22:46:02',''),(135321,3,3,136958,131,2420900905,'2018-09-26 22:46:03',''),(135322,3,3,136959,131,2420900905,'2018-09-26 22:46:05',''),(135323,3,3,136960,131,2420900905,'2018-09-26 22:46:06',''),(135324,3,3,136961,131,2420900905,'2018-09-26 22:46:08',''),(135325,3,3,136962,131,2420900905,'2018-09-26 22:46:09',''),(135326,3,3,136963,131,2420900905,'2018-09-26 22:46:11',''),(135327,3,3,136964,131,2420900905,'2018-09-26 22:46:12',''),(135328,3,3,136965,131,2420900905,'2018-09-26 22:46:14',''),(135329,3,3,136966,131,2420900905,'2018-09-26 22:46:15',''),(135330,3,3,136967,131,2420900905,'2018-09-26 22:46:17',''),(135331,3,3,136968,131,2420900905,'2018-09-26 22:46:18',''),(135332,3,3,136969,131,2420900905,'2018-09-26 22:46:20',''),(135333,3,3,136970,131,2420900905,'2018-09-26 22:46:21',''),(135334,3,3,136971,131,2420900905,'2018-09-26 22:46:23',''),(135335,3,3,136972,131,2420900905,'2018-09-26 22:46:25',''),(135336,3,3,136973,131,2420900905,'2018-09-26 22:46:26',''),(135337,3,3,136974,131,2420900905,'2018-09-26 22:46:27',''),(135338,3,3,136975,131,2420900905,'2018-09-26 22:46:29',''),(135339,3,3,136976,131,2420900905,'2018-09-26 22:46:30',''),(135340,3,3,136977,131,2420900905,'2018-09-26 22:46:32',''),(135341,3,3,136978,131,2420900905,'2018-09-26 22:46:33',''),(135342,3,3,136979,131,2420900905,'2018-09-26 22:46:35',''),(135343,3,3,136980,131,2420900905,'2018-09-26 22:46:36',''),(135344,3,3,136981,131,2420900905,'2018-09-26 22:46:38',''),(135345,3,3,136982,131,2420900905,'2018-09-26 22:46:39',''),(135346,3,3,136983,131,2420900905,'2018-09-26 22:46:41',''),(135347,3,3,136984,131,2420900905,'2018-09-26 22:46:42',''),(135348,3,3,136985,131,2420900905,'2018-09-26 22:46:44',''),(135349,3,3,136986,131,2420900905,'2018-09-26 22:46:45',''),(135350,3,3,136987,131,2420900905,'2018-09-26 22:46:46',''),(135351,3,3,136988,131,2420900905,'2018-09-26 22:46:48',''),(135352,3,3,136989,131,2420900905,'2018-09-26 22:46:50',''),(135353,3,3,136990,131,2420900905,'2018-09-26 22:46:51',''),(135354,3,3,136991,131,2420900905,'2018-09-26 22:46:53',''),(135355,3,3,136992,131,2420900905,'2018-09-26 22:46:54',''),(135356,3,4,136993,45,2420900905,'2018-09-26 22:46:56',''),(135357,3,1,53874,2,1427285801,'2018-09-26 23:26:31',''),(135358,3,1,136994,2,1123634250,'2018-09-26 23:56:36',''),(135359,3,1,136997,2,1123634252,'2018-09-26 23:59:02',''),(135360,3,1,136998,2,1123631148,'2018-09-27 00:00:04',''),(135361,3,1,136999,2,1116040484,'2018-09-27 00:00:08',''),(135362,3,1,5,1,1427285801,'2018-09-27 00:15:29',''),(135363,4,13,137000,1,1427285801,'2018-09-27 00:15:42',''),(135364,4,13,137001,1,1427285801,'2018-09-27 00:15:43',''),(135365,4,13,137002,1,1427285801,'2018-09-27 00:15:43',''),(135366,4,12,137003,1,1427285801,'2018-09-27 00:16:01',''),(135367,3,1,137004,1,1123634289,'2018-09-27 00:19:00',''),(135368,4,9,137005,2,1427285801,'2018-09-27 00:32:10',''),(135369,4,9,137006,1,84516547,'2018-09-27 00:43:11',''),(135370,4,9,137007,1,84516547,'2018-09-27 00:43:16',''),(135371,4,9,137008,1,84516547,'2018-09-27 00:43:20',''),(135372,4,9,137009,1,84516547,'2018-09-27 00:43:25',''),(135373,4,9,137010,1,84516547,'2018-09-27 00:43:30',''),(135374,4,9,137011,1,84516547,'2018-09-27 00:43:34',''),(135375,4,9,137012,1,84516547,'2018-09-27 00:43:39',''),(135376,4,9,137013,1,84516547,'2018-09-27 00:43:43',''),(135377,4,9,137014,1,84516547,'2018-09-27 00:43:48',''),(135378,4,9,137015,1,84516547,'2018-09-27 00:43:53',''),(135379,4,9,137016,1,84516547,'2018-09-27 00:43:57',''),(135380,4,9,137017,1,84516547,'2018-09-27 00:44:02',''),(135381,4,9,137018,1,84516547,'2018-09-27 00:44:06',''),(135382,4,9,137019,1,84516547,'2018-09-27 00:44:11',''),(135383,3,1,137020,2,2212234754,'2018-09-27 01:17:24',''),(135384,4,9,137021,1,1123634267,'2018-09-27 01:27:05',''),(135385,4,9,137022,1,2420918192,'2018-09-27 02:30:50',''),(135386,4,9,137023,1,2420918192,'2018-09-27 02:30:55',''),(135387,4,9,137024,1,2420918192,'2018-09-27 02:30:59',''),(135388,4,9,137025,1,2420918192,'2018-09-27 02:31:04',''),(135389,4,9,137026,1,2420918192,'2018-09-27 02:31:08',''),(135390,4,9,137027,1,2420918192,'2018-09-27 02:31:13',''),(135391,4,9,137028,1,2420918192,'2018-09-27 02:31:18',''),(135392,4,9,137029,1,2420918192,'2018-09-27 02:31:22',''),(135393,4,9,137030,1,2420918192,'2018-09-27 02:31:27',''),(135394,4,9,137031,1,2420918192,'2018-09-27 02:31:31',''),(135395,4,9,137032,1,2420918192,'2018-09-27 02:31:36',''),(135396,4,9,137033,1,2420918192,'2018-09-27 02:31:41',''),(135397,4,9,137034,1,2420918192,'2018-09-27 02:31:45',''),(135398,4,9,137035,1,2420918192,'2018-09-27 02:31:49',''),(135399,4,9,137036,1,2420918192,'2018-09-27 02:31:54',''),(135400,4,9,137037,1,2420918192,'2018-09-27 02:31:58',''),(135401,4,9,137038,1,2420918192,'2018-09-27 02:32:03',''),(135402,4,9,137039,1,2420918192,'2018-09-27 02:32:07',''),(135403,4,9,137040,1,2420918192,'2018-09-27 02:32:12',''),(135404,4,9,137041,1,2420918192,'2018-09-27 02:32:17',''),(135405,4,9,137042,1,2420918192,'2018-09-27 02:32:21',''),(135406,4,9,137043,1,2420918192,'2018-09-27 02:32:26',''),(135407,4,9,137044,1,1542483201,'2018-09-27 02:43:09',''),(135408,4,9,137045,1,1870491820,'2018-09-27 06:00:20','https://www.google.com.ph/'),(135409,4,9,137046,1,2655386487,'2018-09-27 06:42:50',''),(135410,4,9,137047,1,2655386487,'2018-09-27 06:43:15',''),(135411,3,1,5,2,1486198697,'2018-09-27 08:58:33',''),(135412,4,9,137005,2,1486198697,'2018-09-27 09:04:09',''),(135413,4,9,137048,1,1542483201,'2018-09-27 09:10:23',''),(135414,4,10,137005,2,1486198697,'2018-09-27 09:43:31',''),(135415,4,9,137049,1,1486198697,'2018-09-27 09:48:29','');

--
-- Table structure for table `ps_connections_page`
--

CREATE TABLE `ps_connections_page` (
  `id_connections` int(10) unsigned NOT NULL,
  `id_page` int(10) unsigned NOT NULL,
  `time_start` datetime NOT NULL,
  `time_end` datetime DEFAULT NULL,
  PRIMARY KEY (`id_connections`,`id_page`,`time_start`)
) ENGINE=InnoDB DEFAULT CHARSET=utf8;

--
-- Dumping data for table `ps_connections_page`
--


--
-- Table structure for table `ps_connections_source`
--

CREATE TABLE `ps_connections_source` (
  `id_connections_source` int(10) unsigned NOT NULL AUTO_INCREMENT,
  `id_connections` int(10) unsigned NOT NULL,
  `http_referer` varchar(255) DEFAULT NULL,
  `request_uri` varchar(255) DEFAULT NULL,
  `keywords` varchar(255) DEFAULT NULL,
  `date_add` datetime NOT NULL,
  PRIMARY KEY (`id_connections_source`),
  KEY `connections` (`id_connections`),
  KEY `orderby` (`date_add`),
  KEY `http_referer` (`http_referer`),
  KEY `request_uri` (`request_uri`)
) ENGINE=InnoDB AUTO_INCREMENT=122 DEFAULT CHARSET=utf8;

--
-- Dumping data for table `ps_connections_source`
--

INSERT INTO `ps_connections_source` VALUES (1,16,'https://tandg.quicklysa.ch/admin402mozitc/index.php/product/catalog?_token=tPHRBzaXq45DfVydohzStvTb3nIzgO1fZesGTqRfHZU','tandg.quicklysa.ch/carioca/en/home/25-100-color-kitalbum-tin-box-42736-100-pcs-8003511427368.html','','2018-05-15 17:15:47'),(2,16,'https://tandg.quicklysa.ch/admin402mozitc/index.php/product/form/26?_token=tPHRBzaXq45DfVydohzStvTb3nIzgO1fZesGTqRfHZU','tandg.quicklysa.ch/carioca/en/','','2018-05-15 17:58:09'),(3,34,'https://tandg.quicklysa.ch/nanoblock/admin402mozitc/index.php/product/catalog?_token=-k2xqusy1AfmKicWQtTSIT1UwuJQNkBk2hNdmiIjp_M','tandg.quicklysa.ch/geomag/en/','','2018-05-16 19:16:55'),(4,56,'https://tandg.quicklysa.ch/admin402mozitc/index.php/module/catalog?_token=jvUpZQJaJahSMhVH5HLuFIzEoDy4CVXrLSL_rIkk_pg','tandg.quicklysa.ch/geomag/en/','','2018-05-18 11:29:35'),(5,56,'https://tandg.quicklysa.ch/admin402mozitc/index.php?controller=AdminMeta&token=9d245c1a09a0b216c65d00db1ba57b39','tandg.quicklysa.ch/geomag/en/','','2018-05-18 11:32:08'),(6,143,'https://tandg.quicklysa.ch/admin402mozitc/index.php/product/catalog?_token=zKU9LhLliQ3HMm1bthrfKNu0lT5_kL_Eez6qImQg-Fc','tandg.quicklysa.ch/geomag/en/','','2018-06-05 14:47:36'),(7,235,'https://tandg.quicklysa.ch/admin402mozitc/index.php/product/form/130?_token=h53jdDAgv9q3soIVUJjj3UCBIav-R_RdtWoIrA7rgOg','tandg.quicklysa.ch/tshirts/en/home/130-adult-t-shirt/1','','2018-06-12 18:57:24'),(8,235,'https://tandg.quicklysa.ch/quercetti/admin402mozitc/index.php?controller=AdminModules&token=17911cb435e233afe5ee2b7bdecc9ff6&configure=othomeslider&id_slide=1','tandg.quicklysa.ch/carioca/it/','','2018-06-13 10:07:26'),(9,243,'https://tandg.quicklysa.ch/it/','tandg.quicklysa.ch/carioca/it/','','2018-06-13 10:09:47'),(10,416,'https://www.google.com/url?hl=it&q=https://tandg.quicklysa.ch/it/content/2-privacy-policy/&sa=D&ust=1530886680336000&usg=AFQjCNH_AIU__t5xKV1STMSDR0NuWtHJfw','tandg.quicklysa.ch/it/content/2-privacy-policy/','https://tandg.quicklysa.ch/it/content/2-privacy-policy/','2018-07-05 16:18:38'),(11,626,'https://www.google.gr/','tandg.quicklysa.ch/en/','','2018-07-14 19:04:40'),(12,626,'https://www.google.gr/','tandg.quicklysa.ch/en/','','2018-07-14 19:07:01'),(13,652,'https://www.google.com/','tandg.quicklysa.ch/en/','','2018-07-15 01:49:13'),(14,652,'https://www.google.com/','tandg.quicklysa.ch/en/','','2018-07-15 01:49:17'),(15,748,'https://www.google.it/','tandg.quicklysa.ch/en/','','2018-07-15 19:41:51'),(16,748,'https://www.google.it/','tandg.quicklysa.ch/en/','','2018-07-15 19:42:20'),(17,773,'https://tandg.quicklysa.ch/carioca/it/carrello?action=show','tandg.quicklysa.ch/geomag/it/classic/128-kor-color-yellow','','2018-07-16 12:43:08'),(18,782,'https://tandg.quicklysa.ch/fr/panier?action=show','tandg.quicklysa.ch/quercetti/fr/pixel-art/46-pixel-star-wars-9-0848-11600-chiodini','','2018-07-16 18:23:36'),(19,800,'https://www.google.com/','tandg.quicklysa.ch/de/','','2018-07-17 08:23:11'),(20,4974,'https://www.google.com.hk/','tandg.quicklysa.ch/en/','','2018-07-19 05:41:35'),(21,19437,'https://www.google.com.tr/','tandg.quicklysa.ch/en/','','2018-07-20 10:21:04'),(22,30302,'https://www.google.ch/','tandg.quicklysa.ch/it/','','2018-07-21 16:34:32'),(23,30651,'https://www.google.es/','tandg.quicklysa.ch/nanoblock/en/sights/71-kaminarimon-nbh-115-390-pcs','','2018-07-21 19:27:22'),(24,33814,'https://www.google.it/','tandg.quicklysa.ch/it/','','2018-07-22 08:21:27'),(25,40359,'https://www.google.ch/','tandg.quicklysa.ch/fr/','','2018-07-23 03:27:49'),(26,40359,'https://www.google.ch/','tandg.quicklysa.ch/fr/','','2018-07-23 03:28:55'),(27,40359,'https://www.google.ch/','tandg.quicklysa.ch/fr/','','2018-07-23 03:29:13'),(28,44647,'https://www.google.ch/','tandg.quicklysa.ch/en/','','2018-07-23 19:40:40'),(29,45455,'https://www.google.ch/','tandg.quicklysa.ch/en/','','2018-07-23 23:01:25'),(30,48711,'https://www.google.ch/','tandg.quicklysa.ch/en/','','2018-07-24 09:20:03'),(31,57045,'https://www.google.it/url?sa=t&rct=j&q=&esrc=s&source=web&cd=1&ved=2ahUKEwjX6uvRvbrcAhUKgVwKHZ9sA8cQFjAAegQIChAB&url=https%3A%2F%2Ftandg.quicklysa.ch%2Fen%2F&usg=AOvVaw1gJmafFH2_BHuZbTgiuvmr','tandg.quicklysa.ch/en/','&esrc=s','2018-07-25 16:40:04'),(32,57045,'https://www.google.it/url?sa=t&rct=j&q=&esrc=s&source=web&cd=1&ved=2ahUKEwjX6uvRvbrcAhUKgVwKHZ9sA8cQFjAAegQIChAB&url=https%3A%2F%2Ftandg.quicklysa.ch%2Fen%2F&usg=AOvVaw1gJmafFH2_BHuZbTgiuvmr','tandg.quicklysa.ch/en/','&esrc=s','2018-07-25 16:40:49'),(33,57045,'https://www.google.it/url?sa=t&rct=j&q=&esrc=s&source=web&cd=1&ved=2ahUKEwjX6uvRvbrcAhUKgVwKHZ9sA8cQFjAAegQIChAB&url=https%3A%2F%2Ftandg.quicklysa.ch%2Fen%2F&usg=AOvVaw1gJmafFH2_BHuZbTgiuvmr','tandg.quicklysa.ch/en/','&esrc=s','2018-07-25 16:40:51'),(34,58799,'https://www.google.ch/','tandg.quicklysa.ch/en/','','2018-07-25 21:48:29'),(35,62399,'http://burger-imperia.com/','tandg.quicklysa.ch/en/','','2018-07-26 08:13:18'),(36,73384,'https://www.google.ch/','tandg.quicklysa.ch/en/','','2018-07-27 18:55:02'),(37,73384,'https://www.google.ch/','tandg.quicklysa.ch/en/','','2018-07-27 18:55:18'),(38,79362,'http://burger-imperia.com/','tandg.quicklysa.ch/en/','','2018-07-28 11:00:49'),(39,87519,'https://www.google.ca/','tandg.quicklysa.ch/en/','','2018-07-29 05:34:50'),(40,94638,'https://www.google.gr/','tandg.quicklysa.ch/en/','','2018-07-29 19:41:12'),(41,94638,'https://www.google.gr/','tandg.quicklysa.ch/en/','','2018-07-29 19:42:01'),(42,99166,'http://burger-imperia.com/','tandg.quicklysa.ch/en/','','2018-07-30 04:10:17'),(43,101741,'https://www.google.ch/','tandg.quicklysa.ch/en/','','2018-07-30 10:28:28'),(44,106583,'https://www.google.com.br/','tandg.quicklysa.ch/en/','','2018-07-30 22:32:51'),(45,106583,'https://www.google.com.br/','tandg.quicklysa.ch/en/','','2018-07-30 22:33:15'),(46,106583,'https://www.google.com.br/','tandg.quicklysa.ch/en/','','2018-07-30 22:33:39'),(47,106583,'https://www.google.com.br/','tandg.quicklysa.ch/en/','','2018-07-30 22:36:47'),(48,109165,'https://www.google.de/','tandg.quicklysa.ch/en/','','2018-07-31 06:56:25'),(49,131043,'https://www.google.ch/','tandg.quicklysa.ch/en/','','2018-08-06 14:16:40'),(50,131097,'http://pizza-tycoon.com/','tandg.quicklysa.ch/en/','','2018-08-08 01:25:41'),(51,131166,'https://www.google.com/','tandg.quicklysa.ch/en/','','2018-08-08 18:01:48'),(52,131294,'https://www.bing.com/','tandg.quicklysa.ch/en/','','2018-08-10 14:40:02'),(53,131330,'https://www.google.com.sg/','tandg.quicklysa.ch/nanoblock/en/sights/71-kaminarimon-nbh-115-390-pcs','','2018-08-11 11:35:16'),(54,131387,'https://www.google.ch/','tandg.quicklysa.ch/en/','','2018-08-11 23:40:20'),(55,131387,'https://www.google.ch/','tandg.quicklysa.ch/en/','','2018-08-11 23:40:34'),(56,131387,'https://www.google.ch/','tandg.quicklysa.ch/en/','','2018-08-11 23:40:50'),(57,131387,'https://www.google.ch/','tandg.quicklysa.ch/en/','','2018-08-11 23:40:57'),(58,131390,'https://www.google.com/','tandg.quicklysa.ch/en/','','2018-08-12 01:03:52'),(59,131397,'https://www.google.ch/','tandg.quicklysa.ch/en/','','2018-08-12 13:31:29'),(60,131436,'https://www.google.it/','tandg.quicklysa.ch/en/','','2018-08-13 13:40:23'),(61,131436,'https://www.google.it/','tandg.quicklysa.ch/en/','','2018-08-13 13:42:38'),(62,131439,'https://www.google.com/','tandg.quicklysa.ch/en/','','2018-08-13 18:59:54'),(63,131841,'http://resell-seo-services.com/try.php?u=http://tandg.quicklysa.ch','tandg.quicklysa.ch/en/','','2018-08-14 21:58:18'),(64,131845,'https://www.google.es/','tandg.quicklysa.ch/carioca/en/','','2018-08-15 01:55:53'),(65,131869,'https://www.google.com/','tandg.quicklysa.ch/en/','','2018-08-15 21:05:56'),(66,131870,'https://www.google.com/','tandg.quicklysa.ch/en/','','2018-08-16 00:26:43'),(67,131907,'https://www.google.de/','tandg.quicklysa.ch/de/','','2018-08-17 12:59:44'),(68,132072,'https://www.google.it/','tandg.quicklysa.ch/en/','','2018-08-20 16:15:08'),(69,132188,'https://www.google.it/','tandg.quicklysa.ch/en/','','2018-08-22 09:40:13'),(70,132201,'https://www.google.be/url?sa=t&rct=j&q=&esrc=s&source=web&cd=2&ved=2ahUKEwj61Kb74IDdAhUFJFAKHeWvBa4QFjABegQICRAB&url=https%3A%2F%2Ftandg.quicklysa.ch%2Fen%2F&usg=AOvVaw1gJmafFH2_BHuZbTgiuvmr','tandg.quicklysa.ch/en/','&esrc=s','2018-08-22 15:24:29'),(71,132247,'https://www.google.fr/','tandg.quicklysa.ch/nanoblock/fr/sights/72-golden-gate-nbh-116-380-pcs','','2018-08-24 15:37:32'),(72,132294,'https://www.google.com/','tandg.quicklysa.ch/en/','','2018-08-25 01:14:11'),(73,132358,'https://www.google.com/','tandg.quicklysa.ch/en/','','2018-08-25 22:27:04'),(74,132361,'https://www.google.ch/','tandg.quicklysa.ch/en/','','2018-08-25 23:08:44'),(75,132361,'https://www.google.ch/','tandg.quicklysa.ch/en/','','2018-08-25 23:09:59'),(76,132917,'https://www.google.it/','tandg.quicklysa.ch/en/','','2018-08-28 12:58:15'),(77,132917,'https://www.google.it/','tandg.quicklysa.ch/en/','','2018-08-28 12:58:50'),(78,132917,'https://www.google.it/','tandg.quicklysa.ch/en/','','2018-08-28 12:59:13'),(79,132927,'https://www.google.com/','tandg.quicklysa.ch/en/','','2018-08-28 20:04:38'),(80,132955,'https://www.google.it/','tandg.quicklysa.ch/en/','','2018-08-29 13:31:30'),(81,133061,'https://www.bing.com/search?q=tandg.quicklysa.ch&qs=n&form=QBRE&sp=-1&pq=tandg.quicklysa.ch&sc=1-18&sk=&cvid=6E483F199E03457294650C86EBFBA3BE','tandg.quicklysa.ch/en/','','2018-08-31 18:18:36'),(82,133146,'https://www.google.com/','tandg.quicklysa.ch/en/','','2018-09-03 14:03:24'),(83,133146,'https://www.google.com/','tandg.quicklysa.ch/en/','','2018-09-03 14:04:20'),(84,133150,'https://www.google.ch/','tandg.quicklysa.ch/en/','','2018-09-03 16:39:15'),(85,133243,'https://www.google.ch/','tandg.quicklysa.ch/en/','','2018-09-06 08:06:06'),(86,133255,'https://www.google.com/','tandg.quicklysa.ch/nanoblock/fr/advanced-hobby/49-steam-locomotive-800-pcs','','2018-09-06 14:31:44'),(87,133511,'https://www.google.com/','tandg.quicklysa.ch/en/','','2018-09-09 22:00:55'),(88,133534,'https://www.google.it/','tandg.quicklysa.ch/en/','','2018-09-10 23:19:06'),(89,133552,'https://www.paypal.com/webapps/hermes?flow=1-P&ulReturn=true&token=EC-8WX70042AB905602H&useraction=commit&country.x=IT&locale.x=it_IT','tandg.quicklysa.ch/carioca/it/ordine?token=EC-8WX70042AB905602H','','2018-09-11 10:30:05'),(90,133564,'https://int.search.myway.com/search/GGmain.jhtml?n=7849a068&p2=%5EBSB%5Expt949%5ELMDEDE%5Ech&ptb=23C650AA-2C76-4DDC-AF2A-41ACF5D878F2&qs=&si=ret&ss=sub&st=tab&trs=wtt&tpr=sbt&enc=2&searchfor=VcmKzCj38s9MowOENK6c7pSSIzW7xTlTRksjrcirEIkksbUiog3JTZ7ZJbd_Nwty','tandg.quicklysa.ch/en/','','2018-09-11 17:54:51'),(91,133567,'https://www.google.ch/','tandg.quicklysa.ch/en/','','2018-09-11 21:23:30'),(92,133567,'https://www.google.ch/','tandg.quicklysa.ch/en/','','2018-09-11 21:24:12'),(93,133617,'https://www.google.com/','tandg.quicklysa.ch/en/','','2018-09-12 12:31:59'),(94,133687,'https://www.google.com/','tandg.quicklysa.ch/en/','','2018-09-12 17:44:18'),(95,133693,'https://r.search.yahoo.com/_ylt=AwrP4lERdJlbNyEAJtaJyiI5;_ylu=X3oDMTBydWZibG83BGNvbG8DaXIyBHBvcwM4BHZ0aWQDBHNlYwNzcg--/RV=2/RE=1536812178/RO=10/RU=https%3a%2f%2ftandg.quicklysa.ch%2fquercetti%2ffr%2fpixel-art%2f46-pixel-star-wars-9-0848-11600-chiodini/RK=','tandg.quicklysa.ch/quercetti/fr/pixel-art/46-pixel-star-wars-9-0848-11600-chiodini','','2018-09-12 22:21:36'),(96,133726,'https://www.google.it/','tandg.quicklysa.ch/en/','','2018-09-13 17:34:29'),(97,133728,'https://www.google.com/','tandg.quicklysa.ch/en/','','2018-09-13 18:19:34'),(98,133783,'https://www.google.com/','tandg.quicklysa.ch/en/','','2018-09-14 19:43:21'),(99,133852,'https://www.google.com/','tandg.quicklysa.ch/en/','','2018-09-16 12:32:27'),(100,133852,'https://www.google.com/','tandg.quicklysa.ch/en/','','2018-09-16 12:39:30'),(101,133898,'https://www.google.it/','tandg.quicklysa.ch/en/','','2018-09-17 17:08:23'),(102,133907,'https://www.google.it/','tandg.quicklysa.ch/en/','','2018-09-17 20:21:28'),(103,134030,'https://www.google.com/','tandg.quicklysa.ch/en/','','2018-09-20 04:16:36'),(104,134175,'http://localhost:8080/website-contact?contactUrl=https://tandg.quicklysa.ch/en/contact-us&word=momento','tandg.quicklysa.ch/en/contact-us','','2018-09-21 03:01:08'),(105,134186,'https://www.google.ch/','tandg.quicklysa.ch/en/','','2018-09-21 11:05:26'),(106,134196,'https://www.facebook.com/','tandg.quicklysa.ch/en/','','2018-09-21 13:25:25'),(107,134197,'https://www.facebook.com/','tandg.quicklysa.ch/en/','','2018-09-21 13:29:27'),(108,134207,'https://www.google.com/','tandg.quicklysa.ch/en/','','2018-09-21 22:07:58'),(109,134207,'https://www.google.com/','tandg.quicklysa.ch/en/','','2018-09-21 22:11:19'),(110,134373,'https://www.google.it/','tandg.quicklysa.ch/en/','','2018-09-24 14:27:47'),(111,134374,'https://www.google.com/search?client=firefox-b&q=Toys+And+Games+Mendrisio,+Svizzera&ludocid=3547640149701199223&sa=X&ved=2ahUKEwjlusOi4dPdAhXMAMAKHYFcB_kQ_pABegQICxAG','tandg.quicklysa.ch/en/','Toys And Games Mendrisio, Svizzera','2018-09-24 15:37:05'),(112,134381,'https://www.google.it/','tandg.quicklysa.ch/en/','','2018-09-24 17:28:13'),(113,134429,'https://www.google.com/','tandg.quicklysa.ch/en/','','2018-09-25 15:13:19'),(114,134442,'https://www.google.com/','tandg.quicklysa.ch/en/','','2018-09-25 19:47:12'),(115,135357,'https://tandg.quicklysa.ch/admin402mozitc/index.php?controller=AdminShopUrl&id_shop_url=1&updateshop_url&token=29fcb9eeaf9d1639be7e48600b9d130e','tandg.quicklysa.ch/ch/admin402mozitc/https://tandg.quicklysa.ch/admin402mozitc/index.php?controller=AdminShopUrl&token=29fcb9eeaf9d1639be7e48600b9d130e&shop_id=1','','2018-09-26 23:26:52'),(116,135357,'https://tandg.quicklysa.ch/eu/carioca/admin402mozitc/index.php/module/catalog?_token=kbAX1rsJiyRljAt_WEy3P0uytqRKnykSoi_b1urVruk','tandg.quicklysa.ch/ch/nanoblock/en/','','2018-09-26 23:35:57'),(117,135363,'https://tandg.quicklysa.ch/ch/admin402mozitc/index.php?controller=AdminShopUrl&id_shop_url=12&updateshop_url&token=29fcb9eeaf9d1639be7e48600b9d130e','tandg.quicklysa.ch/ch/admin402mozitc/index.php?controller=AdminShopUrl&shop_id=13&token=29fcb9eeaf9d1639be7e48600b9d130e','','2018-09-27 00:15:42'),(118,135364,'https://tandg.quicklysa.ch/ch/admin402mozitc/index.php?controller=AdminShopUrl&shop_id=13&token=29fcb9eeaf9d1639be7e48600b9d130e','tandg.quicklysa.ch/eu/t-shirts/themes/PRS033/assets/css/t-shirts.css','','2018-09-27 00:15:43'),(119,135365,'https://tandg.quicklysa.ch/ch/admin402mozitc/index.php?controller=AdminShopUrl&shop_id=13&token=29fcb9eeaf9d1639be7e48600b9d130e','tandg.quicklysa.ch/eu/t-shirts/themes/PRS033/assets/css/t-shirts.css','','2018-09-27 00:15:43'),(120,135366,'https://tandg.quicklysa.ch/ch/admin402mozitc/index.php?controller=AdminShopUrl&id_shop_url=11&updateshop_url&token=29fcb9eeaf9d1639be7e48600b9d130e','tandg.quicklysa.ch/ch/admin402mozitc/index.php?controller=AdminShopUrl&shop_id=12&token=29fcb9eeaf9d1639be7e48600b9d130e','','2018-09-27 00:16:01'),(121,135408,'https://www.google.com.ph/','eu.toys-and-games.com/?controller=404','','2018-09-27 06:00:20');

--
-- Table structure for table `ps_contact`
--

CREATE TABLE `ps_contact` (
  `id_contact` int(10) unsigned NOT NULL AUTO_INCREMENT,
  `email` varchar(128) NOT NULL,
  `customer_service` tinyint(1) NOT NULL DEFAULT '0',
  `position` tinyint(2) unsigned NOT NULL DEFAULT '0',
  PRIMARY KEY (`id_contact`)
) ENGINE=InnoDB AUTO_INCREMENT=3 DEFAULT CHARSET=utf8;

--
-- Dumping data for table `ps_contact`
--

INSERT INTO `ps_contact` VALUES (2,'info@tandg.quicklysa.ch',1,0);

--
-- Table structure for table `ps_contact_lang`
--

CREATE TABLE `ps_contact_lang` (
  `id_contact` int(10) unsigned NOT NULL,
  `id_lang` int(10) unsigned NOT NULL,
  `name` varchar(32) NOT NULL,
  `description` text,
  PRIMARY KEY (`id_contact`,`id_lang`)
) ENGINE=InnoDB DEFAULT CHARSET=utf8;

--
-- Dumping data for table `ps_contact_lang`
--

INSERT INTO `ps_contact_lang` VALUES (2,1,'Customer service','For any question about a product, an order'),(2,2,'Kundenservice','Bei Fragen zu einem Artikel oder einer Bestellung'),(2,3,'Service client','Pour toute question sur un produit ou une commande'),(2,4,'Servizio clienti','Per qualsiasi domanda su un prodotto, un ordine');

--
-- Table structure for table `ps_contact_shop`
--

CREATE TABLE `ps_contact_shop` (
  `id_contact` int(11) unsigned NOT NULL,
  `id_shop` int(11) unsigned NOT NULL,
  PRIMARY KEY (`id_contact`,`id_shop`),
  KEY `id_shop` (`id_shop`)
) ENGINE=InnoDB DEFAULT CHARSET=utf8;

--
-- Dumping data for table `ps_contact_shop`
--

INSERT INTO `ps_contact_shop` VALUES (2,1),(2,3),(2,4),(2,5),(2,6),(2,7),(2,8),(2,9),(2,10),(2,11),(2,12),(2,13);

--
-- Table structure for table `ps_country`
--

CREATE TABLE `ps_country` (
  `id_country` int(10) unsigned NOT NULL AUTO_INCREMENT,
  `id_zone` int(10) unsigned NOT NULL,
  `id_currency` int(10) unsigned NOT NULL DEFAULT '0',
  `iso_code` varchar(3) NOT NULL,
  `call_prefix` int(10) NOT NULL DEFAULT '0',
  `active` tinyint(1) unsigned NOT NULL DEFAULT '0',
  `contains_states` tinyint(1) NOT NULL DEFAULT '0',
  `need_identification_number` tinyint(1) NOT NULL DEFAULT '0',
  `need_zip_code` tinyint(1) NOT NULL DEFAULT '1',
  `zip_code_format` varchar(12) NOT NULL DEFAULT '',
  `display_tax_label` tinyint(1) NOT NULL,
  PRIMARY KEY (`id_country`),
  KEY `country_iso_code` (`iso_code`),
  KEY `country_` (`id_zone`)
) ENGINE=InnoDB AUTO_INCREMENT=245 DEFAULT CHARSET=utf8;

--
-- Dumping data for table `ps_country`
--

INSERT INTO `ps_country` VALUES (1,1,0,'DE',49,0,0,0,1,'NNNNN',1),(2,1,0,'AT',43,0,0,0,1,'NNNN',1),(3,1,0,'BE',32,0,0,0,1,'NNNN',1),(4,2,0,'CA',1,0,1,0,1,'LNL NLN',0),(5,3,0,'CN',86,0,0,0,1,'NNNNNN',1),(6,1,0,'ES',34,0,0,1,1,'NNNNN',1),(7,1,0,'FI',358,0,0,0,1,'NNNNN',1),(8,1,0,'FR',33,0,0,0,1,'NNNNN',1),(9,1,0,'GR',30,0,0,0,1,'NNNNN',1),(10,1,0,'IT',39,0,1,0,1,'NNNNN',1),(11,3,0,'JP',81,0,1,0,1,'NNN-NNNN',1),(12,1,0,'LU',352,0,0,0,1,'NNNN',1),(13,1,0,'NL',31,0,0,0,1,'NNNN LL',1),(14,1,0,'PL',48,0,0,0,1,'NN-NNN',1),(15,1,0,'PT',351,0,0,0,1,'NNNN-NNN',1),(16,1,0,'CZ',420,0,0,0,1,'NNN NN',1),(17,1,0,'GB',44,0,0,0,1,'',1),(18,1,0,'SE',46,0,0,0,1,'NNN NN',1),(19,7,0,'CH',41,1,0,0,1,'NNNN',1),(20,1,0,'DK',45,0,0,0,1,'NNNN',1),(21,2,0,'US',1,0,1,0,1,'NNNNN',0),(22,3,0,'HK',852,0,0,0,0,'',1),(23,7,0,'NO',47,0,0,0,1,'NNNN',1),(24,5,0,'AU',61,0,1,0,1,'NNNN',1),(25,3,0,'SG',65,0,0,0,1,'NNNNNN',1),(26,1,0,'IE',353,0,0,0,0,'',1),(27,5,0,'NZ',64,0,0,0,1,'NNNN',1),(28,3,0,'KR',82,0,0,0,1,'NNN-NNN',1),(29,3,0,'IL',972,0,0,0,1,'NNNNNNN',1),(30,4,0,'ZA',27,0,0,0,1,'NNNN',1),(31,4,0,'NG',234,0,0,0,1,'',1),(32,4,0,'CI',225,0,0,0,1,'',1),(33,4,0,'TG',228,0,0,0,1,'',1),(34,6,0,'BO',591,0,0,0,1,'',1),(35,4,0,'MU',230,0,0,0,1,'',1),(36,1,0,'RO',40,0,0,0,1,'NNNNNN',1),(37,1,0,'SK',421,0,0,0,1,'NNN NN',1),(38,4,0,'DZ',213,0,0,0,1,'NNNNN',1),(39,2,0,'AS',0,0,0,0,1,'',1),(40,7,0,'AD',376,0,0,0,1,'CNNN',1),(41,4,0,'AO',244,0,0,0,0,'',1),(42,8,0,'AI',0,0,0,0,1,'',1),(43,2,0,'AG',0,0,0,0,1,'',1),(44,6,0,'AR',54,0,1,0,1,'LNNNNLLL',1),(45,3,0,'AM',374,0,0,0,1,'NNNN',1),(46,8,0,'AW',297,0,0,0,1,'',1),(47,3,0,'AZ',994,0,0,0,1,'CNNNN',1),(48,2,0,'BS',0,0,0,0,1,'',1),(49,3,0,'BH',973,0,0,0,1,'',1),(50,3,0,'BD',880,0,0,0,1,'NNNN',1),(51,2,0,'BB',0,0,0,0,1,'CNNNNN',1),(52,7,0,'BY',0,0,0,0,1,'NNNNNN',1),(53,8,0,'BZ',501,0,0,0,0,'',1),(54,4,0,'BJ',229,0,0,0,0,'',1),(55,2,0,'BM',0,0,0,0,1,'',1),(56,3,0,'BT',975,0,0,0,1,'',1),(57,4,0,'BW',267,0,0,0,1,'',1),(58,6,0,'BR',55,0,0,0,1,'NNNNN-NNN',1),(59,3,0,'BN',673,0,0,0,1,'LLNNNN',1),(60,4,0,'BF',226,0,0,0,1,'',1),(61,3,0,'MM',95,0,0,0,1,'',1),(62,4,0,'BI',257,0,0,0,1,'',1),(63,3,0,'KH',855,0,0,0,1,'NNNNN',1),(64,4,0,'CM',237,0,0,0,1,'',1),(65,4,0,'CV',238,0,0,0,1,'NNNN',1),(66,4,0,'CF',236,0,0,0,1,'',1),(67,4,0,'TD',235,0,0,0,1,'',1),(68,6,0,'CL',56,0,0,0,1,'NNN-NNNN',1),(69,6,0,'CO',57,0,0,0,1,'NNNNNN',1),(70,4,0,'KM',269,0,0,0,1,'',1),(71,4,0,'CD',242,0,0,0,1,'',1),(72,4,0,'CG',243,0,0,0,1,'',1),(73,8,0,'CR',506,0,0,0,1,'NNNNN',1),(74,7,0,'HR',385,0,0,0,1,'NNNNN',1),(75,8,0,'CU',53,0,0,0,1,'',1),(76,1,0,'CY',357,0,0,0,1,'NNNN',1),(77,4,0,'DJ',253,0,0,0,1,'',1),(78,8,0,'DM',0,0,0,0,1,'',1),(79,8,0,'DO',0,0,0,0,1,'',1),(80,3,0,'TL',670,0,0,0,1,'',1),(81,6,0,'EC',593,0,0,0,1,'CNNNNNN',1),(82,4,0,'EG',20,0,0,0,1,'NNNNN',1),(83,8,0,'SV',503,0,0,0,1,'',1),(84,4,0,'GQ',240,0,0,0,1,'',1),(85,4,0,'ER',291,0,0,0,1,'',1),(86,1,0,'EE',372,0,0,0,1,'NNNNN',1),(87,4,0,'ET',251,0,0,0,1,'',1),(88,8,0,'FK',0,0,0,0,1,'LLLL NLL',1),(89,7,0,'FO',298,0,0,0,1,'',1),(90,5,0,'FJ',679,0,0,0,1,'',1),(91,4,0,'GA',241,0,0,0,1,'',1),(92,4,0,'GM',220,0,0,0,1,'',1),(93,3,0,'GE',995,0,0,0,1,'NNNN',1),(94,4,0,'GH',233,0,0,0,1,'',1),(95,8,0,'GD',0,0,0,0,1,'',1),(96,7,0,'GL',299,0,0,0,1,'',1),(97,7,0,'GI',350,0,0,0,1,'',1),(98,8,0,'GP',590,0,0,0,1,'',1),(99,5,0,'GU',0,0,0,0,1,'',1),(100,8,0,'GT',502,0,0,0,1,'',1),(101,7,0,'GG',0,0,0,0,1,'LLN NLL',1),(102,4,0,'GN',224,0,0,0,1,'',1),(103,4,0,'GW',245,0,0,0,1,'',1),(104,6,0,'GY',592,0,0,0,1,'',1),(105,8,0,'HT',509,0,0,0,1,'',1),(106,5,0,'HM',0,0,0,0,1,'',1),(107,7,0,'VA',379,0,0,0,1,'NNNNN',1),(108,8,0,'HN',504,0,0,0,1,'',1),(109,7,0,'IS',354,0,0,0,1,'NNN',1),(110,3,0,'IN',91,0,0,0,1,'NNN NNN',1),(111,3,0,'ID',62,0,1,0,1,'NNNNN',1),(112,3,0,'IR',98,0,0,0,1,'NNNNN-NNNNN',1),(113,3,0,'IQ',964,0,0,0,1,'NNNNN',1),(114,7,0,'IM',0,0,0,0,1,'CN NLL',1),(115,8,0,'JM',0,0,0,0,1,'',1),(116,7,0,'JE',0,0,0,0,1,'CN NLL',1),(117,3,0,'JO',962,0,0,0,1,'',1),(118,3,0,'KZ',7,0,0,0,1,'NNNNNN',1),(119,4,0,'KE',254,0,0,0,1,'',1),(120,5,0,'KI',686,0,0,0,1,'',1),(121,3,0,'KP',850,0,0,0,1,'',1),(122,3,0,'KW',965,0,0,0,1,'',1),(123,3,0,'KG',996,0,0,0,1,'',1),(124,3,0,'LA',856,0,0,0,1,'',1),(125,1,0,'LV',371,0,0,0,1,'C-NNNN',1),(126,3,0,'LB',961,0,0,0,1,'',1),(127,4,0,'LS',266,0,0,0,1,'',1),(128,4,0,'LR',231,0,0,0,1,'',1),(129,4,0,'LY',218,0,0,0,1,'',1),(130,1,0,'LI',423,0,0,0,1,'NNNN',1),(131,1,0,'LT',370,0,0,0,1,'NNNNN',1),(132,3,0,'MO',853,0,0,0,0,'',1),(133,7,0,'MK',389,0,0,0,1,'',1),(134,4,0,'MG',261,0,0,0,1,'',1),(135,4,0,'MW',265,0,0,0,1,'',1),(136,3,0,'MY',60,0,0,0,1,'NNNNN',1),(137,3,0,'MV',960,0,0,0,1,'',1),(138,4,0,'ML',223,0,0,0,1,'',1),(139,1,0,'MT',356,0,0,0,1,'LLL NNNN',1),(140,5,0,'MH',692,0,0,0,1,'',1),(141,8,0,'MQ',596,0,0,0,1,'',1),(142,4,0,'MR',222,0,0,0,1,'',1),(143,1,0,'HU',36,0,0,0,1,'NNNN',1),(144,4,0,'YT',262,0,0,0,1,'',1),(145,2,0,'MX',52,0,1,1,1,'NNNNN',1),(146,5,0,'FM',691,0,0,0,1,'',1),(147,7,0,'MD',373,0,0,0,1,'C-NNNN',1),(148,7,0,'MC',377,0,0,0,1,'980NN',1),(149,3,0,'MN',976,0,0,0,1,'',1),(150,7,0,'ME',382,0,0,0,1,'NNNNN',1),(151,8,0,'MS',0,0,0,0,1,'',1),(152,4,0,'MA',212,0,0,0,1,'NNNNN',1),(153,4,0,'MZ',258,0,0,0,1,'',1),(154,4,0,'NA',264,0,0,0,1,'',1),(155,5,0,'NR',674,0,0,0,1,'',1),(156,3,0,'NP',977,0,0,0,1,'',1),(157,8,0,'AN',599,0,0,0,1,'',1),(158,5,0,'NC',687,0,0,0,1,'',1),(159,8,0,'NI',505,0,0,0,1,'NNNNNN',1),(160,4,0,'NE',227,0,0,0,1,'',1),(161,5,0,'NU',683,0,0,0,1,'',1),(162,5,0,'NF',0,0,0,0,1,'',1),(163,5,0,'MP',0,0,0,0,1,'',1),(164,3,0,'OM',968,0,0,0,1,'',1),(165,3,0,'PK',92,0,0,0,1,'',1),(166,5,0,'PW',680,0,0,0,1,'',1),(167,3,0,'PS',0,0,0,0,1,'',1),(168,8,0,'PA',507,0,0,0,1,'NNNNNN',1),(169,5,0,'PG',675,0,0,0,1,'',1),(170,6,0,'PY',595,0,0,0,1,'',1),(171,6,0,'PE',51,0,0,0,1,'',1),(172,3,0,'PH',63,0,0,0,1,'NNNN',1),(173,5,0,'PN',0,0,0,0,1,'LLLL NLL',1),(174,8,0,'PR',0,0,0,0,1,'NNNNN',1),(175,3,0,'QA',974,0,0,0,1,'',1),(176,4,0,'RE',262,0,0,0,1,'',1),(177,7,0,'RU',7,0,0,0,1,'NNNNNN',1),(178,4,0,'RW',250,0,0,0,1,'',1),(179,8,0,'BL',0,0,0,0,1,'',1),(180,8,0,'KN',0,0,0,0,1,'',1),(181,8,0,'LC',0,0,0,0,1,'',1),(182,8,0,'MF',0,0,0,0,1,'',1),(183,8,0,'PM',508,0,0,0,1,'',1),(184,8,0,'VC',0,0,0,0,1,'',1),(185,5,0,'WS',685,0,0,0,1,'',1),(186,7,0,'SM',378,0,0,0,1,'NNNNN',1),(187,4,0,'ST',239,0,0,0,1,'',1),(188,3,0,'SA',966,0,0,0,1,'',1),(189,4,0,'SN',221,0,0,0,1,'',1),(190,7,0,'RS',381,0,0,0,1,'NNNNN',1),(191,4,0,'SC',248,0,0,0,1,'',1),(192,4,0,'SL',232,0,0,0,1,'',1),(193,1,0,'SI',386,0,0,0,1,'C-NNNN',1),(194,5,0,'SB',677,0,0,0,1,'',1),(195,4,0,'SO',252,0,0,0,1,'',1),(196,8,0,'GS',0,0,0,0,1,'LLLL NLL',1),(197,3,0,'LK',94,0,0,0,1,'NNNNN',1),(198,4,0,'SD',249,0,0,0,1,'',1),(199,8,0,'SR',597,0,0,0,1,'',1),(200,7,0,'SJ',0,0,0,0,1,'',1),(201,4,0,'SZ',268,0,0,0,1,'',1),(202,3,0,'SY',963,0,0,0,1,'',1),(203,3,0,'TW',886,0,0,0,1,'NNNNN',1),(204,3,0,'TJ',992,0,0,0,1,'',1),(205,4,0,'TZ',255,0,0,0,1,'',1),(206,3,0,'TH',66,0,0,0,1,'NNNNN',1),(207,5,0,'TK',690,0,0,0,1,'',1),(208,5,0,'TO',676,0,0,0,1,'',1),(209,6,0,'TT',0,0,0,0,1,'',1),(210,4,0,'TN',216,0,0,0,1,'',1),(211,7,0,'TR',90,0,0,0,1,'NNNNN',1),(212,3,0,'TM',993,0,0,0,1,'',1),(213,8,0,'TC',0,0,0,0,1,'LLLL NLL',1),(214,5,0,'TV',688,0,0,0,1,'',1),(215,4,0,'UG',256,0,0,0,1,'',1),(216,1,0,'UA',380,0,0,0,1,'NNNNN',1),(217,3,0,'AE',971,0,0,0,1,'',1),(218,6,0,'UY',598,0,0,0,1,'',1),(219,3,0,'UZ',998,0,0,0,1,'',1),(220,5,0,'VU',678,0,0,0,1,'',1),(221,6,0,'VE',58,0,0,0,1,'',1),(222,3,0,'VN',84,0,0,0,1,'NNNNNN',1),(223,2,0,'VG',0,0,0,0,1,'CNNNN',1),(224,2,0,'VI',0,0,0,0,1,'',1),(225,5,0,'WF',681,0,0,0,1,'',1),(226,4,0,'EH',0,0,0,0,1,'',1),(227,3,0,'YE',967,0,0,0,1,'',1),(228,4,0,'ZM',260,0,0,0,1,'',1),(229,4,0,'ZW',263,0,0,0,1,'',1),(230,7,0,'AL',355,0,0,0,1,'NNNN',1),(231,3,0,'AF',93,0,0,0,1,'NNNN',1),(232,5,0,'AQ',0,0,0,0,1,'',1),(233,1,0,'BA',387,0,0,0,1,'',1),(234,5,0,'BV',0,0,0,0,1,'',1),(235,5,0,'IO',0,0,0,0,1,'LLLL NLL',1),(236,1,0,'BG',359,0,0,0,1,'NNNN',1),(237,8,0,'KY',0,0,0,0,1,'',1),(238,3,0,'CX',0,0,0,0,1,'',1),(239,3,0,'CC',0,0,0,0,1,'',1),(240,5,0,'CK',682,0,0,0,1,'',1),(241,6,0,'GF',594,0,0,0,1,'',1),(242,5,0,'PF',689,0,0,0,1,'',1),(243,5,0,'TF',0,0,0,0,1,'',1),(244,7,0,'AX',0,0,0,0,1,'NNNNN',1);

--
-- Table structure for table `ps_country_lang`
--

CREATE TABLE `ps_country_lang` (
  `id_country` int(10) unsigned NOT NULL,
  `id_lang` int(10) unsigned NOT NULL,
  `name` varchar(64) NOT NULL,
  PRIMARY KEY (`id_country`,`id_lang`)
) ENGINE=InnoDB DEFAULT CHARSET=utf8;

--
-- Dumping data for table `ps_country_lang`
--

INSERT INTO `ps_country_lang` VALUES (1,1,'Germany'),(1,2,'Deutschland'),(1,3,'Allemagne'),(1,4,'Germania'),(2,1,'Austria'),(2,2,'Österreich'),(2,3,'Autriche'),(2,4,'Austria'),(3,1,'Belgium'),(3,2,'Belgien'),(3,3,'Belgique'),(3,4,'Belgio'),(4,1,'Canada'),(4,2,'Kanada'),(4,3,'Canada'),(4,4,'Canada'),(5,1,'China'),(5,2,'China'),(5,3,'Chine'),(5,4,'Cina'),(6,1,'Spain'),(6,2,'Spanien'),(6,3,'Espagne'),(6,4,'Spagna'),(7,1,'Finland'),(7,2,'Finnland'),(7,3,'Finlande'),(7,4,'Finlandia'),(8,1,'France'),(8,2,'Frankreich'),(8,3,'France'),(8,4,'Francia'),(9,1,'Greece'),(9,2,'Griechenland'),(9,3,'Grèce'),(9,4,'Grecia'),(10,1,'Italy'),(10,2,'Italien'),(10,3,'Italie'),(10,4,'Italia'),(11,1,'Japan'),(11,2,'Japan'),(11,3,'Japon'),(11,4,'Giappone'),(12,1,'Luxembourg'),(12,2,'Luxemburg'),(12,3,'Luxembourg'),(12,4,'Lussemburgo'),(13,1,'Netherlands'),(13,2,'Niederlande'),(13,3,'Pays-Bas'),(13,4,'Paesi Bassi'),(14,1,'Poland'),(14,2,'Polen'),(14,3,'Pologne'),(14,4,'Polonia'),(15,1,'Portugal'),(15,2,'Portugal'),(15,3,'Portugal'),(15,4,'Portogallo'),(16,1,'Czech Republic'),(16,2,'Tschechische Republik'),(16,3,'République Tchèque'),(16,4,'Repubblica Ceca'),(17,1,'United Kingdom'),(17,2,'Vereinigtes Königreich'),(17,3,'Royaume-Uni'),(17,4,'Regno Unito'),(18,1,'Sweden'),(18,2,'Schweden'),(18,3,'Suède'),(18,4,'Svezia'),(19,1,'Switzerland'),(19,2,'Schweiz'),(19,3,'Suisse'),(19,4,'Svizzera'),(20,1,'Denmark'),(20,2,'Dänemark'),(20,3,'Danemark'),(20,4,'Danimarca'),(21,1,'United States'),(21,2,'Vereinigte Staaten'),(21,3,'États-Unis'),(21,4,'Stati Uniti'),(22,1,'Hong Kong SAR China'),(22,2,'Sonderverwaltungszone Hongkong'),(22,3,'R.A.S. Chinoise De Hong Kong'),(22,4,'RAS Di Hong Kong'),(23,1,'Norway'),(23,2,'Norwegen'),(23,3,'Norvège'),(23,4,'Norvegia'),(24,1,'Australia'),(24,2,'Australien'),(24,3,'Australie'),(24,4,'Australia'),(25,1,'Singapore'),(25,2,'Singapur'),(25,3,'Singapour'),(25,4,'Singapore'),(26,1,'Ireland'),(26,2,'Irland'),(26,3,'Irlande'),(26,4,'Irlanda'),(27,1,'New Zealand'),(27,2,'Neuseeland'),(27,3,'Nouvelle-Zélande'),(27,4,'Nuova Zelanda'),(28,1,'South Korea'),(28,2,'Republik Korea'),(28,3,'Corée Du Sud'),(28,4,'Corea Del Sud'),(29,1,'Israel'),(29,2,'Israel'),(29,3,'Israël'),(29,4,'Israele'),(30,1,'South Africa'),(30,2,'Südafrika'),(30,3,'Afrique Du Sud'),(30,4,'Sudafrica'),(31,1,'Nigeria'),(31,2,'Nigeria'),(31,3,'Nigéria'),(31,4,'Nigeria'),(32,1,'Côte D’Ivoire'),(32,2,'Côte D’Ivoire'),(32,3,'Côte D’Ivoire'),(32,4,'Costa D’Avorio'),(33,1,'Togo'),(33,2,'Togo'),(33,3,'Togo'),(33,4,'Togo'),(34,1,'Bolivia'),(34,2,'Bolivien'),(34,3,'Bolivie'),(34,4,'Bolivia'),(35,1,'Mauritius'),(35,2,'Mauritius'),(35,3,'Maurice'),(35,4,'Mauritius'),(36,1,'Romania'),(36,2,'Rumänien'),(36,3,'Roumanie'),(36,4,'Romania'),(37,1,'Slovakia'),(37,2,'Slowakei'),(37,3,'Slovaquie'),(37,4,'Slovacchia'),(38,1,'Algeria'),(38,2,'Algerien'),(38,3,'Algérie'),(38,4,'Algeria'),(39,1,'American Samoa'),(39,2,'Amerikanisch-Samoa'),(39,3,'Samoa Américaines'),(39,4,'Samoa Americane'),(40,1,'Andorra'),(40,2,'Andorra'),(40,3,'Andorre'),(40,4,'Andorra'),(41,1,'Angola'),(41,2,'Angola'),(41,3,'Angola'),(41,4,'Angola'),(42,1,'Anguilla'),(42,2,'Anguilla'),(42,3,'Anguilla'),(42,4,'Anguilla'),(43,1,'Antigua & Barbuda'),(43,2,'Antigua Und Barbuda'),(43,3,'Antigua-et-Barbuda'),(43,4,'Antigua E Barbuda'),(44,1,'Argentina'),(44,2,'Argentinien'),(44,3,'Argentine'),(44,4,'Argentina'),(45,1,'Armenia'),(45,2,'Armenien'),(45,3,'Arménie'),(45,4,'Armenia'),(46,1,'Aruba'),(46,2,'Aruba'),(46,3,'Aruba'),(46,4,'Aruba'),(47,1,'Azerbaijan'),(47,2,'Aserbaidschan'),(47,3,'Azerbaïdjan'),(47,4,'Azerbaigian'),(48,1,'Bahamas'),(48,2,'Bahamas'),(48,3,'Bahamas'),(48,4,'Bahamas'),(49,1,'Bahrain'),(49,2,'Bahrain'),(49,3,'Bahreïn'),(49,4,'Bahrein'),(50,1,'Bangladesh'),(50,2,'Bangladesch'),(50,3,'Bangladesh'),(50,4,'Bangladesh'),(51,1,'Barbados'),(51,2,'Barbados'),(51,3,'Barbade'),(51,4,'Barbados'),(52,1,'Belarus'),(52,2,'Belarus'),(52,3,'Biélorussie'),(52,4,'Bielorussia'),(53,1,'Belize'),(53,2,'Belize'),(53,3,'Belize'),(53,4,'Belize'),(54,1,'Benin'),(54,2,'Benin'),(54,3,'Bénin'),(54,4,'Benin'),(55,1,'Bermuda'),(55,2,'Bermuda'),(55,3,'Bermudes'),(55,4,'Bermuda'),(56,1,'Bhutan'),(56,2,'Bhutan'),(56,3,'Bhoutan'),(56,4,'Bhutan'),(57,1,'Botswana'),(57,2,'Botsuana'),(57,3,'Botswana'),(57,4,'Botswana'),(58,1,'Brazil'),(58,2,'Brasilien'),(58,3,'Brésil'),(58,4,'Brasile'),(59,1,'Brunei'),(59,2,'Brunei Darussalam'),(59,3,'Brunéi Darussalam'),(59,4,'Brunei'),(60,1,'Burkina Faso'),(60,2,'Burkina Faso'),(60,3,'Burkina Faso'),(60,4,'Burkina Faso'),(61,1,'Myanmar (Burma)'),(61,2,'Myanmar'),(61,3,'Myanmar'),(61,4,'Myanmar (Birmania)'),(62,1,'Burundi'),(62,2,'Burundi'),(62,3,'Burundi'),(62,4,'Burundi'),(63,1,'Cambodia'),(63,2,'Kambodscha'),(63,3,'Cambodge'),(63,4,'Cambogia'),(64,1,'Cameroon'),(64,2,'Kamerun'),(64,3,'Cameroun'),(64,4,'Camerun'),(65,1,'Cape Verde'),(65,2,'Kap Verde'),(65,3,'Cap-Vert'),(65,4,'Capo Verde'),(66,1,'Central African Republic'),(66,2,'Zentralafrikanische Republik'),(66,3,'République Centrafricaine'),(66,4,'Repubblica Centrafricana'),(67,1,'Chad'),(67,2,'Tschad'),(67,3,'Tchad'),(67,4,'Ciad'),(68,1,'Chile'),(68,2,'Chile'),(68,3,'Chili'),(68,4,'Cile'),(69,1,'Colombia'),(69,2,'Kolumbien'),(69,3,'Colombie'),(69,4,'Colombia'),(70,1,'Comoros'),(70,2,'Komoren'),(70,3,'Comores'),(70,4,'Comore'),(71,1,'Congo - Kinshasa'),(71,2,'Kongo-Kinshasa'),(71,3,'Congo-Kinshasa'),(71,4,'Congo - Kinshasa'),(72,1,'Congo - Brazzaville'),(72,2,'Kongo-Brazzaville'),(72,3,'Congo-Brazzaville'),(72,4,'Congo-Brazzaville'),(73,1,'Costa Rica'),(73,2,'Costa Rica'),(73,3,'Costa Rica'),(73,4,'Costa Rica'),(74,1,'Croatia'),(74,2,'Kroatien'),(74,3,'Croatie'),(74,4,'Croazia'),(75,1,'Cuba'),(75,2,'Kuba'),(75,3,'Cuba'),(75,4,'Cuba'),(76,1,'Cyprus'),(76,2,'Zypern'),(76,3,'Chypre'),(76,4,'Cipro'),(77,1,'Djibouti'),(77,2,'Dschibuti'),(77,3,'Djibouti'),(77,4,'Gibuti'),(78,1,'Dominica'),(78,2,'Dominica'),(78,3,'Dominique'),(78,4,'Dominica'),(79,1,'Dominican Republic'),(79,2,'Dominikanische Republik'),(79,3,'République Dominicaine'),(79,4,'Repubblica Dominicana'),(80,1,'Timor-Leste'),(80,2,'Timor-Leste'),(80,3,'Timor Oriental'),(80,4,'Timor Est'),(81,1,'Ecuador'),(81,2,'Ecuador'),(81,3,'Équateur'),(81,4,'Ecuador'),(82,1,'Egypt'),(82,2,'Ägypten'),(82,3,'Égypte'),(82,4,'Egitto'),(83,1,'El Salvador'),(83,2,'El Salvador'),(83,3,'El Salvador'),(83,4,'El Salvador'),(84,1,'Equatorial Guinea'),(84,2,'Äquatorialguinea'),(84,3,'Guinée équatoriale'),(84,4,'Guinea Equatoriale'),(85,1,'Eritrea'),(85,2,'Eritrea'),(85,3,'Érythrée'),(85,4,'Eritrea'),(86,1,'Estonia'),(86,2,'Estland'),(86,3,'Estonie'),(86,4,'Estonia'),(87,1,'Ethiopia'),(87,2,'Äthiopien'),(87,3,'Éthiopie'),(87,4,'Etiopia'),(88,1,'Falkland Islands'),(88,2,'Falklandinseln'),(88,3,'Îles Malouines'),(88,4,'Isole Falkland'),(89,1,'Faroe Islands'),(89,2,'Färöer'),(89,3,'Îles Féroé'),(89,4,'Isole Faroe'),(90,1,'Fiji'),(90,2,'Fidschi'),(90,3,'Fidji'),(90,4,'Figi'),(91,1,'Gabon'),(91,2,'Gabun'),(91,3,'Gabon'),(91,4,'Gabon'),(92,1,'Gambia'),(92,2,'Gambia'),(92,3,'Gambie'),(92,4,'Gambia'),(93,1,'Georgia'),(93,2,'Georgien'),(93,3,'Géorgie'),(93,4,'Georgia'),(94,1,'Ghana'),(94,2,'Ghana'),(94,3,'Ghana'),(94,4,'Ghana'),(95,1,'Grenada'),(95,2,'Grenada'),(95,3,'Grenade'),(95,4,'Grenada'),(96,1,'Greenland'),(96,2,'Grönland'),(96,3,'Groenland'),(96,4,'Groenlandia'),(97,1,'Gibraltar'),(97,2,'Gibraltar'),(97,3,'Gibraltar'),(97,4,'Gibilterra'),(98,1,'Guadeloupe'),(98,2,'Guadeloupe'),(98,3,'Guadeloupe'),(98,4,'Guadalupa'),(99,1,'Guam'),(99,2,'Guam'),(99,3,'Guam'),(99,4,'Guam'),(100,1,'Guatemala'),(100,2,'Guatemala'),(100,3,'Guatemala'),(100,4,'Guatemala'),(101,1,'Guernsey'),(101,2,'Guernsey'),(101,3,'Guernesey'),(101,4,'Guernsey'),(102,1,'Guinea'),(102,2,'Guinea'),(102,3,'Guinée'),(102,4,'Guinea'),(103,1,'Guinea-Bissau'),(103,2,'Guinea-Bissau'),(103,3,'Guinée-Bissau'),(103,4,'Guinea-Bissau'),(104,1,'Guyana'),(104,2,'Guyana'),(104,3,'Guyana'),(104,4,'Guyana'),(105,1,'Haiti'),(105,2,'Haiti'),(105,3,'Haïti'),(105,4,'Haiti'),(106,1,'Heard & McDonald Islands'),(106,2,'Heard- Und McDonald-Inseln'),(106,3,'Îles Heard Et McDonald'),(106,4,'Isole Heard Ed Isole McDonald'),(107,1,'Vatican City'),(107,2,'Vatikanstadt'),(107,3,'État De La Cité Du Vatican'),(107,4,'Città Del Vaticano'),(108,1,'Honduras'),(108,2,'Honduras'),(108,3,'Honduras'),(108,4,'Honduras'),(109,1,'Iceland'),(109,2,'Island'),(109,3,'Islande'),(109,4,'Islanda'),(110,1,'India'),(110,2,'Indien'),(110,3,'Inde'),(110,4,'India'),(111,1,'Indonesia'),(111,2,'Indonesien'),(111,3,'Indonésie'),(111,4,'Indonesia'),(112,1,'Iran'),(112,2,'Iran'),(112,3,'Iran'),(112,4,'Iran'),(113,1,'Iraq'),(113,2,'Irak'),(113,3,'Irak'),(113,4,'Iraq'),(114,1,'Isle Of Man'),(114,2,'Isle Of Man'),(114,3,'Île De Man'),(114,4,'Isola Di Man'),(115,1,'Jamaica'),(115,2,'Jamaika'),(115,3,'Jamaïque'),(115,4,'Giamaica'),(116,1,'Jersey'),(116,2,'Jersey'),(116,3,'Jersey'),(116,4,'Jersey'),(117,1,'Jordan'),(117,2,'Jordanien'),(117,3,'Jordanie'),(117,4,'Giordania'),(118,1,'Kazakhstan'),(118,2,'Kasachstan'),(118,3,'Kazakhstan'),(118,4,'Kazakistan'),(119,1,'Kenya'),(119,2,'Kenia'),(119,3,'Kenya'),(119,4,'Kenya'),(120,1,'Kiribati'),(120,2,'Kiribati'),(120,3,'Kiribati'),(120,4,'Kiribati'),(121,1,'North Korea'),(121,2,'Demokratische Volksrepublik Korea'),(121,3,'Corée Du Nord'),(121,4,'Corea Del Nord'),(122,1,'Kuwait'),(122,2,'Kuwait'),(122,3,'Koweït'),(122,4,'Kuwait'),(123,1,'Kyrgyzstan'),(123,2,'Kirgisistan'),(123,3,'Kirghizistan'),(123,4,'Kirghizistan'),(124,1,'Laos'),(124,2,'Laos'),(124,3,'Laos'),(124,4,'Laos'),(125,1,'Latvia'),(125,2,'Lettland'),(125,3,'Lettonie'),(125,4,'Lettonia'),(126,1,'Lebanon'),(126,2,'Libanon'),(126,3,'Liban'),(126,4,'Libano'),(127,1,'Lesotho'),(127,2,'Lesotho'),(127,3,'Lesotho'),(127,4,'Lesotho'),(128,1,'Liberia'),(128,2,'Liberia'),(128,3,'Libéria'),(128,4,'Liberia'),(129,1,'Libya'),(129,2,'Libyen'),(129,3,'Libye'),(129,4,'Libia'),(130,1,'Liechtenstein'),(130,2,'Liechtenstein'),(130,3,'Liechtenstein'),(130,4,'Liechtenstein'),(131,1,'Lithuania'),(131,2,'Litauen'),(131,3,'Lituanie'),(131,4,'Lituania'),(132,1,'Macau SAR China'),(132,2,'Sonderverwaltungsregion Macau'),(132,3,'R.A.S. Chinoise De Macao'),(132,4,'RAS Di Macao'),(133,1,'Macedonia'),(133,2,'Mazedonien'),(133,3,'Macédoine'),(133,4,'Repubblica Di Macedonia'),(134,1,'Madagascar'),(134,2,'Madagaskar'),(134,3,'Madagascar'),(134,4,'Madagascar'),(135,1,'Malawi'),(135,2,'Malawi'),(135,3,'Malawi'),(135,4,'Malawi'),(136,1,'Malaysia'),(136,2,'Malaysia'),(136,3,'Malaisie'),(136,4,'Malesia'),(137,1,'Maldives'),(137,2,'Malediven'),(137,3,'Maldives'),(137,4,'Maldive'),(138,1,'Mali'),(138,2,'Mali'),(138,3,'Mali'),(138,4,'Mali'),(139,1,'Malta'),(139,2,'Malta'),(139,3,'Malte'),(139,4,'Malta'),(140,1,'Marshall Islands'),(140,2,'Marshallinseln'),(140,3,'Îles Marshall'),(140,4,'Isole Marshall'),(141,1,'Martinique'),(141,2,'Martinique'),(141,3,'Martinique'),(141,4,'Martinica'),(142,1,'Mauritania'),(142,2,'Mauretanien'),(142,3,'Mauritanie'),(142,4,'Mauritania'),(143,1,'Hungary'),(143,2,'Ungarn'),(143,3,'Hongrie'),(143,4,'Ungheria'),(144,1,'Mayotte'),(144,2,'Mayotte'),(144,3,'Mayotte'),(144,4,'Mayotte'),(145,1,'Mexico'),(145,2,'Mexiko'),(145,3,'Mexique'),(145,4,'Messico'),(146,1,'Micronesia'),(146,2,'Mikronesien'),(146,3,'États Fédérés De Micronésie'),(146,4,'Micronesia'),(147,1,'Moldova'),(147,2,'Republik Moldau'),(147,3,'Moldavie'),(147,4,'Moldavia'),(148,1,'Monaco'),(148,2,'Monaco'),(148,3,'Monaco'),(148,4,'Monaco'),(149,1,'Mongolia'),(149,2,'Mongolei'),(149,3,'Mongolie'),(149,4,'Mongolia'),(150,1,'Montenegro'),(150,2,'Montenegro'),(150,3,'Monténégro'),(150,4,'Montenegro'),(151,1,'Montserrat'),(151,2,'Montserrat'),(151,3,'Montserrat'),(151,4,'Montserrat'),(152,1,'Morocco'),(152,2,'Marokko'),(152,3,'Maroc'),(152,4,'Marocco'),(153,1,'Mozambique'),(153,2,'Mosambik'),(153,3,'Mozambique'),(153,4,'Mozambico'),(154,1,'Namibia'),(154,2,'Namibia'),(154,3,'Namibie'),(154,4,'Namibia'),(155,1,'Nauru'),(155,2,'Nauru'),(155,3,'Nauru'),(155,4,'Nauru'),(156,1,'Nepal'),(156,2,'Nepal'),(156,3,'Népal'),(156,4,'Nepal'),(157,1,'Netherlands Antilles'),(157,2,'Niederländische Antillen'),(157,3,'Antilles Néerlandaises'),(157,4,'Antille Olandesi'),(158,1,'New Caledonia'),(158,2,'Neukaledonien'),(158,3,'Nouvelle-Calédonie'),(158,4,'Nuova Caledonia'),(159,1,'Nicaragua'),(159,2,'Nicaragua'),(159,3,'Nicaragua'),(159,4,'Nicaragua'),(160,1,'Niger'),(160,2,'Niger'),(160,3,'Niger'),(160,4,'Niger'),(161,1,'Niue'),(161,2,'Niue'),(161,3,'Niue'),(161,4,'Niue'),(162,1,'Norfolk Island'),(162,2,'Norfolkinsel'),(162,3,'Île Norfolk'),(162,4,'Isola Norfolk'),(163,1,'Northern Mariana Islands'),(163,2,'Nördliche Marianen'),(163,3,'Îles Mariannes Du Nord'),(163,4,'Isole Marianne Settentrionali'),(164,1,'Oman'),(164,2,'Oman'),(164,3,'Oman'),(164,4,'Oman'),(165,1,'Pakistan'),(165,2,'Pakistan'),(165,3,'Pakistan'),(165,4,'Pakistan'),(166,1,'Palau'),(166,2,'Palau'),(166,3,'Palaos'),(166,4,'Palau'),(167,1,'Palestinian Territories'),(167,2,'Palästinensische Autonomiegebiete'),(167,3,'Territoires Palestiniens'),(167,4,'Territori Palestinesi'),(168,1,'Panama'),(168,2,'Panama'),(168,3,'Panama'),(168,4,'Panamá'),(169,1,'Papua New Guinea'),(169,2,'Papua-Neuguinea'),(169,3,'Papouasie-Nouvelle-Guinée'),(169,4,'Papua Nuova Guinea'),(170,1,'Paraguay'),(170,2,'Paraguay'),(170,3,'Paraguay'),(170,4,'Paraguay'),(171,1,'Peru'),(171,2,'Peru'),(171,3,'Pérou'),(171,4,'Perù'),(172,1,'Philippines'),(172,2,'Philippinen'),(172,3,'Philippines'),(172,4,'Filippine'),(173,1,'Pitcairn Islands'),(173,2,'Pitcairninseln'),(173,3,'Pitcairn'),(173,4,'Isole Pitcairn'),(174,1,'Puerto Rico'),(174,2,'Puerto Rico'),(174,3,'Porto Rico'),(174,4,'Portorico'),(175,1,'Qatar'),(175,2,'Katar'),(175,3,'Qatar'),(175,4,'Qatar'),(176,1,'Réunion'),(176,2,'Réunion'),(176,3,'La Réunion'),(176,4,'Réunion'),(177,1,'Russia'),(177,2,'Russische Föderation'),(177,3,'Russie'),(177,4,'Federazione Russa'),(178,1,'Rwanda'),(178,2,'Ruanda'),(178,3,'Rwanda'),(178,4,'Ruanda'),(179,1,'St. Barthélemy'),(179,2,'St. Barthélemy'),(179,3,'Saint-Barthélemy'),(179,4,'Saint-Barthélemy'),(180,1,'St. Kitts & Nevis'),(180,2,'St. Kitts Und Nevis'),(180,3,'Saint-Christophe-et-Niévès'),(180,4,'Saint Kitts E Nevis'),(181,1,'St. Lucia'),(181,2,'St. Lucia'),(181,3,'Sainte-Lucie'),(181,4,'Saint Lucia'),(182,1,'St. Martin'),(182,2,'St. Martin'),(182,3,'Saint-Martin (partie Française)'),(182,4,'Saint Martin'),(183,1,'St. Pierre & Miquelon'),(183,2,'St. Pierre Und Miquelon'),(183,3,'Saint-Pierre-et-Miquelon'),(183,4,'Saint Pierre E Miquelon'),(184,1,'St. Vincent & Grenadines'),(184,2,'St. Vincent Und Die Grenadinen'),(184,3,'Saint-Vincent-et-les-Grenadines'),(184,4,'Saint Vincent E Grenadines'),(185,1,'Samoa'),(185,2,'Samoa'),(185,3,'Samoa'),(185,4,'Samoa'),(186,1,'San Marino'),(186,2,'San Marino'),(186,3,'Saint-Marin'),(186,4,'San Marino'),(187,1,'São Tomé & Príncipe'),(187,2,'São Tomé Und Príncipe'),(187,3,'Sao Tomé-et-Principe'),(187,4,'São Tomé E Príncipe'),(188,1,'Saudi Arabia'),(188,2,'Saudi-Arabien'),(188,3,'Arabie Saoudite'),(188,4,'Arabia Saudita'),(189,1,'Senegal'),(189,2,'Senegal'),(189,3,'Sénégal'),(189,4,'Senegal'),(190,1,'Serbia'),(190,2,'Serbien'),(190,3,'Serbie'),(190,4,'Serbia'),(191,1,'Seychelles'),(191,2,'Seychellen'),(191,3,'Seychelles'),(191,4,'Seychelles'),(192,1,'Sierra Leone'),(192,2,'Sierra Leone'),(192,3,'Sierra Leone'),(192,4,'Sierra Leone'),(193,1,'Slovenia'),(193,2,'Slowenien'),(193,3,'Slovénie'),(193,4,'Slovenia'),(194,1,'Solomon Islands'),(194,2,'Salomonen'),(194,3,'Îles Salomon'),(194,4,'Isole Solomon'),(195,1,'Somalia'),(195,2,'Somalia'),(195,3,'Somalie'),(195,4,'Somalia'),(196,1,'South Georgia & South Sandwich Islands'),(196,2,'Südgeorgien Und Die Südlichen Sandwichinseln'),(196,3,'Îles Géorgie Du Sud Et Sandwich Du Sud'),(196,4,'Georgia Del Sud E Isole Sandwich Meridionali'),(197,1,'Sri Lanka'),(197,2,'Sri Lanka'),(197,3,'Sri Lanka'),(197,4,'Sri Lanka'),(198,1,'Sudan'),(198,2,'Sudan'),(198,3,'Soudan'),(198,4,'Sudan'),(199,1,'Suriname'),(199,2,'Suriname'),(199,3,'Suriname'),(199,4,'Suriname'),(200,1,'Svalbard & Jan Mayen'),(200,2,'Svalbard Und Jan Mayen'),(200,3,'Svalbard Et Jan Mayen'),(200,4,'Svalbard E Jan Mayen'),(201,1,'Swaziland'),(201,2,'Swasiland'),(201,3,'Swaziland'),(201,4,'Swaziland'),(202,1,'Syria'),(202,2,'Syrien'),(202,3,'Syrie'),(202,4,'Siria'),(203,1,'Taiwan'),(203,2,'Taiwan'),(203,3,'Taïwan'),(203,4,'Taiwan'),(204,1,'Tajikistan'),(204,2,'Tadschikistan'),(204,3,'Tadjikistan'),(204,4,'Tagikistan'),(205,1,'Tanzania'),(205,2,'Tansania'),(205,3,'Tanzanie'),(205,4,'Tanzania'),(206,1,'Thailand'),(206,2,'Thailand'),(206,3,'Thaïlande'),(206,4,'Tailandia'),(207,1,'Tokelau'),(207,2,'Tokelau'),(207,3,'Tokelau'),(207,4,'Tokelau'),(208,1,'Tonga'),(208,2,'Tonga'),(208,3,'Tonga'),(208,4,'Tonga'),(209,1,'Trinidad & Tobago'),(209,2,'Trinidad Und Tobago'),(209,3,'Trinité-et-Tobago'),(209,4,'Trinidad E Tobago'),(210,1,'Tunisia'),(210,2,'Tunesien'),(210,3,'Tunisie'),(210,4,'Tunisia'),(211,1,'Turkey'),(211,2,'Türkei'),(211,3,'Turquie'),(211,4,'Turchia'),(212,1,'Turkmenistan'),(212,2,'Turkmenistan'),(212,3,'Turkménistan'),(212,4,'Turkmenistan'),(213,1,'Turks & Caicos Islands'),(213,2,'Turks- Und Caicosinseln'),(213,3,'Îles Turques-et-Caïques'),(213,4,'Isole Turks E Caicos'),(214,1,'Tuvalu'),(214,2,'Tuvalu'),(214,3,'Tuvalu'),(214,4,'Tuvalu'),(215,1,'Uganda'),(215,2,'Uganda'),(215,3,'Ouganda'),(215,4,'Uganda'),(216,1,'Ukraine'),(216,2,'Ukraine'),(216,3,'Ukraine'),(216,4,'Ucraina'),(217,1,'United Arab Emirates'),(217,2,'Vereinigte Arabische Emirate'),(217,3,'Émirats Arabes Unis'),(217,4,'Emirati Arabi Uniti'),(218,1,'Uruguay'),(218,2,'Uruguay'),(218,3,'Uruguay'),(218,4,'Uruguay'),(219,1,'Uzbekistan'),(219,2,'Usbekistan'),(219,3,'Ouzbékistan'),(219,4,'Uzbekistan'),(220,1,'Vanuatu'),(220,2,'Vanuatu'),(220,3,'Vanuatu'),(220,4,'Vanuatu'),(221,1,'Venezuela'),(221,2,'Venezuela'),(221,3,'Venezuela'),(221,4,'Venezuela'),(222,1,'Vietnam'),(222,2,'Vietnam'),(222,3,'Vietnam'),(222,4,'Vietnam'),(223,1,'British Virgin Islands'),(223,2,'Britische Jungferninseln'),(223,3,'Îles Vierges Britanniques'),(223,4,'Isole Vergini Britanniche'),(224,1,'U.S. Virgin Islands'),(224,2,'Amerikanische Jungferninseln'),(224,3,'Îles Vierges Des États-Unis'),(224,4,'Isole Vergini Americane'),(225,1,'Wallis & Futuna'),(225,2,'Wallis Und Futuna'),(225,3,'Wallis-et-Futuna'),(225,4,'Wallis E Futuna'),(226,1,'Western Sahara'),(226,2,'Westsahara'),(226,3,'Sahara Occidental'),(226,4,'Sahara Occidentale'),(227,1,'Yemen'),(227,2,'Jemen'),(227,3,'Yémen'),(227,4,'Yemen'),(228,1,'Zambia'),(228,2,'Sambia'),(228,3,'Zambie'),(228,4,'Zambia'),(229,1,'Zimbabwe'),(229,2,'Simbabwe'),(229,3,'Zimbabwe'),(229,4,'Zimbabwe'),(230,1,'Albania'),(230,2,'Albanien'),(230,3,'Albanie'),(230,4,'Albania'),(231,1,'Afghanistan'),(231,2,'Afghanistan'),(231,3,'Afghanistan'),(231,4,'Afghanistan'),(232,1,'Antarctica'),(232,2,'Antarktis'),(232,3,'Antarctique'),(232,4,'Antartide'),(233,1,'Bosnia & Herzegovina'),(233,2,'Bosnien Und Herzegowina'),(233,3,'Bosnie-Herzégovine'),(233,4,'Bosnia-Erzegovina'),(234,1,'Bouvet Island'),(234,2,'Bouvetinsel'),(234,3,'Île Bouvet'),(234,4,'Isola Bouvet'),(235,1,'British Indian Ocean Territory'),(235,2,'Britisches Territorium Im Indischen Ozean'),(235,3,'Territoire Britannique De L’océan Indien'),(235,4,'Territorio Britannico Dell’Oceano Indiano'),(236,1,'Bulgaria'),(236,2,'Bulgarien'),(236,3,'Bulgarie'),(236,4,'Bulgaria'),(237,1,'Cayman Islands'),(237,2,'Kaimaninseln'),(237,3,'Îles Caïmans'),(237,4,'Isole Cayman'),(238,1,'Christmas Island'),(238,2,'Weihnachtsinsel'),(238,3,'Île Christmas'),(238,4,'Isola Di Christmas'),(239,1,'Cocos (Keeling) Islands'),(239,2,'Kokosinseln'),(239,3,'Îles Cocos'),(239,4,'Isole Cocos'),(240,1,'Cook Islands'),(240,2,'Cookinseln'),(240,3,'Îles Cook'),(240,4,'Isole Cook'),(241,1,'French Guiana'),(241,2,'Französisch-Guayana'),(241,3,'Guyane Française'),(241,4,'Guiana Francese'),(242,1,'French Polynesia'),(242,2,'Französisch-Polynesien'),(242,3,'Polynésie Française'),(242,4,'Polinesia Francese'),(243,1,'French Southern Territories'),(243,2,'Französische Süd- Und Antarktisgebiete'),(243,3,'Terres Australes Françaises'),(243,4,'Territori Australi Francesi'),(244,1,'Åland Islands'),(244,2,'Åland-Inseln'),(244,3,'Îles Åland'),(244,4,'Isole Aland');

--
-- Table structure for table `ps_country_shop`
--

CREATE TABLE `ps_country_shop` (
  `id_country` int(11) unsigned NOT NULL,
  `id_shop` int(11) unsigned NOT NULL,
  PRIMARY KEY (`id_country`,`id_shop`),
  KEY `id_shop` (`id_shop`)
) ENGINE=InnoDB DEFAULT CHARSET=utf8;

--
-- Dumping data for table `ps_country_shop`
--

INSERT INTO `ps_country_shop` VALUES (1,1),(2,1),(3,1),(4,1),(5,1),(6,1),(7,1),(8,1),(9,1),(10,1),(11,1),(12,1),(13,1),(14,1),(15,1),(16,1),(17,1),(18,1),(19,1),(20,1),(21,1),(22,1),(23,1),(24,1),(25,1),(26,1),(27,1),(28,1),(29,1),(30,1),(31,1),(32,1),(33,1),(34,1),(35,1),(36,1),(37,1),(38,1),(39,1),(40,1),(41,1),(42,1),(43,1),(44,1),(45,1),(46,1),(47,1),(48,1),(49,1),(50,1),(51,1),(52,1),(53,1),(54,1),(55,1),(56,1),(57,1),(58,1),(59,1),(60,1),(61,1),(62,1),(63,1),(64,1),(65,1),(66,1),(67,1),(68,1),(69,1),(70,1),(71,1),(72,1),(73,1),(74,1),(75,1),(76,1),(77,1),(78,1),(79,1),(80,1),(81,1),(82,1),(83,1),(84,1),(85,1),(86,1),(87,1),(88,1),(89,1),(90,1),(91,1),(92,1),(93,1),(94,1),(95,1),(96,1),(97,1),(98,1),(99,1),(100,1),(101,1),(102,1),(103,1),(104,1),(105,1),(106,1),(107,1),(108,1),(109,1),(110,1),(111,1),(112,1),(113,1),(114,1),(115,1),(116,1),(117,1),(118,1),(119,1),(120,1),(121,1),(122,1),(123,1),(124,1),(125,1),(126,1),(127,1),(128,1),(129,1),(130,1),(131,1),(132,1),(133,1),(134,1),(135,1),(136,1),(137,1),(138,1),(139,1),(140,1),(141,1),(142,1),(143,1),(144,1),(145,1),(146,1),(147,1),(148,1),(149,1),(150,1),(151,1),(152,1),(153,1),(154,1),(155,1),(156,1),(157,1),(158,1),(159,1),(160,1),(161,1),(162,1),(163,1),(164,1),(165,1),(166,1),(167,1),(168,1),(169,1),(170,1),(171,1),(172,1),(173,1),(174,1),(175,1),(176,1),(177,1),(178,1),(179,1),(180,1),(181,1),(182,1),(183,1),(184,1),(185,1),(186,1),(187,1),(188,1),(189,1),(190,1),(191,1),(192,1),(193,1),(194,1),(195,1),(196,1),(197,1),(198,1),(199,1),(200,1),(201,1),(202,1),(203,1),(204,1),(205,1),(206,1),(207,1),(208,1),(209,1),(210,1),(211,1),(212,1),(213,1),(214,1),(215,1),(216,1),(217,1),(218,1),(219,1),(220,1),(221,1),(222,1),(223,1),(224,1),(225,1),(226,1),(227,1),(228,1),(229,1),(230,1),(231,1),(232,1),(233,1),(234,1),(235,1),(236,1),(237,1),(238,1),(239,1),(240,1),(241,1),(242,1),(243,1),(244,1),(1,3),(2,3),(3,3),(4,3),(5,3),(6,3),(7,3),(8,3),(9,3),(10,3),(11,3),(12,3),(13,3),(14,3),(15,3),(16,3),(17,3),(18,3),(19,3),(20,3),(21,3),(22,3),(23,3),(24,3),(25,3),(26,3),(27,3),(28,3),(29,3),(30,3),(31,3),(32,3),(33,3),(34,3),(35,3),(36,3),(37,3),(38,3),(39,3),(40,3),(41,3),(42,3),(43,3),(44,3),(45,3),(46,3),(47,3),(48,3),(49,3),(50,3),(51,3),(52,3),(53,3),(54,3),(55,3),(56,3),(57,3),(58,3),(59,3),(60,3),(61,3),(62,3),(63,3),(64,3),(65,3),(66,3),(67,3),(68,3),(69,3),(70,3),(71,3),(72,3),(73,3),(74,3),(75,3),(76,3),(77,3),(78,3),(79,3),(80,3),(81,3),(82,3),(83,3),(84,3),(85,3),(86,3),(87,3),(88,3),(89,3),(90,3),(91,3),(92,3),(93,3),(94,3),(95,3),(96,3),(97,3),(98,3),(99,3),(100,3),(101,3),(102,3),(103,3),(104,3),(105,3),(106,3),(107,3),(108,3),(109,3),(110,3),(111,3),(112,3),(113,3),(114,3),(115,3),(116,3),(117,3),(118,3),(119,3),(120,3),(121,3),(122,3),(123,3),(124,3),(125,3),(126,3),(127,3),(128,3),(129,3),(130,3),(131,3),(132,3),(133,3),(134,3),(135,3),(136,3),(137,3),(138,3),(139,3),(140,3),(141,3),(142,3),(143,3),(144,3),(145,3),(146,3),(147,3),(148,3),(149,3),(150,3),(151,3),(152,3),(153,3),(154,3),(155,3),(156,3),(157,3),(158,3),(159,3),(160,3),(161,3),(162,3),(163,3),(164,3),(165,3),(166,3),(167,3),(168,3),(169,3),(170,3),(171,3),(172,3),(173,3),(174,3),(175,3),(176,3),(177,3),(178,3),(179,3),(180,3),(181,3),(182,3),(183,3),(184,3),(185,3),(186,3),(187,3),(188,3),(189,3),(190,3),(191,3),(192,3),(193,3),(194,3),(195,3),(196,3),(197,3),(198,3),(199,3),(200,3),(201,3),(202,3),(203,3),(204,3),(205,3),(206,3),(207,3),(208,3),(209,3),(210,3),(211,3),(212,3),(213,3),(214,3),(215,3),(216,3),(217,3),(218,3),(219,3),(220,3),(221,3),(222,3),(223,3),(224,3),(225,3),(226,3),(227,3),(228,3),(229,3),(230,3),(231,3),(232,3),(233,3),(234,3),(235,3),(236,3),(237,3),(238,3),(239,3),(240,3),(241,3),(242,3),(243,3),(244,3),(1,4),(2,4),(3,4),(4,4),(5,4),(6,4),(7,4),(8,4),(9,4),(10,4),(11,4),(12,4),(13,4),(14,4),(15,4),(16,4),(17,4),(18,4),(19,4),(20,4),(21,4),(22,4),(23,4),(24,4),(25,4),(26,4),(27,4),(28,4),(29,4),(30,4),(31,4),(32,4),(33,4),(34,4),(35,4),(36,4),(37,4),(38,4),(39,4),(40,4),(41,4),(42,4),(43,4),(44,4),(45,4),(46,4),(47,4),(48,4),(49,4),(50,4),(51,4),(52,4),(53,4),(54,4),(55,4),(56,4),(57,4),(58,4),(59,4),(60,4),(61,4),(62,4),(63,4),(64,4),(65,4),(66,4),(67,4),(68,4),(69,4),(70,4),(71,4),(72,4),(73,4),(74,4),(75,4),(76,4),(77,4),(78,4),(79,4),(80,4),(81,4),(82,4),(83,4),(84,4),(85,4),(86,4),(87,4),(88,4),(89,4),(90,4),(91,4),(92,4),(93,4),(94,4),(95,4),(96,4),(97,4),(98,4),(99,4),(100,4),(101,4),(102,4),(103,4),(104,4),(105,4),(106,4),(107,4),(108,4),(109,4),(110,4),(111,4),(112,4),(113,4),(114,4),(115,4),(116,4),(117,4),(118,4),(119,4),(120,4),(121,4),(122,4),(123,4),(124,4),(125,4),(126,4),(127,4),(128,4),(129,4),(130,4),(131,4),(132,4),(133,4),(134,4),(135,4),(136,4),(137,4),(138,4),(139,4),(140,4),(141,4),(142,4),(143,4),(144,4),(145,4),(146,4),(147,4),(148,4),(149,4),(150,4),(151,4),(152,4),(153,4),(154,4),(155,4),(156,4),(157,4),(158,4),(159,4),(160,4),(161,4),(162,4),(163,4),(164,4),(165,4),(166,4),(167,4),(168,4),(169,4),(170,4),(171,4),(172,4),(173,4),(174,4),(175,4),(176,4),(177,4),(178,4),(179,4),(180,4),(181,4),(182,4),(183,4),(184,4),(185,4),(186,4),(187,4),(188,4),(189,4),(190,4),(191,4),(192,4),(193,4),(194,4),(195,4),(196,4),(197,4),(198,4),(199,4),(200,4),(201,4),(202,4),(203,4),(204,4),(205,4),(206,4),(207,4),(208,4),(209,4),(210,4),(211,4),(212,4),(213,4),(214,4),(215,4),(216,4),(217,4),(218,4),(219,4),(220,4),(221,4),(222,4),(223,4),(224,4),(225,4),(226,4),(227,4),(228,4),(229,4),(230,4),(231,4),(232,4),(233,4),(234,4),(235,4),(236,4),(237,4),(238,4),(239,4),(240,4),(241,4),(242,4),(243,4),(244,4),(1,5),(2,5),(3,5),(4,5),(5,5),(6,5),(7,5),(8,5),(9,5),(10,5),(11,5),(12,5),(13,5),(14,5),(15,5),(16,5),(17,5),(18,5),(19,5),(20,5),(21,5),(22,5),(23,5),(24,5),(25,5),(26,5),(27,5),(28,5),(29,5),(30,5),(31,5),(32,5),(33,5),(34,5),(35,5),(36,5),(37,5),(38,5),(39,5),(40,5),(41,5),(42,5),(43,5),(44,5),(45,5),(46,5),(47,5),(48,5),(49,5),(50,5),(51,5),(52,5),(53,5),(54,5),(55,5),(56,5),(57,5),(58,5),(59,5),(60,5),(61,5),(62,5),(63,5),(64,5),(65,5),(66,5),(67,5),(68,5),(69,5),(70,5),(71,5),(72,5),(73,5),(74,5),(75,5),(76,5),(77,5),(78,5),(79,5),(80,5),(81,5),(82,5),(83,5),(84,5),(85,5),(86,5),(87,5),(88,5),(89,5),(90,5),(91,5),(92,5),(93,5),(94,5),(95,5),(96,5),(97,5),(98,5),(99,5),(100,5),(101,5),(102,5),(103,5),(104,5),(105,5),(106,5),(107,5),(108,5),(109,5),(110,5),(111,5),(112,5),(113,5),(114,5),(115,5),(116,5),(117,5),(118,5),(119,5),(120,5),(121,5),(122,5),(123,5),(124,5),(125,5),(126,5),(127,5),(128,5),(129,5),(130,5),(131,5),(132,5),(133,5),(134,5),(135,5),(136,5),(137,5),(138,5),(139,5),(140,5),(141,5),(142,5),(143,5),(144,5),(145,5),(146,5),(147,5),(148,5),(149,5),(150,5),(151,5),(152,5),(153,5),(154,5),(155,5),(156,5),(157,5),(158,5),(159,5),(160,5),(161,5),(162,5),(163,5),(164,5),(165,5),(166,5),(167,5),(168,5),(169,5),(170,5),(171,5),(172,5),(173,5),(174,5),(175,5),(176,5),(177,5),(178,5),(179,5),(180,5),(181,5),(182,5),(183,5),(184,5),(185,5),(186,5),(187,5),(188,5),(189,5),(190,5),(191,5),(192,5),(193,5),(194,5),(195,5),(196,5),(197,5),(198,5),(199,5),(200,5),(201,5),(202,5),(203,5),(204,5),(205,5),(206,5),(207,5),(208,5),(209,5),(210,5),(211,5),(212,5),(213,5),(214,5),(215,5),(216,5),(217,5),(218,5),(219,5),(220,5),(221,5),(222,5),(223,5),(224,5),(225,5),(226,5),(227,5),(228,5),(229,5),(230,5),(231,5),(232,5),(233,5),(234,5),(235,5),(236,5),(237,5),(238,5),(239,5),(240,5),(241,5),(242,5),(243,5),(244,5),(1,6),(2,6),(3,6),(4,6),(5,6),(6,6),(7,6),(8,6),(9,6),(10,6),(11,6),(12,6),(13,6),(14,6),(15,6),(16,6),(17,6),(18,6),(19,6),(20,6),(21,6),(22,6),(23,6),(24,6),(25,6),(26,6),(27,6),(28,6),(29,6),(30,6),(31,6),(32,6),(33,6),(34,6),(35,6),(36,6),(37,6),(38,6),(39,6),(40,6),(41,6),(42,6),(43,6),(44,6),(45,6),(46,6),(47,6),(48,6),(49,6),(50,6),(51,6),(52,6),(53,6),(54,6),(55,6),(56,6),(57,6),(58,6),(59,6),(60,6),(61,6),(62,6),(63,6),(64,6),(65,6),(66,6),(67,6),(68,6),(69,6),(70,6),(71,6),(72,6),(73,6),(74,6),(75,6),(76,6),(77,6),(78,6),(79,6),(80,6),(81,6),(82,6),(83,6),(84,6),(85,6),(86,6),(87,6),(88,6),(89,6),(90,6),(91,6),(92,6),(93,6),(94,6),(95,6),(96,6),(97,6),(98,6),(99,6),(100,6),(101,6),(102,6),(103,6),(104,6),(105,6),(106,6),(107,6),(108,6),(109,6),(110,6),(111,6),(112,6),(113,6),(114,6),(115,6),(116,6),(117,6),(118,6),(119,6),(120,6),(121,6),(122,6),(123,6),(124,6),(125,6),(126,6),(127,6),(128,6),(129,6),(130,6),(131,6),(132,6),(133,6),(134,6),(135,6),(136,6),(137,6),(138,6),(139,6),(140,6),(141,6),(142,6),(143,6),(144,6),(145,6),(146,6),(147,6),(148,6),(149,6),(150,6),(151,6),(152,6),(153,6),(154,6),(155,6),(156,6),(157,6),(158,6),(159,6),(160,6),(161,6),(162,6),(163,6),(164,6),(165,6),(166,6),(167,6),(168,6),(169,6),(170,6),(171,6),(172,6),(173,6),(174,6),(175,6),(176,6),(177,6),(178,6),(179,6),(180,6),(181,6),(182,6),(183,6),(184,6),(185,6),(186,6),(187,6),(188,6),(189,6),(190,6),(191,6),(192,6),(193,6),(194,6),(195,6),(196,6),(197,6),(198,6),(199,6),(200,6),(201,6),(202,6),(203,6),(204,6),(205,6),(206,6),(207,6),(208,6),(209,6),(210,6),(211,6),(212,6),(213,6),(214,6),(215,6),(216,6),(217,6),(218,6),(219,6),(220,6),(221,6),(222,6),(223,6),(224,6),(225,6),(226,6),(227,6),(228,6),(229,6),(230,6),(231,6),(232,6),(233,6),(234,6),(235,6),(236,6),(237,6),(238,6),(239,6),(240,6),(241,6),(242,6),(243,6),(244,6),(1,7),(2,7),(3,7),(4,7),(5,7),(6,7),(7,7),(8,7),(9,7),(10,7),(11,7),(12,7),(13,7),(14,7),(15,7),(16,7),(17,7),(18,7),(19,7),(20,7),(21,7),(22,7),(23,7),(24,7),(25,7),(26,7),(27,7),(28,7),(29,7),(30,7),(31,7),(32,7),(33,7),(34,7),(35,7),(36,7),(37,7),(38,7),(39,7),(40,7),(41,7),(42,7),(43,7),(44,7),(45,7),(46,7),(47,7),(48,7),(49,7),(50,7),(51,7),(52,7),(53,7),(54,7),(55,7),(56,7),(57,7),(58,7),(59,7),(60,7),(61,7),(62,7),(63,7),(64,7),(65,7),(66,7),(67,7),(68,7),(69,7),(70,7),(71,7),(72,7),(73,7),(74,7),(75,7),(76,7),(77,7),(78,7),(79,7),(80,7),(81,7),(82,7),(83,7),(84,7),(85,7),(86,7),(87,7),(88,7),(89,7),(90,7),(91,7),(92,7),(93,7),(94,7),(95,7),(96,7),(97,7),(98,7),(99,7),(100,7),(101,7),(102,7),(103,7),(104,7),(105,7),(106,7),(107,7),(108,7),(109,7),(110,7),(111,7),(112,7),(113,7),(114,7),(115,7),(116,7),(117,7),(118,7),(119,7),(120,7),(121,7),(122,7),(123,7),(124,7),(125,7),(126,7),(127,7),(128,7),(129,7),(130,7),(131,7),(132,7),(133,7),(134,7),(135,7),(136,7),(137,7),(138,7),(139,7),(140,7),(141,7),(142,7),(143,7),(144,7),(145,7),(146,7),(147,7),(148,7),(149,7),(150,7),(151,7),(152,7),(153,7),(154,7),(155,7),(156,7),(157,7),(158,7),(159,7),(160,7),(161,7),(162,7),(163,7),(164,7),(165,7),(166,7),(167,7),(168,7),(169,7),(170,7),(171,7),(172,7),(173,7),(174,7),(175,7),(176,7),(177,7),(178,7),(179,7),(180,7),(181,7),(182,7),(183,7),(184,7),(185,7),(186,7),(187,7),(188,7),(189,7),(190,7),(191,7),(192,7),(193,7),(194,7),(195,7),(196,7),(197,7),(198,7),(199,7),(200,7),(201,7),(202,7),(203,7),(204,7),(205,7),(206,7),(207,7),(208,7),(209,7),(210,7),(211,7),(212,7),(213,7),(214,7),(215,7),(216,7),(217,7),(218,7),(219,7),(220,7),(221,7),(222,7),(223,7),(224,7),(225,7),(226,7),(227,7),(228,7),(229,7),(230,7),(231,7),(232,7),(233,7),(234,7),(235,7),(236,7),(237,7),(238,7),(239,7),(240,7),(241,7),(242,7),(243,7),(244,7),(1,8),(2,8),(3,8),(4,8),(5,8),(6,8),(7,8),(8,8),(9,8),(10,8),(11,8),(12,8),(13,8),(14,8),(15,8),(16,8),(17,8),(18,8),(19,8),(20,8),(21,8),(22,8),(23,8),(24,8),(25,8),(26,8),(27,8),(28,8),(29,8),(30,8),(31,8),(32,8),(33,8),(34,8),(35,8),(36,8),(37,8),(38,8),(39,8),(40,8),(41,8),(42,8),(43,8),(44,8),(45,8),(46,8),(47,8),(48,8),(49,8),(50,8),(51,8),(52,8),(53,8),(54,8),(55,8),(56,8),(57,8),(58,8),(59,8),(60,8),(61,8),(62,8),(63,8),(64,8),(65,8),(66,8),(67,8),(68,8),(69,8),(70,8),(71,8),(72,8),(73,8),(74,8),(75,8),(76,8),(77,8),(78,8),(79,8),(80,8),(81,8),(82,8),(83,8),(84,8),(85,8),(86,8),(87,8),(88,8),(89,8),(90,8),(91,8),(92,8),(93,8),(94,8),(95,8),(96,8),(97,8),(98,8),(99,8),(100,8),(101,8),(102,8),(103,8),(104,8),(105,8),(106,8),(107,8),(108,8),(109,8),(110,8),(111,8),(112,8),(113,8),(114,8),(115,8),(116,8),(117,8),(118,8),(119,8),(120,8),(121,8),(122,8),(123,8),(124,8),(125,8),(126,8),(127,8),(128,8),(129,8),(130,8),(131,8),(132,8),(133,8),(134,8),(135,8),(136,8),(137,8),(138,8),(139,8),(140,8),(141,8),(142,8),(143,8),(144,8),(145,8),(146,8),(147,8),(148,8),(149,8),(150,8),(151,8),(152,8),(153,8),(154,8),(155,8),(156,8),(157,8),(158,8),(159,8),(160,8),(161,8),(162,8),(163,8),(164,8),(165,8),(166,8),(167,8),(168,8),(169,8),(170,8),(171,8),(172,8),(173,8),(174,8),(175,8),(176,8),(177,8),(178,8),(179,8),(180,8),(181,8),(182,8),(183,8),(184,8),(185,8),(186,8),(187,8),(188,8),(189,8),(190,8),(191,8),(192,8),(193,8),(194,8),(195,8),(196,8),(197,8),(198,8),(199,8),(200,8),(201,8),(202,8),(203,8),(204,8),(205,8),(206,8),(207,8),(208,8),(209,8),(210,8),(211,8),(212,8),(213,8),(214,8),(215,8),(216,8),(217,8),(218,8),(219,8),(220,8),(221,8),(222,8),(223,8),(224,8),(225,8),(226,8),(227,8),(228,8),(229,8),(230,8),(231,8),(232,8),(233,8),(234,8),(235,8),(236,8),(237,8),(238,8),(239,8),(240,8),(241,8),(242,8),(243,8),(244,8),(1,9),(2,9),(3,9),(4,9),(5,9),(6,9),(7,9),(8,9),(9,9),(10,9),(11,9),(12,9),(13,9),(14,9),(15,9),(16,9),(17,9),(18,9),(19,9),(20,9),(21,9),(22,9),(23,9),(24,9),(25,9),(26,9),(27,9),(28,9),(29,9),(30,9),(31,9),(32,9),(33,9),(34,9),(35,9),(36,9),(37,9),(38,9),(39,9),(40,9),(41,9),(42,9),(43,9),(44,9),(45,9),(46,9),(47,9),(48,9),(49,9),(50,9),(51,9),(52,9),(53,9),(54,9),(55,9),(56,9),(57,9),(58,9),(59,9),(60,9),(61,9),(62,9),(63,9),(64,9),(65,9),(66,9),(67,9),(68,9),(69,9),(70,9),(71,9),(72,9),(73,9),(74,9),(75,9),(76,9),(77,9),(78,9),(79,9),(80,9),(81,9),(82,9),(83,9),(84,9),(85,9),(86,9),(87,9),(88,9),(89,9),(90,9),(91,9),(92,9),(93,9),(94,9),(95,9),(96,9),(97,9),(98,9),(99,9),(100,9),(101,9),(102,9),(103,9),(104,9),(105,9),(106,9),(107,9),(108,9),(109,9),(110,9),(111,9),(112,9),(113,9),(114,9),(115,9),(116,9),(117,9),(118,9),(119,9),(120,9),(121,9),(122,9),(123,9),(124,9),(125,9),(126,9),(127,9),(128,9),(129,9),(130,9),(131,9),(132,9),(133,9),(134,9),(135,9),(136,9),(137,9),(138,9),(139,9),(140,9),(141,9),(142,9),(143,9),(144,9),(145,9),(146,9),(147,9),(148,9),(149,9),(150,9),(151,9),(152,9),(153,9),(154,9),(155,9),(156,9),(157,9),(158,9),(159,9),(160,9),(161,9),(162,9),(163,9),(164,9),(165,9),(166,9),(167,9),(168,9),(169,9),(170,9),(171,9),(172,9),(173,9),(174,9),(175,9),(176,9),(177,9),(178,9),(179,9),(180,9),(181,9),(182,9),(183,9),(184,9),(185,9),(186,9),(187,9),(188,9),(189,9),(190,9),(191,9),(192,9),(193,9),(194,9),(195,9),(196,9),(197,9),(198,9),(199,9),(200,9),(201,9),(202,9),(203,9),(204,9),(205,9),(206,9),(207,9),(208,9),(209,9),(210,9),(211,9),(212,9),(213,9),(214,9),(215,9),(216,9),(217,9),(218,9),(219,9),(220,9),(221,9),(222,9),(223,9),(224,9),(225,9),(226,9),(227,9),(228,9),(229,9),(230,9),(231,9),(232,9),(233,9),(234,9),(235,9),(236,9),(237,9),(238,9),(239,9),(240,9),(241,9),(242,9),(243,9),(244,9),(1,10),(2,10),(3,10),(4,10),(5,10),(6,10),(7,10),(8,10),(9,10),(10,10),(11,10),(12,10),(13,10),(14,10),(15,10),(16,10),(17,10),(18,10),(19,10),(20,10),(21,10),(22,10),(23,10),(24,10),(25,10),(26,10),(27,10),(28,10),(29,10),(30,10),(31,10),(32,10),(33,10),(34,10),(35,10),(36,10),(37,10),(38,10),(39,10),(40,10),(41,10),(42,10),(43,10),(44,10),(45,10),(46,10),(47,10),(48,10),(49,10),(50,10),(51,10),(52,10),(53,10),(54,10),(55,10),(56,10),(57,10),(58,10),(59,10),(60,10),(61,10),(62,10),(63,10),(64,10),(65,10),(66,10),(67,10),(68,10),(69,10),(70,10),(71,10),(72,10),(73,10),(74,10),(75,10),(76,10),(77,10),(78,10),(79,10),(80,10),(81,10),(82,10),(83,10),(84,10),(85,10),(86,10),(87,10),(88,10),(89,10),(90,10),(91,10),(92,10),(93,10),(94,10),(95,10),(96,10),(97,10),(98,10),(99,10),(100,10),(101,10),(102,10),(103,10),(104,10),(105,10),(106,10),(107,10),(108,10),(109,10),(110,10),(111,10),(112,10),(113,10),(114,10),(115,10),(116,10),(117,10),(118,10),(119,10),(120,10),(121,10),(122,10),(123,10),(124,10),(125,10),(126,10),(127,10),(128,10),(129,10),(130,10),(131,10),(132,10),(133,10),(134,10),(135,10),(136,10),(137,10),(138,10),(139,10),(140,10),(141,10),(142,10),(143,10),(144,10),(145,10),(146,10),(147,10),(148,10),(149,10),(150,10),(151,10),(152,10),(153,10),(154,10),(155,10),(156,10),(157,10),(158,10),(159,10),(160,10),(161,10),(162,10),(163,10),(164,10),(165,10),(166,10),(167,10),(168,10),(169,10),(170,10),(171,10),(172,10),(173,10),(174,10),(175,10),(176,10),(177,10),(178,10),(179,10),(180,10),(181,10),(182,10),(183,10),(184,10),(185,10),(186,10),(187,10),(188,10),(189,10),(190,10),(191,10),(192,10),(193,10),(194,10),(195,10),(196,10),(197,10),(198,10),(199,10),(200,10),(201,10),(202,10),(203,10),(204,10),(205,10),(206,10),(207,10),(208,10),(209,10),(210,10),(211,10),(212,10),(213,10),(214,10),(215,10),(216,10),(217,10),(218,10),(219,10),(220,10),(221,10),(222,10),(223,10),(224,10),(225,10),(226,10),(227,10),(228,10),(229,10),(230,10),(231,10),(232,10),(233,10),(234,10),(235,10),(236,10),(237,10),(238,10),(239,10),(240,10),(241,10),(242,10),(243,10),(244,10),(1,11),(2,11),(3,11),(4,11),(5,11),(6,11),(7,11),(8,11),(9,11),(10,11),(11,11),(12,11),(13,11),(14,11),(15,11),(16,11),(17,11),(18,11),(19,11),(20,11),(21,11),(22,11),(23,11),(24,11),(25,11),(26,11),(27,11),(28,11),(29,11),(30,11),(31,11),(32,11),(33,11),(34,11),(35,11),(36,11),(37,11),(38,11),(39,11),(40,11),(41,11),(42,11),(43,11),(44,11),(45,11),(46,11),(47,11),(48,11),(49,11),(50,11),(51,11),(52,11),(53,11),(54,11),(55,11),(56,11),(57,11),(58,11),(59,11),(60,11),(61,11),(62,11),(63,11),(64,11),(65,11),(66,11),(67,11),(68,11),(69,11),(70,11),(71,11),(72,11),(73,11),(74,11),(75,11),(76,11),(77,11),(78,11),(79,11),(80,11),(81,11),(82,11),(83,11),(84,11),(85,11),(86,11),(87,11),(88,11),(89,11),(90,11),(91,11),(92,11),(93,11),(94,11),(95,11),(96,11),(97,11),(98,11),(99,11),(100,11),(101,11),(102,11),(103,11),(104,11),(105,11),(106,11),(107,11),(108,11),(109,11),(110,11),(111,11),(112,11),(113,11),(114,11),(115,11),(116,11),(117,11),(118,11),(119,11),(120,11),(121,11),(122,11),(123,11),(124,11),(125,11),(126,11),(127,11),(128,11),(129,11),(130,11),(131,11),(132,11),(133,11),(134,11),(135,11),(136,11),(137,11),(138,11),(139,11),(140,11),(141,11),(142,11),(143,11),(144,11),(145,11),(146,11),(147,11),(148,11),(149,11),(150,11),(151,11),(152,11),(153,11),(154,11),(155,11),(156,11),(157,11),(158,11),(159,11),(160,11),(161,11),(162,11),(163,11),(164,11),(165,11),(166,11),(167,11),(168,11),(169,11),(170,11),(171,11),(172,11),(173,11),(174,11),(175,11),(176,11),(177,11),(178,11),(179,11),(180,11),(181,11),(182,11),(183,11),(184,11),(185,11),(186,11),(187,11),(188,11),(189,11),(190,11),(191,11),(192,11),(193,11),(194,11),(195,11),(196,11),(197,11),(198,11),(199,11),(200,11),(201,11),(202,11),(203,11),(204,11),(205,11),(206,11),(207,11),(208,11),(209,11),(210,11),(211,11),(212,11),(213,11),(214,11),(215,11),(216,11),(217,11),(218,11),(219,11),(220,11),(221,11),(222,11),(223,11),(224,11),(225,11),(226,11),(227,11),(228,11),(229,11),(230,11),(231,11),(232,11),(233,11),(234,11),(235,11),(236,11),(237,11),(238,11),(239,11),(240,11),(241,11),(242,11),(243,11),(244,11),(1,12),(2,12),(3,12),(4,12),(5,12),(6,12),(7,12),(8,12),(9,12),(10,12),(11,12),(12,12),(13,12),(14,12),(15,12),(16,12),(17,12),(18,12),(19,12),(20,12),(21,12),(22,12),(23,12),(24,12),(25,12),(26,12),(27,12),(28,12),(29,12),(30,12),(31,12),(32,12),(33,12),(34,12),(35,12),(36,12),(37,12),(38,12),(39,12),(40,12),(41,12),(42,12),(43,12),(44,12),(45,12),(46,12),(47,12),(48,12),(49,12),(50,12),(51,12),(52,12),(53,12),(54,12),(55,12),(56,12),(57,12),(58,12),(59,12),(60,12),(61,12),(62,12),(63,12),(64,12),(65,12),(66,12),(67,12),(68,12),(69,12),(70,12),(71,12),(72,12),(73,12),(74,12),(75,12),(76,12),(77,12),(78,12),(79,12),(80,12),(81,12),(82,12),(83,12),(84,12),(85,12),(86,12),(87,12),(88,12),(89,12),(90,12),(91,12),(92,12),(93,12),(94,12),(95,12),(96,12),(97,12),(98,12),(99,12),(100,12),(101,12),(102,12),(103,12),(104,12),(105,12),(106,12),(107,12),(108,12),(109,12),(110,12),(111,12),(112,12),(113,12),(114,12),(115,12),(116,12),(117,12),(118,12),(119,12),(120,12),(121,12),(122,12),(123,12),(124,12),(125,12),(126,12),(127,12),(128,12),(129,12),(130,12),(131,12),(132,12),(133,12),(134,12),(135,12),(136,12),(137,12),(138,12),(139,12),(140,12),(141,12),(142,12),(143,12),(144,12),(145,12),(146,12),(147,12),(148,12),(149,12),(150,12),(151,12),(152,12),(153,12),(154,12),(155,12),(156,12),(157,12),(158,12),(159,12),(160,12),(161,12),(162,12),(163,12),(164,12),(165,12),(166,12),(167,12),(168,12),(169,12),(170,12),(171,12),(172,12),(173,12),(174,12),(175,12),(176,12),(177,12),(178,12),(179,12),(180,12),(181,12),(182,12),(183,12),(184,12),(185,12),(186,12),(187,12),(188,12),(189,12),(190,12),(191,12),(192,12),(193,12),(194,12),(195,12),(196,12),(197,12),(198,12),(199,12),(200,12),(201,12),(202,12),(203,12),(204,12),(205,12),(206,12),(207,12),(208,12),(209,12),(210,12),(211,12),(212,12),(213,12),(214,12),(215,12),(216,12),(217,12),(218,12),(219,12),(220,12),(221,12),(222,12),(223,12),(224,12),(225,12),(226,12),(227,12),(228,12),(229,12),(230,12),(231,12),(232,12),(233,12),(234,12),(235,12),(236,12),(237,12),(238,12),(239,12),(240,12),(241,12),(242,12),(243,12),(244,12),(1,13),(2,13),(3,13),(4,13),(5,13),(6,13),(7,13),(8,13),(9,13),(10,13),(11,13),(12,13),(13,13),(14,13),(15,13),(16,13),(17,13),(18,13),(19,13),(20,13),(21,13),(22,13),(23,13),(24,13),(25,13),(26,13),(27,13),(28,13),(29,13),(30,13),(31,13),(32,13),(33,13),(34,13),(35,13),(36,13),(37,13),(38,13),(39,13),(40,13),(41,13),(42,13),(43,13),(44,13),(45,13),(46,13),(47,13),(48,13),(49,13),(50,13),(51,13),(52,13),(53,13),(54,13),(55,13),(56,13),(57,13),(58,13),(59,13),(60,13),(61,13),(62,13),(63,13),(64,13),(65,13),(66,13),(67,13),(68,13),(69,13),(70,13),(71,13),(72,13),(73,13),(74,13),(75,13),(76,13),(77,13),(78,13),(79,13),(80,13),(81,13),(82,13),(83,13),(84,13),(85,13),(86,13),(87,13),(88,13),(89,13),(90,13),(91,13),(92,13),(93,13),(94,13),(95,13),(96,13),(97,13),(98,13),(99,13),(100,13),(101,13),(102,13),(103,13),(104,13),(105,13),(106,13),(107,13),(108,13),(109,13),(110,13),(111,13),(112,13),(113,13),(114,13),(115,13),(116,13),(117,13),(118,13),(119,13),(120,13),(121,13),(122,13),(123,13),(124,13),(125,13),(126,13),(127,13),(128,13),(129,13),(130,13),(131,13),(132,13),(133,13),(134,13),(135,13),(136,13),(137,13),(138,13),(139,13),(140,13),(141,13),(142,13),(143,13),(144,13),(145,13),(146,13),(147,13),(148,13),(149,13),(150,13),(151,13),(152,13),(153,13),(154,13),(155,13),(156,13),(157,13),(158,13),(159,13),(160,13),(161,13),(162,13),(163,13),(164,13),(165,13),(166,13),(167,13),(168,13),(169,13),(170,13),(171,13),(172,13),(173,13),(174,13),(175,13),(176,13),(177,13),(178,13),(179,13),(180,13),(181,13),(182,13),(183,13),(184,13),(185,13),(186,13),(187,13),(188,13),(189,13),(190,13),(191,13),(192,13),(193,13),(194,13),(195,13),(196,13),(197,13),(198,13),(199,13),(200,13),(201,13),(202,13),(203,13),(204,13),(205,13),(206,13),(207,13),(208,13),(209,13),(210,13),(211,13),(212,13),(213,13),(214,13),(215,13),(216,13),(217,13),(218,13),(219,13),(220,13),(221,13),(222,13),(223,13),(224,13),(225,13),(226,13),(227,13),(228,13),(229,13),(230,13),(231,13),(232,13),(233,13),(234,13),(235,13),(236,13),(237,13),(238,13),(239,13),(240,13),(241,13),(242,13),(243,13),(244,13);

--
-- Table structure for table `ps_cronjobs`
--

CREATE TABLE `ps_cronjobs` (
  `id_cronjob` int(10) NOT NULL AUTO_INCREMENT,
  `id_module` int(10) DEFAULT NULL,
  `description` text,
  `task` text,
  `hour` int(11) DEFAULT '-1',
  `day` int(11) DEFAULT '-1',
  `month` int(11) DEFAULT '-1',
  `day_of_week` int(11) DEFAULT '-1',
  `updated_at` datetime DEFAULT NULL,
  `one_shot` tinyint(1) NOT NULL DEFAULT '0',
  `active` tinyint(1) DEFAULT '0',
  `id_shop` int(11) DEFAULT '0',
  `id_shop_group` int(11) DEFAULT '0',
  PRIMARY KEY (`id_cronjob`),
  KEY `id_module` (`id_module`)
) ENGINE=InnoDB DEFAULT CHARSET=utf8;

--
-- Dumping data for table `ps_cronjobs`
--


--
-- Table structure for table `ps_currency`
--

CREATE TABLE `ps_currency` (
  `id_currency` int(10) unsigned NOT NULL AUTO_INCREMENT,
  `name` varchar(64) NOT NULL,
  `iso_code` varchar(3) NOT NULL DEFAULT '0',
  `conversion_rate` decimal(13,6) NOT NULL,
  `deleted` tinyint(1) unsigned NOT NULL DEFAULT '0',
  `active` tinyint(1) unsigned NOT NULL DEFAULT '1',
  PRIMARY KEY (`id_currency`)
) ENGINE=InnoDB AUTO_INCREMENT=3 DEFAULT CHARSET=utf8;

--
-- Dumping data for table `ps_currency`
--

INSERT INTO `ps_currency` VALUES (1,'Swiss Franc','CHF',1.000000,0,1),(2,'Euro','EUR',1.000000,0,1);

--
-- Table structure for table `ps_currency_shop`
--

CREATE TABLE `ps_currency_shop` (
  `id_currency` int(11) unsigned NOT NULL,
  `id_shop` int(11) unsigned NOT NULL,
  `conversion_rate` decimal(13,6) NOT NULL,
  PRIMARY KEY (`id_currency`,`id_shop`),
  KEY `id_shop` (`id_shop`)
) ENGINE=InnoDB DEFAULT CHARSET=utf8;

--
-- Dumping data for table `ps_currency_shop`
--

INSERT INTO `ps_currency_shop` VALUES (1,1,1.000000),(1,3,1.000000),(1,4,1.000000),(1,5,1.000000),(1,6,1.000000),(1,7,1.000000),(2,8,0.000000),(2,9,0.000000),(2,10,0.000000),(2,11,0.000000),(2,12,0.000000),(2,13,0.000000);

--
-- Table structure for table `ps_customer_group`
--

CREATE TABLE `ps_customer_group` (
  `id_customer` int(10) unsigned NOT NULL,
  `id_group` int(10) unsigned NOT NULL,
  PRIMARY KEY (`id_customer`,`id_group`),
  KEY `customer_login` (`id_group`),
  KEY `id_customer` (`id_customer`)
) ENGINE=InnoDB DEFAULT CHARSET=utf8;

--
-- Dumping data for table `ps_customer_group`
--

INSERT INTO `ps_customer_group` VALUES (1,3),(2,3),(3,3),(4,3),(5,3),(6,3);

--
-- Table structure for table `ps_customer_message`
--

CREATE TABLE `ps_customer_message` (
  `id_customer_message` int(10) unsigned NOT NULL AUTO_INCREMENT,
  `id_customer_thread` int(11) DEFAULT NULL,
  `id_employee` int(10) unsigned DEFAULT NULL,
  `message` mediumtext NOT NULL,
  `file_name` varchar(18) DEFAULT NULL,
  `ip_address` varchar(16) DEFAULT NULL,
  `user_agent` varchar(128) DEFAULT NULL,
  `date_add` datetime NOT NULL,
  `date_upd` datetime NOT NULL,
  `private` tinyint(4) NOT NULL DEFAULT '0',
  `read` tinyint(1) NOT NULL DEFAULT '0',
  PRIMARY KEY (`id_customer_message`),
  KEY `id_customer_thread` (`id_customer_thread`),
  KEY `id_employee` (`id_employee`)
) ENGINE=InnoDB DEFAULT CHARSET=utf8;

--
-- Dumping data for table `ps_customer_message`
--


--
-- Table structure for table `ps_customer_message_sync_imap`
--

CREATE TABLE `ps_customer_message_sync_imap` (
  `md5_header` varbinary(32) NOT NULL,
  KEY `md5_header_index` (`md5_header`(4))
) ENGINE=InnoDB DEFAULT CHARSET=utf8;

--
-- Dumping data for table `ps_customer_message_sync_imap`
--


--
-- Table structure for table `ps_customer_thread`
--

CREATE TABLE `ps_customer_thread` (
  `id_customer_thread` int(11) unsigned NOT NULL AUTO_INCREMENT,
  `id_shop` int(11) unsigned NOT NULL DEFAULT '1',
  `id_lang` int(10) unsigned NOT NULL,
  `id_contact` int(10) unsigned NOT NULL,
  `id_customer` int(10) unsigned DEFAULT NULL,
  `id_order` int(10) unsigned DEFAULT NULL,
  `id_product` int(10) unsigned DEFAULT NULL,
  `status` enum('open','closed','pending1','pending2') NOT NULL DEFAULT 'open',
  `email` varchar(128) NOT NULL,
  `token` varchar(12) DEFAULT NULL,
  `date_add` datetime NOT NULL,
  `date_upd` datetime NOT NULL,
  PRIMARY KEY (`id_customer_thread`),
  KEY `id_shop` (`id_shop`),
  KEY `id_lang` (`id_lang`),
  KEY `id_contact` (`id_contact`),
  KEY `id_customer` (`id_customer`),
  KEY `id_order` (`id_order`),
  KEY `id_product` (`id_product`)
) ENGINE=InnoDB DEFAULT CHARSET=utf8;

--
-- Dumping data for table `ps_customer_thread`
--


--
-- Table structure for table `ps_customization`
--

CREATE TABLE `ps_customization` (
  `id_customization` int(10) unsigned NOT NULL AUTO_INCREMENT,
  `id_product_attribute` int(10) unsigned NOT NULL DEFAULT '0',
  `id_address_delivery` int(10) unsigned NOT NULL DEFAULT '0',
  `id_cart` int(10) unsigned NOT NULL,
  `id_product` int(10) NOT NULL,
  `quantity` int(10) NOT NULL,
  `quantity_refunded` int(11) NOT NULL DEFAULT '0',
  `quantity_returned` int(11) NOT NULL DEFAULT '0',
  `in_cart` tinyint(1) unsigned NOT NULL DEFAULT '0',
  PRIMARY KEY (`id_customization`,`id_cart`,`id_product`,`id_address_delivery`),
  KEY `id_product_attribute` (`id_product_attribute`),
  KEY `id_cart_product` (`id_cart`,`id_product`,`id_product_attribute`)
) ENGINE=InnoDB AUTO_INCREMENT=8 DEFAULT CHARSET=utf8;

--
-- Dumping data for table `ps_customization`
--

INSERT INTO `ps_customization` VALUES (1,0,0,10,131,0,0,0,0),(2,4,0,10,131,1,0,0,1),(3,4,0,17,131,0,0,0,0),(4,4,0,17,131,0,0,0,0),(5,4,0,17,131,0,0,0,0),(6,4,0,17,131,0,0,0,0),(7,4,0,17,131,0,0,0,0);

--
-- Table structure for table `ps_customization_field`
--

CREATE TABLE `ps_customization_field` (
  `id_customization_field` int(10) unsigned NOT NULL AUTO_INCREMENT,
  `id_product` int(10) unsigned NOT NULL,
  `type` tinyint(1) NOT NULL,
  `required` tinyint(1) NOT NULL,
  `is_module` tinyint(1) NOT NULL DEFAULT '0',
  `is_deleted` tinyint(1) NOT NULL DEFAULT '0',
  PRIMARY KEY (`id_customization_field`),
  KEY `id_product` (`id_product`)
) ENGINE=InnoDB AUTO_INCREMENT=7 DEFAULT CHARSET=utf8;

--
-- Dumping data for table `ps_customization_field`
--

INSERT INTO `ps_customization_field` VALUES (6,131,1,1,1,0);

--
-- Table structure for table `ps_customization_field_lang`
--

CREATE TABLE `ps_customization_field_lang` (
  `id_customization_field` int(10) unsigned NOT NULL,
  `id_lang` int(10) unsigned NOT NULL,
  `id_shop` int(10) unsigned NOT NULL DEFAULT '1',
  `name` varchar(255) NOT NULL,
  PRIMARY KEY (`id_customization_field`,`id_lang`,`id_shop`)
) ENGINE=InnoDB DEFAULT CHARSET=utf8;

--
-- Dumping data for table `ps_customization_field_lang`
--

INSERT INTO `ps_customization_field_lang` VALUES (6,1,7,'Design'),(6,2,7,'Design'),(6,3,7,'Conception'),(6,4,7,'Design');

--
-- Table structure for table `ps_customized_data`
--

CREATE TABLE `ps_customized_data` (
  `id_customization` int(10) unsigned NOT NULL,
  `type` tinyint(1) NOT NULL,
  `index` int(3) NOT NULL,
  `value` varchar(255) NOT NULL,
  `id_module` int(10) NOT NULL DEFAULT '0',
  `price` decimal(20,6) NOT NULL DEFAULT '0.000000',
  `weight` decimal(20,6) NOT NULL DEFAULT '0.000000',
  PRIMARY KEY (`id_customization`,`type`,`index`)
) ENGINE=InnoDB DEFAULT CHARSET=utf8;

--
-- Dumping data for table `ps_customized_data`
--

INSERT INTO `ps_customized_data` VALUES (1,1,6,'Ciao',0,0.000000,0.000000),(2,1,6,'[4]',70,0.000000,0.000000),(3,1,6,'[5]',70,0.027085,0.000000),(4,1,6,'[6]',70,0.027085,0.000000),(5,1,6,'[7]',70,0.027085,0.000000),(6,1,6,'[8]',70,0.036259,0.000000),(7,1,6,'[9]',70,0.036259,0.000000);

--
-- Table structure for table `ps_customtextdesign_color`
--

CREATE TABLE `ps_customtextdesign_color` (
  `id_color` int(11) NOT NULL AUTO_INCREMENT,
  `name` varchar(50) NOT NULL DEFAULT '',
  `is_color` tinyint(4) NOT NULL DEFAULT '1',
  `color` varchar(20) NOT NULL DEFAULT '',
  `alpha` int(11) NOT NULL DEFAULT '0',
  `file` varchar(100) NOT NULL DEFAULT '',
  `position` int(11) NOT NULL DEFAULT '0',
  `displayed` tinyint(4) NOT NULL DEFAULT '1',
  PRIMARY KEY (`id_color`)
) ENGINE=InnoDB AUTO_INCREMENT=7 DEFAULT CHARSET=utf8;

--
-- Dumping data for table `ps_customtextdesign_color`
--

INSERT INTO `ps_customtextdesign_color` VALUES (1,'Red',1,'#FF0000',0,'',1,1),(2,'Wood',0,'',0,'wood.jpg',2,1),(3,'Green',1,'#00FF00',32,'',3,1),(4,'Cosmos',0,'',0,'cosmos.jpg',4,1),(5,'Semi-Transparent',1,'#FF5459',64,'',5,1),(6,'Vivid',1,'#24E4FF',0,'',6,1);

--
-- Table structure for table `ps_customtextdesign_custom_field`
--

CREATE TABLE `ps_customtextdesign_custom_field` (
  `id_custom_field` int(11) NOT NULL AUTO_INCREMENT,
  `id_product` int(11) NOT NULL DEFAULT '0',
  `id_image` int(11) NOT NULL DEFAULT '0',
  `side` tinyint(1) NOT NULL DEFAULT '1',
  `x` int(11) NOT NULL DEFAULT '0',
  `y` int(11) NOT NULL DEFAULT '0',
  `w` int(11) NOT NULL DEFAULT '0',
  `h` int(11) NOT NULL DEFAULT '0',
  `type` int(11) NOT NULL DEFAULT '0',
  `single_item` tinyint(1) NOT NULL DEFAULT '0',
  `price` decimal(20,6) NOT NULL DEFAULT '0.000000',
  `angle` decimal(20,6) NOT NULL DEFAULT '0.000000',
  `uniqid` varchar(50) NOT NULL DEFAULT '',
  PRIMARY KEY (`id_custom_field`)
) ENGINE=InnoDB AUTO_INCREMENT=6 DEFAULT CHARSET=utf8;

--
-- Dumping data for table `ps_customtextdesign_custom_field`
--

INSERT INTO `ps_customtextdesign_custom_field` VALUES (1,0,0,0,0,0,0,0,0,0,0.000000,0.000000,''),(3,130,580,1,332,410,134,176,0,0,0.000000,0.000000,'1528823282477'),(4,0,0,0,0,0,0,0,0,0,0.000000,0.000000,''),(5,131,581,1,333,415,124,181,0,0,0.000000,0.000000,'1530774357549');

--
-- Table structure for table `ps_customtextdesign_custom_field_lang`
--

CREATE TABLE `ps_customtextdesign_custom_field_lang` (
  `id_custom_field` int(11) unsigned NOT NULL DEFAULT '0',
  `id_lang` int(10) unsigned NOT NULL DEFAULT '0',
  `label` varchar(100) NOT NULL DEFAULT ''
) ENGINE=InnoDB DEFAULT CHARSET=utf8;

--
-- Dumping data for table `ps_customtextdesign_custom_field_lang`
--

INSERT INTO `ps_customtextdesign_custom_field_lang` VALUES (1,1,''),(1,2,''),(1,3,''),(1,4,''),(3,1,''),(3,2,''),(3,3,''),(3,4,''),(4,1,''),(4,2,''),(4,3,''),(4,4,''),(5,1,''),(5,2,''),(5,3,''),(5,4,'');

--
-- Table structure for table `ps_customtextdesign_custom_item`
--

CREATE TABLE `ps_customtextdesign_custom_item` (
  `id_custom_item` int(11) NOT NULL AUTO_INCREMENT,
  `id_custom_product` int(11) NOT NULL DEFAULT '0',
  `id_image` int(11) NOT NULL DEFAULT '0',
  `side` tinyint(1) NOT NULL DEFAULT '1',
  `text` text NOT NULL,
  `color` int(11) NOT NULL DEFAULT '0',
  `clr` varchar(10) NOT NULL DEFAULT '',
  `font` int(11) NOT NULL DEFAULT '0',
  `material` int(11) NOT NULL DEFAULT '0',
  `mirror` tinyint(1) NOT NULL DEFAULT '0',
  `vertical` tinyint(1) NOT NULL DEFAULT '0',
  `center` tinyint(1) NOT NULL DEFAULT '0',
  `type` varchar(10) NOT NULL DEFAULT '',
  `uniqid` varchar(50) NOT NULL DEFAULT '',
  `x` int(11) NOT NULL DEFAULT '0',
  `y` int(11) NOT NULL DEFAULT '0',
  `x_orig` decimal(20,6) NOT NULL DEFAULT '0.000000',
  `y_orig` decimal(20,6) NOT NULL DEFAULT '0.000000',
  `fixed_width` decimal(20,2) NOT NULL DEFAULT '0.00',
  `fixed_height` decimal(20,2) NOT NULL DEFAULT '0.00',
  `angle` decimal(20,6) NOT NULL DEFAULT '0.000000',
  `width` int(11) NOT NULL DEFAULT '0',
  `height` int(11) NOT NULL DEFAULT '0',
  `alpha` int(11) NOT NULL DEFAULT '0',
  `curve` int(11) NOT NULL DEFAULT '0',
  `price` decimal(20,6) NOT NULL DEFAULT '0.000000',
  `cf` varchar(50) NOT NULL DEFAULT '',
  `path` text NOT NULL,
  `svg_x` decimal(20,6) NOT NULL DEFAULT '0.000000',
  `svg_y` decimal(20,6) NOT NULL DEFAULT '0.000000',
  `svg_width` decimal(20,6) NOT NULL DEFAULT '0.000000',
  `svg_height` decimal(20,6) NOT NULL DEFAULT '0.000000',
  PRIMARY KEY (`id_custom_item`)
) ENGINE=InnoDB AUTO_INCREMENT=14 DEFAULT CHARSET=utf8;

--
-- Dumping data for table `ps_customtextdesign_custom_item`
--

INSERT INTO `ps_customtextdesign_custom_item` VALUES (2,2,1,1,'/tshirts/modules/customtextdesign/data/image/fire.png',0,'',0,0,0,0,0,'image','1528823308597',291,444,291.614610,444.965309,0.00,0.00,0.000000,157,157,0,0,0.000000,'','',0.000000,0.000000,0.000000,0.000000),(3,3,1,1,'/tshirts/modules/customtextdesign/data/image/fire.png',0,'',0,0,0,0,0,'image','1528823561571',315,430,315.989610,430.989601,0.00,0.00,0.000000,122,124,0,0,0.000000,'1528823282477','',0.000000,0.000000,0.000000,0.000000),(4,3,5,1,'/tshirts/modules/customtextdesign/data/image/superman.png',0,'',0,0,0,0,0,'image','1528823599154',316,390,316.996538,390.989601,0.00,0.00,0.000000,124,94,0,0,0.000000,'1528823282477','',0.000000,0.000000,0.000000,0.000000),(5,4,0,1,'Ciaone',3,'11daf5',1,0,0,0,0,'text','1531466120573',223,324,223.000000,324.000000,0.00,0.00,0.000000,79,25,0,0,0.000000,'1530774357549','',93.100000,304.300000,1206.100000,369.600000),(6,5,0,1,'Maurizio',1,'11daf5',1,0,0,0,0,'text','1536227442485',230,331,230.000000,331.000000,0.00,0.00,0.000000,81,19,0,0,0.000000,'1530774357549','',25.300000,283.600000,1474.000000,299.100000),(7,5,5,1,'/tshirts/modules/customtextdesign/data/image/superman.png',0,'',0,0,0,0,0,'image','1536227482264',230,344,230.000000,344.000000,0.00,0.00,0.000000,81,62,0,0,0.027085,'1530774357549','',0.000000,0.000000,0.000000,0.000000),(8,6,0,1,'Maurizio',1,'11daf5',1,0,0,0,0,'text','1536227442485',230,331,230.000000,331.000000,0.00,0.00,0.000000,81,19,0,0,0.000000,'1530774357549','',25.300000,283.600000,1474.000000,299.100000),(9,6,5,1,'/tshirts/modules/customtextdesign/data/image/superman.png',0,'',0,0,0,0,0,'image','1536227482264',230,344,230.000000,344.000000,0.00,0.00,0.000000,81,62,0,0,0.027085,'1530774357549','',0.000000,0.000000,0.000000,0.000000),(10,7,0,1,'Maurizio',1,'11daf5',1,0,0,0,0,'text','1536227442485',230,331,230.000000,331.000000,0.00,0.00,0.000000,81,19,0,0,0.000000,'1530774357549','',25.300000,283.600000,1474.000000,299.100000),(11,7,5,1,'/tshirts/modules/customtextdesign/data/image/superman.png',0,'',0,0,0,0,0,'image','1536227482264',230,344,230.000000,344.000000,0.00,0.00,0.000000,81,62,0,0,0.027085,'1530774357549','',0.000000,0.000000,0.000000,0.000000),(12,8,1,1,'/tshirts/modules/customtextdesign/data/image/fire.png',0,'',0,0,0,0,0,'image','1536227581768',228,302,228.000000,302.500000,0.00,0.00,0.000000,81,83,0,0,0.036259,'1530774357549','',0.000000,0.000000,0.000000,0.000000),(13,9,1,1,'/tshirts/modules/customtextdesign/data/image/fire.png',0,'',0,0,0,0,0,'image','1536227581768',228,302,228.000000,302.500000,0.00,0.00,0.000000,81,83,0,0,0.036259,'1530774357549','',0.000000,0.000000,0.000000,0.000000);

--
-- Table structure for table `ps_customtextdesign_customization`
--

CREATE TABLE `ps_customtextdesign_customization` (
  `id_customization` int(11) NOT NULL DEFAULT '0'
) ENGINE=InnoDB DEFAULT CHARSET=utf8;

--
-- Dumping data for table `ps_customtextdesign_customization`
--

INSERT INTO `ps_customtextdesign_customization` VALUES (1),(2),(3),(2),(3),(4),(5),(6),(7);

--
-- Table structure for table `ps_customtextdesign_design_interval`
--

CREATE TABLE `ps_customtextdesign_design_interval` (
  `id_design_interval` int(11) NOT NULL AUTO_INCREMENT,
  `id_product` int(11) NOT NULL DEFAULT '0',
  `from` int(11) NOT NULL DEFAULT '0',
  `to` int(11) NOT NULL DEFAULT '0',
  `price` decimal(20,6) NOT NULL DEFAULT '0.000000',
  PRIMARY KEY (`id_design_interval`)
) ENGINE=InnoDB DEFAULT CHARSET=utf8;

--
-- Dumping data for table `ps_customtextdesign_design_interval`
--


--
-- Table structure for table `ps_customtextdesign_field`
--

CREATE TABLE `ps_customtextdesign_field` (
  `id_product` int(11) NOT NULL DEFAULT '0',
  `id_customization_field` int(11) NOT NULL DEFAULT '0'
) ENGINE=InnoDB DEFAULT CHARSET=utf8;

--
-- Dumping data for table `ps_customtextdesign_field`
--

INSERT INTO `ps_customtextdesign_field` VALUES (130,5),(131,6);

--
-- Table structure for table `ps_customtextdesign_font`
--

CREATE TABLE `ps_customtextdesign_font` (
  `id_font` int(11) NOT NULL AUTO_INCREMENT,
  `name` varchar(50) NOT NULL DEFAULT '',
  `file` varchar(100) NOT NULL DEFAULT '',
  `position` int(11) NOT NULL DEFAULT '0',
  `displayed` tinyint(4) NOT NULL DEFAULT '1',
  PRIMARY KEY (`id_font`)
) ENGINE=InnoDB AUTO_INCREMENT=4 DEFAULT CHARSET=utf8;

--
-- Dumping data for table `ps_customtextdesign_font`
--

INSERT INTO `ps_customtextdesign_font` VALUES (1,'Base','base.ttf',1,1),(2,'Graffiti','graffiti.ttf',2,1),(3,'Gub','gub.ttf',3,1);

--
-- Table structure for table `ps_customtextdesign_generate`
--

CREATE TABLE `ps_customtextdesign_generate` (
  `id_order` int(11) NOT NULL,
  `id_custom_product` int(11) NOT NULL,
  `id_product` int(11) NOT NULL DEFAULT '0'
) ENGINE=InnoDB DEFAULT CHARSET=utf8;

--
-- Dumping data for table `ps_customtextdesign_generate`
--


--
-- Table structure for table `ps_customtextdesign_group`
--

CREATE TABLE `ps_customtextdesign_group` (
  `id_group` int(11) NOT NULL AUTO_INCREMENT,
  `id_parent` int(11) NOT NULL DEFAULT '0',
  `name` varchar(50) NOT NULL DEFAULT '',
  `file` varchar(100) NOT NULL DEFAULT '',
  `position` int(11) NOT NULL DEFAULT '0',
  `displayed` tinyint(4) NOT NULL DEFAULT '1',
  `colorize` tinyint(1) NOT NULL DEFAULT '0',
  PRIMARY KEY (`id_group`)
) ENGINE=InnoDB AUTO_INCREMENT=3 DEFAULT CHARSET=utf8;

--
-- Dumping data for table `ps_customtextdesign_group`
--

INSERT INTO `ps_customtextdesign_group` VALUES (1,0,'Images','love.png',1,1,0),(2,0,'Icons','game.png',2,1,0);

--
-- Table structure for table `ps_customtextdesign_help`
--

CREATE TABLE `ps_customtextdesign_help` (
  `id_product` int(11) NOT NULL,
  `id_lang` int(10) unsigned NOT NULL,
  `content` text NOT NULL,
  PRIMARY KEY (`id_product`,`id_lang`)
) ENGINE=InnoDB DEFAULT CHARSET=utf8;

--
-- Dumping data for table `ps_customtextdesign_help`
--


--
-- Table structure for table `ps_customtextdesign_image`
--

CREATE TABLE `ps_customtextdesign_image` (
  `id_image` int(11) NOT NULL AUTO_INCREMENT,
  `id_group` int(11) NOT NULL DEFAULT '0',
  `name` varchar(50) NOT NULL DEFAULT '',
  `price` decimal(20,6) NOT NULL DEFAULT '0.000000',
  `file` varchar(100) NOT NULL DEFAULT '',
  `svg` varchar(100) NOT NULL DEFAULT '',
  `width` decimal(20,2) NOT NULL DEFAULT '0.00',
  `height` decimal(20,2) NOT NULL DEFAULT '0.00',
  `position` int(11) NOT NULL DEFAULT '0',
  `displayed` tinyint(4) NOT NULL DEFAULT '1',
  `quantity` int(11) NOT NULL DEFAULT '-1',
  PRIMARY KEY (`id_image`)
) ENGINE=InnoDB AUTO_INCREMENT=7 DEFAULT CHARSET=utf8;

--
-- Dumping data for table `ps_customtextdesign_image`
--

INSERT INTO `ps_customtextdesign_image` VALUES (1,1,'Fire',250.000000,'fire.png','',0.00,0.00,1,1,-1),(2,2,'Game',250.000000,'game.png','',0.00,0.00,2,1,-1),(3,2,'Laser',250.000000,'laser.png','',0.00,0.00,3,1,-1),(4,1,'Love',250.000000,'love.png','',0.00,0.00,4,1,-1),(5,1,'Superman',250.000000,'superman.png','',0.00,0.00,5,1,-1),(6,2,'Target',250.000000,'target.png','',0.00,0.00,6,1,-1);

--
-- Table structure for table `ps_customtextdesign_interval`
--

CREATE TABLE `ps_customtextdesign_interval` (
  `id_interval` int(11) NOT NULL AUTO_INCREMENT,
  `id_product` int(11) NOT NULL DEFAULT '0',
  `from` int(11) NOT NULL DEFAULT '0',
  `to` int(11) NOT NULL DEFAULT '0',
  `price` decimal(20,6) NOT NULL DEFAULT '0.000000',
  `ratio` tinyint(1) NOT NULL DEFAULT '0',
  PRIMARY KEY (`id_interval`)
) ENGINE=InnoDB DEFAULT CHARSET=utf8;

--
-- Dumping data for table `ps_customtextdesign_interval`
--


--
-- Table structure for table `ps_customtextdesign_mask`
--

CREATE TABLE `ps_customtextdesign_mask` (
  `id_mask` int(11) NOT NULL AUTO_INCREMENT,
  `id_product` int(11) NOT NULL DEFAULT '0',
  `id_image` int(11) NOT NULL DEFAULT '0',
  `image` varchar(100) NOT NULL DEFAULT '',
  `large` varchar(100) NOT NULL DEFAULT '',
  `side` tinyint(1) NOT NULL DEFAULT '1',
  PRIMARY KEY (`id_mask`)
) ENGINE=InnoDB DEFAULT CHARSET=utf8;

--
-- Dumping data for table `ps_customtextdesign_mask`
--


--
-- Table structure for table `ps_customtextdesign_mask2`
--

CREATE TABLE `ps_customtextdesign_mask2` (
  `id_mask` int(11) NOT NULL AUTO_INCREMENT,
  `id_product` int(11) NOT NULL DEFAULT '0',
  `id_image` int(11) NOT NULL DEFAULT '0',
  `image` varchar(100) NOT NULL DEFAULT '',
  `large` varchar(100) NOT NULL DEFAULT '',
  `side` tinyint(1) NOT NULL DEFAULT '1',
  PRIMARY KEY (`id_mask`)
) ENGINE=InnoDB DEFAULT CHARSET=utf8;

--
-- Dumping data for table `ps_customtextdesign_mask2`
--


--
-- Table structure for table `ps_customtextdesign_material`
--

CREATE TABLE `ps_customtextdesign_material` (
  `id_material` int(11) NOT NULL AUTO_INCREMENT,
  `name` varchar(50) NOT NULL DEFAULT '',
  `price` decimal(20,6) NOT NULL DEFAULT '0.000000',
  `file` varchar(100) NOT NULL DEFAULT '',
  `position` int(11) NOT NULL DEFAULT '0',
  `displayed` tinyint(4) NOT NULL DEFAULT '1',
  PRIMARY KEY (`id_material`)
) ENGINE=InnoDB AUTO_INCREMENT=4 DEFAULT CHARSET=utf8;

--
-- Dumping data for table `ps_customtextdesign_material`
--

INSERT INTO `ps_customtextdesign_material` VALUES (1,'Vinyl',250.000000,'',1,1),(2,'Print',150.000000,'',2,1),(3,'Engraving',500.000000,'',3,1);

--
-- Table structure for table `ps_customtextdesign_measure`
--

CREATE TABLE `ps_customtextdesign_measure` (
  `id_measure` int(11) NOT NULL AUTO_INCREMENT,
  `id_product` int(11) NOT NULL DEFAULT '0',
  `id_image` int(11) NOT NULL DEFAULT '0',
  `size` decimal(20,2) NOT NULL DEFAULT '0.00',
  `width` int(11) NOT NULL DEFAULT '0',
  `x` int(11) NOT NULL DEFAULT '0',
  `y` int(11) NOT NULL DEFAULT '0',
  `x_origin` int(11) NOT NULL DEFAULT '0',
  `y_origin` int(11) NOT NULL DEFAULT '0',
  PRIMARY KEY (`id_measure`)
) ENGINE=InnoDB DEFAULT CHARSET=utf8;

--
-- Dumping data for table `ps_customtextdesign_measure`
--


--
-- Table structure for table `ps_customtextdesign_overlay`
--

CREATE TABLE `ps_customtextdesign_overlay` (
  `id_overlay` int(11) NOT NULL AUTO_INCREMENT,
  `id_product` int(11) NOT NULL DEFAULT '0',
  `id_image` int(11) NOT NULL DEFAULT '0',
  `image` varchar(100) NOT NULL DEFAULT '',
  `large` varchar(100) NOT NULL DEFAULT '',
  `side` tinyint(1) NOT NULL DEFAULT '1',
  PRIMARY KEY (`id_overlay`)
) ENGINE=InnoDB DEFAULT CHARSET=utf8;

--
-- Dumping data for table `ps_customtextdesign_overlay`
--


--
-- Table structure for table `ps_customtextdesign_page_config`
--

CREATE TABLE `ps_customtextdesign_page_config` (
  `id_page_config` int(11) NOT NULL AUTO_INCREMENT,
  `pagename` varchar(100) NOT NULL DEFAULT '',
  `colors` varchar(500) NOT NULL DEFAULT '',
  `fonts` varchar(500) NOT NULL DEFAULT '',
  `materials` varchar(500) NOT NULL DEFAULT '',
  PRIMARY KEY (`id_page_config`)
) ENGINE=InnoDB DEFAULT CHARSET=utf8;

--
-- Dumping data for table `ps_customtextdesign_page_config`
--


--
-- Table structure for table `ps_customtextdesign_product`
--

CREATE TABLE `ps_customtextdesign_product` (
  `id` int(11) NOT NULL AUTO_INCREMENT,
  `id_product` int(11) NOT NULL DEFAULT '0',
  `id_shop` int(11) NOT NULL DEFAULT '0',
  `active` tinyint(1) NOT NULL DEFAULT '0',
  `alpha` tinyint(1) NOT NULL DEFAULT '0',
  `curve` tinyint(1) NOT NULL DEFAULT '0',
  `initial_curve` int(11) NOT NULL DEFAULT '0',
  `initial_text_color` varchar(20) NOT NULL DEFAULT '',
  `picker` tinyint(1) NOT NULL DEFAULT '0',
  `upload` tinyint(1) NOT NULL DEFAULT '0',
  `url_upload` tinyint(1) NOT NULL DEFAULT '0',
  `upload_max` int(3) NOT NULL DEFAULT '0',
  `upload_price` decimal(20,6) NOT NULL DEFAULT '0.000000',
  `colors` text NOT NULL,
  `fonts` text NOT NULL,
  `materials` text NOT NULL,
  `image_groups` text NOT NULL,
  `attributes` text NOT NULL,
  `text_price` decimal(20,6) NOT NULL DEFAULT '0.000000',
  `image_price` decimal(20,6) NOT NULL DEFAULT '0.000000',
  `design_price` decimal(20,6) NOT NULL DEFAULT '0.000000',
  `min_size` decimal(20,6) NOT NULL DEFAULT '0.000000',
  `max_length` int(11) NOT NULL DEFAULT '0',
  `show_price` tinyint(1) NOT NULL DEFAULT '0',
  `hide_colors` tinyint(1) NOT NULL DEFAULT '0',
  `hide_fonts` tinyint(1) NOT NULL DEFAULT '0',
  `hide_materials` tinyint(1) NOT NULL DEFAULT '0',
  `expanded` tinyint(1) NOT NULL DEFAULT '0',
  `id_default_img` int(11) NOT NULL DEFAULT '0',
  `show_btn` tinyint(1) NOT NULL DEFAULT '0',
  `images_first` tinyint(1) NOT NULL DEFAULT '0',
  `show_download_btn` tinyint(1) NOT NULL DEFAULT '0',
  `popup` tinyint(1) NOT NULL DEFAULT '0',
  `use_tax` tinyint(1) NOT NULL DEFAULT '1',
  `colors_all` tinyint(1) NOT NULL DEFAULT '0',
  `fonts_all` tinyint(1) NOT NULL DEFAULT '0',
  `materials_all` tinyint(1) NOT NULL DEFAULT '0',
  `image_groups_all` tinyint(1) NOT NULL DEFAULT '0',
  `attributes_all` tinyint(1) NOT NULL DEFAULT '0',
  `hide_text` tinyint(1) NOT NULL DEFAULT '0',
  `hide_image` tinyint(1) NOT NULL DEFAULT '0',
  `customsize` tinyint(1) NOT NULL DEFAULT '0',
  `customsize_price` decimal(20,6) NOT NULL DEFAULT '0.000000',
  `customsize_minw` decimal(20,2) NOT NULL DEFAULT '0.00',
  `customsize_minh` decimal(20,2) NOT NULL DEFAULT '0.00',
  `customsize_maxw` decimal(20,2) NOT NULL DEFAULT '0.00',
  `customsize_maxh` decimal(20,2) NOT NULL DEFAULT '0.00',
  `customsize_initw` decimal(20,2) NOT NULL DEFAULT '0.00',
  `customsize_inith` decimal(20,2) NOT NULL DEFAULT '0.00',
  `customcolor` tinyint(1) NOT NULL DEFAULT '0',
  `initial_color` varchar(20) NOT NULL DEFAULT '',
  `custom_fields` tinyint(1) NOT NULL DEFAULT '0',
  `disable_drag` tinyint(1) NOT NULL DEFAULT '0',
  `disable_resize` tinyint(1) NOT NULL DEFAULT '0',
  `show_rotator` tinyint(1) NOT NULL DEFAULT '0',
  `extra_btns` tinyint(1) NOT NULL DEFAULT '0',
  `custompicker` tinyint(1) NOT NULL DEFAULT '0',
  `customcolors` text NOT NULL,
  `customcolors_all` tinyint(1) NOT NULL DEFAULT '0',
  `show_stack` tinyint(1) NOT NULL DEFAULT '0',
  `image_fixed` tinyint(1) NOT NULL DEFAULT '0',
  `required` tinyint(1) NOT NULL DEFAULT '0',
  `check_bounds` tinyint(1) NOT NULL DEFAULT '0',
  `required_bounds` tinyint(1) NOT NULL DEFAULT '0',
  `imagecolor` tinyint(1) NOT NULL DEFAULT '0',
  `initial_img_color` varchar(20) NOT NULL DEFAULT '',
  `imagepicker` tinyint(1) NOT NULL DEFAULT '0',
  `imagecolors` text NOT NULL,
  `imagecolors_all` tinyint(1) NOT NULL DEFAULT '0',
  `free_design` tinyint(1) NOT NULL DEFAULT '0',
  `res_check` tinyint(1) NOT NULL DEFAULT '0',
  `res_width` int(11) NOT NULL DEFAULT '0',
  `res_height` int(11) NOT NULL DEFAULT '0',
  `require_all_sides` tinyint(1) NOT NULL DEFAULT '0',
  `preferred_color` varchar(20) NOT NULL DEFAULT '#01a5d5',
  `preferred_second` varchar(20) NOT NULL DEFAULT '#17C1FF',
  `use_templates` tinyint(1) NOT NULL DEFAULT '0',
  `templates_all` tinyint(1) NOT NULL DEFAULT '0',
  `templates` text NOT NULL,
  `nomeasure` tinyint(1) NOT NULL DEFAULT '0',
  `max_lines` int(11) NOT NULL DEFAULT '0',
  `color` int(11) NOT NULL DEFAULT '0',
  `font` int(11) NOT NULL DEFAULT '0',
  `material` int(11) NOT NULL DEFAULT '0',
  `initial_rotation` int(11) NOT NULL DEFAULT '0',
  `per_letter` tinyint(1) NOT NULL DEFAULT '0',
  `single_text` tinyint(1) NOT NULL DEFAULT '0',
  `single_color` tinyint(1) NOT NULL DEFAULT '0',
  `use_text_lists` tinyint(1) NOT NULL DEFAULT '0',
  `text_lists_all` tinyint(1) NOT NULL DEFAULT '0',
  `text_lists` text NOT NULL,
  `disable_resize_text` tinyint(1) NOT NULL DEFAULT '0',
  `disable_resize_img` tinyint(1) NOT NULL DEFAULT '0',
  `res_max_width` int(11) NOT NULL DEFAULT '0',
  `res_max_height` int(11) NOT NULL DEFAULT '0',
  `show_cf_inputs` tinyint(1) NOT NULL DEFAULT '0',
  `min_text_width` decimal(20,6) NOT NULL DEFAULT '0.000000',
  `min_text_height` decimal(20,6) NOT NULL DEFAULT '0.000000',
  `max_text_width` decimal(20,6) NOT NULL DEFAULT '0.000000',
  `max_text_height` decimal(20,6) NOT NULL DEFAULT '0.000000',
  `min_image_width` decimal(20,6) NOT NULL DEFAULT '0.000000',
  `min_image_height` decimal(20,6) NOT NULL DEFAULT '0.000000',
  `max_image_width` decimal(20,6) NOT NULL DEFAULT '0.000000',
  `max_image_height` decimal(20,6) NOT NULL DEFAULT '0.000000',
  `sides_start` int(11) NOT NULL DEFAULT '0',
  `display_colors` tinyint(1) NOT NULL DEFAULT '1',
  `display_attributes` text NOT NULL,
  `display_qty` tinyint(1) NOT NULL DEFAULT '0',
  `special_groups` text NOT NULL,
  `groups_reductions` text NOT NULL,
  `show_download_pdf` tinyint(1) NOT NULL DEFAULT '0',
  `imagecrop` tinyint(1) NOT NULL DEFAULT '0',
  PRIMARY KEY (`id`)
) ENGINE=InnoDB AUTO_INCREMENT=4 DEFAULT CHARSET=utf8;

--
-- Dumping data for table `ps_customtextdesign_product`
--

INSERT INTO `ps_customtextdesign_product` VALUES (1,0,0,0,0,0,0,'',1,0,0,0,0.000000,'','','','','',0.000000,0.000000,0.000000,0.000000,0,0,0,0,0,0,0,1,0,0,0,1,1,1,1,1,1,0,0,0,0.000000,0.00,0.00,0.00,0.00,0.00,0.00,0,'',0,0,0,1,0,0,'',1,1,0,0,0,0,0,'',0,'',1,0,0,0,0,0,'#01a5d5','#17C1FF',0,1,'',0,0,0,0,0,0,0,0,0,0,1,'',0,0,0,0,0,0.000000,0.000000,0.000000,0.000000,0.000000,0.000000,0.000000,0.000000,0,1,'',0,'','',0,0),(2,130,0,1,0,0,0,'',1,1,0,4,0.000000,'','','1-2-','','',0.000000,0.000000,0.000000,0.000000,0,0,0,0,0,0,0,1,0,0,1,1,1,1,0,1,1,0,0,0,0.000000,0.00,0.00,0.00,0.00,0.00,0.00,0,'',1,0,0,1,0,0,'',1,1,0,1,1,1,0,'',1,'',1,1,1,1000,1000,0,'#f39919','#0c6fb4',0,1,'',1,0,0,0,2,0,0,0,0,0,1,'',0,0,10000,10000,0,0.000000,0.000000,0.000000,0.000000,0.000000,0.000000,0.000000,0.000000,0,1,'',0,'','',1,1),(3,131,0,1,0,0,0,'',1,1,0,4,0.000000,'','','','','',0.000000,0.000000,0.000000,0.000000,0,0,0,0,0,0,0,1,0,0,1,1,1,1,0,1,1,0,0,0,0.000000,0.00,0.00,0.00,0.00,0.00,0.00,0,'',1,0,0,1,0,0,'',1,1,0,1,1,1,0,'',0,'',1,0,1,1000,1000,0,'#f39919','#0c6fb4',0,1,'',1,0,0,0,2,0,0,0,0,0,1,'',0,0,1000,1000,0,0.000000,0.000000,0.000000,0.000000,0.000000,0.000000,0.000000,0.000000,0,1,'',0,'','',1,1);

--
-- Table structure for table `ps_customtextdesign_product_trans`
--

CREATE TABLE `ps_customtextdesign_product_trans` (
  `id_product` int(10) unsigned NOT NULL DEFAULT '0',
  `id_lang` int(10) unsigned NOT NULL DEFAULT '0',
  `title` varchar(100) NOT NULL DEFAULT '',
  `text_init` varchar(100) NOT NULL,
  `instructions` text NOT NULL
) ENGINE=InnoDB DEFAULT CHARSET=utf8;

--
-- Dumping data for table `ps_customtextdesign_product_trans`
--

INSERT INTO `ps_customtextdesign_product_trans` VALUES (0,1,'','Your text here',''),(130,1,'','Your text here',''),(130,4,'','Il tuo testo personalizzato',''),(131,1,'','Your text here','');

--
-- Table structure for table `ps_customtextdesign_replace`
--

CREATE TABLE `ps_customtextdesign_replace` (
  `id_replace` int(11) NOT NULL AUTO_INCREMENT,
  `id_product` int(11) NOT NULL DEFAULT '0',
  `id_image` int(11) NOT NULL DEFAULT '0',
  `image` varchar(100) NOT NULL DEFAULT '',
  `large` varchar(100) NOT NULL DEFAULT '',
  `side` tinyint(1) NOT NULL DEFAULT '1',
  PRIMARY KEY (`id_replace`)
) ENGINE=InnoDB DEFAULT CHARSET=utf8;

--
-- Dumping data for table `ps_customtextdesign_replace`
--


--
-- Table structure for table `ps_customtextdesign_side_cost`
--

CREATE TABLE `ps_customtextdesign_side_cost` (
  `id_product` int(11) NOT NULL DEFAULT '0',
  `side` int(11) NOT NULL DEFAULT '0',
  `price` decimal(20,6) NOT NULL DEFAULT '0.000000',
  `ratio` tinyint(1) NOT NULL DEFAULT '0',
  PRIMARY KEY (`id_product`,`side`)
) ENGINE=InnoDB DEFAULT CHARSET=utf8;

--
-- Dumping data for table `ps_customtextdesign_side_cost`
--


--
-- Table structure for table `ps_customtextdesign_side_title`
--

CREATE TABLE `ps_customtextdesign_side_title` (
  `id_side_title` int(11) NOT NULL AUTO_INCREMENT,
  `id_product` int(11) NOT NULL DEFAULT '0',
  `id_image` int(11) NOT NULL DEFAULT '0',
  `id_lang` int(10) unsigned NOT NULL DEFAULT '0',
  `side_title` varchar(100) NOT NULL DEFAULT '',
  `side` tinyint(1) NOT NULL DEFAULT '1',
  PRIMARY KEY (`id_side_title`)
) ENGINE=InnoDB DEFAULT CHARSET=utf8;

--
-- Dumping data for table `ps_customtextdesign_side_title`
--


--
-- Table structure for table `ps_customtextdesign_svg_char`
--

CREATE TABLE `ps_customtextdesign_svg_char` (
  `id_svg_char` int(11) NOT NULL AUTO_INCREMENT,
  `id_svg_data` int(11) NOT NULL,
  `index` int(11) NOT NULL,
  `angle` decimal(20,6) NOT NULL,
  `x` decimal(20,6) NOT NULL,
  `y` decimal(20,6) NOT NULL,
  `path` text NOT NULL,
  PRIMARY KEY (`id_svg_char`)
) ENGINE=InnoDB DEFAULT CHARSET=utf8;

--
-- Dumping data for table `ps_customtextdesign_svg_char`
--


--
-- Table structure for table `ps_customtextdesign_svg_data`
--

CREATE TABLE `ps_customtextdesign_svg_data` (
  `id_svg_data` int(11) NOT NULL AUTO_INCREMENT,
  `id_custom_item` int(11) NOT NULL,
  `width` decimal(20,6) NOT NULL,
  `height` decimal(20,6) NOT NULL,
  PRIMARY KEY (`id_svg_data`)
) ENGINE=InnoDB DEFAULT CHARSET=utf8;

--
-- Dumping data for table `ps_customtextdesign_svg_data`
--


--
-- Table structure for table `ps_customtextdesign_template`
--

CREATE TABLE `ps_customtextdesign_template` (
  `id_template` int(11) NOT NULL AUTO_INCREMENT,
  `name` varchar(50) NOT NULL DEFAULT '',
  `width` int(11) NOT NULL DEFAULT '800',
  `height` int(11) NOT NULL DEFAULT '800',
  `position` int(11) NOT NULL DEFAULT '0',
  `displayed` tinyint(4) NOT NULL DEFAULT '1',
  `file` varchar(100) NOT NULL DEFAULT '',
  `guide` varchar(100) NOT NULL DEFAULT '',
  PRIMARY KEY (`id_template`)
) ENGINE=InnoDB DEFAULT CHARSET=utf8;

--
-- Dumping data for table `ps_customtextdesign_template`
--


--
-- Table structure for table `ps_customtextdesign_template_field`
--

CREATE TABLE `ps_customtextdesign_template_field` (
  `id_template_field` int(11) NOT NULL AUTO_INCREMENT,
  `id_template` int(11) NOT NULL DEFAULT '0',
  `x` int(11) NOT NULL DEFAULT '0',
  `y` int(11) NOT NULL DEFAULT '0',
  `w` int(11) NOT NULL DEFAULT '0',
  `h` int(11) NOT NULL DEFAULT '0',
  `uniqid` varchar(50) NOT NULL DEFAULT '',
  PRIMARY KEY (`id_template_field`)
) ENGINE=InnoDB AUTO_INCREMENT=2 DEFAULT CHARSET=utf8;

--
-- Dumping data for table `ps_customtextdesign_template_field`
--

INSERT INTO `ps_customtextdesign_template_field` VALUES (1,1,121,162,477,374,'1528823449480');

--
-- Table structure for table `ps_customtextdesign_text`
--

CREATE TABLE `ps_customtextdesign_text` (
  `id_text` int(11) NOT NULL AUTO_INCREMENT,
  PRIMARY KEY (`id_text`)
) ENGINE=InnoDB DEFAULT CHARSET=utf8;

--
-- Dumping data for table `ps_customtextdesign_text`
--


--
-- Table structure for table `ps_customtextdesign_text_trans`
--

CREATE TABLE `ps_customtextdesign_text_trans` (
  `id_text_trans` int(11) NOT NULL,
  `id_lang` int(11) NOT NULL,
  `content` text NOT NULL,
  PRIMARY KEY (`id_text_trans`,`id_lang`)
) ENGINE=InnoDB DEFAULT CHARSET=utf8;

--
-- Dumping data for table `ps_customtextdesign_text_trans`
--


--
-- Table structure for table `ps_customtextdesign_translate`
--

CREATE TABLE `ps_customtextdesign_translate` (
  `lang` varchar(10) NOT NULL DEFAULT '',
  `context` varchar(50) NOT NULL DEFAULT '',
  `id_item` int(11) NOT NULL DEFAULT '0',
  `content` text NOT NULL,
  PRIMARY KEY (`lang`,`context`,`id_item`)
) ENGINE=InnoDB DEFAULT CHARSET=utf8;

--
-- Dumping data for table `ps_customtextdesign_translate`
--


--
-- Table structure for table `ps_customtextdesign_upload`
--

CREATE TABLE `ps_customtextdesign_upload` (
  `id_upload` int(11) NOT NULL AUTO_INCREMENT,
  `id_guest` int(11) NOT NULL,
  `id_customer` int(11) NOT NULL,
  `filename` varchar(50) NOT NULL,
  PRIMARY KEY (`id_upload`)
) ENGINE=InnoDB DEFAULT CHARSET=utf8;

--
-- Dumping data for table `ps_customtextdesign_upload`
--


--
-- Table structure for table `ps_date_range`
--

CREATE TABLE `ps_date_range` (
  `id_date_range` int(10) unsigned NOT NULL AUTO_INCREMENT,
  `time_start` datetime NOT NULL,
  `time_end` datetime NOT NULL,
  PRIMARY KEY (`id_date_range`)
) ENGINE=InnoDB DEFAULT CHARSET=utf8;

--
-- Dumping data for table `ps_date_range`
--


--
-- Table structure for table `ps_delivery`
--

CREATE TABLE `ps_delivery` (
  `id_delivery` int(10) unsigned NOT NULL AUTO_INCREMENT,
  `id_shop` int(10) unsigned DEFAULT NULL,
  `id_shop_group` int(10) unsigned DEFAULT NULL,
  `id_carrier` int(10) unsigned NOT NULL,
  `id_range_price` int(10) unsigned DEFAULT NULL,
  `id_range_weight` int(10) unsigned DEFAULT NULL,
  `id_zone` int(10) unsigned NOT NULL,
  `price` decimal(20,6) NOT NULL,
  PRIMARY KEY (`id_delivery`),
  KEY `id_zone` (`id_zone`),
  KEY `id_carrier` (`id_carrier`,`id_zone`),
  KEY `id_range_price` (`id_range_price`),
  KEY `id_range_weight` (`id_range_weight`)
) ENGINE=InnoDB AUTO_INCREMENT=7 DEFAULT CHARSET=utf8;

--
-- Dumping data for table `ps_delivery`
--

INSERT INTO `ps_delivery` VALUES (1,NULL,NULL,2,0,1,1,5.000000),(2,NULL,NULL,2,0,1,2,5.000000),(3,NULL,NULL,2,1,0,1,5.000000),(4,NULL,NULL,2,1,0,2,5.000000),(5,NULL,NULL,3,1,NULL,7,5.000000),(6,NULL,NULL,6,1,NULL,7,5.000000);

--
-- Table structure for table `ps_emailsubscription`
--

CREATE TABLE `ps_emailsubscription` (
  `id` int(6) NOT NULL AUTO_INCREMENT,
  `id_shop` int(10) unsigned NOT NULL DEFAULT '1',
  `id_shop_group` int(10) unsigned NOT NULL DEFAULT '1',
  `email` varchar(255) NOT NULL,
  `newsletter_date_add` datetime DEFAULT NULL,
  `ip_registration_newsletter` varchar(15) NOT NULL,
  `http_referer` varchar(255) DEFAULT NULL,
  `active` tinyint(1) NOT NULL DEFAULT '0',
  PRIMARY KEY (`id`)
) ENGINE=InnoDB AUTO_INCREMENT=84 DEFAULT CHARSET=utf8;

--
-- Dumping data for table `ps_emailsubscription`
--

INSERT INTO `ps_emailsubscription` VALUES (1,1,3,'jmbriccola@gmail.com','2018-05-18 13:13:46','31.44.38.2','',1),(2,1,3,'jacopo.briccola@quicklysa.ch','2018-05-18 13:14:02','31.44.38.2','',1),(3,1,3,'jmb@jacopobriccola.com','2018-05-18 13:19:22','31.44.38.2','',1),(4,1,3,'dispatch@skywaycarrier.com','2018-07-10 19:10:39','93.115.86.4',NULL,1),(5,1,3,'gbasanes@tampabay.rr.com','2018-07-10 19:12:30','77.247.181.162',NULL,1),(6,1,3,'peter.jepsen@geomagworld.com','2018-07-12 12:26:21','62.2.137.140',NULL,1),(7,1,3,'paypal@shiftplanning.com','2018-07-12 23:46:39','178.20.55.16',NULL,1),(8,1,3,'anisha_virami@shaw.ca','2018-07-13 04:10:52','80.82.70.116',NULL,1),(9,1,3,'sid1153do@shaw.ca','2018-07-18 18:12:49','185.220.101.10',NULL,1),(10,1,3,'normand@solarium.ca','2018-07-19 14:36:29','85.248.227.165',NULL,1),(11,1,3,'chrismadsen1140@me.com','2018-07-22 10:47:11','144.217.60.211',NULL,1),(12,1,3,'info@iibbt.com','2018-07-23 18:02:48','93.115.86.9',NULL,1),(13,1,3,'info@ampersans.com','2018-07-24 21:44:46','199.249.223.71',NULL,1),(14,1,3,'miekewebb@t-online.de','2018-07-25 20:09:10','204.85.191.31',NULL,1),(15,1,3,'dfield759@gmail.com','2018-07-29 20:50:47','192.42.116.16',NULL,1),(16,1,3,'mrjassi38@gmail.com','2018-07-30 14:05:24','5.101.40.89',NULL,1),(17,1,3,'matt@imyourspy.com','2018-07-30 21:44:20','51.15.88.249',NULL,1),(18,1,3,'katiepatt@mindspring.com','2018-07-31 14:06:16','178.20.55.18',NULL,1),(19,1,3,'mommamikarts@gmail.com','2018-08-03 17:41:29','51.15.252.116',NULL,1),(20,1,3,'spennacchio@gmail.com','2018-08-03 18:04:58','94.16.115.102',NULL,1),(21,1,3,'ahnsso25@gmail.com','2018-08-03 21:01:21','145.239.91.37',NULL,1),(22,1,3,'sanggillee@gmail.com','2018-08-07 11:31:11','109.201.133.100',NULL,1),(23,1,3,'brandon@tdsunlimited.com','2018-08-09 12:35:33','95.216.40.15',NULL,1),(24,1,3,'info@sawyergardencenter.com','2018-08-10 19:03:51','185.200.123.17',NULL,1),(25,1,3,'pbrand@miblood.org','2018-08-13 01:08:32','185.10.68.53',NULL,1),(26,1,3,'christine.askin@gmail.com','2018-08-13 20:58:37','204.85.191.30',NULL,1),(27,1,3,'stephen.soroka@hp.com','2018-08-13 22:45:13','51.15.34.214',NULL,1),(28,1,3,'jkham@netins.net','2018-08-15 08:30:40','185.220.100.252',NULL,1),(29,1,3,'kbrandt2@comcast.net','2018-08-18 16:09:34','216.239.90.19',NULL,1),(30,1,3,'adams.tiffany1@gmail.com','2018-08-19 13:44:00','185.220.102.6',NULL,1),(31,1,3,'jehoward@live.ca','2018-08-22 00:13:33','87.233.197.114',NULL,1),(32,1,3,'efaonline1980@gmail.com','2018-08-22 17:49:20','78.109.23.1',NULL,1),(33,1,3,'eautobody@socal.rr.com','2018-08-22 22:36:23','77.247.181.162',NULL,1),(34,1,3,'23358313@adp.com','2018-08-23 04:08:20','185.227.68.250',NULL,1),(35,1,3,'andersonchar21@gmail.com','2018-08-25 02:10:06','185.72.244.24',NULL,1),(36,1,3,'jkohlmeier@sarnialaw.com','2018-08-27 18:44:20','79.137.68.85',NULL,1),(37,1,3,'barnettdiane34@gmail.com','2018-08-28 10:46:29','87.118.92.43',NULL,1),(38,1,3,'arvinlapason@gmail.com','2018-08-30 16:41:24','77.247.181.163',NULL,1),(39,1,3,'catman1024@gmail.com','2018-08-31 00:28:38','158.69.193.32',NULL,1),(40,1,3,'hmvasquez@comcast.net','2018-09-01 09:11:40','185.104.120.60',NULL,1),(41,1,3,'d.m.laan@gmail.com','2018-09-02 01:03:26','185.220.101.33',NULL,1),(42,1,3,'dontbmaddotkom@gmail.com','2018-09-02 15:56:35','94.230.208.148',NULL,1),(43,1,3,'nleake217@aol.com','2018-09-07 14:33:51','51.15.63.43',NULL,1),(44,1,3,'amylawrencegraves@yahoo.com','2018-09-07 23:22:33','185.220.101.45',NULL,1),(45,1,3,'acctreceivables.sensors@ametek.com','2018-09-07 23:23:44','176.10.99.200',NULL,1),(46,1,3,'crnshrex@aol.com','2018-09-09 03:24:45','62.141.37.236',NULL,1),(47,1,3,'anasazi6@aol.com','2018-09-09 13:40:37','37.233.103.114',NULL,1),(48,1,3,'motofilm79@gmail.com','2018-09-09 15:31:43','185.220.101.0',NULL,1),(49,1,3,'jasonodette@yahoo.com','2018-09-10 10:52:16','142.44.232.102',NULL,1),(50,1,3,'angelsuarrez@gmail.com','2018-09-11 09:02:13','185.220.101.6',NULL,1),(51,1,3,'christaylor627@yahoo.com','2018-09-11 12:44:06','5.196.1.129',NULL,1),(52,1,3,'badrnyc@yahoo.com','2018-09-11 21:00:39','217.147.169.49',NULL,1),(53,1,3,'loreriveraa@yahoo.com','2018-09-12 02:37:09','162.247.74.217',NULL,1),(54,1,3,'jjcovington.5@gmail.com','2018-09-12 05:05:02','178.17.174.14',NULL,1),(55,1,3,'marina_schlaich@gmx.de','2018-09-12 08:00:25','163.172.132.199',NULL,1),(56,1,3,'tchatstilles@gmail.com','2018-09-12 11:04:59','195.176.3.19',NULL,1),(57,1,3,'fharwich@gmail.com','2018-09-13 22:45:50','185.125.33.114',NULL,1),(58,1,3,'tiffanytrotter@yahoo.com','2018-09-15 16:59:19','171.25.193.235',NULL,1),(59,1,3,'melaniel04@aol.com','2018-09-15 19:56:52','145.239.90.27',NULL,1),(60,1,3,'hayneslox@gmail.com','2018-09-16 04:44:11','185.220.101.25',NULL,1),(61,1,3,'sclynch1979@yahoo.com','2018-09-16 21:42:00','87.233.197.114',NULL,1),(62,1,3,'ttc@homannlaw.dk','2018-09-17 01:19:39','37.187.94.86',NULL,1),(63,1,3,'sheldongmilo@gmail.com','2018-09-17 01:35:55','185.220.102.6',NULL,1),(64,1,3,'linda@mauermail.com','2018-09-17 13:55:28','185.220.101.27',NULL,1),(65,1,3,'edward.laski@gmail.com','2018-09-17 14:14:48','185.220.100.253',NULL,1),(66,1,3,'spb896@aol.com','2018-09-18 05:02:39','171.25.193.25',NULL,1),(67,1,3,'ryan@willowcreekpress.com','2018-09-18 08:21:30','77.247.181.165',NULL,1),(68,1,3,'sledupboy@aol.com','2018-09-19 01:14:12','171.25.193.77',NULL,1),(69,1,3,'accounting@escapetrailer.com','2018-09-19 17:50:58','193.171.202.150',NULL,1),(70,1,3,'csterlingdmd@gmail.com','2018-09-19 23:57:13','64.190.90.60',NULL,1),(71,1,3,'jgrnd90@gmail.com','2018-09-20 02:57:13','78.109.23.2',NULL,1),(72,1,3,'khamm@live.ca','2018-09-20 21:51:49','176.10.99.200',NULL,1),(73,1,3,'schnitzcopter@gmail.com','2018-09-20 22:46:56','89.31.57.5',NULL,1),(74,1,3,'anilyn12@gmail.com','2018-09-21 01:01:31','171.25.193.77',NULL,1),(75,1,3,'levirandall@suddenlink.net','2018-09-21 09:29:42','171.25.193.77',NULL,1),(76,1,3,'aprilsharvelle@gmail.com','2018-09-21 23:00:28','51.15.124.1',NULL,1),(77,1,3,'purplegidget@yahoo.com','2018-09-22 04:28:59','85.248.227.164',NULL,1),(78,1,3,'cchristinet3@yahoo.com','2018-09-22 22:48:06','185.220.101.45',NULL,1),(79,1,3,'u.kapuscinska@wp.pl','2018-09-23 19:16:00','176.126.252.12',NULL,1),(80,1,3,'prageeth.di@gmail.com','2018-09-23 20:21:16','193.171.202.150',NULL,1),(81,1,3,'deborah@emb-studio.com','2018-09-25 04:46:03','185.220.101.25',NULL,1),(82,1,3,'remindme62002@yahoo.com','2018-09-25 13:31:42','93.115.86.4',NULL,1),(83,1,3,'mcaltzonzin@aol.com','2018-09-26 03:34:39','167.99.42.89',NULL,1);

--
