-- Table structure for table `ps_alias`
--

CREATE TABLE `ps_alias` (
  `id_alias` int(10) unsigned NOT NULL AUTO_INCREMENT,
  `alias` varchar(255) NOT NULL,
  `search` varchar(255) NOT NULL,
  `active` tinyint(1) NOT NULL DEFAULT '1',
  PRIMARY KEY (`id_alias`),
  UNIQUE KEY `alias` (`alias`)
) ENGINE=InnoDB DEFAULT CHARSET=utf8;

--
-- Dumping data for table `ps_alias`
--


--
-- Table structure for table `ps_attachment`
--

CREATE TABLE `ps_attachment` (
  `id_attachment` int(10) unsigned NOT NULL AUTO_INCREMENT,
  `file` varchar(40) NOT NULL,
  `file_name` varchar(128) NOT NULL,
  `file_size` bigint(10) unsigned NOT NULL DEFAULT '0',
  `mime` varchar(128) NOT NULL,
  PRIMARY KEY (`id_attachment`)
) ENGINE=InnoDB DEFAULT CHARSET=utf8;

--
-- Dumping data for table `ps_attachment`
--


--
-- Table structure for table `ps_attachment_lang`
--

CREATE TABLE `ps_attachment_lang` (
  `id_attachment` int(10) unsigned NOT NULL AUTO_INCREMENT,
  `id_lang` int(10) unsigned NOT NULL,
  `name` varchar(32) DEFAULT NULL,
  `description` text,
  PRIMARY KEY (`id_attachment`,`id_lang`)
) ENGINE=InnoDB DEFAULT CHARSET=utf8;

--
-- Dumping data for table `ps_attachment_lang`
--


--
-- Table structure for table `ps_attribute`
--

CREATE TABLE `ps_attribute` (
  `id_attribute` int(11) NOT NULL AUTO_INCREMENT,
  `id_attribute_group` int(11) NOT NULL,
  `color` varchar(32) CHARACTER SET utf8 NOT NULL,
  `position` int(11) NOT NULL,
  PRIMARY KEY (`id_attribute`),
  KEY `attribute_group` (`id_attribute_group`)
) ENGINE=InnoDB AUTO_INCREMENT=26 DEFAULT CHARSET=utf8 COLLATE=utf8_unicode_ci;

--
-- Dumping data for table `ps_attribute`
--

INSERT INTO `ps_attribute` VALUES (1,1,'',0),(2,1,'',1),(3,1,'',2),(4,1,'',3),(5,2,'#AAB2BD',0),(6,2,'#CFC4A6',1),(7,2,'#f5f5dc',2),(8,2,'#ffffff',3),(9,2,'#faebd7',4),(10,2,'#E84C3D',5),(11,2,'#434A54',6),(12,2,'#C19A6B',7),(13,2,'#F39C11',8),(14,2,'#5D9CEC',9),(15,2,'#A0D468',10),(16,2,'#F1C40F',11),(17,2,'#964B00',12),(18,2,'#FCCACD',13),(19,3,'',0),(20,3,'',1),(21,3,'',2),(22,4,'',0),(23,4,'',1),(24,4,'',2),(25,4,'',3);

--
-- Table structure for table `ps_attribute_group`
--

CREATE TABLE `ps_attribute_group` (
  `id_attribute_group` int(11) NOT NULL AUTO_INCREMENT,
  `is_color_group` tinyint(1) NOT NULL,
  `group_type` varchar(255) CHARACTER SET utf8 NOT NULL,
  `position` int(11) NOT NULL,
  PRIMARY KEY (`id_attribute_group`)
) ENGINE=InnoDB AUTO_INCREMENT=5 DEFAULT CHARSET=utf8 COLLATE=utf8_unicode_ci;

--
-- Dumping data for table `ps_attribute_group`
--

INSERT INTO `ps_attribute_group` VALUES (1,0,'select',0),(2,1,'color',1),(3,0,'select',2),(4,0,'select',3);

--
-- Table structure for table `ps_attribute_group_lang`
--

CREATE TABLE `ps_attribute_group_lang` (
  `id_attribute_group` int(11) NOT NULL,
  `id_lang` int(11) NOT NULL,
  `name` varchar(128) CHARACTER SET utf8 NOT NULL,
  `public_name` varchar(64) CHARACTER SET utf8 NOT NULL,
  PRIMARY KEY (`id_attribute_group`,`id_lang`),
  KEY `IDX_4653726C67A664FB` (`id_attribute_group`)
) ENGINE=InnoDB DEFAULT CHARSET=utf8 COLLATE=utf8_unicode_ci;

--
-- Dumping data for table `ps_attribute_group_lang`
--

INSERT INTO `ps_attribute_group_lang` VALUES (1,1,'Size','Size'),(1,2,'Größe','Größe'),(1,3,'Taille','Taille'),(1,4,'Dimensione','Dimensione'),(2,1,'Color','Color'),(2,2,'Farbe','Farbe'),(2,3,'Couleur','Couleur'),(2,4,'Colore','Colore'),(3,1,'Dimension','Dimension'),(3,2,'Dimension','Dimension'),(3,3,'Dimension','Dimension'),(3,4,'Dimension','Dimension'),(4,1,'Paper Type','Paper Type'),(4,2,'Paper Type','Paper Type'),(4,3,'Type de papier','Type de papier'),(4,4,'Paper Type','Paper Type');

--
-- Table structure for table `ps_attribute_group_shop`
--

CREATE TABLE `ps_attribute_group_shop` (
  `id_attribute_group` int(11) NOT NULL,
  `id_shop` int(11) NOT NULL,
  PRIMARY KEY (`id_attribute_group`,`id_shop`),
  KEY `IDX_DB30BAAC67A664FB` (`id_attribute_group`),
  KEY `IDX_DB30BAAC274A50A0` (`id_shop`)
) ENGINE=InnoDB DEFAULT CHARSET=utf8 COLLATE=utf8_unicode_ci;

--
-- Dumping data for table `ps_attribute_group_shop`
--

INSERT INTO `ps_attribute_group_shop` VALUES (1,1),(1,3),(1,4),(1,5),(1,6),(1,7),(1,8),(1,9),(1,10),(1,11),(1,12),(1,13),(2,1),(2,3),(2,4),(2,5),(2,6),(2,7),(2,8),(2,9),(2,10),(2,11),(2,12),(2,13),(3,1),(3,3),(3,4),(3,5),(3,6),(3,7),(3,8),(3,9),(3,10),(3,11),(3,12),(3,13),(4,1),(4,3),(4,4),(4,5),(4,6),(4,7),(4,8),(4,9),(4,10),(4,11),(4,12),(4,13);

--
-- Table structure for table `ps_attribute_impact`
--

CREATE TABLE `ps_attribute_impact` (
  `id_attribute_impact` int(10) unsigned NOT NULL AUTO_INCREMENT,
  `id_product` int(11) unsigned NOT NULL,
  `id_attribute` int(11) unsigned NOT NULL,
  `weight` decimal(20,6) NOT NULL,
  `price` decimal(17,2) NOT NULL,
  PRIMARY KEY (`id_attribute_impact`),
  UNIQUE KEY `id_product` (`id_product`,`id_attribute`)
) ENGINE=InnoDB DEFAULT CHARSET=utf8;

--
-- Dumping data for table `ps_attribute_impact`
--


--
-- Table structure for table `ps_attribute_lang`
--

CREATE TABLE `ps_attribute_lang` (
  `id_attribute` int(11) NOT NULL,
  `id_lang` int(11) NOT NULL,
  `name` varchar(128) CHARACTER SET utf8 NOT NULL,
  PRIMARY KEY (`id_attribute`,`id_lang`),
  KEY `IDX_3ABE46A77A4F53DC` (`id_attribute`)
) ENGINE=InnoDB DEFAULT CHARSET=utf8 COLLATE=utf8_unicode_ci;

--
-- Dumping data for table `ps_attribute_lang`
--

INSERT INTO `ps_attribute_lang` VALUES (1,1,'S'),(1,2,'S'),(1,3,'S'),(1,4,'S'),(2,1,'M'),(2,2,'M'),(2,3,'M'),(2,4,'M'),(3,1,'L'),(3,2,'L'),(3,3,'L'),(3,4,'L'),(4,1,'XL'),(4,2,'XL'),(4,3,'XL'),(4,4,'XL'),(5,1,'Grey'),(5,2,'Grau'),(5,3,'Gris'),(5,4,'Grigio'),(6,1,'Taupe'),(6,2,'Taupe'),(6,3,'Taupe'),(6,4,'Talpa'),(7,1,'Beige'),(7,2,'Beige'),(7,3,'Beige'),(7,4,'Beige'),(8,1,'White'),(8,2,'Weiß'),(8,3,'Blanc'),(8,4,'Bianco'),(9,1,'Off White'),(9,2,'Wollweiß'),(9,3,'Blanc cassé'),(9,4,'Avorio'),(10,1,'Red'),(10,2,'Rot'),(10,3,'Rouge'),(10,4,'Rosso'),(11,1,'Black'),(11,2,'Schwarz'),(11,3,'Noir'),(11,4,'Nero'),(12,1,'Camel'),(12,2,'Camel'),(12,3,'Camel'),(12,4,'Cammello'),(13,1,'Orange'),(13,2,'Orange'),(13,3,'Orange'),(13,4,'Arancione'),(14,1,'Blue'),(14,2,'Blau'),(14,3,'Bleu'),(14,4,'Blu'),(15,1,'Green'),(15,2,'Grün'),(15,3,'Vert'),(15,4,'Verde'),(16,1,'Yellow'),(16,2,'Gelb'),(16,3,'Jaune'),(16,4,'Giallo'),(17,1,'Brown'),(17,2,'Braun'),(17,3,'Marron'),(17,4,'Marrone'),(18,1,'Pink'),(18,2,'Pink'),(18,3,'Rose'),(18,4,'Rosa'),(19,1,'40x60cm'),(19,2,'40x60cm'),(19,3,'40x60cm'),(19,4,'40x60cm'),(20,1,'60x90cm'),(20,2,'60x90cm'),(20,3,'60x90cm'),(20,4,'60x90cm'),(21,1,'80x120cm'),(21,2,'80x120cm'),(21,3,'80x120cm'),(21,4,'80x120cm'),(22,1,'Ruled'),(22,2,'Ruled'),(22,3,'Ligné'),(22,4,'Ruled'),(23,1,'Plain'),(23,2,'Plain'),(23,3,'Vierge'),(23,4,'Plain'),(24,1,'Squarred'),(24,2,'Squarred'),(24,3,'Quadrillé'),(24,4,'Squarred'),(25,1,'Doted'),(25,2,'Doted'),(25,3,'Pointillés'),(25,4,'Doted');

--
-- Table structure for table `ps_attribute_shop`
--

CREATE TABLE `ps_attribute_shop` (
  `id_attribute` int(11) NOT NULL,
  `id_shop` int(11) NOT NULL,
  PRIMARY KEY (`id_attribute`,`id_shop`),
  KEY `IDX_A7DD8E677A4F53DC` (`id_attribute`),
  KEY `IDX_A7DD8E67274A50A0` (`id_shop`)
) ENGINE=InnoDB DEFAULT CHARSET=utf8 COLLATE=utf8_unicode_ci;

--
-- Dumping data for table `ps_attribute_shop`
--

INSERT INTO `ps_attribute_shop` VALUES (1,1),(1,3),(1,4),(1,5),(1,6),(1,7),(1,8),(1,9),(1,10),(1,11),(1,12),(1,13),(2,1),(2,3),(2,4),(2,5),(2,6),(2,7),(2,8),(2,9),(2,10),(2,11),(2,12),(2,13),(3,1),(3,3),(3,4),(3,5),(3,6),(3,7),(3,8),(3,9),(3,10),(3,11),(3,12),(3,13),(4,1),(4,3),(4,4),(4,5),(4,6),(4,7),(4,8),(4,9),(4,10),(4,11),(4,12),(4,13),(5,1),(5,3),(5,4),(5,5),(5,6),(5,7),(5,8),(5,9),(5,10),(5,11),(5,12),(5,13),(6,1),(6,3),(6,4),(6,5),(6,6),(6,7),(6,8),(6,9),(6,10),(6,11),(6,12),(6,13),(7,1),(7,3),(7,4),(7,5),(7,6),(7,7),(7,8),(7,9),(7,10),(7,11),(7,12),(7,13),(8,1),(8,3),(8,4),(8,5),(8,6),(8,7),(8,8),(8,9),(8,10),(8,11),(8,12),(8,13),(9,1),(9,3),(9,4),(9,5),(9,6),(9,7),(9,8),(9,9),(9,10),(9,11),(9,12),(9,13),(10,1),(10,3),(10,4),(10,5),(10,6),(10,7),(10,8),(10,9),(10,10),(10,11),(10,12),(10,13),(11,1),(11,3),(11,4),(11,5),(11,6),(11,7),(11,8),(11,9),(11,10),(11,11),(11,12),(11,13),(12,1),(12,3),(12,4),(12,5),(12,6),(12,7),(12,8),(12,9),(12,10),(12,11),(12,12),(12,13),(13,1),(13,3),(13,4),(13,5),(13,6),(13,7),(13,8),(13,9),(13,10),(13,11),(13,12),(13,13),(14,1),(14,3),(14,4),(14,5),(14,6),(14,7),(14,8),(14,9),(14,10),(14,11),(14,12),(14,13),(15,1),(15,3),(15,4),(15,5),(15,6),(15,7),(15,8),(15,9),(15,10),(15,11),(15,12),(15,13),(16,1),(16,3),(16,4),(16,5),(16,6),(16,7),(16,8),(16,9),(16,10),(16,11),(16,12),(16,13),(17,1),(17,3),(17,4),(17,5),(17,6),(17,7),(17,8),(17,9),(17,10),(17,11),(17,12),(17,13),(18,1),(18,3),(18,4),(18,5),(18,6),(18,7),(18,8),(18,9),(18,10),(18,11),(18,12),(18,13),(19,1),(19,3),(19,4),(19,5),(19,6),(19,7),(19,8),(19,9),(19,10),(19,11),(19,12),(19,13),(20,1),(20,3),(20,4),(20,5),(20,6),(20,7),(20,8),(20,9),(20,10),(20,11),(20,12),(20,13),(21,1),(21,3),(21,4),(21,5),(21,6),(21,7),(21,8),(21,9),(21,10),(21,11),(21,12),(21,13),(22,1),(22,3),(22,4),(22,5),(22,6),(22,7),(22,8),(22,9),(22,10),(22,11),(22,12),(22,13),(23,1),(23,3),(23,4),(23,5),(23,6),(23,7),(23,8),(23,9),(23,10),(23,11),(23,12),(23,13),(24,1),(24,3),(24,4),(24,5),(24,6),(24,7),(24,8),(24,9),(24,10),(24,11),(24,12),(24,13),(25,1),(25,3),(25,4),(25,5),(25,6),(25,7),(25,8),(25,9),(25,10),(25,11),(25,12),(25,13);

--
-- Table structure for table `ps_badge`
--

CREATE TABLE `ps_badge` (
  `id_badge` int(11) NOT NULL AUTO_INCREMENT,
  `id_ps_badge` int(11) NOT NULL,
  `type` varchar(32) NOT NULL,
  `id_group` int(11) NOT NULL,
  `group_position` int(11) NOT NULL,
  `scoring` int(11) NOT NULL,
  `awb` int(11) DEFAULT '0',
  `validated` tinyint(1) unsigned NOT NULL DEFAULT '0',
  PRIMARY KEY (`id_badge`)
) ENGINE=InnoDB AUTO_INCREMENT=270 DEFAULT CHARSET=utf8;

--
-- Dumping data for table `ps_badge`
--

INSERT INTO `ps_badge` VALUES (1,139,'feature',41,1,5,1,0),(2,140,'feature',41,2,10,1,0),(3,141,'feature',41,3,15,1,0),(4,142,'feature',41,4,20,1,0),(5,143,'feature',41,1,5,1,0),(6,144,'feature',41,2,10,1,0),(7,145,'feature',41,3,15,1,0),(8,146,'feature',41,4,20,1,0),(9,147,'feature',41,1,5,1,1),(10,148,'feature',41,2,10,1,1),(11,149,'feature',41,3,15,1,0),(12,150,'feature',41,4,20,1,0),(13,159,'feature',41,1,5,1,0),(14,160,'feature',41,2,10,1,0),(15,161,'feature',41,3,15,1,0),(16,162,'feature',41,4,20,1,0),(17,163,'feature',41,1,5,1,0),(18,164,'feature',41,2,10,1,0),(19,165,'feature',41,3,15,1,0),(20,166,'feature',41,4,20,1,0),(21,191,'feature',41,1,5,1,0),(22,192,'feature',41,2,10,1,0),(23,206,'feature',41,1,5,1,0),(24,207,'feature',41,2,10,1,0),(25,208,'feature',41,3,15,1,0),(26,209,'feature',41,4,20,1,0),(27,222,'feature',41,1,5,1,0),(28,223,'feature',41,3,15,1,0),(29,224,'feature',41,4,20,1,0),(34,233,'feature',41,1,5,1,0),(35,234,'feature',41,2,10,1,0),(36,235,'feature',41,3,15,1,0),(37,236,'feature',41,4,20,1,0),(38,249,'feature',41,1,5,1,0),(39,250,'feature',41,2,10,1,0),(40,251,'feature',41,3,15,1,0),(41,252,'feature',41,4,20,1,0),(42,253,'feature',41,1,5,1,0),(43,254,'feature',41,2,10,1,0),(44,255,'feature',41,3,15,1,0),(45,256,'feature',41,4,20,1,0),(46,261,'feature',41,1,5,1,0),(47,262,'feature',41,2,10,1,0),(48,269,'feature',41,1,5,1,0),(49,270,'feature',41,2,10,1,0),(50,271,'feature',41,3,15,1,0),(51,272,'feature',41,4,20,1,0),(52,273,'feature',41,1,5,1,0),(53,274,'feature',41,2,10,1,0),(54,275,'feature',41,3,15,1,0),(55,276,'feature',41,4,20,1,0),(56,277,'feature',41,1,5,1,0),(57,278,'feature',41,2,10,1,0),(58,279,'feature',41,3,15,1,0),(59,280,'feature',41,4,20,1,0),(60,281,'feature',41,1,5,1,0),(61,282,'feature',41,2,10,1,0),(62,283,'feature',41,3,15,1,0),(63,284,'feature',41,4,20,1,0),(64,285,'feature',41,1,5,1,0),(65,286,'feature',41,2,10,1,0),(66,287,'feature',41,3,15,1,0),(67,288,'feature',41,4,20,1,0),(68,289,'feature',41,1,5,1,0),(69,290,'feature',41,2,10,1,0),(70,291,'feature',41,3,15,1,0),(71,292,'feature',41,4,20,1,0),(72,293,'feature',41,1,5,1,0),(73,294,'feature',41,2,10,1,0),(74,295,'feature',41,3,15,1,0),(75,296,'feature',41,4,20,1,0),(76,297,'feature',41,1,5,1,0),(77,298,'feature',41,2,10,1,0),(78,299,'feature',41,3,15,1,0),(79,300,'feature',41,4,20,1,0),(80,301,'feature',41,1,5,1,0),(81,302,'feature',41,2,10,1,0),(82,303,'feature',41,3,15,1,0),(83,304,'feature',41,4,20,1,0),(84,305,'feature',41,1,5,1,0),(85,306,'feature',41,2,10,1,0),(86,307,'feature',41,3,15,1,0),(87,308,'feature',41,4,20,1,0),(88,309,'feature',41,1,5,1,0),(89,310,'feature',41,2,10,1,0),(90,311,'feature',41,3,15,1,0),(91,312,'feature',41,4,20,1,0),(92,313,'feature',41,1,5,1,0),(93,314,'feature',41,2,10,1,0),(94,315,'feature',41,3,15,1,0),(95,316,'feature',41,4,20,1,0),(96,317,'feature',41,1,5,1,0),(97,318,'feature',41,2,10,1,0),(98,319,'feature',41,3,15,1,0),(99,320,'feature',41,4,20,1,0),(100,321,'feature',41,1,5,1,0),(101,322,'feature',41,2,10,1,0),(102,323,'feature',41,3,15,1,0),(103,324,'feature',41,4,20,1,0),(104,325,'feature',41,1,5,1,0),(105,326,'feature',41,2,10,1,0),(106,327,'feature',41,3,15,1,0),(107,328,'feature',41,4,20,1,0),(108,329,'feature',41,1,5,1,0),(109,330,'feature',41,2,10,1,0),(110,331,'feature',41,3,15,1,0),(111,332,'feature',41,4,20,1,0),(112,333,'feature',41,1,5,1,0),(113,334,'feature',41,2,10,1,0),(114,335,'feature',41,3,15,1,0),(115,336,'feature',41,4,20,1,0),(116,337,'feature',41,1,5,1,0),(117,338,'feature',41,2,10,1,0),(118,339,'feature',41,3,15,1,0),(119,340,'feature',41,4,20,1,0),(120,341,'feature',41,1,5,1,0),(121,342,'feature',41,2,10,1,0),(122,343,'feature',41,3,15,1,0),(123,344,'feature',41,4,20,1,0),(124,345,'feature',41,1,5,1,0),(125,346,'feature',41,2,10,1,0),(126,347,'feature',41,3,15,1,0),(127,348,'feature',41,4,20,1,0),(128,349,'feature',41,1,5,1,0),(129,350,'feature',41,2,10,1,0),(130,351,'feature',41,3,15,1,0),(131,352,'feature',41,4,20,1,0),(132,353,'feature',41,1,5,1,0),(133,354,'feature',41,2,10,1,0),(134,355,'feature',41,3,15,1,0),(135,356,'feature',41,4,20,1,0),(136,357,'feature',41,1,5,1,0),(137,358,'feature',41,2,10,1,0),(138,359,'feature',41,3,15,1,0),(139,360,'feature',41,4,20,1,0),(140,1,'feature',1,1,10,0,1),(141,2,'feature',2,1,10,0,0),(142,3,'feature',2,2,15,0,0),(143,4,'feature',3,1,15,0,0),(144,5,'feature',3,2,15,0,0),(145,6,'feature',4,1,15,0,0),(146,7,'feature',4,2,15,0,0),(147,8,'feature',5,1,5,0,1),(148,9,'feature',5,2,10,0,1),(149,10,'feature',6,1,15,0,1),(150,11,'feature',6,2,10,0,0),(151,12,'feature',6,3,10,0,0),(152,13,'feature',5,3,10,0,1),(153,14,'feature',5,4,15,0,0),(154,15,'feature',5,5,20,0,0),(155,16,'feature',5,6,20,0,0),(156,17,'achievement',7,1,5,0,1),(157,18,'achievement',7,2,10,0,1),(158,19,'feature',8,1,15,0,1),(159,20,'feature',8,2,15,0,0),(160,21,'feature',9,1,15,0,1),(161,22,'feature',10,1,10,0,1),(162,23,'feature',10,2,10,0,1),(163,24,'feature',10,3,10,0,1),(164,25,'feature',10,4,10,0,1),(165,26,'feature',10,5,10,0,0),(166,27,'feature',4,3,10,0,0),(167,28,'feature',3,3,10,0,0),(168,29,'achievement',11,1,5,0,0),(169,30,'achievement',11,2,10,0,0),(170,31,'achievement',11,3,15,0,0),(171,32,'achievement',11,4,20,0,0),(172,33,'achievement',11,5,25,0,0),(173,34,'achievement',11,6,30,0,0),(174,35,'achievement',7,3,15,0,1),(175,36,'achievement',7,4,20,0,0),(176,37,'achievement',7,5,25,0,0),(177,38,'achievement',7,6,30,0,0),(178,39,'achievement',12,1,5,0,1),(179,40,'achievement',12,2,10,0,1),(180,41,'achievement',12,3,15,0,1),(181,42,'achievement',12,4,20,0,0),(182,43,'achievement',12,5,25,0,0),(183,44,'achievement',12,6,30,0,0),(184,45,'achievement',13,1,5,0,1),(185,46,'achievement',13,2,10,0,1),(186,47,'achievement',13,3,15,0,0),(187,48,'achievement',13,4,20,0,0),(188,49,'achievement',13,5,25,0,0),(189,50,'achievement',13,6,30,0,0),(190,51,'achievement',14,1,5,0,0),(191,52,'achievement',14,2,10,0,0),(192,53,'achievement',14,3,15,0,0),(193,54,'achievement',14,4,20,0,0),(194,55,'achievement',14,5,25,0,0),(195,56,'achievement',14,6,30,0,0),(196,57,'achievement',15,1,5,0,0),(197,58,'achievement',15,2,10,0,0),(198,59,'achievement',15,3,15,0,0),(199,60,'achievement',15,4,20,0,0),(200,61,'achievement',15,5,25,0,0),(201,62,'achievement',15,6,30,0,0),(202,63,'achievement',16,1,5,0,1),(203,64,'achievement',16,2,10,0,0),(204,65,'achievement',16,3,15,0,0),(205,66,'achievement',16,4,20,0,0),(206,67,'achievement',16,5,25,0,0),(207,68,'achievement',16,6,30,0,0),(208,69,'international',17,1,10,0,0),(209,70,'international',18,1,10,0,0),(210,71,'international',19,1,10,0,0),(211,72,'international',20,1,10,0,0),(212,73,'international',21,1,10,0,0),(213,74,'international',22,1,10,0,0),(214,75,'international',23,1,10,0,0),(215,83,'international',31,1,10,0,0),(216,84,'international',25,1,10,0,0),(217,86,'international',33,1,10,0,0),(218,87,'international',34,1,10,0,0),(219,88,'feature',35,1,5,0,0),(220,89,'feature',35,2,10,0,0),(221,90,'feature',35,3,10,0,0),(222,91,'feature',35,4,10,0,0),(223,92,'feature',35,5,10,0,0),(224,93,'feature',35,6,10,0,0),(225,94,'feature',36,1,5,0,1),(226,95,'feature',36,2,5,0,1),(227,96,'feature',36,3,10,0,1),(228,97,'feature',36,4,10,0,0),(229,98,'feature',36,5,20,0,0),(230,99,'feature',36,6,20,0,0),(231,100,'feature',8,3,15,0,1),(232,101,'achievement',37,1,5,0,0),(233,102,'achievement',37,2,5,0,0),(234,103,'achievement',37,3,10,0,0),(235,104,'achievement',37,4,10,0,0),(236,105,'achievement',37,5,15,0,0),(237,106,'achievement',37,6,15,0,0),(238,107,'achievement',38,1,10,0,0),(239,108,'achievement',38,2,10,0,0),(240,109,'achievement',38,3,15,0,0),(241,110,'achievement',38,4,20,0,0),(242,111,'achievement',38,5,25,0,0),(243,112,'achievement',38,6,30,0,0),(244,113,'achievement',39,1,10,0,1),(245,114,'achievement',39,2,20,0,0),(246,115,'achievement',39,3,30,0,0),(247,116,'achievement',39,4,40,0,0),(248,117,'achievement',39,5,50,0,0),(249,118,'achievement',39,6,50,0,0),(250,119,'feature',40,1,10,0,0),(251,120,'feature',40,2,15,0,0),(252,121,'feature',40,3,20,0,0),(253,122,'feature',40,4,25,0,0),(254,171,'feature',41,1,5,1,0),(255,172,'feature',41,2,10,1,0),(256,173,'feature',41,3,15,1,0),(257,174,'feature',41,4,20,1,0),(258,187,'feature',41,1,5,1,0),(259,188,'feature',41,2,10,1,0),(260,189,'feature',41,3,15,1,0),(261,190,'feature',41,4,20,1,0),(262,202,'feature',41,1,5,1,0),(263,203,'feature',41,2,10,1,0),(264,204,'feature',41,1,5,1,0),(265,205,'feature',41,2,10,1,0),(266,210,'feature',41,2,10,1,0),(267,211,'feature',41,1,5,1,0),(268,212,'feature',41,3,15,1,0),(269,213,'feature',41,4,20,1,0);

--
-- Table structure for table `ps_badge_lang`
--

CREATE TABLE `ps_badge_lang` (
  `id_badge` int(11) NOT NULL,
  `id_lang` int(11) NOT NULL,
  `name` varchar(64) DEFAULT NULL,
  `description` varchar(255) DEFAULT NULL,
  `group_name` varchar(255) DEFAULT NULL,
  PRIMARY KEY (`id_badge`,`id_lang`)
) ENGINE=InnoDB DEFAULT CHARSET=utf8;

--
-- Dumping data for table `ps_badge_lang`
--

INSERT INTO `ps_badge_lang` VALUES (1,1,'HiPay installed','You have installed the HiPay module','Partners'),(1,2,'HiPay installed','',''),(1,3,'HiPay installed','',''),(1,4,'HiPay installed','',''),(2,1,'HiPay configured','You have configured the HiPay module','Partners'),(2,2,'HiPay configured','',''),(2,3,'HiPay configured','',''),(2,4,'HiPay configured','',''),(3,1,'HiPay active','Your Hipay module is active','Partners'),(3,2,'HiPay active','',''),(3,3,'HiPay active','',''),(3,4,'HiPay active','',''),(4,1,'HiPay very active','Your HiPay module is very active','Partners'),(4,2,'HiPay very active','',''),(4,3,'HiPay very active','',''),(4,4,'HiPay very active','',''),(5,1,'Ogone installed','You have installed the Ogone module','Partners'),(5,2,'Ogone installed','',''),(5,3,'Ogone installed','',''),(5,4,'Ogone installed','',''),(6,1,'Ogone configuré','You have configured the Ogone module','Partners'),(6,2,'Ogone configuré','',''),(6,3,'Ogone configuré','',''),(6,4,'Ogone configuré','',''),(7,1,'Ogone active','Your Ogone module is active','Partners'),(7,2,'Ogone active','',''),(7,3,'Ogone active','',''),(7,4,'Ogone active','',''),(8,1,'Ogone very active','Your Ogone module is very active','Partners'),(8,2,'Ogone very active','',''),(8,3,'Ogone very active','',''),(8,4,'Ogone very active','',''),(9,1,'PayPal installed','You have installed the PayPal module','Partners'),(9,2,'PayPal installed','',''),(9,3,'PayPal installed','',''),(9,4,'PayPal installed','',''),(10,1,'PayPal configured','You have configured the PayPal module','Partners'),(10,2,'PayPal configured','',''),(10,3,'PayPal configured','',''),(10,4,'PayPal configured','',''),(11,1,'PayPal active','Your PayPal module is active','Partners'),(11,2,'PayPal active','',''),(11,3,'PayPal active','',''),(11,4,'PayPal active','',''),(12,1,'PayPal very active','Your PayPal module is very active','Partners'),(12,2,'PayPal very active','',''),(12,3,'PayPal very active','',''),(12,4,'PayPal very active','',''),(13,1,'Shopgate installed','You have installed the Shopgate module','Partners'),(13,2,'Shopgate installed','',''),(13,3,'Shopgate installed','',''),(13,4,'Shopgate installed','',''),(14,1,'Shopgate configured','You have configured the Shopgate module','Partners'),(14,2,'Shopgate configured','',''),(14,3,'Shopgate configured','',''),(14,4,'Shopgate configured','',''),(15,1,'Shopgate active','Your Shopgate module is active','Partners'),(15,2,'Shopgate active','',''),(15,3,'Shopgate active','',''),(15,4,'Shopgate active','',''),(16,1,'Shopgate very active','Your Shopgate module is very active','Partners'),(16,2,'Shopgate very active','',''),(16,3,'Shopgate very active','',''),(16,4,'Shopgate very active','',''),(17,1,'Skrill installed','You have installed the Skrill module','Partners'),(17,2,'Skrill installed','',''),(17,3,'Skrill installed','',''),(17,4,'Skrill installed','',''),(18,1,'Skrill configured','You have configured the Skrill module','Partners'),(18,2,'Skrill configured','',''),(18,3,'Skrill configured','',''),(18,4,'Skrill configured','',''),(19,1,'Skrill active','Your Skrill module is active','Partners'),(19,2,'Skrill active','',''),(19,3,'Skrill active','',''),(19,4,'Skrill active','',''),(20,1,'Skrill very active','Your Skrill module is very active','Partners'),(20,2,'Skrill very active','',''),(20,3,'Skrill very active','',''),(20,4,'Skrill very active','',''),(21,1,'Prediggo installed','You have installed the Prediggo module','Partners'),(21,2,'Prediggo installed','',''),(21,3,'Prediggo installed','',''),(21,4,'Prediggo installed','',''),(22,1,'Prediggo configured','You have configured the Prediggo module','Partners'),(22,2,'Prediggo configured','',''),(22,3,'Prediggo configured','',''),(22,4,'Prediggo configured','',''),(23,1,'TextMaster installed','You have installed the TextMaster module','Partners'),(23,2,'TextMaster installed','',''),(23,3,'TextMaster installed','',''),(23,4,'TextMaster installed','',''),(24,1,'TextMaster configured','You have configured the TextMaster module','Partners'),(24,2,'TextMaster configured','',''),(24,3,'TextMaster configured','',''),(24,4,'TextMaster configured','',''),(25,1,'TextMaster active','Your TextMaster module is active','Partners'),(25,2,'TextMaster active','',''),(25,3,'TextMaster active','',''),(25,4,'TextMaster active','',''),(26,1,'TextMaster very active','Your TextMaster module is very active','Partners'),(26,2,'TextMaster very active','',''),(26,3,'TextMaster very active','',''),(26,4,'TextMaster very active','',''),(27,1,'Paymill installed','You have installed the Paymill module','Partners'),(27,2,'Paymill installed','',''),(27,3,'Paymill installed','',''),(27,4,'Paymill installed','',''),(28,1,'Paymill active','Your Paymill module is active','Partners'),(28,2,'Paymill active','',''),(28,3,'Paymill active','',''),(28,4,'Paymill active','',''),(29,1,'Paymill very active','Your Paymill module is very active','Partners'),(29,2,'Paymill very active','',''),(29,3,'Paymill very active','',''),(29,4,'Paymill very active','',''),(34,1,'Authorize Aim installed','You have installed the Authorize Aim module','Partners'),(34,2,'Authorize Aim installed','',''),(34,3,'Authorize Aim installed','',''),(34,4,'Authorize Aim installed','',''),(35,1,'Authorize Aim configured','You have configured the Authorize Aim module','Partners'),(35,2,'Authorize Aim configured','',''),(35,3,'Authorize Aim configured','',''),(35,4,'Authorize Aim configured','',''),(36,1,'Authorize Aim active','Your Authorize Aim module is active','Partners'),(36,2,'Authorize Aim active','',''),(36,3,'Authorize Aim active','',''),(36,4,'Authorize Aim active','',''),(37,1,'Authorize Aim very active','Your Authorize Aim module is very active','Partners'),(37,2,'Authorize Aim very active','',''),(37,3,'Authorize Aim very active','',''),(37,4,'Authorize Aim very active','',''),(38,1,'Ebay installed','You have installed the Ebay module','Partners'),(38,2,'Ebay installed','',''),(38,3,'Ebay installed','',''),(38,4,'Ebay installed','',''),(39,1,'Ebay configured','You have configured the Ebay module','Partners'),(39,2,'Ebay configured','',''),(39,3,'Ebay configured','',''),(39,4,'Ebay configured','',''),(40,1,'Ebay active','Your Ebay module is active','Partners'),(40,2,'Ebay active','',''),(40,3,'Ebay active','',''),(40,4,'Ebay active','',''),(41,1,'Ebay very active','Your Ebay module is very active','Partners'),(41,2,'Ebay very active','',''),(41,3,'Ebay very active','',''),(41,4,'Ebay very active','',''),(42,1,'PayPlug installed','You have installed the PayPlug module','Partners'),(42,2,'PayPlug installed','',''),(42,3,'PayPlug installed','',''),(42,4,'PayPlug installed','',''),(43,1,'PayPlug configured','You have configured the PayPlug module','Partners'),(43,2,'PayPlug configured','',''),(43,3,'PayPlug configured','',''),(43,4,'PayPlug configured','',''),(44,1,'PayPlug active','Your PayPlug module is active','Partners'),(44,2,'PayPlug active','',''),(44,3,'PayPlug active','',''),(44,4,'PayPlug active','',''),(45,1,'PayPlug very active','Your PayPlug module is very active','Partners'),(45,2,'PayPlug very active','',''),(45,3,'PayPlug very active','',''),(45,4,'PayPlug very active','',''),(46,1,'Affinity Items installed','You have installed the Affinity Items module','Partners'),(46,2,'Affinity Items installed','',''),(46,3,'Affinity Items installed','',''),(46,4,'Affinity Items installed','',''),(47,1,'Affinity Items configured','You have configured the Affinity Items module','Partners'),(47,2,'Affinity Items configured','',''),(47,3,'Affinity Items configured','',''),(47,4,'Affinity Items configured','',''),(48,1,'DPD Poland installed','You have installed the DPD Poland module','Partners'),(48,2,'DPD Poland installed','',''),(48,3,'DPD Poland installed','',''),(48,4,'DPD Poland installed','',''),(49,1,'DPD Poland configured','You have configured the DPD Poland module','Partners'),(49,2,'DPD Poland configured','',''),(49,3,'DPD Poland configured','',''),(49,4,'DPD Poland configured','',''),(50,1,'DPD Poland active','Your DPD Poland module is active','Partners'),(50,2,'DPD Poland active','',''),(50,3,'DPD Poland active','',''),(50,4,'DPD Poland active','',''),(51,1,'DPD Poland very active','Your DPD Poland module is very active','Partners'),(51,2,'DPD Poland very active','',''),(51,3,'DPD Poland very active','',''),(51,4,'DPD Poland very active','',''),(52,1,'Envoimoinscher installed','You have installed the Envoimoinscher module','Partners'),(52,2,'Envoimoinscher installed','',''),(52,3,'Envoimoinscher installed','',''),(52,4,'Envoimoinscher installed','',''),(53,1,'Envoimoinscher configured','You have configured the Envoimoinscher module','Partners'),(53,2,'Envoimoinscher configured','',''),(53,3,'Envoimoinscher configured','',''),(53,4,'Envoimoinscher configured','',''),(54,1,'Envoimoinscher active','Your Envoimoinscher module is active','Partners'),(54,2,'Envoimoinscher active','',''),(54,3,'Envoimoinscher active','',''),(54,4,'Envoimoinscher active','',''),(55,1,'Envoimoinscher very active','Your Envoimoinscher module is very active','Partners'),(55,2,'Envoimoinscher very active','',''),(55,3,'Envoimoinscher very active','',''),(55,4,'Envoimoinscher very active','',''),(56,1,'Klik&Pay installed','You have installed the Klik&Pay module','Partners'),(56,2,'Klik&Pay installed','',''),(56,3,'Klik&Pay installed','',''),(56,4,'Klik&Pay installed','',''),(57,1,'Klik&Pay configured','You have configured the Klik&Pay module','Partners'),(57,2,'Klik&Pay configured','',''),(57,3,'Klik&Pay configured','',''),(57,4,'Klik&Pay configured','',''),(58,1,'Klik&Pay active','Your Klik&Pay module is active','Partners'),(58,2,'Klik&Pay active','',''),(58,3,'Klik&Pay active','',''),(58,4,'Klik&Pay active','',''),(59,1,'Klik&Pay very active','Your Klik&Pay module is very active','Partners'),(59,2,'Klik&Pay very active','',''),(59,3,'Klik&Pay very active','',''),(59,4,'Klik&Pay very active','',''),(60,1,'Clickline installed','You have installed the Clickline module','Partners'),(60,2,'Clickline installed','',''),(60,3,'Clickline installed','',''),(60,4,'Clickline installed','',''),(61,1,'Clickline configured','You have configured the Clickline module','Partners'),(61,2,'Clickline configured','',''),(61,3,'Clickline configured','',''),(61,4,'Clickline configured','',''),(62,1,'Clickline active','Your Clickline module is active','Partners'),(62,2,'Clickline active','',''),(62,3,'Clickline active','',''),(62,4,'Clickline active','',''),(63,1,'Clickline very active','Your Clickline module is very active','Partners'),(63,2,'Clickline very active','',''),(63,3,'Clickline very active','',''),(63,4,'Clickline very active','',''),(64,1,'CDiscount installed','You have installed the CDiscount module','Partners'),(64,2,'CDiscount installed','',''),(64,3,'CDiscount installed','',''),(64,4,'CDiscount installed','',''),(65,1,'CDiscount configured','You have configured the CDiscount module','Partners'),(65,2,'CDiscount configured','',''),(65,3,'CDiscount configured','',''),(65,4,'CDiscount configured','',''),(66,1,'CDiscount active','Your CDiscount module is active','Partners'),(66,2,'CDiscount active','',''),(66,3,'CDiscount active','',''),(66,4,'CDiscount active','',''),(67,1,'CDiscount very active','Your CDiscount module is very active','Partners'),(67,2,'CDiscount very active','',''),(67,3,'CDiscount very active','',''),(67,4,'CDiscount very active','',''),(68,1,'illicoPresta installed','You have installed the illicoPresta module','Partners'),(68,2,'illicoPresta installed','',''),(68,3,'illicoPresta installed','',''),(68,4,'illicoPresta installed','',''),(69,1,'illicoPresta configured','You have configured the illicoPresta module','Partners'),(69,2,'illicoPresta configured','',''),(69,3,'illicoPresta configured','',''),(69,4,'illicoPresta configured','',''),(70,1,'illicoPresta active','Your illicoPresta module is active','Partners'),(70,2,'illicoPresta active','',''),(70,3,'illicoPresta active','',''),(70,4,'illicoPresta active','',''),(71,1,'illicoPresta very active','Your illicoPresta module is very active','Partners'),(71,2,'illicoPresta very active','',''),(71,3,'illicoPresta very active','',''),(71,4,'illicoPresta very active','',''),(72,1,'NetReviews installed','You have installed the NetReviews module','Partners'),(72,2,'NetReviews installed','',''),(72,3,'NetReviews installed','',''),(72,4,'NetReviews installed','',''),(73,1,'NetReviews configured','You have configured the NetReviews module','Partners'),(73,2,'NetReviews configured','',''),(73,3,'NetReviews configured','',''),(73,4,'NetReviews configured','',''),(74,1,'NetReviews active','Your NetReviews module is active','Partners'),(74,2,'NetReviews active','',''),(74,3,'NetReviews active','',''),(74,4,'NetReviews active','',''),(75,1,'NetReviews very active','Your NetReviews module is very active','Partners'),(75,2,'NetReviews very active','',''),(75,3,'NetReviews very active','',''),(75,4,'NetReviews very active','',''),(76,1,'Bluesnap installed','You have installed the Bluesnap module','Partners'),(76,2,'Bluesnap installed','',''),(76,3,'Bluesnap installed','',''),(76,4,'Bluesnap installed','',''),(77,1,'Bluesnap configured','You have configured the Bluesnap module','Partners'),(77,2,'Bluesnap configured','',''),(77,3,'Bluesnap configured','',''),(77,4,'Bluesnap configured','',''),(78,1,'Bluesnap active','Your Bluesnap module is active','Partners'),(78,2,'Bluesnap active','',''),(78,3,'Bluesnap active','',''),(78,4,'Bluesnap active','',''),(79,1,'Bluesnap very active','Your Bluesnap module is very active','Partners'),(79,2,'Bluesnap very active','',''),(79,3,'Bluesnap very active','',''),(79,4,'Bluesnap very active','',''),(80,1,'Desjardins installed','You have installed the Desjardins module','Partners'),(80,2,'Desjardins installed','',''),(80,3,'Desjardins installed','',''),(80,4,'Desjardins installed','',''),(81,1,'Desjardins configured','You have configured the Desjardins module','Partners'),(81,2,'Desjardins configured','',''),(81,3,'Desjardins configured','',''),(81,4,'Desjardins configured','',''),(82,1,'Desjardins active','Your Desjardins module is active','Partners'),(82,2,'Desjardins active','',''),(82,3,'Desjardins active','',''),(82,4,'Desjardins active','',''),(83,1,'Desjardins very active','Your Desjardins module is very active','Partners'),(83,2,'Desjardins very active','',''),(83,3,'Desjardins very active','',''),(83,4,'Desjardins very active','',''),(84,1,'First Data installed','You have installed the First Data module','Partners'),(84,2,'First Data installed','',''),(84,3,'First Data installed','',''),(84,4,'First Data installed','',''),(85,1,'First Data configured','You have configured the First Data module','Partners'),(85,2,'First Data configured','',''),(85,3,'First Data configured','',''),(85,4,'First Data configured','',''),(86,1,'First Data active','Your First Data module is active','Partners'),(86,2,'First Data active','',''),(86,3,'First Data active','',''),(86,4,'First Data active','',''),(87,1,'First Data very active','Your First Data module is very active','Partners'),(87,2,'First Data very active','',''),(87,3,'First Data very active','',''),(87,4,'First Data very active','',''),(88,1,'Give.it installed','You have installed the Give.it module','Partners'),(88,2,'Give.it installed','',''),(88,3,'Give.it installed','',''),(88,4,'Give.it installed','',''),(89,1,'Give.it configured','You have configured the Give.it module','Partners'),(89,2,'Give.it configured','',''),(89,3,'Give.it configured','',''),(89,4,'Give.it configured','',''),(90,1,'Give.it active','Your Give.it module is active','Partners'),(90,2,'Give.it active','',''),(90,3,'Give.it active','',''),(90,4,'Give.it active','',''),(91,1,'Give.it very active','Your Give.it module is very active','Partners'),(91,2,'Give.it very active','',''),(91,3,'Give.it very active','',''),(91,4,'Give.it very active','',''),(92,1,'Google Analytics installed','You have installed the Google Analytics module','Partners'),(92,2,'Google Analytics installed','',''),(92,3,'Google Analytics installed','',''),(92,4,'Google Analytics installed','',''),(93,1,'Google Analytics configured','You have configured the Google Analytics module','Partners'),(93,2,'Google Analytics configured','',''),(93,3,'Google Analytics configured','',''),(93,4,'Google Analytics configured','',''),(94,1,'Google Analytics active','Your Google Analytics module is active','Partners'),(94,2,'Google Analytics active','',''),(94,3,'Google Analytics active','',''),(94,4,'Google Analytics active','',''),(95,1,'Google Analytics very active','Your Google Analytics module is very active','Partners'),(95,2,'Google Analytics very active','',''),(95,3,'Google Analytics very active','',''),(95,4,'Google Analytics very active','',''),(96,1,'PagSeguro installed','You have installed the PagSeguro module','Partners'),(96,2,'PagSeguro installed','',''),(96,3,'PagSeguro installed','',''),(96,4,'PagSeguro installed','',''),(97,1,'PagSeguro configured','You have configured the PagSeguro module','Partners'),(97,2,'PagSeguro configured','',''),(97,3,'PagSeguro configured','',''),(97,4,'PagSeguro configured','',''),(98,1,'PagSeguro active','Your PagSeguro module is active','Partners'),(98,2,'PagSeguro active','',''),(98,3,'PagSeguro active','',''),(98,4,'PagSeguro active','',''),(99,1,'PagSeguro very active','Your PagSeguro module is very active','Partners'),(99,2,'PagSeguro very active','',''),(99,3,'PagSeguro very active','',''),(99,4,'PagSeguro very active','',''),(100,1,'Paypal MX installed','You have installed the Paypal MX module','Partners'),(100,2,'Paypal MX installed','',''),(100,3,'Paypal MX installed','',''),(100,4,'Paypal MX installed','',''),(101,1,'Paypal MX configured','You have configured the Paypal MX module','Partners'),(101,2,'Paypal MX configured','',''),(101,3,'Paypal MX configured','',''),(101,4,'Paypal MX configured','',''),(102,1,'Paypal MX active','Your Paypal MX module is active','Partners'),(102,2,'Paypal MX active','',''),(102,3,'Paypal MX active','',''),(102,4,'Paypal MX active','',''),(103,1,'Paypal MX very active','Your Paypal MX module is very active','Partners'),(103,2,'Paypal MX very active','',''),(103,3,'Paypal MX very active','',''),(103,4,'Paypal MX very active','',''),(104,1,'Paypal USA installed','You have installed the Paypal USA module','Partners'),(104,2,'Paypal USA installed','',''),(104,3,'Paypal USA installed','',''),(104,4,'Paypal USA installed','',''),(105,1,'Paypal USA configured','You have configured the Paypal USA module','Partners'),(105,2,'Paypal USA configured','',''),(105,3,'Paypal USA configured','',''),(105,4,'Paypal USA configured','',''),(106,1,'Paypal USA active','Your Paypal USA module is active','Partners'),(106,2,'Paypal USA active','',''),(106,3,'Paypal USA active','',''),(106,4,'Paypal USA active','',''),(107,1,'Paypal USA very active','Your Paypal USA module is very active','Partners'),(107,2,'Paypal USA very active','',''),(107,3,'Paypal USA very active','',''),(107,4,'Paypal USA very active','',''),(108,1,'PayULatam installed','You have installed the PayULatam module','Partners'),(108,2,'PayULatam installed','',''),(108,3,'PayULatam installed','',''),(108,4,'PayULatam installed','',''),(109,1,'PayULatam configured','You have configured the PayULatam module','Partners'),(109,2,'PayULatam configured','',''),(109,3,'PayULatam configured','',''),(109,4,'PayULatam configured','',''),(110,1,'PayULatam active','Your PayULatam module is active','Partners'),(110,2,'PayULatam active','',''),(110,3,'PayULatam active','',''),(110,4,'PayULatam active','',''),(111,1,'PayULatam very active','Your PayULatam module is very active','Partners'),(111,2,'PayULatam very active','',''),(111,3,'PayULatam very active','',''),(111,4,'PayULatam very active','',''),(112,1,'PrestaStats installed','You have installed the PrestaStats module','Partners'),(112,2,'PrestaStats installed','',''),(112,3,'PrestaStats installed','',''),(112,4,'PrestaStats installed','',''),(113,1,'PrestaStats configured','You have configured the PrestaStats module','Partners'),(113,2,'PrestaStats configured','',''),(113,3,'PrestaStats configured','',''),(113,4,'PrestaStats configured','',''),(114,1,'PrestaStats active','Your PrestaStats module is active','Partners'),(114,2,'PrestaStats active','',''),(114,3,'PrestaStats active','',''),(114,4,'PrestaStats active','',''),(115,1,'PrestaStats very active','Your PrestaStats module is very active','Partners'),(115,2,'PrestaStats very active','',''),(115,3,'PrestaStats very active','',''),(115,4,'PrestaStats very active','',''),(116,1,'Riskified installed','You have installed the Riskified module','Partners'),(116,2,'Riskified installed','',''),(116,3,'Riskified installed','',''),(116,4,'Riskified installed','',''),(117,1,'Riskified configured','You have configured the Riskified module','Partners'),(117,2,'Riskified configured','',''),(117,3,'Riskified configured','',''),(117,4,'Riskified configured','',''),(118,1,'Riskified active','Your Riskified module is active','Partners'),(118,2,'Riskified active','',''),(118,3,'Riskified active','',''),(118,4,'Riskified active','',''),(119,1,'Riskified very active','Your Riskified module is very active','Partners'),(119,2,'Riskified very active','',''),(119,3,'Riskified very active','',''),(119,4,'Riskified very active','',''),(120,1,'Simplify installed','You have installed the Simplify module','Partners'),(120,2,'Simplify installed','',''),(120,3,'Simplify installed','',''),(120,4,'Simplify installed','',''),(121,1,'Simplify configured','You have configured the Simplify module','Partners'),(121,2,'Simplify configured','',''),(121,3,'Simplify configured','',''),(121,4,'Simplify configured','',''),(122,1,'Simplify active','Your Simplify module is active','Partners'),(122,2,'Simplify active','',''),(122,3,'Simplify active','',''),(122,4,'Simplify active','',''),(123,1,'Simplify very active','Your Simplify module is very active','Partners'),(123,2,'Simplify very active','',''),(123,3,'Simplify very active','',''),(123,4,'Simplify very active','',''),(124,1,'VTPayment installed','You have installed the VTPayment module','Partners'),(124,2,'VTPayment installed','',''),(124,3,'VTPayment installed','',''),(124,4,'VTPayment installed','',''),(125,1,'VTPayment configured','You have configured the VTPayment module','Partners'),(125,2,'VTPayment configured','',''),(125,3,'VTPayment configured','',''),(125,4,'VTPayment configured','',''),(126,1,'VTPayment active','Your VTPayment module is active','Partners'),(126,2,'VTPayment active','',''),(126,3,'VTPayment active','',''),(126,4,'VTPayment active','',''),(127,1,'VTPayment very active','Your VTPayment module is very active','Partners'),(127,2,'VTPayment very active','',''),(127,3,'VTPayment very active','',''),(127,4,'VTPayment very active','',''),(128,1,'Yotpo installed','You have installed the Yotpo module','Partners'),(128,2,'Yotpo installed','',''),(128,3,'Yotpo installed','',''),(128,4,'Yotpo installed','',''),(129,1,'Yotpo configured','You have configured the Yotpo module','Partners'),(129,2,'Yotpo configured','',''),(129,3,'Yotpo configured','',''),(129,4,'Yotpo configured','',''),(130,1,'Yotpo active','Your Yotpo module is active','Partners'),(130,2,'Yotpo active','',''),(130,3,'Yotpo active','',''),(130,4,'Yotpo active','',''),(131,1,'Yotpo very active','Your Yotpo module is very active','Partners'),(131,2,'Yotpo very active','',''),(131,3,'Yotpo very active','',''),(131,4,'Yotpo very active','',''),(132,1,'Youstice installed','You have installed the Youstice module','Partners'),(132,2,'Youstice installed','',''),(132,3,'Youstice installed','',''),(132,4,'Youstice installed','',''),(133,1,'Youstice configured','You have configured the Youstice module','Partners'),(133,2,'Youstice configured','',''),(133,3,'Youstice configured','',''),(133,4,'Youstice configured','',''),(134,1,'Youstice active','Your Youstice module is active','Partners'),(134,2,'Youstice active','',''),(134,3,'Youstice active','',''),(134,4,'Youstice active','',''),(135,1,'Youstice very active','Your Youstice module is very active','Partners'),(135,2,'Youstice very active','',''),(135,3,'Youstice very active','',''),(135,4,'Youstice very active','',''),(136,1,'Loyalty Lion installed','You have installed the Loyalty Lion module','Partners'),(136,2,'Loyalty Lion installed','',''),(136,3,'Loyalty Lion installed','',''),(136,4,'Loyalty Lion installed','',''),(137,1,'Loyalty Lion configured','You have configured the Loyalty Lion module','Partners'),(137,2,'Loyalty Lion configured','',''),(137,3,'Loyalty Lion configured','',''),(137,4,'Loyalty Lion configured','',''),(138,1,'Loyalty Lion active','Your Loyalty Lion module is active','Partners'),(138,2,'Loyalty Lion active','',''),(138,3,'Loyalty Lion active','',''),(138,4,'Loyalty Lion active','',''),(139,1,'Loyalty Lion very active','Your Loyalty Lion module is very active','Partners'),(139,2,'Loyalty Lion very active','',''),(139,3,'Loyalty Lion very active','',''),(139,4,'Loyalty Lion very active','',''),(140,1,'SEO','You enabled the URL rewriting through the tab \"Preferences > SEO and URLs\".','SEO'),(140,2,'SEO','',''),(140,3,'SEO','',''),(140,4,'SEO','',''),(141,1,'Site Performance','You enabled CCC (Combine, Compress and Cache), Rijndael and Smarty through the tab \r\nAdvanced Parameters > Performance.','Site Performance'),(141,2,'Site Performance','',''),(141,3,'Site Performance','',''),(141,4,'Site Performance','',''),(142,1,'Site Performance','You enabled media servers through the tab \"Advanced parameters > Performance\".','Site Performance'),(142,2,'Site Performance','',''),(142,3,'Site Performance','',''),(142,4,'Site Performance','',''),(143,1,'Payment','You configured a payment solution on your shop.','Payment'),(143,2,'Payment','',''),(143,3,'Payment','',''),(143,4,'Payment','',''),(144,1,'Payment','You offer two different payment methods to your customers.','Payment'),(144,2,'Payment','',''),(144,3,'Payment','',''),(144,4,'Payment','',''),(145,1,'Shipping','You configured a carrier on your shop.','Shipping'),(145,2,'Shipping','',''),(145,3,'Shipping','',''),(145,4,'Shipping','',''),(146,1,'Shipping','You offer two shipping solutions (carriers) to your customers.','Shipping'),(146,2,'Shipping','',''),(146,3,'Shipping','',''),(146,4,'Shipping','',''),(147,1,'Catalog Size','You added your first product to your catalog!','Catalog Size'),(147,2,'Catalog Size','',''),(147,3,'Catalog Size','',''),(147,4,'Catalog Size','',''),(148,1,'Catalog Size','You have 10 products within your catalog.','Catalog Size'),(148,2,'Catalog Size','',''),(148,3,'Catalog Size','',''),(148,4,'Catalog Size','',''),(149,1,'Contact information','You configured your phone number so your customers can reach you!','Contact information'),(149,2,'Contact information','',''),(149,3,'Contact information','',''),(149,4,'Contact information','',''),(150,1,'Contact information','You added a third email address to your contact form.','Contact information'),(150,2,'Contact information','',''),(150,3,'Contact information','',''),(150,4,'Contact information','',''),(151,1,'Contact information','You suggest a total of 5 departments to be reached by your customers via your contact form.','Contact information'),(151,2,'Contact information','',''),(151,3,'Contact information','',''),(151,4,'Contact information','',''),(152,1,'Catalog Size','You have 100 products within your catalog.','Catalog Size'),(152,2,'Catalog Size','',''),(152,3,'Catalog Size','',''),(152,4,'Catalog Size','',''),(153,1,'Catalog Size','You have 1,000 products within your catalog.','Catalog Size'),(153,2,'Catalog Size','',''),(153,3,'Catalog Size','',''),(153,4,'Catalog Size','',''),(154,1,'Catalog Size','You have 10,000 products within your catalog.','Catalog Size'),(154,2,'Catalog Size','',''),(154,3,'Catalog Size','',''),(154,4,'Catalog Size','',''),(155,1,'Catalog Size','You have 100,000 products within your catalog.','Catalog Size'),(155,2,'Catalog Size','',''),(155,3,'Catalog Size','',''),(155,4,'Catalog Size','',''),(156,1,'Days of Experience','You just installed PrestaShop!','Days of Experience'),(156,2,'Days of Experience','',''),(156,3,'Days of Experience','',''),(156,4,'Days of Experience','',''),(157,1,'Days of Experience','You installed PrestaShop a week ago!','Days of Experience'),(157,2,'Days of Experience','',''),(157,3,'Days of Experience','',''),(157,4,'Days of Experience','',''),(158,1,'Customization','You uploaded your own logo.','Customization'),(158,2,'Customization','',''),(158,3,'Customization','',''),(158,4,'Customization','',''),(159,1,'Customization','You installed a new template.','Customization'),(159,2,'Customization','',''),(159,3,'Customization','',''),(159,4,'Customization','',''),(160,1,'Addons','You connected your back-office to the Addons platform using your PrestaShop Addons account.','Addons'),(160,2,'Addons','',''),(160,3,'Addons','',''),(160,4,'Addons','',''),(161,1,'Multistores','You enabled the Multistores feature.','Multistores'),(161,2,'Multistores','',''),(161,3,'Multistores','',''),(161,4,'Multistores','',''),(162,1,'Multistores','You manage two shops with the Multistores feature.','Multistores'),(162,2,'Multistores','',''),(162,3,'Multistores','',''),(162,4,'Multistores','',''),(163,1,'Multistores','You manage two different groups of shops using the Multistores feature.','Multistores'),(163,2,'Multistores','',''),(163,3,'Multistores','',''),(163,4,'Multistores','',''),(164,1,'Multistores','You manage five shops with the Multistores feature.','Multistores'),(164,2,'Multistores','',''),(164,3,'Multistores','',''),(164,4,'Multistores','',''),(165,1,'Multistores','You manage five different groups of shops using the Multistores feature.','Multistores'),(165,2,'Multistores','',''),(165,3,'Multistores','',''),(165,4,'Multistores','',''),(166,1,'Shipping','You offer three different shipping solutions (carriers) to your customers.','Shipping'),(166,2,'Shipping','',''),(166,3,'Shipping','',''),(166,4,'Shipping','',''),(167,1,'Payment','You offer three different payment methods to your customers.','Payment'),(167,2,'Payment','',''),(167,3,'Payment','',''),(167,4,'Payment','',''),(168,1,'Revenue','You get this badge when you reach 100 EUR in sales.','Revenue'),(168,2,'Revenue','',''),(168,3,'Revenue','',''),(168,4,'Revenue','',''),(169,1,'Revenue','You get this badge when you reach 1,000 EUR in sales.','Revenue'),(169,2,'Revenue','',''),(169,3,'Revenue','',''),(169,4,'Revenue','',''),(170,1,'Revenue','You get this badge when you reach 10,000 EUR in sales.','Revenue'),(170,2,'Revenue','',''),(170,3,'Revenue','',''),(170,4,'Revenue','',''),(171,1,'Revenue','You get this badge when you reach 100,000 EUR in sales.','Revenue'),(171,2,'Revenue','',''),(171,3,'Revenue','',''),(171,4,'Revenue','',''),(172,1,'Revenue','You get this badge when you reach 1,000,000 EUR in sales.','Revenue'),(172,2,'Revenue','',''),(172,3,'Revenue','',''),(172,4,'Revenue','',''),(173,1,'Revenue','You get this badge when you reach 10,000,000 EUR in sales.','Revenue'),(173,2,'Revenue','',''),(173,3,'Revenue','',''),(173,4,'Revenue','',''),(174,1,'Days of Experience','You installed PrestaShop a month ago!','Days of Experience'),(174,2,'Days of Experience','',''),(174,3,'Days of Experience','',''),(174,4,'Days of Experience','',''),(175,1,'Days of Experience','You installed PrestaShop six months ago!','Days of Experience'),(175,2,'Days of Experience','',''),(175,3,'Days of Experience','',''),(175,4,'Days of Experience','',''),(176,1,'Days of Experience','You installed PrestaShop a year ago!','Days of Experience'),(176,2,'Days of Experience','',''),(176,3,'Days of Experience','',''),(176,4,'Days of Experience','',''),(177,1,'Days of Experience','You installed PrestaShop two years ago!','Days of Experience'),(177,2,'Days of Experience','',''),(177,3,'Days of Experience','',''),(177,4,'Days of Experience','',''),(178,1,'Visitors','You reached 10 visitors!','Visitors'),(178,2,'Visitors','',''),(178,3,'Visitors','',''),(178,4,'Visitors','',''),(179,1,'Visitors','You reached 100 visitors!','Visitors'),(179,2,'Visitors','',''),(179,3,'Visitors','',''),(179,4,'Visitors','',''),(180,1,'Visitors','You reached 1,000 visitors!','Visitors'),(180,2,'Visitors','',''),(180,3,'Visitors','',''),(180,4,'Visitors','',''),(181,1,'Visitors','You reached 10,000 visitors!','Visitors'),(181,2,'Visitors','',''),(181,3,'Visitors','',''),(181,4,'Visitors','',''),(182,1,'Visitors','You reached 100,000 visitors!','Visitors'),(182,2,'Visitors','',''),(182,3,'Visitors','',''),(182,4,'Visitors','',''),(183,1,'Visitors','You reached 1,000,000 visitors!','Visitors'),(183,2,'Visitors','',''),(183,3,'Visitors','',''),(183,4,'Visitors','',''),(184,1,'Customer Carts','Two carts have been created by visitors','Customer Carts'),(184,2,'Customer Carts','',''),(184,3,'Customer Carts','',''),(184,4,'Customer Carts','',''),(185,1,'Customer Carts','Ten carts have been created by visitors.','Customer Carts'),(185,2,'Customer Carts','',''),(185,3,'Customer Carts','',''),(185,4,'Customer Carts','',''),(186,1,'Customer Carts','A hundred carts have been created by visitors on your shop.','Customer Carts'),(186,2,'Customer Carts','',''),(186,3,'Customer Carts','',''),(186,4,'Customer Carts','',''),(187,1,'Customer Carts','A thousand carts have been created by visitors on your shop.','Customer Carts'),(187,2,'Customer Carts','',''),(187,3,'Customer Carts','',''),(187,4,'Customer Carts','',''),(188,1,'Customer Carts','10,000 carts have been created by visitors.','Customer Carts'),(188,2,'Customer Carts','',''),(188,3,'Customer Carts','',''),(188,4,'Customer Carts','',''),(189,1,'Customer Carts','100,000 carts have been created by visitors.','Customer Carts'),(189,2,'Customer Carts','',''),(189,3,'Customer Carts','',''),(189,4,'Customer Carts','',''),(190,1,'Orders','You received your first order.','Orders'),(190,2,'Orders','',''),(190,3,'Orders','',''),(190,4,'Orders','',''),(191,1,'Orders','10 orders have been placed through your online shop.','Orders'),(191,2,'Orders','',''),(191,3,'Orders','',''),(191,4,'Orders','',''),(192,1,'Orders','You received 100 orders through your online shop!','Orders'),(192,2,'Orders','',''),(192,3,'Orders','',''),(192,4,'Orders','',''),(193,1,'Orders','You received 1,000 orders through your online shop, congrats!','Orders'),(193,2,'Orders','',''),(193,3,'Orders','',''),(193,4,'Orders','',''),(194,1,'Orders','You received 10,000 orders through your online shop, cheers!','Orders'),(194,2,'Orders','',''),(194,3,'Orders','',''),(194,4,'Orders','',''),(195,1,'Orders','You received 100,000 orders through your online shop!','Orders'),(195,2,'Orders','',''),(195,3,'Orders','',''),(195,4,'Orders','',''),(196,1,'Customer Service Threads','You received  your first customer\'s message.','Customer Service Threads'),(196,2,'Customer Service Threads','',''),(196,3,'Customer Service Threads','',''),(196,4,'Customer Service Threads','',''),(197,1,'Customer Service Threads','You received 10 messages from your customers.','Customer Service Threads'),(197,2,'Customer Service Threads','',''),(197,3,'Customer Service Threads','',''),(197,4,'Customer Service Threads','',''),(198,1,'Customer Service Threads','You received 100 messages from your customers.','Customer Service Threads'),(198,2,'Customer Service Threads','',''),(198,3,'Customer Service Threads','',''),(198,4,'Customer Service Threads','',''),(199,1,'Customer Service Threads','You received 1,000 messages from your customers.','Customer Service Threads'),(199,2,'Customer Service Threads','',''),(199,3,'Customer Service Threads','',''),(199,4,'Customer Service Threads','',''),(200,1,'Customer Service Threads','You received 10,000 messages from your customers.','Customer Service Threads'),(200,2,'Customer Service Threads','',''),(200,3,'Customer Service Threads','',''),(200,4,'Customer Service Threads','',''),(201,1,'Customer Service Threads','You received 100,000 messages from your customers.','Customer Service Threads'),(201,2,'Customer Service Threads','',''),(201,3,'Customer Service Threads','',''),(201,4,'Customer Service Threads','',''),(202,1,'Customers','You got the first customer registered on your shop!','Customers'),(202,2,'Customers','',''),(202,3,'Customers','',''),(202,4,'Customers','',''),(203,1,'Customers','You have over 10 customers registered on your shop.','Customers'),(203,2,'Customers','',''),(203,3,'Customers','',''),(203,4,'Customers','',''),(204,1,'Customers','You have over 100 customers registered on your shop.','Customers'),(204,2,'Customers','',''),(204,3,'Customers','',''),(204,4,'Customers','',''),(205,1,'Customers','You have over 1,000 customers registered on your shop.','Customers'),(205,2,'Customers','',''),(205,3,'Customers','',''),(205,4,'Customers','',''),(206,1,'Customers','You have over 10,000 customers registered on your shop.','Customers'),(206,2,'Customers','',''),(206,3,'Customers','',''),(206,4,'Customers','',''),(207,1,'Customers','You have over 100,000 customers registered on your shop.','Customers'),(207,2,'Customers','',''),(207,3,'Customers','',''),(207,4,'Customers','',''),(208,1,'Western Europe','You got your first sale in Western Europe!','Western Europe'),(208,2,'Western Europe','',''),(208,3,'Western Europe','',''),(208,4,'Western Europe','',''),(209,1,'Southern Europe','You got your first sale in Southern Europe!','Southern Europe'),(209,2,'Southern Europe','',''),(209,3,'Southern Europe','',''),(209,4,'Southern Europe','',''),(210,1,'Eastern Europe','You got your first sale in Eastern Europe!','Eastern Europe'),(210,2,'Eastern Europe','',''),(210,3,'Eastern Europe','',''),(210,4,'Eastern Europe','',''),(211,1,'Central Europe','You got your first sale in Central Europe!','Central Europe'),(211,2,'Central Europe','',''),(211,3,'Central Europe','',''),(211,4,'Central Europe','',''),(212,1,'Northern Europe','You got your first sale in Northern Europe!','Northern Europe'),(212,2,'Northern Europe','',''),(212,3,'Northern Europe','',''),(212,4,'Northern Europe','',''),(213,1,'North America','You got your first sale in North America','North America'),(213,2,'North America','',''),(213,3,'North America','',''),(213,4,'North America','',''),(214,1,'Oceania','You got your first sale in Oceania','Oceania'),(214,2,'Oceania','',''),(214,3,'Oceania','',''),(214,4,'Oceania','',''),(215,1,'Asia','You got your first sale in Asia','Asia'),(215,2,'Asia','',''),(215,3,'Asia','',''),(215,4,'Asia','',''),(216,1,'South America','You got your first sale in South America','South America'),(216,2,'South America','',''),(216,3,'South America','',''),(216,4,'South America','',''),(217,1,'Africa','You got your first sale in Africa','Africa'),(217,2,'Africa','',''),(217,3,'Africa','',''),(217,4,'Africa','',''),(218,1,'Maghreb','You got your first sale in Maghreb','Maghreb'),(218,2,'Maghreb','',''),(218,3,'Maghreb','',''),(218,4,'Maghreb','',''),(219,1,'Your Team\'s Employees','First employee account added to your shop','Your Team\'s Employees'),(219,2,'Your Team\'s Employees','',''),(219,3,'Your Team\'s Employees','',''),(219,4,'Your Team\'s Employees','',''),(220,1,'Your Team\'s Employees','3 employee accounts added to your shop','Your Team\'s Employees'),(220,2,'Your Team\'s Employees','',''),(220,3,'Your Team\'s Employees','',''),(220,4,'Your Team\'s Employees','',''),(221,1,'Your Team\'s Employees','5 employee accounts added to your shop','Your Team\'s Employees'),(221,2,'Your Team\'s Employees','',''),(221,3,'Your Team\'s Employees','',''),(221,4,'Your Team\'s Employees','',''),(222,1,'Your Team\'s Employees','10 employee accounts added to your shop','Your Team\'s Employees'),(222,2,'Your Team\'s Employees','',''),(222,3,'Your Team\'s Employees','',''),(222,4,'Your Team\'s Employees','',''),(223,1,'Your Team\'s Employees','20 employee accounts added to your shop','Your Team\'s Employees'),(223,2,'Your Team\'s Employees','',''),(223,3,'Your Team\'s Employees','',''),(223,4,'Your Team\'s Employees','',''),(224,1,'Your Team\'s Employees','40 employee accounts added to your shop','Your Team\'s Employees'),(224,2,'Your Team\'s Employees','',''),(224,3,'Your Team\'s Employees','',''),(224,4,'Your Team\'s Employees','',''),(225,1,'Product Pictures','First photo added to your catalog','Product Pictures'),(225,2,'Product Pictures','',''),(225,3,'Product Pictures','',''),(225,4,'Product Pictures','',''),(226,1,'Product Pictures','50 photos added to your catalog','Product Pictures'),(226,2,'Product Pictures','',''),(226,3,'Product Pictures','',''),(226,4,'Product Pictures','',''),(227,1,'Product Pictures','100 photos added to your catalog','Product Pictures'),(227,2,'Product Pictures','',''),(227,3,'Product Pictures','',''),(227,4,'Product Pictures','',''),(228,1,'Product Pictures','1,000 photos added to your catalog','Product Pictures'),(228,2,'Product Pictures','',''),(228,3,'Product Pictures','',''),(228,4,'Product Pictures','',''),(229,1,'Product Pictures','10,000 photos added to your catalog','Product Pictures'),(229,2,'Product Pictures','',''),(229,3,'Product Pictures','',''),(229,4,'Product Pictures','',''),(230,1,'Product Pictures','50,000 photos added to your catalog','Product Pictures'),(230,2,'Product Pictures','',''),(230,3,'Product Pictures','',''),(230,4,'Product Pictures','',''),(231,1,'Customization','First CMS page added to your catalog','Customization'),(231,2,'Customization','',''),(231,3,'Customization','',''),(231,4,'Customization','',''),(232,1,'Cart Rules','First cart rules configured on your shop','Cart Rules'),(232,2,'Cart Rules','',''),(232,3,'Cart Rules','',''),(232,4,'Cart Rules','',''),(233,1,'Cart Rules','You have 10 cart rules configured on your shop','Cart Rules'),(233,2,'Cart Rules','',''),(233,3,'Cart Rules','',''),(233,4,'Cart Rules','',''),(234,1,'Cart Rules','You have 100 cart rules configured on your shop','Cart Rules'),(234,2,'Cart Rules','',''),(234,3,'Cart Rules','',''),(234,4,'Cart Rules','',''),(235,1,'Cart Rules','You have 500 cart rules configured on your shop','Cart Rules'),(235,2,'Cart Rules','',''),(235,3,'Cart Rules','',''),(235,4,'Cart Rules','',''),(236,1,'Cart Rules','You have 1,000 cart rules configured on your shop','Cart Rules'),(236,2,'Cart Rules','',''),(236,3,'Cart Rules','',''),(236,4,'Cart Rules','',''),(237,1,'Cart Rules','You have 5,000 cart rules configured on your shop','Cart Rules'),(237,2,'Cart Rules','',''),(237,3,'Cart Rules','',''),(237,4,'Cart Rules','',''),(238,1,'International Orders','First international order placed on your shop.','International Orders'),(238,2,'International Orders','',''),(238,3,'International Orders','',''),(238,4,'International Orders','',''),(239,1,'International Orders','10 international orders placed on your shop.','International Orders'),(239,2,'International Orders','',''),(239,3,'International Orders','',''),(239,4,'International Orders','',''),(240,1,'International Orders','100 international orders placed on your shop!','International Orders'),(240,2,'International Orders','',''),(240,3,'International Orders','',''),(240,4,'International Orders','',''),(241,1,'International Orders','1,000 international orders placed on your shop!','International Orders'),(241,2,'International Orders','',''),(241,3,'International Orders','',''),(241,4,'International Orders','',''),(242,1,'International Orders','5,000 international orders placed on your shop!','International Orders'),(242,2,'International Orders','',''),(242,3,'International Orders','',''),(242,4,'International Orders','',''),(243,1,'International Orders','10,000 international orders placed on your shop!','International Orders'),(243,2,'International Orders','',''),(243,3,'International Orders','',''),(243,4,'International Orders','',''),(244,1,'Store','First store configured on your shop!','Store'),(244,2,'Store','',''),(244,3,'Store','',''),(244,4,'Store','',''),(245,1,'Store','You have 2 stores configured on your shop','Store'),(245,2,'Store','',''),(245,3,'Store','',''),(245,4,'Store','',''),(246,1,'Store','You have 5 stores configured on your shop','Store'),(246,2,'Store','',''),(246,3,'Store','',''),(246,4,'Store','',''),(247,1,'Store','You have 10 stores configured on your shop','Store'),(247,2,'Store','',''),(247,3,'Store','',''),(247,4,'Store','',''),(248,1,'Store','You have 20 stores configured on your shop','Store'),(248,2,'Store','',''),(248,3,'Store','',''),(248,4,'Store','',''),(249,1,'Store','You have 50 stores configured on your shop','Store'),(249,2,'Store','',''),(249,3,'Store','',''),(249,4,'Store','',''),(250,1,'Webservice x1','First webservice account added to your shop','WebService'),(250,2,'Webservice x1','',''),(250,3,'Webservice x1','',''),(250,4,'Webservice x1','',''),(251,1,'Webservice x2','2 webservice accounts added to your shop','WebService'),(251,2,'Webservice x2','',''),(251,3,'Webservice x2','',''),(251,4,'Webservice x2','',''),(252,1,'Webservice x3','3 webservice accounts added to your shop','WebService'),(252,2,'Webservice x3','',''),(252,3,'Webservice x3','',''),(252,4,'Webservice x3','',''),(253,1,'Webservice x4','4 webservice accounts added to your shop','WebService'),(253,2,'Webservice x4','',''),(253,3,'Webservice x4','',''),(253,4,'Webservice x4','',''),(254,1,'Sofort installed','You have installed the Sofort module','Partners'),(255,1,'Sofort configured','You have configured the Sofort module','Partners'),(256,1,'Sofort active','Your Sofort module is active','Partners'),(257,1,'Sofort very active','Your Sofort module is very active','Partners'),(258,1,'Neteven installed','You have installed the Neteven module','Partners'),(259,1,'Neteven configured','You have configured the Neteven module','Partners'),(260,1,'Neteven active','Your Neteven module is active','Partners'),(261,1,'Neteven very active','Your Neteven module is very active','Partners'),(262,1,'Twenga installed','You have installed the Twenga module','Partners'),(263,1,'Twenga configured','You have configured the Twenga module','Partners'),(264,1,'Feedaty installed','You have installed the Feedaty module','Partners'),(265,1,'Feedaty configured','You have configured the Feedaty module','Partners'),(266,1,'Boxdrop configured','You have configured the boxdrop module','Partners'),(267,1,'Boxdrop installed','You have installed the Boxdrop module','Partners'),(268,1,'Boxdrop active','Your Boxdrop module is active','Partners'),(269,1,'Boxdrop very active','Your Boxdrop module is very active','Partners');

--
-- Table structure for table `ps_bannerinfo`
--

CREATE TABLE `ps_bannerinfo` (
  `id_bannerinfo` int(10) unsigned NOT NULL AUTO_INCREMENT,
  `id_shop` int(10) unsigned DEFAULT NULL,
  PRIMARY KEY (`id_bannerinfo`)
) ENGINE=InnoDB AUTO_INCREMENT=7 DEFAULT CHARSET=utf8;

--
-- Dumping data for table `ps_bannerinfo`
--

INSERT INTO `ps_bannerinfo` VALUES (1,1),(2,3),(3,4),(4,5),(5,6),(6,7);

--
-- Table structure for table `ps_bannerinfo_lang`
--

CREATE TABLE `ps_bannerinfo_lang` (
  `id_bannerinfo` int(10) unsigned NOT NULL,
  `id_lang` int(10) unsigned NOT NULL,
  `text` text NOT NULL,
  PRIMARY KEY (`id_bannerinfo`,`id_lang`)
) ENGINE=InnoDB DEFAULT CHARSET=utf8;

--
-- Dumping data for table `ps_bannerinfo_lang`
--

INSERT INTO `ps_bannerinfo_lang` VALUES (1,1,'<div id=\"custom-bannerblock\">\n<div class=\"subbannercms-outer container\">\n<div class=\"row\">\n<div class=\"subbannercms-inner\">\n<div class=\"subbanner-common subbannerpart1\">\n<div class=\"subbanner1 subbanner-inner\"><a href=\"#\"> <img src=\"https://tandg.quicklysa.ch/img/cms/0808_high_1_0.jpg\" alt=\"0808_high_1_0.jpg\" /></a></div>\n</div>\n<div class=\"subbanner-common subbannerpart2\">\n<div class=\"subbanner2 subbanner-inner\"><a href=\"#\"> <img src=\"https://tandg.quicklysa.ch/img/cms/0842_high_3.jpg\" alt=\"0842_high_3.jpg\" /></a></div>\n</div>\n<div class=\"subbanner-common subbannerpart3\">\n<div class=\"subbanner3 subbanner-inner\"><a href=\"#\"> <img src=\"https://tandg.quicklysa.ch/img/cms/0843_high_1_0.jpg\" alt=\"0843_high_1_0.jpg\" /></a></div>\n</div>\n</div>\n</div>\n</div>\n</div>'),(1,2,'<div id=\"custom-bannerblock\">\n<div class=\"subbannercms-outer container\">\n<div class=\"row\">\n<div class=\"subbannercms-inner\">\n<div class=\"subbanner-common subbannerpart1\">\n<div class=\"subbanner1 subbanner-inner\"><a href=\"#\"> <img src=\"https://tandg.quicklysa.ch/img/cms/0808_high_1_0.jpg\" alt=\"0808_high_1_0.jpg\" /></a></div>\n</div>\n<div class=\"subbanner-common subbannerpart2\">\n<div class=\"subbanner2 subbanner-inner\"><a href=\"#\"> <img src=\"https://tandg.quicklysa.ch/img/cms/0842_high_3.jpg\" alt=\"0842_high_3.jpg\" /></a></div>\n</div>\n<div class=\"subbanner-common subbannerpart3\">\n<div class=\"subbanner3 subbanner-inner\"><a href=\"#\"> <img src=\"https://tandg.quicklysa.ch/img/cms/0843_high_1_0.jpg\" alt=\"0843_high_1_0.jpg\" /></a></div>\n</div>\n</div>\n</div>\n</div>\n</div>'),(1,3,'<div id=\"custom-bannerblock\">\n<div class=\"subbannercms-outer container\">\n<div class=\"row\">\n<div class=\"subbannercms-inner\">\n<div class=\"subbanner-common subbannerpart1\">\n<div class=\"subbanner1 subbanner-inner\"><a href=\"#\"> <img src=\"https://tandg.quicklysa.ch/img/cms/0808_high_1_0.jpg\" alt=\"0808_high_1_0.jpg\" /></a></div>\n</div>\n<div class=\"subbanner-common subbannerpart2\">\n<div class=\"subbanner2 subbanner-inner\"><a href=\"#\"> <img src=\"https://tandg.quicklysa.ch/img/cms/0842_high_3.jpg\" alt=\"0842_high_3.jpg\" /></a></div>\n</div>\n<div class=\"subbanner-common subbannerpart3\">\n<div class=\"subbanner3 subbanner-inner\"><a href=\"#\"> <img src=\"https://tandg.quicklysa.ch/img/cms/0843_high_1_0.jpg\" alt=\"0843_high_1_0.jpg\" /></a></div>\n</div>\n</div>\n</div>\n</div>\n</div>'),(1,4,'<div id=\"custom-bannerblock\">\n<div class=\"subbannercms-outer container\">\n<div class=\"row\">\n<div class=\"subbannercms-inner\">\n<div class=\"subbanner-common subbannerpart1\">\n<div class=\"subbanner1 subbanner-inner\"><a href=\"#\"> <img src=\"https://tandg.quicklysa.ch/img/cms/0808_high_1_0.jpg\" alt=\"0808_high_1_0.jpg\" /></a></div>\n</div>\n<div class=\"subbanner-common subbannerpart2\">\n<div class=\"subbanner2 subbanner-inner\"><a href=\"#\"> <img src=\"https://tandg.quicklysa.ch/img/cms/0842_high_3.jpg\" alt=\"0842_high_3.jpg\" /></a></div>\n</div>\n<div class=\"subbanner-common subbannerpart3\">\n<div class=\"subbanner3 subbanner-inner\"><a href=\"#\"> <img src=\"https://tandg.quicklysa.ch/img/cms/0843_high_1_0.jpg\" alt=\"0843_high_1_0.jpg\" /></a></div>\n</div>\n</div>\n</div>\n</div>\n</div>'),(2,1,'<div id=\"custom-bannerblock\">\n<div class=\"subbannercms-outer container\">\n<div class=\"row\">\n<div class=\"subbannercms-inner\">\n<div class=\"subbanner-common subbannerpart1\">\n<div class=\"subbanner1 subbanner-inner\"><a href=\"#\"> <img src=\"https://tandg.quicklysa.ch/img/cms/0808_high_1_0.jpg\" alt=\"0808_high_1_0.jpg\" /></a></div>\n</div>\n<div class=\"subbanner-common subbannerpart2\">\n<div class=\"subbanner2 subbanner-inner\"><a href=\"#\"> <img src=\"https://tandg.quicklysa.ch/img/cms/0842_high_3.jpg\" alt=\"0842_high_3.jpg\" /></a></div>\n</div>\n<div class=\"subbanner-common subbannerpart3\">\n<div class=\"subbanner3 subbanner-inner\"><a href=\"#\"> <img src=\"https://tandg.quicklysa.ch/img/cms/0843_high_1_0.jpg\" alt=\"0843_high_1_0.jpg\" /></a></div>\n</div>\n</div>\n</div>\n</div>\n</div>'),(2,2,'<div id=\"custom-bannerblock\">\n<div class=\"subbannercms-outer container\">\n<div class=\"row\">\n<div class=\"subbannercms-inner\">\n<div class=\"subbanner-common subbannerpart1\">\n<div class=\"subbanner1 subbanner-inner\"><a href=\"#\"> <img src=\"https://tandg.quicklysa.ch/img/cms/0808_high_1_0.jpg\" alt=\"0808_high_1_0.jpg\" /></a></div>\n</div>\n<div class=\"subbanner-common subbannerpart2\">\n<div class=\"subbanner2 subbanner-inner\"><a href=\"#\"> <img src=\"https://tandg.quicklysa.ch/img/cms/0842_high_3.jpg\" alt=\"0842_high_3.jpg\" /></a></div>\n</div>\n<div class=\"subbanner-common subbannerpart3\">\n<div class=\"subbanner3 subbanner-inner\"><a href=\"#\"> <img src=\"https://tandg.quicklysa.ch/img/cms/0843_high_1_0.jpg\" alt=\"0843_high_1_0.jpg\" /></a></div>\n</div>\n</div>\n</div>\n</div>\n</div>'),(2,3,'<div id=\"custom-bannerblock\">\n<div class=\"subbannercms-outer container\">\n<div class=\"row\">\n<div class=\"subbannercms-inner\">\n<div class=\"subbanner-common subbannerpart1\">\n<div class=\"subbanner1 subbanner-inner\"><a href=\"#\"> <img src=\"https://tandg.quicklysa.ch/img/cms/0808_high_1_0.jpg\" alt=\"0808_high_1_0.jpg\" /></a></div>\n</div>\n<div class=\"subbanner-common subbannerpart2\">\n<div class=\"subbanner2 subbanner-inner\"><a href=\"#\"> <img src=\"https://tandg.quicklysa.ch/img/cms/0842_high_3.jpg\" alt=\"0842_high_3.jpg\" /></a></div>\n</div>\n<div class=\"subbanner-common subbannerpart3\">\n<div class=\"subbanner3 subbanner-inner\"><a href=\"#\"> <img src=\"https://tandg.quicklysa.ch/img/cms/0843_high_1_0.jpg\" alt=\"0843_high_1_0.jpg\" /></a></div>\n</div>\n</div>\n</div>\n</div>\n</div>'),(2,4,'<div id=\"custom-bannerblock\">\n<div class=\"subbannercms-outer container\">\n<div class=\"row\">\n<div class=\"subbannercms-inner\">\n<div class=\"subbanner-common subbannerpart1\">\n<div class=\"subbanner1 subbanner-inner\"><a href=\"#\"> <img src=\"https://tandg.quicklysa.ch/img/cms/0808_high_1_0.jpg\" alt=\"0808_high_1_0.jpg\" /></a></div>\n</div>\n<div class=\"subbanner-common subbannerpart2\">\n<div class=\"subbanner2 subbanner-inner\"><a href=\"#\"> <img src=\"https://tandg.quicklysa.ch/img/cms/0842_high_3.jpg\" alt=\"0842_high_3.jpg\" /></a></div>\n</div>\n<div class=\"subbanner-common subbannerpart3\">\n<div class=\"subbanner3 subbanner-inner\"><a href=\"#\"> <img src=\"https://tandg.quicklysa.ch/img/cms/0843_high_1_0.jpg\" alt=\"0843_high_1_0.jpg\" /></a></div>\n</div>\n</div>\n</div>\n</div>\n</div>'),(3,1,'<div id=\"custom-bannerblock\">\n<div class=\"subbannercms-outer container\">\n<div class=\"row\">\n<div class=\"subbannercms-inner\">\n<div class=\"subbanner-common subbannerpart1\">\n<div class=\"subbanner1 subbanner-inner\"><a href=\"#\"> <img src=\"https://tandg.quicklysa.ch/img/cms/0808_high_1_0.jpg\" alt=\"0808_high_1_0.jpg\" /></a></div>\n</div>\n<div class=\"subbanner-common subbannerpart2\">\n<div class=\"subbanner2 subbanner-inner\"><a href=\"#\"> <img src=\"https://tandg.quicklysa.ch/img/cms/0842_high_3.jpg\" alt=\"0842_high_3.jpg\" /></a></div>\n</div>\n<div class=\"subbanner-common subbannerpart3\">\n<div class=\"subbanner3 subbanner-inner\"><a href=\"#\"> <img src=\"https://tandg.quicklysa.ch/img/cms/0843_high_1_0.jpg\" alt=\"0843_high_1_0.jpg\" /></a></div>\n</div>\n</div>\n</div>\n</div>\n</div>'),(3,2,'<div id=\"custom-bannerblock\">\n<div class=\"subbannercms-outer container\">\n<div class=\"row\">\n<div class=\"subbannercms-inner\">\n<div class=\"subbanner-common subbannerpart1\">\n<div class=\"subbanner1 subbanner-inner\"><a href=\"#\"> <img src=\"https://tandg.quicklysa.ch/img/cms/0808_high_1_0.jpg\" alt=\"0808_high_1_0.jpg\" /></a></div>\n</div>\n<div class=\"subbanner-common subbannerpart2\">\n<div class=\"subbanner2 subbanner-inner\"><a href=\"#\"> <img src=\"https://tandg.quicklysa.ch/img/cms/0842_high_3.jpg\" alt=\"0842_high_3.jpg\" /></a></div>\n</div>\n<div class=\"subbanner-common subbannerpart3\">\n<div class=\"subbanner3 subbanner-inner\"><a href=\"#\"> <img src=\"https://tandg.quicklysa.ch/img/cms/0843_high_1_0.jpg\" alt=\"0843_high_1_0.jpg\" /></a></div>\n</div>\n</div>\n</div>\n</div>\n</div>'),(3,3,'<div id=\"custom-bannerblock\">\n<div class=\"subbannercms-outer container\">\n<div class=\"row\">\n<div class=\"subbannercms-inner\">\n<div class=\"subbanner-common subbannerpart1\">\n<div class=\"subbanner1 subbanner-inner\"><a href=\"#\"> <img src=\"https://tandg.quicklysa.ch/img/cms/0808_high_1_0.jpg\" alt=\"0808_high_1_0.jpg\" /></a></div>\n</div>\n<div class=\"subbanner-common subbannerpart2\">\n<div class=\"subbanner2 subbanner-inner\"><a href=\"#\"> <img src=\"https://tandg.quicklysa.ch/img/cms/0842_high_3.jpg\" alt=\"0842_high_3.jpg\" /></a></div>\n</div>\n<div class=\"subbanner-common subbannerpart3\">\n<div class=\"subbanner3 subbanner-inner\"><a href=\"#\"> <img src=\"https://tandg.quicklysa.ch/img/cms/0843_high_1_0.jpg\" alt=\"0843_high_1_0.jpg\" /></a></div>\n</div>\n</div>\n</div>\n</div>\n</div>'),(3,4,'<div id=\"custom-bannerblock\">\n<div class=\"subbannercms-outer container\">\n<div class=\"row\">\n<div class=\"subbannercms-inner\">\n<div class=\"subbanner-common subbannerpart1\">\n<div class=\"subbanner1 subbanner-inner\"><a href=\"#\"> <img src=\"https://tandg.quicklysa.ch/img/cms/0808_high_1_0.jpg\" alt=\"0808_high_1_0.jpg\" /></a></div>\n</div>\n<div class=\"subbanner-common subbannerpart2\">\n<div class=\"subbanner2 subbanner-inner\"><a href=\"#\"> <img src=\"https://tandg.quicklysa.ch/img/cms/0842_high_3.jpg\" alt=\"0842_high_3.jpg\" /></a></div>\n</div>\n<div class=\"subbanner-common subbannerpart3\">\n<div class=\"subbanner3 subbanner-inner\"><a href=\"#\"> <img src=\"https://tandg.quicklysa.ch/img/cms/0843_high_1_0.jpg\" alt=\"0843_high_1_0.jpg\" /></a></div>\n</div>\n</div>\n</div>\n</div>\n</div>'),(4,1,'<div id=\"custom-bannerblock\">\n<div class=\"subbannercms-outer container\">\n<div class=\"row\">\n<div class=\"subbannercms-inner\">\n<div class=\"subbanner-common subbannerpart1\">\n<div class=\"subbanner1 subbanner-inner\"><a href=\"#\"> <img src=\"https://tandg.quicklysa.ch/img/cms/0808_high_1_0.jpg\" alt=\"0808_high_1_0.jpg\" /></a></div>\n</div>\n<div class=\"subbanner-common subbannerpart2\">\n<div class=\"subbanner2 subbanner-inner\"><a href=\"#\"> <img src=\"https://tandg.quicklysa.ch/img/cms/0842_high_3.jpg\" alt=\"0842_high_3.jpg\" /></a></div>\n</div>\n<div class=\"subbanner-common subbannerpart3\">\n<div class=\"subbanner3 subbanner-inner\"><a href=\"#\"> <img src=\"https://tandg.quicklysa.ch/img/cms/0843_high_1_0.jpg\" alt=\"0843_high_1_0.jpg\" /></a></div>\n</div>\n</div>\n</div>\n</div>\n</div>'),(4,2,'<div id=\"custom-bannerblock\">\n<div class=\"subbannercms-outer container\">\n<div class=\"row\">\n<div class=\"subbannercms-inner\">\n<div class=\"subbanner-common subbannerpart1\">\n<div class=\"subbanner1 subbanner-inner\"><a href=\"#\"> <img src=\"https://tandg.quicklysa.ch/img/cms/0808_high_1_0.jpg\" alt=\"0808_high_1_0.jpg\" /></a></div>\n</div>\n<div class=\"subbanner-common subbannerpart2\">\n<div class=\"subbanner2 subbanner-inner\"><a href=\"#\"> <img src=\"https://tandg.quicklysa.ch/img/cms/0842_high_3.jpg\" alt=\"0842_high_3.jpg\" /></a></div>\n</div>\n<div class=\"subbanner-common subbannerpart3\">\n<div class=\"subbanner3 subbanner-inner\"><a href=\"#\"> <img src=\"https://tandg.quicklysa.ch/img/cms/0843_high_1_0.jpg\" alt=\"0843_high_1_0.jpg\" /></a></div>\n</div>\n</div>\n</div>\n</div>\n</div>'),(4,3,'<div id=\"custom-bannerblock\">\n<div class=\"subbannercms-outer container\">\n<div class=\"row\">\n<div class=\"subbannercms-inner\">\n<div class=\"subbanner-common subbannerpart1\">\n<div class=\"subbanner1 subbanner-inner\"><a href=\"#\"> <img src=\"https://tandg.quicklysa.ch/img/cms/0808_high_1_0.jpg\" alt=\"0808_high_1_0.jpg\" /></a></div>\n</div>\n<div class=\"subbanner-common subbannerpart2\">\n<div class=\"subbanner2 subbanner-inner\"><a href=\"#\"> <img src=\"https://tandg.quicklysa.ch/img/cms/0842_high_3.jpg\" alt=\"0842_high_3.jpg\" /></a></div>\n</div>\n<div class=\"subbanner-common subbannerpart3\">\n<div class=\"subbanner3 subbanner-inner\"><a href=\"#\"> <img src=\"https://tandg.quicklysa.ch/img/cms/0843_high_1_0.jpg\" alt=\"0843_high_1_0.jpg\" /></a></div>\n</div>\n</div>\n</div>\n</div>\n</div>'),(4,4,'<div id=\"custom-bannerblock\">\n<div class=\"subbannercms-outer container\">\n<div class=\"row\">\n<div class=\"subbannercms-inner\">\n<div class=\"subbanner-common subbannerpart1\">\n<div class=\"subbanner1 subbanner-inner\"><a href=\"#\"> <img src=\"https://tandg.quicklysa.ch/img/cms/0808_high_1_0.jpg\" alt=\"0808_high_1_0.jpg\" /></a></div>\n</div>\n<div class=\"subbanner-common subbannerpart2\">\n<div class=\"subbanner2 subbanner-inner\"><a href=\"#\"> <img src=\"https://tandg.quicklysa.ch/img/cms/0842_high_3.jpg\" alt=\"0842_high_3.jpg\" /></a></div>\n</div>\n<div class=\"subbanner-common subbannerpart3\">\n<div class=\"subbanner3 subbanner-inner\"><a href=\"#\"> <img src=\"https://tandg.quicklysa.ch/img/cms/0843_high_1_0.jpg\" alt=\"0843_high_1_0.jpg\" /></a></div>\n</div>\n</div>\n</div>\n</div>\n</div>'),(5,1,'<div id=\"custom-bannerblock\">\n<div class=\"subbannercms-outer container\">\n<div class=\"row\">\n<div class=\"subbannercms-inner\">\n<div class=\"subbanner-common subbannerpart1\">\n<div class=\"subbanner1 subbanner-inner\"><a href=\"#\"> <img src=\"https://tandg.quicklysa.ch/img/cms/0808_high_1_0.jpg\" alt=\"0808_high_1_0.jpg\" /></a></div>\n</div>\n<div class=\"subbanner-common subbannerpart2\">\n<div class=\"subbanner2 subbanner-inner\"><a href=\"#\"> <img src=\"https://tandg.quicklysa.ch/img/cms/0842_high_3.jpg\" alt=\"0842_high_3.jpg\" /></a></div>\n</div>\n<div class=\"subbanner-common subbannerpart3\">\n<div class=\"subbanner3 subbanner-inner\"><a href=\"#\"> <img src=\"https://tandg.quicklysa.ch/img/cms/0843_high_1_0.jpg\" alt=\"0843_high_1_0.jpg\" /></a></div>\n</div>\n</div>\n</div>\n</div>\n</div>'),(5,2,'<div id=\"custom-bannerblock\">\n<div class=\"subbannercms-outer container\">\n<div class=\"row\">\n<div class=\"subbannercms-inner\">\n<div class=\"subbanner-common subbannerpart1\">\n<div class=\"subbanner1 subbanner-inner\"><a href=\"#\"> <img src=\"https://tandg.quicklysa.ch/img/cms/0808_high_1_0.jpg\" alt=\"0808_high_1_0.jpg\" /></a></div>\n</div>\n<div class=\"subbanner-common subbannerpart2\">\n<div class=\"subbanner2 subbanner-inner\"><a href=\"#\"> <img src=\"https://tandg.quicklysa.ch/img/cms/0842_high_3.jpg\" alt=\"0842_high_3.jpg\" /></a></div>\n</div>\n<div class=\"subbanner-common subbannerpart3\">\n<div class=\"subbanner3 subbanner-inner\"><a href=\"#\"> <img src=\"https://tandg.quicklysa.ch/img/cms/0843_high_1_0.jpg\" alt=\"0843_high_1_0.jpg\" /></a></div>\n</div>\n</div>\n</div>\n</div>\n</div>'),(5,3,'<div id=\"custom-bannerblock\">\n<div class=\"subbannercms-outer container\">\n<div class=\"row\">\n<div class=\"subbannercms-inner\">\n<div class=\"subbanner-common subbannerpart1\">\n<div class=\"subbanner1 subbanner-inner\"><a href=\"#\"> <img src=\"https://tandg.quicklysa.ch/img/cms/0808_high_1_0.jpg\" alt=\"0808_high_1_0.jpg\" /></a></div>\n</div>\n<div class=\"subbanner-common subbannerpart2\">\n<div class=\"subbanner2 subbanner-inner\"><a href=\"#\"> <img src=\"https://tandg.quicklysa.ch/img/cms/0842_high_3.jpg\" alt=\"0842_high_3.jpg\" /></a></div>\n</div>\n<div class=\"subbanner-common subbannerpart3\">\n<div class=\"subbanner3 subbanner-inner\"><a href=\"#\"> <img src=\"https://tandg.quicklysa.ch/img/cms/0843_high_1_0.jpg\" alt=\"0843_high_1_0.jpg\" /></a></div>\n</div>\n</div>\n</div>\n</div>\n</div>'),(5,4,'<div id=\"custom-bannerblock\">\n<div class=\"subbannercms-outer container\">\n<div class=\"row\">\n<div class=\"subbannercms-inner\">\n<div class=\"subbanner-common subbannerpart1\">\n<div class=\"subbanner1 subbanner-inner\"><a href=\"#\"> <img src=\"https://tandg.quicklysa.ch/img/cms/0808_high_1_0.jpg\" alt=\"0808_high_1_0.jpg\" /></a></div>\n</div>\n<div class=\"subbanner-common subbannerpart2\">\n<div class=\"subbanner2 subbanner-inner\"><a href=\"#\"> <img src=\"https://tandg.quicklysa.ch/img/cms/0842_high_3.jpg\" alt=\"0842_high_3.jpg\" /></a></div>\n</div>\n<div class=\"subbanner-common subbannerpart3\">\n<div class=\"subbanner3 subbanner-inner\"><a href=\"#\"> <img src=\"https://tandg.quicklysa.ch/img/cms/0843_high_1_0.jpg\" alt=\"0843_high_1_0.jpg\" /></a></div>\n</div>\n</div>\n</div>\n</div>\n</div>'),(6,1,'<div id=\"custom-bannerblock\">\n<div class=\"subbannercms-outer container\">\n<div class=\"row\">\n<div class=\"subbannercms-inner\">\n<div class=\"subbanner-common subbannerpart1\">\n<div class=\"subbanner1 subbanner-inner\"><a href=\"#\"> <img src=\"https://tandg.quicklysa.ch/img/cms/0808_high_1_0.jpg\" alt=\"0808_high_1_0.jpg\" /></a></div>\n</div>\n<div class=\"subbanner-common subbannerpart2\">\n<div class=\"subbanner2 subbanner-inner\"><a href=\"#\"> <img src=\"https://tandg.quicklysa.ch/img/cms/0842_high_3.jpg\" alt=\"0842_high_3.jpg\" /></a></div>\n</div>\n<div class=\"subbanner-common subbannerpart3\">\n<div class=\"subbanner3 subbanner-inner\"><a href=\"#\"> <img src=\"https://tandg.quicklysa.ch/img/cms/0843_high_1_0.jpg\" alt=\"0843_high_1_0.jpg\" /></a></div>\n</div>\n</div>\n</div>\n</div>\n</div>'),(6,2,'<div id=\"custom-bannerblock\">\n<div class=\"subbannercms-outer container\">\n<div class=\"row\">\n<div class=\"subbannercms-inner\">\n<div class=\"subbanner-common subbannerpart1\">\n<div class=\"subbanner1 subbanner-inner\"><a href=\"#\"> <img src=\"https://tandg.quicklysa.ch/img/cms/0808_high_1_0.jpg\" alt=\"0808_high_1_0.jpg\" /></a></div>\n</div>\n<div class=\"subbanner-common subbannerpart2\">\n<div class=\"subbanner2 subbanner-inner\"><a href=\"#\"> <img src=\"https://tandg.quicklysa.ch/img/cms/0842_high_3.jpg\" alt=\"0842_high_3.jpg\" /></a></div>\n</div>\n<div class=\"subbanner-common subbannerpart3\">\n<div class=\"subbanner3 subbanner-inner\"><a href=\"#\"> <img src=\"https://tandg.quicklysa.ch/img/cms/0843_high_1_0.jpg\" alt=\"0843_high_1_0.jpg\" /></a></div>\n</div>\n</div>\n</div>\n</div>\n</div>'),(6,3,'<div id=\"custom-bannerblock\">\n<div class=\"subbannercms-outer container\">\n<div class=\"row\">\n<div class=\"subbannercms-inner\">\n<div class=\"subbanner-common subbannerpart1\">\n<div class=\"subbanner1 subbanner-inner\"><a href=\"#\"> <img src=\"https://tandg.quicklysa.ch/img/cms/0808_high_1_0.jpg\" alt=\"0808_high_1_0.jpg\" /></a></div>\n</div>\n<div class=\"subbanner-common subbannerpart2\">\n<div class=\"subbanner2 subbanner-inner\"><a href=\"#\"> <img src=\"https://tandg.quicklysa.ch/img/cms/0842_high_3.jpg\" alt=\"0842_high_3.jpg\" /></a></div>\n</div>\n<div class=\"subbanner-common subbannerpart3\">\n<div class=\"subbanner3 subbanner-inner\"><a href=\"#\"> <img src=\"https://tandg.quicklysa.ch/img/cms/0843_high_1_0.jpg\" alt=\"0843_high_1_0.jpg\" /></a></div>\n</div>\n</div>\n</div>\n</div>\n</div>'),(6,4,'<div id=\"custom-bannerblock\">\n<div class=\"subbannercms-outer container\">\n<div class=\"row\">\n<div class=\"subbannercms-inner\">\n<div class=\"subbanner-common subbannerpart1\">\n<div class=\"subbanner1 subbanner-inner\"><a href=\"#\"> <img src=\"https://tandg.quicklysa.ch/img/cms/0808_high_1_0.jpg\" alt=\"0808_high_1_0.jpg\" /></a></div>\n</div>\n<div class=\"subbanner-common subbannerpart2\">\n<div class=\"subbanner2 subbanner-inner\"><a href=\"#\"> <img src=\"https://tandg.quicklysa.ch/img/cms/0842_high_3.jpg\" alt=\"0842_high_3.jpg\" /></a></div>\n</div>\n<div class=\"subbanner-common subbannerpart3\">\n<div class=\"subbanner3 subbanner-inner\"><a href=\"#\"> <img src=\"https://tandg.quicklysa.ch/img/cms/0843_high_1_0.jpg\" alt=\"0843_high_1_0.jpg\" /></a></div>\n</div>\n</div>\n</div>\n</div>\n</div>');

--
-- Table structure for table `ps_bonnewsletter`
--

CREATE TABLE `ps_bonnewsletter` (
  `id_tab` int(11) NOT NULL AUTO_INCREMENT,
  `id_shop` int(11) NOT NULL DEFAULT '1',
  `data_start` datetime NOT NULL,
  `data_end` datetime NOT NULL,
  PRIMARY KEY (`id_tab`,`id_shop`)
) ENGINE=InnoDB DEFAULT CHARSET=utf8;

--
-- Dumping data for table `ps_bonnewsletter`
--


--
-- Table structure for table `ps_bonnewsletter_lang`
--

CREATE TABLE `ps_bonnewsletter_lang` (
  `id_tab` int(10) unsigned NOT NULL,
  `id_lang` int(11) NOT NULL,
  `image` varchar(100) NOT NULL,
  `description` text NOT NULL,
  PRIMARY KEY (`id_tab`,`id_lang`)
) ENGINE=InnoDB DEFAULT CHARSET=utf8;

--
-- Dumping data for table `ps_bonnewsletter_lang`
--


--
-- Table structure for table `ps_carrier`
--

CREATE TABLE `ps_carrier` (
  `id_carrier` int(10) unsigned NOT NULL AUTO_INCREMENT,
  `id_reference` int(10) unsigned NOT NULL,
  `id_tax_rules_group` int(10) unsigned DEFAULT '0',
  `name` varchar(64) NOT NULL,
  `url` varchar(255) DEFAULT NULL,
  `active` tinyint(1) unsigned NOT NULL DEFAULT '0',
  `deleted` tinyint(1) unsigned NOT NULL DEFAULT '0',
  `shipping_handling` tinyint(1) unsigned NOT NULL DEFAULT '1',
  `range_behavior` tinyint(1) unsigned NOT NULL DEFAULT '0',
  `is_module` tinyint(1) unsigned NOT NULL DEFAULT '0',
  `is_free` tinyint(1) unsigned NOT NULL DEFAULT '0',
  `shipping_external` tinyint(1) unsigned NOT NULL DEFAULT '0',
  `need_range` tinyint(1) unsigned NOT NULL DEFAULT '0',
  `external_module_name` varchar(64) DEFAULT NULL,
  `shipping_method` int(2) NOT NULL DEFAULT '0',
  `position` int(10) unsigned NOT NULL DEFAULT '0',
  `max_width` int(10) DEFAULT '0',
  `max_height` int(10) DEFAULT '0',
  `max_depth` int(10) DEFAULT '0',
  `max_weight` decimal(20,6) DEFAULT '0.000000',
  `grade` int(10) DEFAULT '0',
  PRIMARY KEY (`id_carrier`),
  KEY `deleted` (`deleted`,`active`),
  KEY `id_tax_rules_group` (`id_tax_rules_group`),
  KEY `reference` (`id_reference`,`deleted`,`active`)
) ENGINE=InnoDB AUTO_INCREMENT=7 DEFAULT CHARSET=utf8;

--
-- Dumping data for table `ps_carrier`
--

INSERT INTO `ps_carrier` VALUES (1,1,0,'Toys And Games','',1,1,0,0,0,1,0,0,'',1,0,0,0,0,0.000000,0),(2,2,0,'My carrier','',1,1,1,0,0,0,0,0,'',1,1,0,0,0,0.000000,0),(3,2,0,'My carrier','',1,1,0,0,0,0,0,0,'',2,1,0,0,0,0.000000,0),(4,1,0,'Toys And Games','',1,1,0,0,0,1,0,0,'',1,0,0,0,0,0.000000,0),(5,1,0,'Toys And Games','',1,0,0,0,0,1,0,0,'',1,0,0,0,0,0.000000,0),(6,2,0,'My carrier','',0,0,0,0,0,0,0,0,'',2,1,0,0,0,0.000000,0);

--
-- Table structure for table `ps_carrier_group`
--

CREATE TABLE `ps_carrier_group` (
  `id_carrier` int(10) unsigned NOT NULL,
  `id_group` int(10) unsigned NOT NULL,
  PRIMARY KEY (`id_carrier`,`id_group`)
) ENGINE=InnoDB DEFAULT CHARSET=utf8;

--
-- Dumping data for table `ps_carrier_group`
--

INSERT INTO `ps_carrier_group` VALUES (1,1),(1,2),(1,3),(2,1),(2,2),(2,3),(3,1),(3,2),(3,3),(4,1),(4,2),(4,3),(5,1),(5,2),(5,3),(6,1),(6,2),(6,3);

--
-- Table structure for table `ps_carrier_lang`
--

CREATE TABLE `ps_carrier_lang` (
  `id_carrier` int(10) unsigned NOT NULL,
  `id_shop` int(11) unsigned NOT NULL DEFAULT '1',
  `id_lang` int(10) unsigned NOT NULL,
  `delay` varchar(512) DEFAULT NULL,
  PRIMARY KEY (`id_lang`,`id_shop`,`id_carrier`)
) ENGINE=InnoDB DEFAULT CHARSET=utf8;

--
-- Dumping data for table `ps_carrier_lang`
--

INSERT INTO `ps_carrier_lang` VALUES (1,1,1,'Pick up in-store'),(2,1,1,'Delivery next day!'),(3,1,1,'Delivery next day!'),(4,1,1,'Pick up in-store'),(5,1,1,'Pick up in-store'),(6,1,1,'Delivery next day!'),(1,3,1,'Pick up in-store'),(2,3,1,'Delivery next day!'),(3,3,1,'Delivery next day!'),(4,3,1,'Pick up in-store'),(5,3,1,'Pick up in-store'),(6,3,1,'Delivery next day!'),(1,4,1,'Pick up in-store'),(2,4,1,'Delivery next day!'),(3,4,1,'Delivery next day!'),(4,4,1,'Pick up in-store'),(5,4,1,'Pick up in-store'),(6,4,1,'Delivery next day!'),(1,5,1,'Pick up in-store'),(2,5,1,'Delivery next day!'),(3,5,1,'Delivery next day!'),(4,5,1,'Pick up in-store'),(5,5,1,'Pick up in-store'),(6,5,1,'Delivery next day!'),(1,6,1,'Pick up in-store'),(2,6,1,'Delivery next day!'),(3,6,1,'Delivery next day!'),(4,6,1,'Pick up in-store'),(5,6,1,'Pick up in-store'),(6,6,1,'Delivery next day!'),(1,7,1,'Pick up in-store'),(2,7,1,'Delivery next day!'),(3,7,1,'Delivery next day!'),(4,7,1,'Pick up in-store'),(5,7,1,'Pick up in-store'),(6,7,1,'Delivery next day!'),(1,8,1,'Pick up in-store'),(2,8,1,'Delivery next day!'),(3,8,1,'Delivery next day!'),(4,8,1,'Pick up in-store'),(5,8,1,'Pick up in-store'),(6,8,1,'Delivery next day!'),(1,9,1,'Pick up in-store'),(2,9,1,'Delivery next day!'),(3,9,1,'Delivery next day!'),(4,9,1,'Pick up in-store'),(5,9,1,'Pick up in-store'),(6,9,1,'Delivery next day!'),(1,10,1,'Pick up in-store'),(2,10,1,'Delivery next day!'),(3,10,1,'Delivery next day!'),(4,10,1,'Pick up in-store'),(5,10,1,'Pick up in-store'),(6,10,1,'Delivery next day!'),(1,11,1,'Pick up in-store'),(2,11,1,'Delivery next day!'),(3,11,1,'Delivery next day!'),(4,11,1,'Pick up in-store'),(5,11,1,'Pick up in-store'),(6,11,1,'Delivery next day!'),(1,12,1,'Pick up in-store'),(2,12,1,'Delivery next day!'),(3,12,1,'Delivery next day!'),(4,12,1,'Pick up in-store'),(5,12,1,'Pick up in-store'),(6,12,1,'Delivery next day!'),(1,13,1,'Pick up in-store'),(2,13,1,'Delivery next day!'),(3,13,1,'Delivery next day!'),(4,13,1,'Pick up in-store'),(5,13,1,'Pick up in-store'),(6,13,1,'Delivery next day!'),(1,1,2,'Abholung im Geschäft'),(2,1,2,'Lieferung am nächsten Tag!'),(3,1,2,'Lieferung am nächsten Tag!'),(4,1,2,'Abholung im Geschäft'),(5,1,2,'Abholung im Geschäft'),(6,1,2,'Lieferung am nächsten Tag!'),(1,3,2,'Abholung im Geschäft'),(2,3,2,'Lieferung am nächsten Tag!'),(3,3,2,'Lieferung am nächsten Tag!'),(4,3,2,'Abholung im Geschäft'),(5,3,2,'Abholung im Geschäft'),(6,3,2,'Lieferung am nächsten Tag!'),(1,4,2,'Abholung im Geschäft'),(2,4,2,'Lieferung am nächsten Tag!'),(3,4,2,'Lieferung am nächsten Tag!'),(4,4,2,'Abholung im Geschäft'),(5,4,2,'Abholung im Geschäft'),(6,4,2,'Lieferung am nächsten Tag!'),(1,5,2,'Abholung im Geschäft'),(2,5,2,'Lieferung am nächsten Tag!'),(3,5,2,'Lieferung am nächsten Tag!'),(4,5,2,'Abholung im Geschäft'),(5,5,2,'Abholung im Geschäft'),(6,5,2,'Lieferung am nächsten Tag!'),(1,6,2,'Abholung im Geschäft'),(2,6,2,'Lieferung am nächsten Tag!'),(3,6,2,'Lieferung am nächsten Tag!'),(4,6,2,'Abholung im Geschäft'),(5,6,2,'Abholung im Geschäft'),(6,6,2,'Lieferung am nächsten Tag!'),(1,7,2,'Abholung im Geschäft'),(2,7,2,'Lieferung am nächsten Tag!'),(3,7,2,'Lieferung am nächsten Tag!'),(4,7,2,'Abholung im Geschäft'),(5,7,2,'Abholung im Geschäft'),(6,7,2,'Lieferung am nächsten Tag!'),(1,8,2,'Abholung im Geschäft'),(2,8,2,'Lieferung am nächsten Tag!'),(3,8,2,'Lieferung am nächsten Tag!'),(4,8,2,'Abholung im Geschäft'),(5,8,2,'Abholung im Geschäft'),(6,8,2,'Lieferung am nächsten Tag!'),(1,9,2,'Abholung im Geschäft'),(2,9,2,'Lieferung am nächsten Tag!'),(3,9,2,'Lieferung am nächsten Tag!'),(4,9,2,'Abholung im Geschäft'),(5,9,2,'Abholung im Geschäft'),(6,9,2,'Lieferung am nächsten Tag!'),(1,10,2,'Abholung im Geschäft'),(2,10,2,'Lieferung am nächsten Tag!'),(3,10,2,'Lieferung am nächsten Tag!'),(4,10,2,'Abholung im Geschäft'),(5,10,2,'Abholung im Geschäft'),(6,10,2,'Lieferung am nächsten Tag!'),(1,11,2,'Abholung im Geschäft'),(2,11,2,'Lieferung am nächsten Tag!'),(3,11,2,'Lieferung am nächsten Tag!'),(4,11,2,'Abholung im Geschäft'),(5,11,2,'Abholung im Geschäft'),(6,11,2,'Lieferung am nächsten Tag!'),(1,12,2,'Abholung im Geschäft'),(2,12,2,'Lieferung am nächsten Tag!'),(3,12,2,'Lieferung am nächsten Tag!'),(4,12,2,'Abholung im Geschäft'),(5,12,2,'Abholung im Geschäft'),(6,12,2,'Lieferung am nächsten Tag!'),(1,13,2,'Abholung im Geschäft'),(2,13,2,'Lieferung am nächsten Tag!'),(3,13,2,'Lieferung am nächsten Tag!'),(4,13,2,'Abholung im Geschäft'),(5,13,2,'Abholung im Geschäft'),(6,13,2,'Lieferung am nächsten Tag!'),(1,1,3,'Retrait en magasin'),(2,1,3,'Livraison le lendemain !'),(3,1,3,'Livraison le lendemain !'),(4,1,3,'Retrait en magasin'),(5,1,3,'Retrait en magasin'),(6,1,3,'Livraison le lendemain !'),(1,3,3,'Retrait en magasin'),(2,3,3,'Livraison le lendemain !'),(3,3,3,'Livraison le lendemain !'),(4,3,3,'Retrait en magasin'),(5,3,3,'Retrait en magasin'),(6,3,3,'Livraison le lendemain !'),(1,4,3,'Retrait en magasin'),(2,4,3,'Livraison le lendemain !'),(3,4,3,'Livraison le lendemain !'),(4,4,3,'Retrait en magasin'),(5,4,3,'Retrait en magasin'),(6,4,3,'Livraison le lendemain !'),(1,5,3,'Retrait en magasin'),(2,5,3,'Livraison le lendemain !'),(3,5,3,'Livraison le lendemain !'),(4,5,3,'Retrait en magasin'),(5,5,3,'Retrait en magasin'),(6,5,3,'Livraison le lendemain !'),(1,6,3,'Retrait en magasin'),(2,6,3,'Livraison le lendemain !'),(3,6,3,'Livraison le lendemain !'),(4,6,3,'Retrait en magasin'),(5,6,3,'Retrait en magasin'),(6,6,3,'Livraison le lendemain !'),(1,7,3,'Retrait en magasin'),(2,7,3,'Livraison le lendemain !'),(3,7,3,'Livraison le lendemain !'),(4,7,3,'Retrait en magasin'),(5,7,3,'Retrait en magasin'),(6,7,3,'Livraison le lendemain !'),(1,8,3,'Retrait en magasin'),(2,8,3,'Livraison le lendemain !'),(3,8,3,'Livraison le lendemain !'),(4,8,3,'Retrait en magasin'),(5,8,3,'Retrait en magasin'),(6,8,3,'Livraison le lendemain !'),(1,9,3,'Retrait en magasin'),(2,9,3,'Livraison le lendemain !'),(3,9,3,'Livraison le lendemain !'),(4,9,3,'Retrait en magasin'),(5,9,3,'Retrait en magasin'),(6,9,3,'Livraison le lendemain !'),(1,10,3,'Retrait en magasin'),(2,10,3,'Livraison le lendemain !'),(3,10,3,'Livraison le lendemain !'),(4,10,3,'Retrait en magasin'),(5,10,3,'Retrait en magasin'),(6,10,3,'Livraison le lendemain !'),(1,11,3,'Retrait en magasin'),(2,11,3,'Livraison le lendemain !'),(3,11,3,'Livraison le lendemain !'),(4,11,3,'Retrait en magasin'),(5,11,3,'Retrait en magasin'),(6,11,3,'Livraison le lendemain !'),(1,12,3,'Retrait en magasin'),(2,12,3,'Livraison le lendemain !'),(3,12,3,'Livraison le lendemain !'),(4,12,3,'Retrait en magasin'),(5,12,3,'Retrait en magasin'),(6,12,3,'Livraison le lendemain !'),(1,13,3,'Retrait en magasin'),(2,13,3,'Livraison le lendemain !'),(3,13,3,'Livraison le lendemain !'),(4,13,3,'Retrait en magasin'),(5,13,3,'Retrait en magasin'),(6,13,3,'Livraison le lendemain !'),(1,1,4,'Ritiro in negozio'),(2,1,4,'Consegna il giorno successivo!'),(3,1,4,'Consegna il giorno successivo!'),(4,1,4,'Ritiro in negozio'),(5,1,4,'Ritiro in negozio'),(6,1,4,'Consegna il giorno successivo!'),(1,3,4,'Ritiro in negozio'),(2,3,4,'Consegna il giorno successivo!'),(3,3,4,'Consegna il giorno successivo!'),(4,3,4,'Ritiro in negozio'),(5,3,4,'Ritiro in negozio'),(6,3,4,'Consegna il giorno successivo!'),(1,4,4,'Ritiro in negozio'),(2,4,4,'Consegna il giorno successivo!'),(3,4,4,'Consegna il giorno successivo!'),(4,4,4,'Ritiro in negozio'),(5,4,4,'Ritiro in negozio'),(6,4,4,'Consegna il giorno successivo!'),(1,5,4,'Ritiro in negozio'),(2,5,4,'Consegna il giorno successivo!'),(3,5,4,'Consegna il giorno successivo!'),(4,5,4,'Ritiro in negozio'),(5,5,4,'Ritiro in negozio'),(6,5,4,'Consegna il giorno successivo!'),(1,6,4,'Ritiro in negozio'),(2,6,4,'Consegna il giorno successivo!'),(3,6,4,'Consegna il giorno successivo!'),(4,6,4,'Ritiro in negozio'),(5,6,4,'Ritiro in negozio'),(6,6,4,'Consegna il giorno successivo!'),(1,7,4,'Ritiro in negozio'),(2,7,4,'Consegna il giorno successivo!'),(3,7,4,'Consegna il giorno successivo!'),(4,7,4,'Ritiro in negozio'),(5,7,4,'Ritiro in negozio'),(6,7,4,'Consegna il giorno successivo!'),(1,8,4,'Ritiro in negozio'),(2,8,4,'Consegna il giorno successivo!'),(3,8,4,'Consegna il giorno successivo!'),(4,8,4,'Ritiro in negozio'),(5,8,4,'Ritiro in negozio'),(6,8,4,'Consegna il giorno successivo!'),(1,9,4,'Ritiro in negozio'),(2,9,4,'Consegna il giorno successivo!'),(3,9,4,'Consegna il giorno successivo!'),(4,9,4,'Ritiro in negozio'),(5,9,4,'Ritiro in negozio'),(6,9,4,'Consegna il giorno successivo!'),(1,10,4,'Ritiro in negozio'),(2,10,4,'Consegna il giorno successivo!'),(3,10,4,'Consegna il giorno successivo!'),(4,10,4,'Ritiro in negozio'),(5,10,4,'Ritiro in negozio'),(6,10,4,'Consegna il giorno successivo!'),(1,11,4,'Ritiro in negozio'),(2,11,4,'Consegna il giorno successivo!'),(3,11,4,'Consegna il giorno successivo!'),(4,11,4,'Ritiro in negozio'),(5,11,4,'Ritiro in negozio'),(6,11,4,'Consegna il giorno successivo!'),(1,12,4,'Ritiro in negozio'),(2,12,4,'Consegna il giorno successivo!'),(3,12,4,'Consegna il giorno successivo!'),(4,12,4,'Ritiro in negozio'),(5,12,4,'Ritiro in negozio'),(6,12,4,'Consegna il giorno successivo!'),(1,13,4,'Ritiro in negozio'),(2,13,4,'Consegna il giorno successivo!'),(3,13,4,'Consegna il giorno successivo!'),(4,13,4,'Ritiro in negozio'),(5,13,4,'Ritiro in negozio'),(6,13,4,'Consegna il giorno successivo!');

--
-- Table structure for table `ps_carrier_shop`
--

CREATE TABLE `ps_carrier_shop` (
  `id_carrier` int(11) unsigned NOT NULL,
  `id_shop` int(11) unsigned NOT NULL,
  PRIMARY KEY (`id_carrier`,`id_shop`),
  KEY `id_shop` (`id_shop`)
) ENGINE=InnoDB DEFAULT CHARSET=utf8;

--
-- Dumping data for table `ps_carrier_shop`
--

INSERT INTO `ps_carrier_shop` VALUES (1,1),(2,1),(3,1),(4,1),(5,1),(6,1),(1,3),(2,3),(3,3),(4,3),(5,3),(6,3),(1,4),(2,4),(3,4),(4,4),(5,4),(6,4),(1,5),(2,5),(3,5),(4,5),(5,5),(6,5),(1,6),(2,6),(3,6),(4,6),(5,6),(6,6),(1,7),(2,7),(3,7),(4,7),(5,7),(6,7),(1,8),(2,8),(3,8),(4,8),(5,8),(6,8),(1,9),(2,9),(3,9),(4,9),(5,9),(6,9),(1,10),(2,10),(3,10),(4,10),(5,10),(6,10),(1,11),(2,11),(3,11),(4,11),(5,11),(6,11),(1,12),(2,12),(3,12),(4,12),(5,12),(6,12),(1,13),(2,13),(3,13),(4,13),(5,13),(6,13);

--
-- Table structure for table `ps_carrier_tax_rules_group_shop`
--

CREATE TABLE `ps_carrier_tax_rules_group_shop` (
  `id_carrier` int(11) unsigned NOT NULL,
  `id_tax_rules_group` int(11) unsigned NOT NULL,
  `id_shop` int(11) unsigned NOT NULL,
  PRIMARY KEY (`id_carrier`,`id_tax_rules_group`,`id_shop`)
) ENGINE=InnoDB DEFAULT CHARSET=utf8;

--
-- Dumping data for table `ps_carrier_tax_rules_group_shop`
--

INSERT INTO `ps_carrier_tax_rules_group_shop` VALUES (1,1,1),(1,1,3),(1,1,4),(1,1,5),(1,1,6),(1,1,7),(1,1,8),(1,1,9),(1,1,10),(1,1,11),(1,1,12),(1,1,13),(2,1,1),(2,1,3),(2,1,4),(2,1,5),(2,1,6),(2,1,7),(2,1,8),(2,1,9),(2,1,10),(2,1,11),(2,1,12),(2,1,13),(3,1,1),(3,1,3),(3,1,4),(3,1,5),(3,1,6),(3,1,7),(3,1,8),(3,1,9),(3,1,10),(3,1,11),(3,1,12),(3,1,13),(4,1,1),(4,1,3),(4,1,4),(4,1,5),(4,1,6),(4,1,7),(4,1,8),(4,1,9),(4,1,10),(4,1,11),(4,1,12),(4,1,13),(5,1,1),(5,1,3),(5,1,4),(5,1,5),(5,1,6),(5,1,7),(5,1,8),(5,1,9),(5,1,10),(5,1,11),(5,1,12),(5,1,13),(6,1,1),(6,1,3),(6,1,4),(6,1,5),(6,1,6),(6,1,7),(6,1,8),(6,1,9),(6,1,10),(6,1,11),(6,1,12),(6,1,13);

--
-- Table structure for table `ps_carrier_zone`
--

CREATE TABLE `ps_carrier_zone` (
  `id_carrier` int(10) unsigned NOT NULL,
  `id_zone` int(10) unsigned NOT NULL,
  PRIMARY KEY (`id_carrier`,`id_zone`)
) ENGINE=InnoDB DEFAULT CHARSET=utf8;

--
-- Dumping data for table `ps_carrier_zone`
--

INSERT INTO `ps_carrier_zone` VALUES (1,1),(2,1),(2,2),(3,7),(4,1),(5,1),(5,7),(6,7);

--
-- Table structure for table `ps_cart`
--

CREATE TABLE `ps_cart` (
  `id_cart` int(10) unsigned NOT NULL AUTO_INCREMENT,
  `id_shop_group` int(11) unsigned NOT NULL DEFAULT '1',
  `id_shop` int(11) unsigned NOT NULL DEFAULT '1',
  `id_carrier` int(10) unsigned NOT NULL,
  `delivery_option` text NOT NULL,
  `id_lang` int(10) unsigned NOT NULL,
  `id_address_delivery` int(10) unsigned NOT NULL,
  `id_address_invoice` int(10) unsigned NOT NULL,
  `id_currency` int(10) unsigned NOT NULL,
  `id_customer` int(10) unsigned NOT NULL,
  `id_guest` int(10) unsigned NOT NULL,
  `secure_key` varchar(32) NOT NULL DEFAULT '-1',
  `recyclable` tinyint(1) unsigned NOT NULL DEFAULT '1',
  `gift` tinyint(1) unsigned NOT NULL DEFAULT '0',
  `gift_message` text,
  `mobile_theme` tinyint(1) NOT NULL DEFAULT '0',
  `allow_seperated_package` tinyint(1) unsigned NOT NULL DEFAULT '0',
  `date_add` datetime NOT NULL,
  `date_upd` datetime NOT NULL,
  `checkout_session_data` mediumtext,
  PRIMARY KEY (`id_cart`),
  KEY `cart_customer` (`id_customer`),
  KEY `id_address_delivery` (`id_address_delivery`),
  KEY `id_address_invoice` (`id_address_invoice`),
  KEY `id_carrier` (`id_carrier`),
  KEY `id_lang` (`id_lang`),
  KEY `id_currency` (`id_currency`),
  KEY `id_guest` (`id_guest`),
  KEY `id_shop_group` (`id_shop_group`),
  KEY `id_shop_2` (`id_shop`,`date_upd`),
  KEY `id_shop` (`id_shop`,`date_add`)
) ENGINE=InnoDB AUTO_INCREMENT=20 DEFAULT CHARSET=utf8;

--
-- Dumping data for table `ps_cart`
--

INSERT INTO `ps_cart` VALUES (1,1,1,2,'{\"3\":\"2,\"}',1,4,4,1,1,1,'b44a6d9efd7a0076a0fbce6b15eaf3b1',0,0,'',0,0,'2018-05-11 14:38:16','2018-05-11 14:38:16',NULL),(2,1,1,2,'{\"3\":\"2,\"}',1,4,4,1,1,1,'b44a6d9efd7a0076a0fbce6b15eaf3b1',0,0,'',0,0,'2018-05-11 14:38:16','2018-05-11 14:38:16',NULL),(3,1,1,2,'{\"3\":\"2,\"}',1,4,4,1,1,1,'b44a6d9efd7a0076a0fbce6b15eaf3b1',0,0,'',0,0,'2018-05-11 14:38:16','2018-05-11 14:38:16',NULL),(4,1,1,2,'{\"3\":\"2,\"}',1,4,4,1,1,1,'b44a6d9efd7a0076a0fbce6b15eaf3b1',0,0,'',0,0,'2018-05-11 14:38:16','2018-05-11 14:38:16',NULL),(5,1,1,2,'{\"3\":\"2,\"}',1,4,4,1,1,1,'b44a6d9efd7a0076a0fbce6b15eaf3b1',0,0,'',0,0,'2018-05-11 14:38:16','2018-05-11 14:38:16',NULL),(6,3,3,0,'',1,6,6,1,3,5,'638cfe28c08680c246739de31a5476f8',0,0,'',0,0,'2018-05-15 11:58:54','2018-05-15 17:15:43','{\"checkout-personal-information-step\":{\"step_is_reachable\":true,\"step_is_complete\":true},\"checkout-addresses-step\":{\"step_is_reachable\":true,\"step_is_complete\":true,\"use_same_address\":true},\"checkout-delivery-step\":{\"step_is_reachable\":true,\"step_is_complete\":false},\"checkout-payment-step\":{\"step_is_reachable\":false,\"step_is_complete\":false},\"checksum\":\"b102fa314c17c536a82d0a5f097ed1c702fe3ccf\"}'),(7,3,1,0,'',4,6,6,1,3,25,'638cfe28c08680c246739de31a5476f8',0,0,'',0,0,'2018-05-17 12:08:33','2018-06-21 18:10:48','{\"checkout-personal-information-step\":{\"step_is_reachable\":true,\"step_is_complete\":true},\"checkout-addresses-step\":{\"step_is_reachable\":true,\"step_is_complete\":true,\"use_same_address\":true},\"checkout-delivery-step\":{\"step_is_reachable\":true,\"step_is_complete\":true},\"checkout-payment-step\":{\"step_is_reachable\":true,\"step_is_complete\":false},\"checksum\":\"9d42706895f45b66512aa6407f8e467bf50a7f41\"}'),(8,3,1,0,'',4,6,6,1,3,301,'638cfe28c08680c246739de31a5476f8',0,0,'',0,0,'2018-06-26 13:22:08','2018-06-26 13:39:15',NULL),(9,3,3,0,'',4,0,0,1,0,476,'',0,0,'',0,0,'2018-07-12 11:10:28','2018-07-12 11:46:49',NULL),(10,3,3,0,'',1,0,0,1,0,510,'',0,0,'',0,0,'2018-07-13 09:11:33','2018-08-03 11:01:43',NULL),(11,3,3,5,'{\"6\":\"5,\"}',1,6,6,1,3,391,'638cfe28c08680c246739de31a5476f8',0,0,'',0,0,'2018-07-16 11:13:01','2018-09-27 09:25:41','{\"checkout-personal-information-step\":{\"step_is_reachable\":true,\"step_is_complete\":true},\"checkout-addresses-step\":{\"step_is_reachable\":true,\"step_is_complete\":true,\"use_same_address\":true},\"checkout-delivery-step\":{\"step_is_reachable\":true,\"step_is_complete\":true},\"checkout-payment-step\":{\"step_is_reachable\":true,\"step_is_complete\":false},\"checksum\":\"983edfbd4a9432f1c0afb022b8b7d9d7f69e29f7\"}'),(12,3,6,0,'',3,0,0,1,0,1494,'',0,0,'',0,0,'2018-07-16 12:42:01','2018-07-16 18:19:41',NULL),(13,3,4,0,'',1,0,0,1,0,1501,'',0,0,'',0,0,'2018-07-16 18:10:19','2018-07-16 18:11:29',NULL),(14,3,6,0,'',4,0,0,1,0,1503,'',0,0,'',0,0,'2018-07-16 18:11:39','2018-07-16 18:11:39',NULL),(15,3,1,0,'',4,0,0,1,4,102496,'4da486ee50b49ae53cbcd03a13f43829',0,0,'',0,0,'2018-07-30 11:53:38','2018-07-30 16:46:39',NULL),(16,3,1,0,'',4,0,0,1,5,20180,'4f812e427148b511b2471fc2000bba40',0,0,'',0,0,'2018-07-30 15:27:03','2018-08-29 15:03:49',NULL),(17,0,7,0,'',4,0,0,1,0,0,'',0,0,'',0,0,'2018-09-06 11:51:31','2018-09-06 11:51:31',NULL),(18,3,5,0,'',4,0,0,1,0,134862,'',0,0,'',0,0,'2018-09-06 12:03:09','2018-09-06 12:03:19',NULL),(19,3,5,0,'',4,0,0,1,6,134943,'ad7e9f96a46d80e434a755a470898c47',0,0,'',0,0,'2018-09-07 15:57:06','2018-09-07 16:10:06','{\"checkout-personal-information-step\":{\"step_is_reachable\":true,\"step_is_complete\":true},\"checkout-addresses-step\":{\"step_is_reachable\":true,\"step_is_complete\":false,\"use_same_address\":true},\"checkout-delivery-step\":{\"step_is_reachable\":false,\"step_is_complete\":false},\"checkout-payment-step\":{\"step_is_reachable\":false,\"step_is_complete\":false},\"checksum\":null}');

--
-- Table structure for table `ps_cart_cart_rule`
--

CREATE TABLE `ps_cart_cart_rule` (
  `id_cart` int(10) unsigned NOT NULL,
  `id_cart_rule` int(10) unsigned NOT NULL,
  PRIMARY KEY (`id_cart`,`id_cart_rule`),
  KEY `id_cart_rule` (`id_cart_rule`)
) ENGINE=InnoDB DEFAULT CHARSET=utf8;

--
-- Dumping data for table `ps_cart_cart_rule`
--


--
-- Table structure for table `ps_cart_product`
--

CREATE TABLE `ps_cart_product` (
  `id_cart` int(10) unsigned NOT NULL,
  `id_product` int(10) unsigned NOT NULL,
  `id_address_delivery` int(10) unsigned NOT NULL DEFAULT '0',
  `id_shop` int(10) unsigned NOT NULL DEFAULT '1',
  `id_product_attribute` int(10) unsigned NOT NULL DEFAULT '0',
  `id_customization` int(10) unsigned NOT NULL DEFAULT '0',
  `quantity` int(10) unsigned NOT NULL DEFAULT '0',
  `date_add` datetime NOT NULL,
  PRIMARY KEY (`id_cart`,`id_product`,`id_product_attribute`,`id_customization`,`id_address_delivery`),
  KEY `id_product_attribute` (`id_product_attribute`),
  KEY `id_cart_order` (`id_cart`,`date_add`,`id_product`,`id_product_attribute`)
) ENGINE=InnoDB DEFAULT CHARSET=utf8;

--
-- Dumping data for table `ps_cart_product`
--

INSERT INTO `ps_cart_product` VALUES (6,27,6,5,0,0,1,'2018-05-15 16:24:11'),(9,42,0,4,0,0,1,'2018-07-12 11:46:16'),(9,47,0,4,0,0,1,'2018-07-12 11:46:09'),(9,83,0,3,0,0,1,'2018-07-12 11:46:42'),(9,114,0,3,0,0,1,'2018-07-12 11:46:39'),(9,122,0,3,0,0,1,'2018-07-12 11:46:49'),(9,125,0,3,0,0,2,'2018-07-12 11:10:28'),(10,26,0,5,0,0,1,'2018-07-13 09:12:33'),(10,102,0,3,0,0,1,'2018-07-13 09:12:19'),(10,129,0,3,0,0,1,'2018-07-13 09:11:33'),(10,131,0,7,4,2,1,'2018-07-13 09:15:26'),(11,31,6,5,0,0,1,'2018-09-11 10:28:46'),(12,46,0,4,0,0,1,'2018-07-16 18:15:07'),(12,108,0,3,0,0,2,'2018-07-16 18:15:19'),(13,41,0,4,0,0,1,'2018-07-16 18:11:25'),(13,48,0,4,0,0,1,'2018-07-16 18:11:29'),(14,51,0,6,0,0,1,'2018-07-16 18:11:39'),(19,27,0,5,0,0,1,'2018-09-07 15:57:06');

--
-- Table structure for table `ps_cart_rule`
--

CREATE TABLE `ps_cart_rule` (
  `id_cart_rule` int(10) unsigned NOT NULL AUTO_INCREMENT,
  `id_customer` int(10) unsigned NOT NULL DEFAULT '0',
  `date_from` datetime NOT NULL,
  `date_to` datetime NOT NULL,
  `description` text,
  `quantity` int(10) unsigned NOT NULL DEFAULT '0',
  `quantity_per_user` int(10) unsigned NOT NULL DEFAULT '0',
  `priority` int(10) unsigned NOT NULL DEFAULT '1',
  `partial_use` tinyint(1) unsigned NOT NULL DEFAULT '0',
  `code` varchar(254) NOT NULL,
  `minimum_amount` decimal(17,2) NOT NULL DEFAULT '0.00',
  `minimum_amount_tax` tinyint(1) NOT NULL DEFAULT '0',
  `minimum_amount_currency` int(10) unsigned NOT NULL DEFAULT '0',
  `minimum_amount_shipping` tinyint(1) NOT NULL DEFAULT '0',
  `country_restriction` tinyint(1) unsigned NOT NULL DEFAULT '0',
  `carrier_restriction` tinyint(1) unsigned NOT NULL DEFAULT '0',
  `group_restriction` tinyint(1) unsigned NOT NULL DEFAULT '0',
  `cart_rule_restriction` tinyint(1) unsigned NOT NULL DEFAULT '0',
  `product_restriction` tinyint(1) unsigned NOT NULL DEFAULT '0',
  `shop_restriction` tinyint(1) unsigned NOT NULL DEFAULT '0',
  `free_shipping` tinyint(1) NOT NULL DEFAULT '0',
  `reduction_percent` decimal(5,2) NOT NULL DEFAULT '0.00',
  `reduction_amount` decimal(17,2) NOT NULL DEFAULT '0.00',
  `reduction_tax` tinyint(1) unsigned NOT NULL DEFAULT '0',
  `reduction_currency` int(10) unsigned NOT NULL DEFAULT '0',
  `reduction_product` int(10) NOT NULL DEFAULT '0',
  `reduction_exclude_special` tinyint(1) unsigned NOT NULL DEFAULT '0',
  `gift_product` int(10) unsigned NOT NULL DEFAULT '0',
  `gift_product_attribute` int(10) unsigned NOT NULL DEFAULT '0',
  `highlight` tinyint(1) unsigned NOT NULL DEFAULT '0',
  `active` tinyint(1) unsigned NOT NULL DEFAULT '0',
  `date_add` datetime NOT NULL,
  `date_upd` datetime NOT NULL,
  PRIMARY KEY (`id_cart_rule`),
  KEY `id_customer` (`id_customer`,`active`,`date_to`),
  KEY `group_restriction` (`group_restriction`,`active`,`date_to`),
  KEY `id_customer_2` (`id_customer`,`active`,`highlight`,`date_to`),
  KEY `group_restriction_2` (`group_restriction`,`active`,`highlight`,`date_to`)
) ENGINE=InnoDB AUTO_INCREMENT=3 DEFAULT CHARSET=utf8;

--
-- Dumping data for table `ps_cart_rule`
--

INSERT INTO `ps_cart_rule` VALUES (1,0,'2018-05-17 13:00:00','2019-11-30 13:00:00','',9999999,1,1,0,'FIRST10',0.00,0,1,0,0,0,0,0,0,0,0,10.00,0.00,0,1,0,0,0,0,0,1,'2018-05-18 13:24:10','2018-05-18 13:24:10'),(2,0,'2018-08-01 00:00:00','2019-07-31 23:59:59','',99999999,1,1,0,'TAGPROMO2018',0.00,0,1,0,0,0,0,0,0,0,0,10.00,0.00,0,1,0,0,0,0,0,1,'2018-08-03 11:45:07','2018-08-03 11:51:57');

--
-- Table structure for table `ps_cart_rule_carrier`
--

CREATE TABLE `ps_cart_rule_carrier` (
  `id_cart_rule` int(10) unsigned NOT NULL,
  `id_carrier` int(10) unsigned NOT NULL,
  PRIMARY KEY (`id_cart_rule`,`id_carrier`)
) ENGINE=InnoDB DEFAULT CHARSET=utf8;

--
-- Dumping data for table `ps_cart_rule_carrier`
--


--
-- Table structure for table `ps_cart_rule_combination`
--

CREATE TABLE `ps_cart_rule_combination` (
  `id_cart_rule_1` int(10) unsigned NOT NULL,
  `id_cart_rule_2` int(10) unsigned NOT NULL,
  PRIMARY KEY (`id_cart_rule_1`,`id_cart_rule_2`),
  KEY `id_cart_rule_1` (`id_cart_rule_1`),
  KEY `id_cart_rule_2` (`id_cart_rule_2`)
) ENGINE=InnoDB DEFAULT CHARSET=utf8;

--
-- Dumping data for table `ps_cart_rule_combination`
--


--
-- Table structure for table `ps_cart_rule_country`
--

CREATE TABLE `ps_cart_rule_country` (
  `id_cart_rule` int(10) unsigned NOT NULL,
  `id_country` int(10) unsigned NOT NULL,
  PRIMARY KEY (`id_cart_rule`,`id_country`)
) ENGINE=InnoDB DEFAULT CHARSET=utf8;

--
-- Dumping data for table `ps_cart_rule_country`
--


--
-- Table structure for table `ps_cart_rule_group`
--

CREATE TABLE `ps_cart_rule_group` (
  `id_cart_rule` int(10) unsigned NOT NULL,
  `id_group` int(10) unsigned NOT NULL,
  PRIMARY KEY (`id_cart_rule`,`id_group`)
) ENGINE=InnoDB DEFAULT CHARSET=utf8;

--
-- Dumping data for table `ps_cart_rule_group`
--


--
-- Table structure for table `ps_cart_rule_lang`
--

CREATE TABLE `ps_cart_rule_lang` (
  `id_cart_rule` int(10) unsigned NOT NULL,
  `id_lang` int(10) unsigned NOT NULL,
  `name` varchar(254) NOT NULL,
  PRIMARY KEY (`id_cart_rule`,`id_lang`)
) ENGINE=InnoDB DEFAULT CHARSET=utf8;

--
-- Dumping data for table `ps_cart_rule_lang`
--

INSERT INTO `ps_cart_rule_lang` VALUES (1,1,'First Order 10% Off'),(1,2,'Erste Bestellung 10% Rabatt'),(1,3,'10% de réduction sur la première commande'),(1,4,'Sconto 10% sul primo ordine'),(2,1,'SIGNUP PROMO'),(2,2,'SIGNUP PROMO'),(2,3,'SIGNUP PROMO'),(2,4,'SIGNUP PROMO');

--
-- Table structure for table `ps_cart_rule_product_rule`
--

CREATE TABLE `ps_cart_rule_product_rule` (
  `id_product_rule` int(10) unsigned NOT NULL AUTO_INCREMENT,
  `id_product_rule_group` int(10) unsigned NOT NULL,
  `type` enum('products','categories','attributes','manufacturers','suppliers') NOT NULL,
  PRIMARY KEY (`id_product_rule`)
) ENGINE=InnoDB DEFAULT CHARSET=utf8;

--
-- Dumping data for table `ps_cart_rule_product_rule`
--


--
-- Table structure for table `ps_cart_rule_product_rule_group`
--

CREATE TABLE `ps_cart_rule_product_rule_group` (
  `id_product_rule_group` int(10) unsigned NOT NULL AUTO_INCREMENT,
  `id_cart_rule` int(10) unsigned NOT NULL,
  `quantity` int(10) unsigned NOT NULL DEFAULT '1',
  PRIMARY KEY (`id_product_rule_group`)
) ENGINE=InnoDB DEFAULT CHARSET=utf8;

--
-- Dumping data for table `ps_cart_rule_product_rule_group`
--


--
-- Table structure for table `ps_cart_rule_product_rule_value`
--

CREATE TABLE `ps_cart_rule_product_rule_value` (
  `id_product_rule` int(10) unsigned NOT NULL,
  `id_item` int(10) unsigned NOT NULL,
  PRIMARY KEY (`id_product_rule`,`id_item`)
) ENGINE=InnoDB DEFAULT CHARSET=utf8;

--
-- Dumping data for table `ps_cart_rule_product_rule_value`
--


--
-- Table structure for table `ps_cart_rule_shop`
--

CREATE TABLE `ps_cart_rule_shop` (
  `id_cart_rule` int(10) unsigned NOT NULL,
  `id_shop` int(10) unsigned NOT NULL,
  PRIMARY KEY (`id_cart_rule`,`id_shop`)
) ENGINE=InnoDB DEFAULT CHARSET=utf8;

--
-- Dumping data for table `ps_cart_rule_shop`
--


--
-- Table structure for table `ps_category`
--

CREATE TABLE `ps_category` (
  `id_category` int(10) unsigned NOT NULL AUTO_INCREMENT,
  `id_parent` int(10) unsigned NOT NULL,
  `id_shop_default` int(10) unsigned NOT NULL DEFAULT '1',
  `level_depth` tinyint(3) unsigned NOT NULL DEFAULT '0',
  `nleft` int(10) unsigned NOT NULL DEFAULT '0',
  `nright` int(10) unsigned NOT NULL DEFAULT '0',
  `active` tinyint(1) unsigned NOT NULL DEFAULT '0',
  `date_add` datetime NOT NULL,
  `date_upd` datetime NOT NULL,
  `position` int(10) unsigned NOT NULL DEFAULT '0',
  `is_root_category` tinyint(1) NOT NULL DEFAULT '0',
  PRIMARY KEY (`id_category`),
  KEY `category_parent` (`id_parent`),
  KEY `nleftrightactive` (`nleft`,`nright`,`active`),
  KEY `level_depth` (`level_depth`),
  KEY `nright` (`nright`),
  KEY `activenleft` (`active`,`nleft`),
  KEY `activenright` (`active`,`nright`)
) ENGINE=InnoDB AUTO_INCREMENT=38 DEFAULT CHARSET=utf8;

--
-- Dumping data for table `ps_category`
--

INSERT INTO `ps_category` VALUES (1,0,1,0,1,60,1,'2018-05-11 14:38:07','2018-05-11 14:38:07',0,0),(2,1,1,1,2,59,1,'2018-05-11 14:38:07','2018-06-21 17:39:31',0,1),(7,6,1,3,4,5,1,'2018-05-11 14:38:12','2018-05-11 14:38:12',0,0),(8,6,1,3,6,7,1,'2018-05-11 14:38:13','2018-05-11 14:38:13',0,0),(10,2,3,2,5,22,1,'2018-05-16 19:36:20','2018-05-16 19:36:44',0,0),(11,2,3,2,23,24,1,'2018-05-16 19:37:10','2018-05-16 19:37:10',0,0),(12,2,3,2,25,26,1,'2018-05-16 19:37:22','2018-05-16 19:37:22',0,0),(13,2,3,2,27,34,1,'2018-05-16 19:37:31','2018-05-16 19:37:31',0,0),(14,2,3,2,35,36,1,'2018-05-16 19:37:51','2018-05-16 19:37:51',0,0),(15,10,3,3,6,7,1,'2018-05-16 19:48:46','2018-05-16 19:48:46',0,0),(16,10,3,3,8,9,1,'2018-05-16 19:48:46','2018-05-16 19:48:46',0,0),(17,10,3,3,10,11,1,'2018-05-16 19:48:47','2018-05-16 19:48:47',0,0),(18,10,3,3,12,13,1,'2018-05-16 19:48:47','2018-05-16 19:48:47',0,0),(19,10,3,3,14,15,1,'2018-05-16 19:48:47','2018-05-16 19:48:47',0,0),(20,10,3,3,16,17,1,'2018-05-16 19:48:47','2018-05-16 19:48:47',0,0),(21,10,3,3,18,19,1,'2018-05-16 19:48:48','2018-05-16 19:48:48',0,0),(22,10,3,3,20,21,1,'2018-05-16 19:48:48','2018-05-16 19:48:48',0,0),(23,13,3,3,28,29,1,'2018-05-16 19:48:48','2018-05-16 19:48:48',0,0),(24,13,3,3,30,31,1,'2018-05-16 19:48:48','2018-05-16 19:48:48',0,0),(25,13,3,3,32,33,1,'2018-05-16 19:48:48','2018-05-16 19:48:48',0,0),(26,2,5,2,37,38,1,'2018-06-12 17:31:59','2018-06-12 17:31:59',0,0),(27,2,5,2,39,40,1,'2018-06-12 17:32:17','2018-06-12 17:32:17',0,0),(28,2,6,2,41,42,1,'2018-06-12 17:37:58','2018-06-12 17:37:58',0,0),(29,2,6,2,43,44,1,'2018-06-12 17:39:14','2018-06-12 17:39:14',0,0),(30,2,6,2,45,46,1,'2018-06-12 17:40:38','2018-06-12 17:40:38',0,0),(31,2,4,2,47,48,1,'2018-06-12 18:09:01','2018-06-12 18:09:01',0,0),(32,2,3,2,49,50,1,'2018-06-13 16:04:48','2018-06-13 16:04:48',0,0),(33,2,5,2,51,52,0,'2018-06-14 12:46:26','2018-06-14 12:46:26',0,0),(34,2,3,2,53,54,0,'2018-06-14 12:47:23','2018-06-14 12:48:55',6,0),(35,2,6,2,55,56,0,'2018-06-14 12:47:51','2018-06-14 12:47:51',0,0),(36,2,4,2,3,4,0,'2018-06-14 12:49:31','2018-06-14 12:49:31',0,0),(37,2,7,2,57,58,1,'2018-07-05 11:50:29','2018-07-05 11:50:29',0,0);

--
-- Table structure for table `ps_category_group`
--

CREATE TABLE `ps_category_group` (
  `id_category` int(10) unsigned NOT NULL,
  `id_group` int(10) unsigned NOT NULL,
  PRIMARY KEY (`id_category`,`id_group`),
  KEY `id_category` (`id_category`),
  KEY `id_group` (`id_group`)
) ENGINE=InnoDB DEFAULT CHARSET=utf8;

--
-- Dumping data for table `ps_category_group`
--

INSERT INTO `ps_category_group` VALUES (2,1),(2,2),(2,3),(7,1),(7,2),(7,3),(8,1),(8,2),(8,3),(10,1),(10,2),(10,3),(11,1),(11,2),(11,3),(12,1),(12,2),(12,3),(13,1),(13,2),(13,3),(14,1),(14,2),(14,3),(15,1),(15,2),(15,3),(16,1),(16,2),(16,3),(17,1),(17,2),(17,3),(18,1),(18,2),(18,3),(19,1),(19,2),(19,3),(20,1),(20,2),(20,3),(21,1),(21,2),(21,3),(22,1),(22,2),(22,3),(23,1),(23,2),(23,3),(24,1),(24,2),(24,3),(25,1),(25,2),(25,3),(26,1),(26,2),(26,3),(27,1),(27,2),(27,3),(28,1),(28,2),(28,3),(29,1),(29,2),(29,3),(30,1),(30,2),(30,3),(31,1),(31,2),(31,3),(32,1),(32,2),(32,3),(33,1),(33,2),(33,3),(34,1),(34,2),(34,3),(35,1),(35,2),(35,3),(36,1),(36,2),(36,3),(37,1),(37,2),(37,3);

--
-- Table structure for table `ps_category_lang`
--

CREATE TABLE `ps_category_lang` (
  `id_category` int(10) unsigned NOT NULL,
  `id_shop` int(11) unsigned NOT NULL DEFAULT '1',
  `id_lang` int(10) unsigned NOT NULL,
  `name` varchar(128) NOT NULL,
  `description` text,
  `link_rewrite` varchar(128) NOT NULL,
  `meta_title` varchar(128) DEFAULT NULL,
  `meta_keywords` varchar(255) DEFAULT NULL,
  `meta_description` varchar(255) DEFAULT NULL,
  PRIMARY KEY (`id_category`,`id_shop`,`id_lang`),
  KEY `category_name` (`name`)
) ENGINE=InnoDB DEFAULT CHARSET=utf8;

--
-- Dumping data for table `ps_category_lang`
--

INSERT INTO `ps_category_lang` VALUES (1,1,1,'Root','','root','','',''),(1,1,2,'Stammverzeichnis','','stammverzeichnis','','',''),(1,1,3,'Racine','','racine','','',''),(1,1,4,'Root','','root','','',''),(1,3,1,'Root','','root','','',''),(1,3,2,'Stammverzeichnis','','stammverzeichnis','','',''),(1,3,3,'Racine','','racine','','',''),(1,3,4,'Root','','root','','',''),(1,4,1,'Root','','root','','',''),(1,4,2,'Stammverzeichnis','','stammverzeichnis','','',''),(1,4,3,'Racine','','racine','','',''),(1,4,4,'Root','','root','','',''),(1,5,1,'Root','','root','','',''),(1,5,2,'Stammverzeichnis','','stammverzeichnis','','',''),(1,5,3,'Racine','','racine','','',''),(1,5,4,'Root','','root','','',''),(1,6,1,'Root','','root','','',''),(1,6,2,'Stammverzeichnis','','stammverzeichnis','','',''),(1,6,3,'Racine','','racine','','',''),(1,6,4,'Root','','root','','',''),(1,7,1,'Root','','root','','',''),(1,7,2,'Stammverzeichnis','','stammverzeichnis','','',''),(1,7,3,'Racine','','racine','','',''),(1,7,4,'Root','','root','','',''),(1,8,1,'Root','','root','','',''),(1,8,2,'Stammverzeichnis','','stammverzeichnis','','',''),(1,8,3,'Racine','','racine','','',''),(1,8,4,'Root','','root','','',''),(1,9,1,'Root','','root','','',''),(1,9,2,'Stammverzeichnis','','stammverzeichnis','','',''),(1,9,3,'Racine','','racine','','',''),(1,9,4,'Root','','root','','',''),(1,10,1,'Root','','root','','',''),(1,10,2,'Stammverzeichnis','','stammverzeichnis','','',''),(1,10,3,'Racine','','racine','','',''),(1,10,4,'Root','','root','','',''),(1,11,1,'Root','','root','','',''),(1,11,2,'Stammverzeichnis','','stammverzeichnis','','',''),(1,11,3,'Racine','','racine','','',''),(1,11,4,'Root','','root','','',''),(1,12,1,'Root','','root','','',''),(1,12,2,'Stammverzeichnis','','stammverzeichnis','','',''),(1,12,3,'Racine','','racine','','',''),(1,12,4,'Root','','root','','',''),(1,13,1,'Root','','root','','',''),(1,13,2,'Stammverzeichnis','','stammverzeichnis','','',''),(1,13,3,'Racine','','racine','','',''),(1,13,4,'Root','','root','','',''),(2,1,1,'Home','','home','','',''),(2,1,2,'Startseite','','startseite','','',''),(2,1,3,'Accueil','','accueil','','',''),(2,1,4,'Home','','home','','',''),(2,3,1,'Home','','home','','',''),(2,3,2,'Startseite','','startseite','','',''),(2,3,3,'Accueil','','accueil','','',''),(2,3,4,'Home','','home','','',''),(2,4,1,'Home','','home','','',''),(2,4,2,'Startseite','','startseite','','',''),(2,4,3,'Accueil','','accueil','','',''),(2,4,4,'Home','','home','','',''),(2,5,1,'Home','','home','','',''),(2,5,2,'Startseite','','startseite','','',''),(2,5,3,'Accueil','','accueil','','',''),(2,5,4,'Home','','home','','',''),(2,6,1,'Home','','home','','',''),(2,6,2,'Startseite','','startseite','','',''),(2,6,3,'Accueil','','accueil','','',''),(2,6,4,'Home','','home','','',''),(2,7,1,'Home','','home','','',''),(2,7,2,'Startseite','','startseite','','',''),(2,7,3,'Accueil','','accueil','','',''),(2,7,4,'Home','','home','','',''),(2,8,1,'Home','','home','','',''),(2,8,2,'Startseite','','startseite','','',''),(2,8,3,'Accueil','','accueil','','',''),(2,8,4,'Home','','home','','',''),(2,9,1,'Home','','home','','',''),(2,9,2,'Startseite','','startseite','','',''),(2,9,3,'Accueil','','accueil','','',''),(2,9,4,'Home','','home','','',''),(2,10,1,'Home','','home','','',''),(2,10,2,'Startseite','','startseite','','',''),(2,10,3,'Accueil','','accueil','','',''),(2,10,4,'Home','','home','','',''),(2,11,1,'Home','','home','','',''),(2,11,2,'Startseite','','startseite','','',''),(2,11,3,'Accueil','','accueil','','',''),(2,11,4,'Home','','home','','',''),(2,12,1,'Home','','home','','',''),(2,12,2,'Startseite','','startseite','','',''),(2,12,3,'Accueil','','accueil','','',''),(2,12,4,'Home','','home','','',''),(2,13,1,'Home','','home','','',''),(2,13,2,'Startseite','','startseite','','',''),(2,13,3,'Accueil','','accueil','','',''),(2,13,4,'Home','','home','','',''),(7,1,1,'Stationery','<p><span style=\"font-size:10pt;font-family:Arial;font-style:normal;\">Notebooks, agendas, office accessories and more. Everything you need to combine the pleasant and the useful, either at work or at home. </span></p>','stationery','','',''),(7,1,2,'Stationery','<p><span style=\"font-size:10pt;font-family:Arial;font-style:normal;\">Notebooks, agendas, office accessories and more. Everything you need to combine the pleasant and the useful, either at work or at home. </span></p>','stationery','','',''),(7,1,3,'Papeterie','<p><span style=\"font-size:10pt;font-family:Arial;font-style:normal;color:#000000;\">Carnets, agendas, accessoires de bureau et plus encore. Tout ce dont vous avez besoin pour joindre l\'utile à l\'agréable, au travail ou à la maison.</span></p>','papeterie','','',''),(7,1,4,'Stationery','<p><span style=\"font-size:10pt;font-family:Arial;font-style:normal;\">Notebooks, agendas, office accessories and more. Everything you need to combine the pleasant and the useful, either at work or at home. </span></p>','stationery','','',''),(7,3,1,'Stationery','<p><span style=\"font-size:10pt;font-family:Arial;font-style:normal;\">Notebooks, agendas, office accessories and more. Everything you need to combine the pleasant and the useful, either at work or at home. </span></p>','stationery','','',''),(7,3,2,'Stationery','<p><span style=\"font-size:10pt;font-family:Arial;font-style:normal;\">Notebooks, agendas, office accessories and more. Everything you need to combine the pleasant and the useful, either at work or at home. </span></p>','stationery','','',''),(7,3,3,'Papeterie','<p><span style=\"font-size:10pt;font-family:Arial;font-style:normal;color:#000000;\">Carnets, agendas, accessoires de bureau et plus encore. Tout ce dont vous avez besoin pour joindre l\'utile à l\'agréable, au travail ou à la maison.</span></p>','papeterie','','',''),(7,3,4,'Stationery','<p><span style=\"font-size:10pt;font-family:Arial;font-style:normal;\">Notebooks, agendas, office accessories and more. Everything you need to combine the pleasant and the useful, either at work or at home. </span></p>','stationery','','',''),(7,4,1,'Stationery','<p><span style=\"font-size:10pt;font-family:Arial;font-style:normal;\">Notebooks, agendas, office accessories and more. Everything you need to combine the pleasant and the useful, either at work or at home. </span></p>','stationery','','',''),(7,4,2,'Stationery','<p><span style=\"font-size:10pt;font-family:Arial;font-style:normal;\">Notebooks, agendas, office accessories and more. Everything you need to combine the pleasant and the useful, either at work or at home. </span></p>','stationery','','',''),(7,4,3,'Papeterie','<p><span style=\"font-size:10pt;font-family:Arial;font-style:normal;color:#000000;\">Carnets, agendas, accessoires de bureau et plus encore. Tout ce dont vous avez besoin pour joindre l\'utile à l\'agréable, au travail ou à la maison.</span></p>','papeterie','','',''),(7,4,4,'Stationery','<p><span style=\"font-size:10pt;font-family:Arial;font-style:normal;\">Notebooks, agendas, office accessories and more. Everything you need to combine the pleasant and the useful, either at work or at home. </span></p>','stationery','','',''),(7,5,1,'Stationery','<p><span style=\"font-size:10pt;font-family:Arial;font-style:normal;\">Notebooks, agendas, office accessories and more. Everything you need to combine the pleasant and the useful, either at work or at home. </span></p>','stationery','','',''),(7,5,2,'Stationery','<p><span style=\"font-size:10pt;font-family:Arial;font-style:normal;\">Notebooks, agendas, office accessories and more. Everything you need to combine the pleasant and the useful, either at work or at home. </span></p>','stationery','','',''),(7,5,3,'Papeterie','<p><span style=\"font-size:10pt;font-family:Arial;font-style:normal;color:#000000;\">Carnets, agendas, accessoires de bureau et plus encore. Tout ce dont vous avez besoin pour joindre l\'utile à l\'agréable, au travail ou à la maison.</span></p>','papeterie','','',''),(7,5,4,'Stationery','<p><span style=\"font-size:10pt;font-family:Arial;font-style:normal;\">Notebooks, agendas, office accessories and more. Everything you need to combine the pleasant and the useful, either at work or at home. </span></p>','stationery','','',''),(7,6,1,'Stationery','<p><span style=\"font-size:10pt;font-family:Arial;font-style:normal;\">Notebooks, agendas, office accessories and more. Everything you need to combine the pleasant and the useful, either at work or at home. </span></p>','stationery','','',''),(7,6,2,'Stationery','<p><span style=\"font-size:10pt;font-family:Arial;font-style:normal;\">Notebooks, agendas, office accessories and more. Everything you need to combine the pleasant and the useful, either at work or at home. </span></p>','stationery','','',''),(7,6,3,'Papeterie','<p><span style=\"font-size:10pt;font-family:Arial;font-style:normal;color:#000000;\">Carnets, agendas, accessoires de bureau et plus encore. Tout ce dont vous avez besoin pour joindre l\'utile à l\'agréable, au travail ou à la maison.</span></p>','papeterie','','',''),(7,6,4,'Stationery','<p><span style=\"font-size:10pt;font-family:Arial;font-style:normal;\">Notebooks, agendas, office accessories and more. Everything you need to combine the pleasant and the useful, either at work or at home. </span></p>','stationery','','',''),(7,7,1,'Stationery','<p><span style=\"font-size:10pt;font-family:Arial;font-style:normal;\">Notebooks, agendas, office accessories and more. Everything you need to combine the pleasant and the useful, either at work or at home. </span></p>','stationery','','',''),(7,7,2,'Stationery','<p><span style=\"font-size:10pt;font-family:Arial;font-style:normal;\">Notebooks, agendas, office accessories and more. Everything you need to combine the pleasant and the useful, either at work or at home. </span></p>','stationery','','',''),(7,7,3,'Papeterie','<p><span style=\"font-size:10pt;font-family:Arial;font-style:normal;color:#000000;\">Carnets, agendas, accessoires de bureau et plus encore. Tout ce dont vous avez besoin pour joindre l\'utile à l\'agréable, au travail ou à la maison.</span></p>','papeterie','','',''),(7,7,4,'Stationery','<p><span style=\"font-size:10pt;font-family:Arial;font-style:normal;\">Notebooks, agendas, office accessories and more. Everything you need to combine the pleasant and the useful, either at work or at home. </span></p>','stationery','','',''),(7,8,1,'Stationery','<p><span style=\"font-size:10pt;font-family:Arial;font-style:normal;\">Notebooks, agendas, office accessories and more. Everything you need to combine the pleasant and the useful, either at work or at home. </span></p>','stationery','','',''),(7,8,2,'Stationery','<p><span style=\"font-size:10pt;font-family:Arial;font-style:normal;\">Notebooks, agendas, office accessories and more. Everything you need to combine the pleasant and the useful, either at work or at home. </span></p>','stationery','','',''),(7,8,3,'Papeterie','<p><span style=\"font-size:10pt;font-family:Arial;font-style:normal;color:#000000;\">Carnets, agendas, accessoires de bureau et plus encore. Tout ce dont vous avez besoin pour joindre l\'utile à l\'agréable, au travail ou à la maison.</span></p>','papeterie','','',''),(7,8,4,'Stationery','<p><span style=\"font-size:10pt;font-family:Arial;font-style:normal;\">Notebooks, agendas, office accessories and more. Everything you need to combine the pleasant and the useful, either at work or at home. </span></p>','stationery','','',''),(7,9,1,'Stationery','<p><span style=\"font-size:10pt;font-family:Arial;font-style:normal;\">Notebooks, agendas, office accessories and more. Everything you need to combine the pleasant and the useful, either at work or at home. </span></p>','stationery','','',''),(7,9,2,'Stationery','<p><span style=\"font-size:10pt;font-family:Arial;font-style:normal;\">Notebooks, agendas, office accessories and more. Everything you need to combine the pleasant and the useful, either at work or at home. </span></p>','stationery','','',''),(7,9,3,'Papeterie','<p><span style=\"font-size:10pt;font-family:Arial;font-style:normal;color:#000000;\">Carnets, agendas, accessoires de bureau et plus encore. Tout ce dont vous avez besoin pour joindre l\'utile à l\'agréable, au travail ou à la maison.</span></p>','papeterie','','',''),(7,9,4,'Stationery','<p><span style=\"font-size:10pt;font-family:Arial;font-style:normal;\">Notebooks, agendas, office accessories and more. Everything you need to combine the pleasant and the useful, either at work or at home. </span></p>','stationery','','',''),(7,10,1,'Stationery','<p><span style=\"font-size:10pt;font-family:Arial;font-style:normal;\">Notebooks, agendas, office accessories and more. Everything you need to combine the pleasant and the useful, either at work or at home. </span></p>','stationery','','',''),(7,10,2,'Stationery','<p><span style=\"font-size:10pt;font-family:Arial;font-style:normal;\">Notebooks, agendas, office accessories and more. Everything you need to combine the pleasant and the useful, either at work or at home. </span></p>','stationery','','',''),(7,10,3,'Papeterie','<p><span style=\"font-size:10pt;font-family:Arial;font-style:normal;color:#000000;\">Carnets, agendas, accessoires de bureau et plus encore. Tout ce dont vous avez besoin pour joindre l\'utile à l\'agréable, au travail ou à la maison.</span></p>','papeterie','','',''),(7,10,4,'Stationery','<p><span style=\"font-size:10pt;font-family:Arial;font-style:normal;\">Notebooks, agendas, office accessories and more. Everything you need to combine the pleasant and the useful, either at work or at home. </span></p>','stationery','','',''),(7,11,1,'Stationery','<p><span style=\"font-size:10pt;font-family:Arial;font-style:normal;\">Notebooks, agendas, office accessories and more. Everything you need to combine the pleasant and the useful, either at work or at home. </span></p>','stationery','','',''),(7,11,2,'Stationery','<p><span style=\"font-size:10pt;font-family:Arial;font-style:normal;\">Notebooks, agendas, office accessories and more. Everything you need to combine the pleasant and the useful, either at work or at home. </span></p>','stationery','','',''),(7,11,3,'Papeterie','<p><span style=\"font-size:10pt;font-family:Arial;font-style:normal;color:#000000;\">Carnets, agendas, accessoires de bureau et plus encore. Tout ce dont vous avez besoin pour joindre l\'utile à l\'agréable, au travail ou à la maison.</span></p>','papeterie','','',''),(7,11,4,'Stationery','<p><span style=\"font-size:10pt;font-family:Arial;font-style:normal;\">Notebooks, agendas, office accessories and more. Everything you need to combine the pleasant and the useful, either at work or at home. </span></p>','stationery','','',''),(7,12,1,'Stationery','<p><span style=\"font-size:10pt;font-family:Arial;font-style:normal;\">Notebooks, agendas, office accessories and more. Everything you need to combine the pleasant and the useful, either at work or at home. </span></p>','stationery','','',''),(7,12,2,'Stationery','<p><span style=\"font-size:10pt;font-family:Arial;font-style:normal;\">Notebooks, agendas, office accessories and more. Everything you need to combine the pleasant and the useful, either at work or at home. </span></p>','stationery','','',''),(7,12,3,'Papeterie','<p><span style=\"font-size:10pt;font-family:Arial;font-style:normal;color:#000000;\">Carnets, agendas, accessoires de bureau et plus encore. Tout ce dont vous avez besoin pour joindre l\'utile à l\'agréable, au travail ou à la maison.</span></p>','papeterie','','',''),(7,12,4,'Stationery','<p><span style=\"font-size:10pt;font-family:Arial;font-style:normal;\">Notebooks, agendas, office accessories and more. Everything you need to combine the pleasant and the useful, either at work or at home. </span></p>','stationery','','',''),(7,13,1,'Stationery','<p><span style=\"font-size:10pt;font-family:Arial;font-style:normal;\">Notebooks, agendas, office accessories and more. Everything you need to combine the pleasant and the useful, either at work or at home. </span></p>','stationery','','',''),(7,13,2,'Stationery','<p><span style=\"font-size:10pt;font-family:Arial;font-style:normal;\">Notebooks, agendas, office accessories and more. Everything you need to combine the pleasant and the useful, either at work or at home. </span></p>','stationery','','',''),(7,13,3,'Papeterie','<p><span style=\"font-size:10pt;font-family:Arial;font-style:normal;color:#000000;\">Carnets, agendas, accessoires de bureau et plus encore. Tout ce dont vous avez besoin pour joindre l\'utile à l\'agréable, au travail ou à la maison.</span></p>','papeterie','','',''),(7,13,4,'Stationery','<p><span style=\"font-size:10pt;font-family:Arial;font-style:normal;\">Notebooks, agendas, office accessories and more. Everything you need to combine the pleasant and the useful, either at work or at home. </span></p>','stationery','','',''),(8,1,1,'Home Accessories','<p><span style=\"font-size:10pt;font-family:Arial;font-style:normal;\">Details matter! Liven up your interior with our selection of home accessories. </span></p>','home-accessories','','',''),(8,1,2,'Home Accessories','<p><span style=\"font-size:10pt;font-family:Arial;font-style:normal;\">Details matter! Liven up your interior with our selection of home accessories. </span></p>','home-accessories','','',''),(8,1,3,'Accessoires de maison','<p><span style=\"font-size:10pt;font-family:Arial;font-style:normal;\">Vous avez le sens du détail ? Agrémentez votre intérieur avec notre sélection d\'accessoires de maison.</span></p>','accessoires-de-maison','','',''),(8,1,4,'Home Accessories','<p><span style=\"font-size:10pt;font-family:Arial;font-style:normal;\">Details matter! Liven up your interior with our selection of home accessories. </span></p>','home-accessories','','',''),(8,3,1,'Home Accessories','<p><span style=\"font-size:10pt;font-family:Arial;font-style:normal;\">Details matter! Liven up your interior with our selection of home accessories. </span></p>','home-accessories','','',''),(8,3,2,'Home Accessories','<p><span style=\"font-size:10pt;font-family:Arial;font-style:normal;\">Details matter! Liven up your interior with our selection of home accessories. </span></p>','home-accessories','','',''),(8,3,3,'Accessoires de maison','<p><span style=\"font-size:10pt;font-family:Arial;font-style:normal;\">Vous avez le sens du détail ? Agrémentez votre intérieur avec notre sélection d\'accessoires de maison.</span></p>','accessoires-de-maison','','',''),(8,3,4,'Home Accessories','<p><span style=\"font-size:10pt;font-family:Arial;font-style:normal;\">Details matter! Liven up your interior with our selection of home accessories. </span></p>','home-accessories','','',''),(8,4,1,'Home Accessories','<p><span style=\"font-size:10pt;font-family:Arial;font-style:normal;\">Details matter! Liven up your interior with our selection of home accessories. </span></p>','home-accessories','','',''),(8,4,2,'Home Accessories','<p><span style=\"font-size:10pt;font-family:Arial;font-style:normal;\">Details matter! Liven up your interior with our selection of home accessories. </span></p>','home-accessories','','',''),(8,4,3,'Accessoires de maison','<p><span style=\"font-size:10pt;font-family:Arial;font-style:normal;\">Vous avez le sens du détail ? Agrémentez votre intérieur avec notre sélection d\'accessoires de maison.</span></p>','accessoires-de-maison','','',''),(8,4,4,'Home Accessories','<p><span style=\"font-size:10pt;font-family:Arial;font-style:normal;\">Details matter! Liven up your interior with our selection of home accessories. </span></p>','home-accessories','','',''),(8,5,1,'Home Accessories','<p><span style=\"font-size:10pt;font-family:Arial;font-style:normal;\">Details matter! Liven up your interior with our selection of home accessories. </span></p>','home-accessories','','',''),(8,5,2,'Home Accessories','<p><span style=\"font-size:10pt;font-family:Arial;font-style:normal;\">Details matter! Liven up your interior with our selection of home accessories. </span></p>','home-accessories','','',''),(8,5,3,'Accessoires de maison','<p><span style=\"font-size:10pt;font-family:Arial;font-style:normal;\">Vous avez le sens du détail ? Agrémentez votre intérieur avec notre sélection d\'accessoires de maison.</span></p>','accessoires-de-maison','','',''),(8,5,4,'Home Accessories','<p><span style=\"font-size:10pt;font-family:Arial;font-style:normal;\">Details matter! Liven up your interior with our selection of home accessories. </span></p>','home-accessories','','',''),(8,6,1,'Home Accessories','<p><span style=\"font-size:10pt;font-family:Arial;font-style:normal;\">Details matter! Liven up your interior with our selection of home accessories. </span></p>','home-accessories','','',''),(8,6,2,'Home Accessories','<p><span style=\"font-size:10pt;font-family:Arial;font-style:normal;\">Details matter! Liven up your interior with our selection of home accessories. </span></p>','home-accessories','','',''),(8,6,3,'Accessoires de maison','<p><span style=\"font-size:10pt;font-family:Arial;font-style:normal;\">Vous avez le sens du détail ? Agrémentez votre intérieur avec notre sélection d\'accessoires de maison.</span></p>','accessoires-de-maison','','',''),(8,6,4,'Home Accessories','<p><span style=\"font-size:10pt;font-family:Arial;font-style:normal;\">Details matter! Liven up your interior with our selection of home accessories. </span></p>','home-accessories','','',''),(8,7,1,'Home Accessories','<p><span style=\"font-size:10pt;font-family:Arial;font-style:normal;\">Details matter! Liven up your interior with our selection of home accessories. </span></p>','home-accessories','','',''),(8,7,2,'Home Accessories','<p><span style=\"font-size:10pt;font-family:Arial;font-style:normal;\">Details matter! Liven up your interior with our selection of home accessories. </span></p>','home-accessories','','',''),(8,7,3,'Accessoires de maison','<p><span style=\"font-size:10pt;font-family:Arial;font-style:normal;\">Vous avez le sens du détail ? Agrémentez votre intérieur avec notre sélection d\'accessoires de maison.</span></p>','accessoires-de-maison','','',''),(8,7,4,'Home Accessories','<p><span style=\"font-size:10pt;font-family:Arial;font-style:normal;\">Details matter! Liven up your interior with our selection of home accessories. </span></p>','home-accessories','','',''),(8,8,1,'Home Accessories','<p><span style=\"font-size:10pt;font-family:Arial;font-style:normal;\">Details matter! Liven up your interior with our selection of home accessories. </span></p>','home-accessories','','',''),(8,8,2,'Home Accessories','<p><span style=\"font-size:10pt;font-family:Arial;font-style:normal;\">Details matter! Liven up your interior with our selection of home accessories. </span></p>','home-accessories','','',''),(8,8,3,'Accessoires de maison','<p><span style=\"font-size:10pt;font-family:Arial;font-style:normal;\">Vous avez le sens du détail ? Agrémentez votre intérieur avec notre sélection d\'accessoires de maison.</span></p>','accessoires-de-maison','','',''),(8,8,4,'Home Accessories','<p><span style=\"font-size:10pt;font-family:Arial;font-style:normal;\">Details matter! Liven up your interior with our selection of home accessories. </span></p>','home-accessories','','',''),(8,9,1,'Home Accessories','<p><span style=\"font-size:10pt;font-family:Arial;font-style:normal;\">Details matter! Liven up your interior with our selection of home accessories. </span></p>','home-accessories','','',''),(8,9,2,'Home Accessories','<p><span style=\"font-size:10pt;font-family:Arial;font-style:normal;\">Details matter! Liven up your interior with our selection of home accessories. </span></p>','home-accessories','','',''),(8,9,3,'Accessoires de maison','<p><span style=\"font-size:10pt;font-family:Arial;font-style:normal;\">Vous avez le sens du détail ? Agrémentez votre intérieur avec notre sélection d\'accessoires de maison.</span></p>','accessoires-de-maison','','',''),(8,9,4,'Home Accessories','<p><span style=\"font-size:10pt;font-family:Arial;font-style:normal;\">Details matter! Liven up your interior with our selection of home accessories. </span></p>','home-accessories','','',''),(8,10,1,'Home Accessories','<p><span style=\"font-size:10pt;font-family:Arial;font-style:normal;\">Details matter! Liven up your interior with our selection of home accessories. </span></p>','home-accessories','','',''),(8,10,2,'Home Accessories','<p><span style=\"font-size:10pt;font-family:Arial;font-style:normal;\">Details matter! Liven up your interior with our selection of home accessories. </span></p>','home-accessories','','',''),(8,10,3,'Accessoires de maison','<p><span style=\"font-size:10pt;font-family:Arial;font-style:normal;\">Vous avez le sens du détail ? Agrémentez votre intérieur avec notre sélection d\'accessoires de maison.</span></p>','accessoires-de-maison','','',''),(8,10,4,'Home Accessories','<p><span style=\"font-size:10pt;font-family:Arial;font-style:normal;\">Details matter! Liven up your interior with our selection of home accessories. </span></p>','home-accessories','','',''),(8,11,1,'Home Accessories','<p><span style=\"font-size:10pt;font-family:Arial;font-style:normal;\">Details matter! Liven up your interior with our selection of home accessories. </span></p>','home-accessories','','',''),(8,11,2,'Home Accessories','<p><span style=\"font-size:10pt;font-family:Arial;font-style:normal;\">Details matter! Liven up your interior with our selection of home accessories. </span></p>','home-accessories','','',''),(8,11,3,'Accessoires de maison','<p><span style=\"font-size:10pt;font-family:Arial;font-style:normal;\">Vous avez le sens du détail ? Agrémentez votre intérieur avec notre sélection d\'accessoires de maison.</span></p>','accessoires-de-maison','','',''),(8,11,4,'Home Accessories','<p><span style=\"font-size:10pt;font-family:Arial;font-style:normal;\">Details matter! Liven up your interior with our selection of home accessories. </span></p>','home-accessories','','',''),(8,12,1,'Home Accessories','<p><span style=\"font-size:10pt;font-family:Arial;font-style:normal;\">Details matter! Liven up your interior with our selection of home accessories. </span></p>','home-accessories','','',''),(8,12,2,'Home Accessories','<p><span style=\"font-size:10pt;font-family:Arial;font-style:normal;\">Details matter! Liven up your interior with our selection of home accessories. </span></p>','home-accessories','','',''),(8,12,3,'Accessoires de maison','<p><span style=\"font-size:10pt;font-family:Arial;font-style:normal;\">Vous avez le sens du détail ? Agrémentez votre intérieur avec notre sélection d\'accessoires de maison.</span></p>','accessoires-de-maison','','',''),(8,12,4,'Home Accessories','<p><span style=\"font-size:10pt;font-family:Arial;font-style:normal;\">Details matter! Liven up your interior with our selection of home accessories. </span></p>','home-accessories','','',''),(8,13,1,'Home Accessories','<p><span style=\"font-size:10pt;font-family:Arial;font-style:normal;\">Details matter! Liven up your interior with our selection of home accessories. </span></p>','home-accessories','','',''),(8,13,2,'Home Accessories','<p><span style=\"font-size:10pt;font-family:Arial;font-style:normal;\">Details matter! Liven up your interior with our selection of home accessories. </span></p>','home-accessories','','',''),(8,13,3,'Accessoires de maison','<p><span style=\"font-size:10pt;font-family:Arial;font-style:normal;\">Vous avez le sens du détail ? Agrémentez votre intérieur avec notre sélection d\'accessoires de maison.</span></p>','accessoires-de-maison','','',''),(8,13,4,'Home Accessories','<p><span style=\"font-size:10pt;font-family:Arial;font-style:normal;\">Details matter! Liven up your interior with our selection of home accessories. </span></p>','home-accessories','','',''),(10,1,1,'CLassic','','classic','','',''),(10,1,2,'CLassic','','classic','','',''),(10,1,3,'CLassic','','classic','','',''),(10,1,4,'CLassic','','classic','','',''),(10,3,1,'Classic','','classic','','',''),(10,3,2,'Classic','','classic','','',''),(10,3,3,'Classic','','classic','','',''),(10,3,4,'Classic','','classic','','',''),(10,4,1,'CLassic','','classic','','',''),(10,4,2,'CLassic','','classic','','',''),(10,4,3,'CLassic','','classic','','',''),(10,4,4,'CLassic','','classic','','',''),(10,5,1,'CLassic','','classic','','',''),(10,5,2,'CLassic','','classic','','',''),(10,5,3,'CLassic','','classic','','',''),(10,5,4,'CLassic','','classic','','',''),(10,6,1,'CLassic','','classic','','',''),(10,6,2,'CLassic','','classic','','',''),(10,6,3,'CLassic','','classic','','',''),(10,6,4,'CLassic','','classic','','',''),(10,7,1,'CLassic','','classic','','',''),(10,7,2,'CLassic','','classic','','',''),(10,7,3,'CLassic','','classic','','',''),(10,7,4,'CLassic','','classic','','',''),(10,8,1,'CLassic','','classic','','',''),(10,8,2,'CLassic','','classic','','',''),(10,8,3,'CLassic','','classic','','',''),(10,8,4,'CLassic','','classic','','',''),(10,9,1,'CLassic','','classic','','',''),(10,9,2,'CLassic','','classic','','',''),(10,9,3,'CLassic','','classic','','',''),(10,9,4,'CLassic','','classic','','',''),(10,10,1,'Classic','','classic','','',''),(10,10,2,'Classic','','classic','','',''),(10,10,3,'Classic','','classic','','',''),(10,10,4,'Classic','','classic','','',''),(10,11,1,'CLassic','','classic','','',''),(10,11,2,'CLassic','','classic','','',''),(10,11,3,'CLassic','','classic','','',''),(10,11,4,'CLassic','','classic','','',''),(10,12,1,'CLassic','','classic','','',''),(10,12,2,'CLassic','','classic','','',''),(10,12,3,'CLassic','','classic','','',''),(10,12,4,'CLassic','','classic','','',''),(10,13,1,'CLassic','','classic','','',''),(10,13,2,'CLassic','','classic','','',''),(10,13,3,'CLassic','','classic','','',''),(10,13,4,'CLassic','','classic','','',''),(11,1,1,'Mechanics','','mechanics','','',''),(11,1,2,'Mechanics','','mechanics','','',''),(11,1,3,'Mechanics','','mechanics','','',''),(11,1,4,'Mechanics','','mechanics','','',''),(11,3,1,'Mechanics','','mechanics','','',''),(11,3,2,'Mechanics','','mechanics','','',''),(11,3,3,'Mechanics','','mechanics','','',''),(11,3,4,'Mechanics','','mechanics','','',''),(11,4,1,'Mechanics','','mechanics','','',''),(11,4,2,'Mechanics','','mechanics','','',''),(11,4,3,'Mechanics','','mechanics','','',''),(11,4,4,'Mechanics','','mechanics','','',''),(11,5,1,'Mechanics','','mechanics','','',''),(11,5,2,'Mechanics','','mechanics','','',''),(11,5,3,'Mechanics','','mechanics','','',''),(11,5,4,'Mechanics','','mechanics','','',''),(11,6,1,'Mechanics','','mechanics','','',''),(11,6,2,'Mechanics','','mechanics','','',''),(11,6,3,'Mechanics','','mechanics','','',''),(11,6,4,'Mechanics','','mechanics','','',''),(11,7,1,'Mechanics','','mechanics','','',''),(11,7,2,'Mechanics','','mechanics','','',''),(11,7,3,'Mechanics','','mechanics','','',''),(11,7,4,'Mechanics','','mechanics','','',''),(11,8,1,'Mechanics','','mechanics','','',''),(11,8,2,'Mechanics','','mechanics','','',''),(11,8,3,'Mechanics','','mechanics','','',''),(11,8,4,'Mechanics','','mechanics','','',''),(11,9,1,'Mechanics','','mechanics','','',''),(11,9,2,'Mechanics','','mechanics','','',''),(11,9,3,'Mechanics','','mechanics','','',''),(11,9,4,'Mechanics','','mechanics','','',''),(11,10,1,'Mechanics','','mechanics','','',''),(11,10,2,'Mechanics','','mechanics','','',''),(11,10,3,'Mechanics','','mechanics','','',''),(11,10,4,'Mechanics','','mechanics','','',''),(11,11,1,'Mechanics','','mechanics','','',''),(11,11,2,'Mechanics','','mechanics','','',''),(11,11,3,'Mechanics','','mechanics','','',''),(11,11,4,'Mechanics','','mechanics','','',''),(11,12,1,'Mechanics','','mechanics','','',''),(11,12,2,'Mechanics','','mechanics','','',''),(11,12,3,'Mechanics','','mechanics','','',''),(11,12,4,'Mechanics','','mechanics','','',''),(11,13,1,'Mechanics','','mechanics','','',''),(11,13,2,'Mechanics','','mechanics','','',''),(11,13,3,'Mechanics','','mechanics','','',''),(11,13,4,'Mechanics','','mechanics','','',''),(12,1,1,'Pro L','','pro-l','','',''),(12,1,2,'Pro L','','pro-l','','',''),(12,1,3,'Pro L','','pro-l','','',''),(12,1,4,'Pro L','','pro-l','','',''),(12,3,1,'Pro L','','pro-l','','',''),(12,3,2,'Pro L','','pro-l','','',''),(12,3,3,'Pro L','','pro-l','','',''),(12,3,4,'Pro L','','pro-l','','',''),(12,4,1,'Pro L','','pro-l','','',''),(12,4,2,'Pro L','','pro-l','','',''),(12,4,3,'Pro L','','pro-l','','',''),(12,4,4,'Pro L','','pro-l','','',''),(12,5,1,'Pro L','','pro-l','','',''),(12,5,2,'Pro L','','pro-l','','',''),(12,5,3,'Pro L','','pro-l','','',''),(12,5,4,'Pro L','','pro-l','','',''),(12,6,1,'Pro L','','pro-l','','',''),(12,6,2,'Pro L','','pro-l','','',''),(12,6,3,'Pro L','','pro-l','','',''),(12,6,4,'Pro L','','pro-l','','',''),(12,7,1,'Pro L','','pro-l','','',''),(12,7,2,'Pro L','','pro-l','','',''),(12,7,3,'Pro L','','pro-l','','',''),(12,7,4,'Pro L','','pro-l','','',''),(12,8,1,'Pro L','','pro-l','','',''),(12,8,2,'Pro L','','pro-l','','',''),(12,8,3,'Pro L','','pro-l','','',''),(12,8,4,'Pro L','','pro-l','','',''),(12,9,1,'Pro L','','pro-l','','',''),(12,9,2,'Pro L','','pro-l','','',''),(12,9,3,'Pro L','','pro-l','','',''),(12,9,4,'Pro L','','pro-l','','',''),(12,10,1,'Pro L','','pro-l','','',''),(12,10,2,'Pro L','','pro-l','','',''),(12,10,3,'Pro L','','pro-l','','',''),(12,10,4,'Pro L','','pro-l','','',''),(12,11,1,'Pro L','','pro-l','','',''),(12,11,2,'Pro L','','pro-l','','',''),(12,11,3,'Pro L','','pro-l','','',''),(12,11,4,'Pro L','','pro-l','','',''),(12,12,1,'Pro L','','pro-l','','',''),(12,12,2,'Pro L','','pro-l','','',''),(12,12,3,'Pro L','','pro-l','','',''),(12,12,4,'Pro L','','pro-l','','',''),(12,13,1,'Pro L','','pro-l','','',''),(12,13,2,'Pro L','','pro-l','','',''),(12,13,3,'Pro L','','pro-l','','',''),(12,13,4,'Pro L','','pro-l','','',''),(13,1,1,'KOR','','kor','','',''),(13,1,2,'KOR','','kor','','',''),(13,1,3,'KOR','','kor','','',''),(13,1,4,'KOR','','kor','','',''),(13,3,1,'KOR','','kor','','',''),(13,3,2,'KOR','','kor','','',''),(13,3,3,'KOR','','kor','','',''),(13,3,4,'KOR','','kor','','',''),(13,4,1,'KOR','','kor','','',''),(13,4,2,'KOR','','kor','','',''),(13,4,3,'KOR','','kor','','',''),(13,4,4,'KOR','','kor','','',''),(13,5,1,'KOR','','kor','','',''),(13,5,2,'KOR','','kor','','',''),(13,5,3,'KOR','','kor','','',''),(13,5,4,'KOR','','kor','','',''),(13,6,1,'KOR','','kor','','',''),(13,6,2,'KOR','','kor','','',''),(13,6,3,'KOR','','kor','','',''),(13,6,4,'KOR','','kor','','',''),(13,7,1,'KOR','','kor','','',''),(13,7,2,'KOR','','kor','','',''),(13,7,3,'KOR','','kor','','',''),(13,7,4,'KOR','','kor','','',''),(13,8,1,'KOR','','kor','','',''),(13,8,2,'KOR','','kor','','',''),(13,8,3,'KOR','','kor','','',''),(13,8,4,'KOR','','kor','','',''),(13,9,1,'KOR','','kor','','',''),(13,9,2,'KOR','','kor','','',''),(13,9,3,'KOR','','kor','','',''),(13,9,4,'KOR','','kor','','',''),(13,10,1,'KOR','','kor','','',''),(13,10,2,'KOR','','kor','','',''),(13,10,3,'KOR','','kor','','',''),(13,10,4,'KOR','','kor','','',''),(13,11,1,'KOR','','kor','','',''),(13,11,2,'KOR','','kor','','',''),(13,11,3,'KOR','','kor','','',''),(13,11,4,'KOR','','kor','','',''),(13,12,1,'KOR','','kor','','',''),(13,12,2,'KOR','','kor','','',''),(13,12,3,'KOR','','kor','','',''),(13,12,4,'KOR','','kor','','',''),(13,13,1,'KOR','','kor','','',''),(13,13,2,'KOR','','kor','','',''),(13,13,3,'KOR','','kor','','',''),(13,13,4,'KOR','','kor','','',''),(14,1,1,'Magicube','','magicube','','',''),(14,1,2,'Magicube','','magicube','','',''),(14,1,3,'Magicube','','magicube','','',''),(14,1,4,'Magicube','','magicube','','',''),(14,3,1,'Magicube','','magicube','','',''),(14,3,2,'Magicube','','magicube','','',''),(14,3,3,'Magicube','','magicube','','',''),(14,3,4,'Magicube','','magicube','','',''),(14,4,1,'Magicube','','magicube','','',''),(14,4,2,'Magicube','','magicube','','',''),(14,4,3,'Magicube','','magicube','','',''),(14,4,4,'Magicube','','magicube','','',''),(14,5,1,'Magicube','','magicube','','',''),(14,5,2,'Magicube','','magicube','','',''),(14,5,3,'Magicube','','magicube','','',''),(14,5,4,'Magicube','','magicube','','',''),(14,6,1,'Magicube','','magicube','','',''),(14,6,2,'Magicube','','magicube','','',''),(14,6,3,'Magicube','','magicube','','',''),(14,6,4,'Magicube','','magicube','','',''),(14,7,1,'Magicube','','magicube','','',''),(14,7,2,'Magicube','','magicube','','',''),(14,7,3,'Magicube','','magicube','','',''),(14,7,4,'Magicube','','magicube','','',''),(14,8,1,'Magicube','','magicube','','',''),(14,8,2,'Magicube','','magicube','','',''),(14,8,3,'Magicube','','magicube','','',''),(14,8,4,'Magicube','','magicube','','',''),(14,9,1,'Magicube','','magicube','','',''),(14,9,2,'Magicube','','magicube','','',''),(14,9,3,'Magicube','','magicube','','',''),(14,9,4,'Magicube','','magicube','','',''),(14,10,1,'Magicube','','magicube','','',''),(14,10,2,'Magicube','','magicube','','',''),(14,10,3,'Magicube','','magicube','','',''),(14,10,4,'Magicube','','magicube','','',''),(14,11,1,'Magicube','','magicube','','',''),(14,11,2,'Magicube','','magicube','','',''),(14,11,3,'Magicube','','magicube','','',''),(14,11,4,'Magicube','','magicube','','',''),(14,12,1,'Magicube','','magicube','','',''),(14,12,2,'Magicube','','magicube','','',''),(14,12,3,'Magicube','','magicube','','',''),(14,12,4,'Magicube','','magicube','','',''),(14,13,1,'Magicube','','magicube','','',''),(14,13,2,'Magicube','','magicube','','',''),(14,13,3,'Magicube','','magicube','','',''),(14,13,4,'Magicube','','magicube','','',''),(15,1,1,'Color','','color','','',''),(15,1,2,'Color','','color','','',''),(15,1,3,'Color','','color','','',''),(15,1,4,'Color','','color','','',''),(15,3,1,'Color','','color','','',''),(15,3,2,'Color','','color','','',''),(15,3,3,'Color','','color','','',''),(15,3,4,'Color','','color','','',''),(15,4,1,'Color','','color','','',''),(15,4,2,'Color','','color','','',''),(15,4,3,'Color','','color','','',''),(15,4,4,'Color','','color','','',''),(15,5,1,'Color','','color','','',''),(15,5,2,'Color','','color','','',''),(15,5,3,'Color','','color','','',''),(15,5,4,'Color','','color','','',''),(15,6,1,'Color','','color','','',''),(15,6,2,'Color','','color','','',''),(15,6,3,'Color','','color','','',''),(15,6,4,'Color','','color','','',''),(15,7,1,'Color','','color','','',''),(15,7,2,'Color','','color','','',''),(15,7,3,'Color','','color','','',''),(15,7,4,'Color','','color','','',''),(15,8,1,'Color','','color','','',''),(15,8,2,'Color','','color','','',''),(15,8,3,'Color','','color','','',''),(15,8,4,'Color','','color','','',''),(15,9,1,'Color','','color','','',''),(15,9,2,'Color','','color','','',''),(15,9,3,'Color','','color','','',''),(15,9,4,'Color','','color','','',''),(15,10,1,'Color','','color','','',''),(15,10,2,'Color','','color','','',''),(15,10,3,'Color','','color','','',''),(15,10,4,'Color','','color','','',''),(15,11,1,'Color','','color','','',''),(15,11,2,'Color','','color','','',''),(15,11,3,'Color','','color','','',''),(15,11,4,'Color','','color','','',''),(15,12,1,'Color','','color','','',''),(15,12,2,'Color','','color','','',''),(15,12,3,'Color','','color','','',''),(15,12,4,'Color','','color','','',''),(15,13,1,'Color','','color','','',''),(15,13,2,'Color','','color','','',''),(15,13,3,'Color','','color','','',''),(15,13,4,'Color','','color','','',''),(16,1,1,'Black & White','','black-white','','',''),(16,1,2,'Black & White','','black-white','','',''),(16,1,3,'Black & White','','black-white','','',''),(16,1,4,'Black & White','','black-white','','',''),(16,3,1,'Black & White','','black-white','','',''),(16,3,2,'Black & White','','black-white','','',''),(16,3,3,'Black & White','','black-white','','',''),(16,3,4,'Black & White','','black-white','','',''),(16,4,1,'Black & White','','black-white','','',''),(16,4,2,'Black & White','','black-white','','',''),(16,4,3,'Black & White','','black-white','','',''),(16,4,4,'Black & White','','black-white','','',''),(16,5,1,'Black & White','','black-white','','',''),(16,5,2,'Black & White','','black-white','','',''),(16,5,3,'Black & White','','black-white','','',''),(16,5,4,'Black & White','','black-white','','',''),(16,6,1,'Black & White','','black-white','','',''),(16,6,2,'Black & White','','black-white','','',''),(16,6,3,'Black & White','','black-white','','',''),(16,6,4,'Black & White','','black-white','','',''),(16,7,1,'Black & White','','black-white','','',''),(16,7,2,'Black & White','','black-white','','',''),(16,7,3,'Black & White','','black-white','','',''),(16,7,4,'Black & White','','black-white','','',''),(16,8,1,'Black & White','','black-white','','',''),(16,8,2,'Black & White','','black-white','','',''),(16,8,3,'Black & White','','black-white','','',''),(16,8,4,'Black & White','','black-white','','',''),(16,9,1,'Black & White','','black-white','','',''),(16,9,2,'Black & White','','black-white','','',''),(16,9,3,'Black & White','','black-white','','',''),(16,9,4,'Black & White','','black-white','','',''),(16,10,1,'Black & White','','black-white','','',''),(16,10,2,'Black & White','','black-white','','',''),(16,10,3,'Black & White','','black-white','','',''),(16,10,4,'Black & White','','black-white','','',''),(16,11,1,'Black & White','','black-white','','',''),(16,11,2,'Black & White','','black-white','','',''),(16,11,3,'Black & White','','black-white','','',''),(16,11,4,'Black & White','','black-white','','',''),(16,12,1,'Black & White','','black-white','','',''),(16,12,2,'Black & White','','black-white','','',''),(16,12,3,'Black & White','','black-white','','',''),(16,12,4,'Black & White','','black-white','','',''),(16,13,1,'Black & White','','black-white','','',''),(16,13,2,'Black & White','','black-white','','',''),(16,13,3,'Black & White','','black-white','','',''),(16,13,4,'Black & White','','black-white','','',''),(17,1,1,'Panels','','panels','','',''),(17,1,2,'Panels','','panels','','',''),(17,1,3,'Panels','','panels','','',''),(17,1,4,'Panels','','panels','','',''),(17,3,1,'Panels','','panels','','',''),(17,3,2,'Panels','','panels','','',''),(17,3,3,'Panels','','panels','','',''),(17,3,4,'Panels','','panels','','',''),(17,4,1,'Panels','','panels','','',''),(17,4,2,'Panels','','panels','','',''),(17,4,3,'Panels','','panels','','',''),(17,4,4,'Panels','','panels','','',''),(17,5,1,'Panels','','panels','','',''),(17,5,2,'Panels','','panels','','',''),(17,5,3,'Panels','','panels','','',''),(17,5,4,'Panels','','panels','','',''),(17,6,1,'Panels','','panels','','',''),(17,6,2,'Panels','','panels','','',''),(17,6,3,'Panels','','panels','','',''),(17,6,4,'Panels','','panels','','',''),(17,7,1,'Panels','','panels','','',''),(17,7,2,'Panels','','panels','','',''),(17,7,3,'Panels','','panels','','',''),(17,7,4,'Panels','','panels','','',''),(17,8,1,'Panels','','panels','','',''),(17,8,2,'Panels','','panels','','',''),(17,8,3,'Panels','','panels','','',''),(17,8,4,'Panels','','panels','','',''),(17,9,1,'Panels','','panels','','',''),(17,9,2,'Panels','','panels','','',''),(17,9,3,'Panels','','panels','','',''),(17,9,4,'Panels','','panels','','',''),(17,10,1,'Panels','','panels','','',''),(17,10,2,'Panels','','panels','','',''),(17,10,3,'Panels','','panels','','',''),(17,10,4,'Panels','','panels','','',''),(17,11,1,'Panels','','panels','','',''),(17,11,2,'Panels','','panels','','',''),(17,11,3,'Panels','','panels','','',''),(17,11,4,'Panels','','panels','','',''),(17,12,1,'Panels','','panels','','',''),(17,12,2,'Panels','','panels','','',''),(17,12,3,'Panels','','panels','','',''),(17,12,4,'Panels','','panels','','',''),(17,13,1,'Panels','','panels','','',''),(17,13,2,'Panels','','panels','','',''),(17,13,3,'Panels','','panels','','',''),(17,13,4,'Panels','','panels','','',''),(18,1,1,'Just Panels','','just-panels','','',''),(18,1,2,'Just Panels','','just-panels','','',''),(18,1,3,'Just Panels','','just-panels','','',''),(18,1,4,'Just Panels','','just-panels','','',''),(18,3,1,'Just Panels','','just-panels','','',''),(18,3,2,'Just Panels','','just-panels','','',''),(18,3,3,'Just Panels','','just-panels','','',''),(18,3,4,'Just Panels','','just-panels','','',''),(18,4,1,'Just Panels','','just-panels','','',''),(18,4,2,'Just Panels','','just-panels','','',''),(18,4,3,'Just Panels','','just-panels','','',''),(18,4,4,'Just Panels','','just-panels','','',''),(18,5,1,'Just Panels','','just-panels','','',''),(18,5,2,'Just Panels','','just-panels','','',''),(18,5,3,'Just Panels','','just-panels','','',''),(18,5,4,'Just Panels','','just-panels','','',''),(18,6,1,'Just Panels','','just-panels','','',''),(18,6,2,'Just Panels','','just-panels','','',''),(18,6,3,'Just Panels','','just-panels','','',''),(18,6,4,'Just Panels','','just-panels','','',''),(18,7,1,'Just Panels','','just-panels','','',''),(18,7,2,'Just Panels','','just-panels','','',''),(18,7,3,'Just Panels','','just-panels','','',''),(18,7,4,'Just Panels','','just-panels','','',''),(18,8,1,'Just Panels','','just-panels','','',''),(18,8,2,'Just Panels','','just-panels','','',''),(18,8,3,'Just Panels','','just-panels','','',''),(18,8,4,'Just Panels','','just-panels','','',''),(18,9,1,'Just Panels','','just-panels','','',''),(18,9,2,'Just Panels','','just-panels','','',''),(18,9,3,'Just Panels','','just-panels','','',''),(18,9,4,'Just Panels','','just-panels','','',''),(18,10,1,'Just Panels','','just-panels','','',''),(18,10,2,'Just Panels','','just-panels','','',''),(18,10,3,'Just Panels','','just-panels','','',''),(18,10,4,'Just Panels','','just-panels','','',''),(18,11,1,'Just Panels','','just-panels','','',''),(18,11,2,'Just Panels','','just-panels','','',''),(18,11,3,'Just Panels','','just-panels','','',''),(18,11,4,'Just Panels','','just-panels','','',''),(18,12,1,'Just Panels','','just-panels','','',''),(18,12,2,'Just Panels','','just-panels','','',''),(18,12,3,'Just Panels','','just-panels','','',''),(18,12,4,'Just Panels','','just-panels','','',''),(18,13,1,'Just Panels','','just-panels','','',''),(18,13,2,'Just Panels','','just-panels','','',''),(18,13,3,'Just Panels','','just-panels','','',''),(18,13,4,'Just Panels','','just-panels','','',''),(19,1,1,'Glitter','','glitter','','',''),(19,1,2,'Glitter','','glitter','','',''),(19,1,3,'Glitter','','glitter','','',''),(19,1,4,'Glitter','','glitter','','',''),(19,3,1,'Glitter','','glitter','','',''),(19,3,2,'Glitter','','glitter','','',''),(19,3,3,'Glitter','','glitter','','',''),(19,3,4,'Glitter','','glitter','','',''),(19,4,1,'Glitter','','glitter','','',''),(19,4,2,'Glitter','','glitter','','',''),(19,4,3,'Glitter','','glitter','','',''),(19,4,4,'Glitter','','glitter','','',''),(19,5,1,'Glitter','','glitter','','',''),(19,5,2,'Glitter','','glitter','','',''),(19,5,3,'Glitter','','glitter','','',''),(19,5,4,'Glitter','','glitter','','',''),(19,6,1,'Glitter','','glitter','','',''),(19,6,2,'Glitter','','glitter','','',''),(19,6,3,'Glitter','','glitter','','',''),(19,6,4,'Glitter','','glitter','','',''),(19,7,1,'Glitter','','glitter','','',''),(19,7,2,'Glitter','','glitter','','',''),(19,7,3,'Glitter','','glitter','','',''),(19,7,4,'Glitter','','glitter','','',''),(19,8,1,'Glitter','','glitter','','',''),(19,8,2,'Glitter','','glitter','','',''),(19,8,3,'Glitter','','glitter','','',''),(19,8,4,'Glitter','','glitter','','',''),(19,9,1,'Glitter','','glitter','','',''),(19,9,2,'Glitter','','glitter','','',''),(19,9,3,'Glitter','','glitter','','',''),(19,9,4,'Glitter','','glitter','','',''),(19,10,1,'Glitter','','glitter','','',''),(19,10,2,'Glitter','','glitter','','',''),(19,10,3,'Glitter','','glitter','','',''),(19,10,4,'Glitter','','glitter','','',''),(19,11,1,'Glitter','','glitter','','',''),(19,11,2,'Glitter','','glitter','','',''),(19,11,3,'Glitter','','glitter','','',''),(19,11,4,'Glitter','','glitter','','',''),(19,12,1,'Glitter','','glitter','','',''),(19,12,2,'Glitter','','glitter','','',''),(19,12,3,'Glitter','','glitter','','',''),(19,12,4,'Glitter','','glitter','','',''),(19,13,1,'Glitter','','glitter','','',''),(19,13,2,'Glitter','','glitter','','',''),(19,13,3,'Glitter','','glitter','','',''),(19,13,4,'Glitter','','glitter','','',''),(20,1,1,'Masterbox','','masterbox','','',''),(20,1,2,'Masterbox','','masterbox','','',''),(20,1,3,'Masterbox','','masterbox','','',''),(20,1,4,'Masterbox','','masterbox','','',''),(20,3,1,'Masterbox','','masterbox','','',''),(20,3,2,'Masterbox','','masterbox','','',''),(20,3,3,'Masterbox','','masterbox','','',''),(20,3,4,'Masterbox','','masterbox','','',''),(20,4,1,'Masterbox','','masterbox','','',''),(20,4,2,'Masterbox','','masterbox','','',''),(20,4,3,'Masterbox','','masterbox','','',''),(20,4,4,'Masterbox','','masterbox','','',''),(20,5,1,'Masterbox','','masterbox','','',''),(20,5,2,'Masterbox','','masterbox','','',''),(20,5,3,'Masterbox','','masterbox','','',''),(20,5,4,'Masterbox','','masterbox','','',''),(20,6,1,'Masterbox','','masterbox','','',''),(20,6,2,'Masterbox','','masterbox','','',''),(20,6,3,'Masterbox','','masterbox','','',''),(20,6,4,'Masterbox','','masterbox','','',''),(20,7,1,'Masterbox','','masterbox','','',''),(20,7,2,'Masterbox','','masterbox','','',''),(20,7,3,'Masterbox','','masterbox','','',''),(20,7,4,'Masterbox','','masterbox','','',''),(20,8,1,'Masterbox','','masterbox','','',''),(20,8,2,'Masterbox','','masterbox','','',''),(20,8,3,'Masterbox','','masterbox','','',''),(20,8,4,'Masterbox','','masterbox','','',''),(20,9,1,'Masterbox','','masterbox','','',''),(20,9,2,'Masterbox','','masterbox','','',''),(20,9,3,'Masterbox','','masterbox','','',''),(20,9,4,'Masterbox','','masterbox','','',''),(20,10,1,'Masterbox','','masterbox','','',''),(20,10,2,'Masterbox','','masterbox','','',''),(20,10,3,'Masterbox','','masterbox','','',''),(20,10,4,'Masterbox','','masterbox','','',''),(20,11,1,'Masterbox','','masterbox','','',''),(20,11,2,'Masterbox','','masterbox','','',''),(20,11,3,'Masterbox','','masterbox','','',''),(20,11,4,'Masterbox','','masterbox','','',''),(20,12,1,'Masterbox','','masterbox','','',''),(20,12,2,'Masterbox','','masterbox','','',''),(20,12,3,'Masterbox','','masterbox','','',''),(20,12,4,'Masterbox','','masterbox','','',''),(20,13,1,'Masterbox','','masterbox','','',''),(20,13,2,'Masterbox','','masterbox','','',''),(20,13,3,'Masterbox','','masterbox','','',''),(20,13,4,'Masterbox','','masterbox','','',''),(21,1,1,'Glow','','glow','','',''),(21,1,2,'Glow','','glow','','',''),(21,1,3,'Glow','','glow','','',''),(21,1,4,'Glow','','glow','','',''),(21,3,1,'Glow','','glow','','',''),(21,3,2,'Glow','','glow','','',''),(21,3,3,'Glow','','glow','','',''),(21,3,4,'Glow','','glow','','',''),(21,4,1,'Glow','','glow','','',''),(21,4,2,'Glow','','glow','','',''),(21,4,3,'Glow','','glow','','',''),(21,4,4,'Glow','','glow','','',''),(21,5,1,'Glow','','glow','','',''),(21,5,2,'Glow','','glow','','',''),(21,5,3,'Glow','','glow','','',''),(21,5,4,'Glow','','glow','','',''),(21,6,1,'Glow','','glow','','',''),(21,6,2,'Glow','','glow','','',''),(21,6,3,'Glow','','glow','','',''),(21,6,4,'Glow','','glow','','',''),(21,7,1,'Glow','','glow','','',''),(21,7,2,'Glow','','glow','','',''),(21,7,3,'Glow','','glow','','',''),(21,7,4,'Glow','','glow','','',''),(21,8,1,'Glow','','glow','','',''),(21,8,2,'Glow','','glow','','',''),(21,8,3,'Glow','','glow','','',''),(21,8,4,'Glow','','glow','','',''),(21,9,1,'Glow','','glow','','',''),(21,9,2,'Glow','','glow','','',''),(21,9,3,'Glow','','glow','','',''),(21,9,4,'Glow','','glow','','',''),(21,10,1,'Glow','','glow','','',''),(21,10,2,'Glow','','glow','','',''),(21,10,3,'Glow','','glow','','',''),(21,10,4,'Glow','','glow','','',''),(21,11,1,'Glow','','glow','','',''),(21,11,2,'Glow','','glow','','',''),(21,11,3,'Glow','','glow','','',''),(21,11,4,'Glow','','glow','','',''),(21,12,1,'Glow','','glow','','',''),(21,12,2,'Glow','','glow','','',''),(21,12,3,'Glow','','glow','','',''),(21,12,4,'Glow','','glow','','',''),(21,13,1,'Glow','','glow','','',''),(21,13,2,'Glow','','glow','','',''),(21,13,3,'Glow','','glow','','',''),(21,13,4,'Glow','','glow','','',''),(22,1,1,'Pink','','pink','','',''),(22,1,2,'Pink','','pink','','',''),(22,1,3,'Pink','','pink','','',''),(22,1,4,'Pink','','pink','','',''),(22,3,1,'Pink','','pink','','',''),(22,3,2,'Pink','','pink','','',''),(22,3,3,'Pink','','pink','','',''),(22,3,4,'Pink','','pink','','',''),(22,4,1,'Pink','','pink','','',''),(22,4,2,'Pink','','pink','','',''),(22,4,3,'Pink','','pink','','',''),(22,4,4,'Pink','','pink','','',''),(22,5,1,'Pink','','pink','','',''),(22,5,2,'Pink','','pink','','',''),(22,5,3,'Pink','','pink','','',''),(22,5,4,'Pink','','pink','','',''),(22,6,1,'Pink','','pink','','',''),(22,6,2,'Pink','','pink','','',''),(22,6,3,'Pink','','pink','','',''),(22,6,4,'Pink','','pink','','',''),(22,7,1,'Pink','','pink','','',''),(22,7,2,'Pink','','pink','','',''),(22,7,3,'Pink','','pink','','',''),(22,7,4,'Pink','','pink','','',''),(22,8,1,'Pink','','pink','','',''),(22,8,2,'Pink','','pink','','',''),(22,8,3,'Pink','','pink','','',''),(22,8,4,'Pink','','pink','','',''),(22,9,1,'Pink','','pink','','',''),(22,9,2,'Pink','','pink','','',''),(22,9,3,'Pink','','pink','','',''),(22,9,4,'Pink','','pink','','',''),(22,10,1,'Pink','','pink','','',''),(22,10,2,'Pink','','pink','','',''),(22,10,3,'Pink','','pink','','',''),(22,10,4,'Pink','','pink','','',''),(22,11,1,'Pink','','pink','','',''),(22,11,2,'Pink','','pink','','',''),(22,11,3,'Pink','','pink','','',''),(22,11,4,'Pink','','pink','','',''),(22,12,1,'Pink','','pink','','',''),(22,12,2,'Pink','','pink','','',''),(22,12,3,'Pink','','pink','','',''),(22,12,4,'Pink','','pink','','',''),(22,13,1,'Pink','','pink','','',''),(22,13,2,'Pink','','pink','','',''),(22,13,3,'Pink','','pink','','',''),(22,13,4,'Pink','','pink','','',''),(23,1,1,'Classic','','classic','','',''),(23,1,2,'Classic','','classic','','',''),(23,1,3,'Classic','','classic','','',''),(23,1,4,'Classic','','classic','','',''),(23,3,1,'Classic','','classic','','',''),(23,3,2,'Classic','','classic','','',''),(23,3,3,'Classic','','classic','','',''),(23,3,4,'Classic','','classic','','',''),(23,4,1,'Classic','','classic','','',''),(23,4,2,'Classic','','classic','','',''),(23,4,3,'Classic','','classic','','',''),(23,4,4,'Classic','','classic','','',''),(23,5,1,'Classic','','classic','','',''),(23,5,2,'Classic','','classic','','',''),(23,5,3,'Classic','','classic','','',''),(23,5,4,'Classic','','classic','','',''),(23,6,1,'Classic','','classic','','',''),(23,6,2,'Classic','','classic','','',''),(23,6,3,'Classic','','classic','','',''),(23,6,4,'Classic','','classic','','',''),(23,7,1,'Classic','','classic','','',''),(23,7,2,'Classic','','classic','','',''),(23,7,3,'Classic','','classic','','',''),(23,7,4,'Classic','','classic','','',''),(23,8,1,'Classic','','classic','','',''),(23,8,2,'Classic','','classic','','',''),(23,8,3,'Classic','','classic','','',''),(23,8,4,'Classic','','classic','','',''),(23,9,1,'Classic','','classic','','',''),(23,9,2,'Classic','','classic','','',''),(23,9,3,'Classic','','classic','','',''),(23,9,4,'Classic','','classic','','',''),(23,10,1,'Classic','','classic','','',''),(23,10,2,'Classic','','classic','','',''),(23,10,3,'Classic','','classic','','',''),(23,10,4,'Classic','','classic','','',''),(23,11,1,'Classic','','classic','','',''),(23,11,2,'Classic','','classic','','',''),(23,11,3,'Classic','','classic','','',''),(23,11,4,'Classic','','classic','','',''),(23,12,1,'Classic','','classic','','',''),(23,12,2,'Classic','','classic','','',''),(23,12,3,'Classic','','classic','','',''),(23,12,4,'Classic','','classic','','',''),(23,13,1,'Classic','','classic','','',''),(23,13,2,'Classic','','classic','','',''),(23,13,3,'Classic','','classic','','',''),(23,13,4,'Classic','','classic','','',''),(24,1,1,'Tazoo','','tazoo','','',''),(24,1,2,'Tazoo','','tazoo','','',''),(24,1,3,'Tazoo','','tazoo','','',''),(24,1,4,'Tazoo','','tazoo','','',''),(24,3,1,'Tazoo','','tazoo','','',''),(24,3,2,'Tazoo','','tazoo','','',''),(24,3,3,'Tazoo','','tazoo','','',''),(24,3,4,'Tazoo','','tazoo','','',''),(24,4,1,'Tazoo','','tazoo','','',''),(24,4,2,'Tazoo','','tazoo','','',''),(24,4,3,'Tazoo','','tazoo','','',''),(24,4,4,'Tazoo','','tazoo','','',''),(24,5,1,'Tazoo','','tazoo','','',''),(24,5,2,'Tazoo','','tazoo','','',''),(24,5,3,'Tazoo','','tazoo','','',''),(24,5,4,'Tazoo','','tazoo','','',''),(24,6,1,'Tazoo','','tazoo','','',''),(24,6,2,'Tazoo','','tazoo','','',''),(24,6,3,'Tazoo','','tazoo','','',''),(24,6,4,'Tazoo','','tazoo','','',''),(24,7,1,'Tazoo','','tazoo','','',''),(24,7,2,'Tazoo','','tazoo','','',''),(24,7,3,'Tazoo','','tazoo','','',''),(24,7,4,'Tazoo','','tazoo','','',''),(24,8,1,'Tazoo','','tazoo','','',''),(24,8,2,'Tazoo','','tazoo','','',''),(24,8,3,'Tazoo','','tazoo','','',''),(24,8,4,'Tazoo','','tazoo','','',''),(24,9,1,'Tazoo','','tazoo','','',''),(24,9,2,'Tazoo','','tazoo','','',''),(24,9,3,'Tazoo','','tazoo','','',''),(24,9,4,'Tazoo','','tazoo','','',''),(24,10,1,'Tazoo','','tazoo','','',''),(24,10,2,'Tazoo','','tazoo','','',''),(24,10,3,'Tazoo','','tazoo','','',''),(24,10,4,'Tazoo','','tazoo','','',''),(24,11,1,'Tazoo','','tazoo','','',''),(24,11,2,'Tazoo','','tazoo','','',''),(24,11,3,'Tazoo','','tazoo','','',''),(24,11,4,'Tazoo','','tazoo','','',''),(24,12,1,'Tazoo','','tazoo','','',''),(24,12,2,'Tazoo','','tazoo','','',''),(24,12,3,'Tazoo','','tazoo','','',''),(24,12,4,'Tazoo','','tazoo','','',''),(24,13,1,'Tazoo','','tazoo','','',''),(24,13,2,'Tazoo','','tazoo','','',''),(24,13,3,'Tazoo','','tazoo','','',''),(24,13,4,'Tazoo','','tazoo','','',''),(25,1,1,'Proteon','','proteon','','',''),(25,1,2,'Proteon','','proteon','','',''),(25,1,3,'Proteon','','proteon','','',''),(25,1,4,'Proteon','','proteon','','',''),(25,3,1,'Proteon','','proteon','','',''),(25,3,2,'Proteon','','proteon','','',''),(25,3,3,'Proteon','','proteon','','',''),(25,3,4,'Proteon','','proteon','','',''),(25,4,1,'Proteon','','proteon','','',''),(25,4,2,'Proteon','','proteon','','',''),(25,4,3,'Proteon','','proteon','','',''),(25,4,4,'Proteon','','proteon','','',''),(25,5,1,'Proteon','','proteon','','',''),(25,5,2,'Proteon','','proteon','','',''),(25,5,3,'Proteon','','proteon','','',''),(25,5,4,'Proteon','','proteon','','',''),(25,6,1,'Proteon','','proteon','','',''),(25,6,2,'Proteon','','proteon','','',''),(25,6,3,'Proteon','','proteon','','',''),(25,6,4,'Proteon','','proteon','','',''),(25,7,1,'Proteon','','proteon','','',''),(25,7,2,'Proteon','','proteon','','',''),(25,7,3,'Proteon','','proteon','','',''),(25,7,4,'Proteon','','proteon','','',''),(25,8,1,'Proteon','','proteon','','',''),(25,8,2,'Proteon','','proteon','','',''),(25,8,3,'Proteon','','proteon','','',''),(25,8,4,'Proteon','','proteon','','',''),(25,9,1,'Proteon','','proteon','','',''),(25,9,2,'Proteon','','proteon','','',''),(25,9,3,'Proteon','','proteon','','',''),(25,9,4,'Proteon','','proteon','','',''),(25,10,1,'Proteon','','proteon','','',''),(25,10,2,'Proteon','','proteon','','',''),(25,10,3,'Proteon','','proteon','','',''),(25,10,4,'Proteon','','proteon','','',''),(25,11,1,'Proteon','','proteon','','',''),(25,11,2,'Proteon','','proteon','','',''),(25,11,3,'Proteon','','proteon','','',''),(25,11,4,'Proteon','','proteon','','',''),(25,12,1,'Proteon','','proteon','','',''),(25,12,2,'Proteon','','proteon','','',''),(25,12,3,'Proteon','','proteon','','',''),(25,12,4,'Proteon','','proteon','','',''),(25,13,1,'Proteon','','proteon','','',''),(25,13,2,'Proteon','','proteon','','',''),(25,13,3,'Proteon','','proteon','','',''),(25,13,4,'Proteon','','proteon','','',''),(26,1,1,'Kit 100 Colors','','kit-100-colors','','',''),(26,1,2,'Kit 100 Farben','','kit-100-farben','','',''),(26,1,3,'Kit 100 Couleurs','','kit-100-couleurs','','',''),(26,1,4,'Kit 100 Colori','','kit-100-colori','','',''),(26,3,1,'Kit 100 Colors','','kit-100-colors','','',''),(26,3,2,'Kit 100 Farben','','kit-100-farben','','',''),(26,3,3,'Kit 100 Couleurs','','kit-100-couleurs','','',''),(26,3,4,'Kit 100 Colori','','kit-100-colori','','',''),(26,4,1,'Kit 100 Colors','','kit-100-colors','','',''),(26,4,2,'Kit 100 Farben','','kit-100-farben','','',''),(26,4,3,'Kit 100 Couleurs','','kit-100-couleurs','','',''),(26,4,4,'Kit 100 Colori','','kit-100-colori','','',''),(26,5,1,'Kit 100 Colors','','kit-100-colors','','',''),(26,5,2,'Kit 100 Farben','','kit-100-farben','','',''),(26,5,3,'Kit 100 Couleurs','','kit-100-couleurs','','',''),(26,5,4,'Kit 100 Colori','','kit-100-colori','','',''),(26,6,1,'Kit 100 Colors','','kit-100-colors','','',''),(26,6,2,'Kit 100 Farben','','kit-100-farben','','',''),(26,6,3,'Kit 100 Couleurs','','kit-100-couleurs','','',''),(26,6,4,'Kit 100 Colori','','kit-100-colori','','',''),(26,7,1,'Kit 100 Colors','','kit-100-colors','','',''),(26,7,2,'Kit 100 Farben','','kit-100-farben','','',''),(26,7,3,'Kit 100 Couleurs','','kit-100-couleurs','','',''),(26,7,4,'Kit 100 Colori','','kit-100-colori','','',''),(26,8,1,'Kit 100 Colors','','kit-100-colors','','',''),(26,8,2,'Kit 100 Farben','','kit-100-farben','','',''),(26,8,3,'Kit 100 Couleurs','','kit-100-couleurs','','',''),(26,8,4,'Kit 100 Colori','','kit-100-colori','','',''),(26,9,1,'Kit 100 Colors','','kit-100-colors','','',''),(26,9,2,'Kit 100 Farben','','kit-100-farben','','',''),(26,9,3,'Kit 100 Couleurs','','kit-100-couleurs','','',''),(26,9,4,'Kit 100 Colori','','kit-100-colori','','',''),(26,10,1,'Kit 100 Colors','','kit-100-colors','','',''),(26,10,2,'Kit 100 Farben','','kit-100-farben','','',''),(26,10,3,'Kit 100 Couleurs','','kit-100-couleurs','','',''),(26,10,4,'Kit 100 Colori','','kit-100-colori','','',''),(26,11,1,'Kit 100 Colors','','kit-100-colors','','',''),(26,11,2,'Kit 100 Farben','','kit-100-farben','','',''),(26,11,3,'Kit 100 Couleurs','','kit-100-couleurs','','',''),(26,11,4,'Kit 100 Colori','','kit-100-colori','','',''),(26,12,1,'Kit 100 Colors','','kit-100-colors','','',''),(26,12,2,'Kit 100 Farben','','kit-100-farben','','',''),(26,12,3,'Kit 100 Couleurs','','kit-100-couleurs','','',''),(26,12,4,'Kit 100 Colori','','kit-100-colori','','',''),(26,13,1,'Kit 100 Colors','','kit-100-colors','','',''),(26,13,2,'Kit 100 Farben','','kit-100-farben','','',''),(26,13,3,'Kit 100 Couleurs','','kit-100-couleurs','','',''),(26,13,4,'Kit 100 Colori','','kit-100-colori','','',''),(27,1,1,'Maxi Puzzle','','maxi-puzzle','','',''),(27,1,2,'Maxi Puzzle','','maxi-puzzle','','',''),(27,1,3,'Maxi Puzzle','','maxi-puzzle','','',''),(27,1,4,'Maxi Puzzle','','maxi-puzzle','','',''),(27,3,1,'Maxi Puzzle','','maxi-puzzle','','',''),(27,3,2,'Maxi Puzzle','','maxi-puzzle','','',''),(27,3,3,'Maxi Puzzle','','maxi-puzzle','','',''),(27,3,4,'Maxi Puzzle','','maxi-puzzle','','',''),(27,4,1,'Maxi Puzzle','','maxi-puzzle','','',''),(27,4,2,'Maxi Puzzle','','maxi-puzzle','','',''),(27,4,3,'Maxi Puzzle','','maxi-puzzle','','',''),(27,4,4,'Maxi Puzzle','','maxi-puzzle','','',''),(27,5,1,'Maxi Puzzle','','maxi-puzzle','','',''),(27,5,2,'Maxi Puzzle','','maxi-puzzle','','',''),(27,5,3,'Maxi Puzzle','','maxi-puzzle','','',''),(27,5,4,'Maxi Puzzle','','maxi-puzzle','','',''),(27,6,1,'Maxi Puzzle','','maxi-puzzle','','',''),(27,6,2,'Maxi Puzzle','','maxi-puzzle','','',''),(27,6,3,'Maxi Puzzle','','maxi-puzzle','','',''),(27,6,4,'Maxi Puzzle','','maxi-puzzle','','',''),(27,7,1,'Maxi Puzzle','','maxi-puzzle','','',''),(27,7,2,'Maxi Puzzle','','maxi-puzzle','','',''),(27,7,3,'Maxi Puzzle','','maxi-puzzle','','',''),(27,7,4,'Maxi Puzzle','','maxi-puzzle','','',''),(27,8,1,'Maxi Puzzle','','maxi-puzzle','','',''),(27,8,2,'Maxi Puzzle','','maxi-puzzle','','',''),(27,8,3,'Maxi Puzzle','','maxi-puzzle','','',''),(27,8,4,'Maxi Puzzle','','maxi-puzzle','','',''),(27,9,1,'Maxi Puzzle','','maxi-puzzle','','',''),(27,9,2,'Maxi Puzzle','','maxi-puzzle','','',''),(27,9,3,'Maxi Puzzle','','maxi-puzzle','','',''),(27,9,4,'Maxi Puzzle','','maxi-puzzle','','',''),(27,10,1,'Maxi Puzzle','','maxi-puzzle','','',''),(27,10,2,'Maxi Puzzle','','maxi-puzzle','','',''),(27,10,3,'Maxi Puzzle','','maxi-puzzle','','',''),(27,10,4,'Maxi Puzzle','','maxi-puzzle','','',''),(27,11,1,'Maxi Puzzle','','maxi-puzzle','','',''),(27,11,2,'Maxi Puzzle','','maxi-puzzle','','',''),(27,11,3,'Maxi Puzzle','','maxi-puzzle','','',''),(27,11,4,'Maxi Puzzle','','maxi-puzzle','','',''),(27,12,1,'Maxi Puzzle','','maxi-puzzle','','',''),(27,12,2,'Maxi Puzzle','','maxi-puzzle','','',''),(27,12,3,'Maxi Puzzle','','maxi-puzzle','','',''),(27,12,4,'Maxi Puzzle','','maxi-puzzle','','',''),(27,13,1,'Maxi Puzzle','','maxi-puzzle','','',''),(27,13,2,'Maxi Puzzle','','maxi-puzzle','','',''),(27,13,3,'Maxi Puzzle','','maxi-puzzle','','',''),(27,13,4,'Maxi Puzzle','','maxi-puzzle','','',''),(28,1,1,'Advanced Hobby','','advanced-hobby','','',''),(28,1,2,'Advanced Hobby','','advanced-hobby','','',''),(28,1,3,'Advanced Hobby','','advanced-hobby','','',''),(28,1,4,'Advanced Hobby','','advanced-hobby','','',''),(28,3,1,'Advanced Hobby','','advanced-hobby','','',''),(28,3,2,'Advanced Hobby','','advanced-hobby','','',''),(28,3,3,'Advanced Hobby','','advanced-hobby','','',''),(28,3,4,'Advanced Hobby','','advanced-hobby','','',''),(28,4,1,'Advanced Hobby','','advanced-hobby','','',''),(28,4,2,'Advanced Hobby','','advanced-hobby','','',''),(28,4,3,'Advanced Hobby','','advanced-hobby','','',''),(28,4,4,'Advanced Hobby','','advanced-hobby','','',''),(28,5,1,'Advanced Hobby','','advanced-hobby','','',''),(28,5,2,'Advanced Hobby','','advanced-hobby','','',''),(28,5,3,'Advanced Hobby','','advanced-hobby','','',''),(28,5,4,'Advanced Hobby','','advanced-hobby','','',''),(28,6,1,'Advanced Hobby','','advanced-hobby','','',''),(28,6,2,'Advanced Hobby','','advanced-hobby','','',''),(28,6,3,'Advanced Hobby','','advanced-hobby','','',''),(28,6,4,'Advanced Hobby','','advanced-hobby','','',''),(28,7,1,'Advanced Hobby','','advanced-hobby','','',''),(28,7,2,'Advanced Hobby','','advanced-hobby','','',''),(28,7,3,'Advanced Hobby','','advanced-hobby','','',''),(28,7,4,'Advanced Hobby','','advanced-hobby','','',''),(28,8,1,'Advanced Hobby','','advanced-hobby','','',''),(28,8,2,'Advanced Hobby','','advanced-hobby','','',''),(28,8,3,'Advanced Hobby','','advanced-hobby','','',''),(28,8,4,'Advanced Hobby','','advanced-hobby','','',''),(28,9,1,'Advanced Hobby','','advanced-hobby','','',''),(28,9,2,'Advanced Hobby','','advanced-hobby','','',''),(28,9,3,'Advanced Hobby','','advanced-hobby','','',''),(28,9,4,'Advanced Hobby','','advanced-hobby','','',''),(28,10,1,'Advanced Hobby','','advanced-hobby','','',''),(28,10,2,'Advanced Hobby','','advanced-hobby','','',''),(28,10,3,'Advanced Hobby','','advanced-hobby','','',''),(28,10,4,'Advanced Hobby','','advanced-hobby','','',''),(28,11,1,'Advanced Hobby','','advanced-hobby','','',''),(28,11,2,'Advanced Hobby','','advanced-hobby','','',''),(28,11,3,'Advanced Hobby','','advanced-hobby','','',''),(28,11,4,'Advanced Hobby','','advanced-hobby','','',''),(28,12,1,'Advanced Hobby','','advanced-hobby','','',''),(28,12,2,'Advanced Hobby','','advanced-hobby','','',''),(28,12,3,'Advanced Hobby','','advanced-hobby','','',''),(28,12,4,'Advanced Hobby','','advanced-hobby','','',''),(28,13,1,'Advanced Hobby','','advanced-hobby','','',''),(28,13,2,'Advanced Hobby','','advanced-hobby','','',''),(28,13,3,'Advanced Hobby','','advanced-hobby','','',''),(28,13,4,'Advanced Hobby','','advanced-hobby','','',''),(29,1,1,'Sights','','sights','','',''),(29,1,2,'Sights','','sights','','',''),(29,1,3,'Sights','','sights','','',''),(29,1,4,'Sights','','sights','','',''),(29,3,1,'Sights','','sights','','',''),(29,3,2,'Sights','','sights','','',''),(29,3,3,'Sights','','sights','','',''),(29,3,4,'Sights','','sights','','',''),(29,4,1,'Sights','','sights','','',''),(29,4,2,'Sights','','sights','','',''),(29,4,3,'Sights','','sights','','',''),(29,4,4,'Sights','','sights','','',''),(29,5,1,'Sights','','sights','','',''),(29,5,2,'Sights','','sights','','',''),(29,5,3,'Sights','','sights','','',''),(29,5,4,'Sights','','sights','','',''),(29,6,1,'Sights','','sights','','',''),(29,6,2,'Sights','','sights','','',''),(29,6,3,'Sights','','sights','','',''),(29,6,4,'Sights','','sights','','',''),(29,7,1,'Sights','','sights','','',''),(29,7,2,'Sights','','sights','','',''),(29,7,3,'Sights','','sights','','',''),(29,7,4,'Sights','','sights','','',''),(29,8,1,'Sights','','sights','','',''),(29,8,2,'Sights','','sights','','',''),(29,8,3,'Sights','','sights','','',''),(29,8,4,'Sights','','sights','','',''),(29,9,1,'Sights','','sights','','',''),(29,9,2,'Sights','','sights','','',''),(29,9,3,'Sights','','sights','','',''),(29,9,4,'Sights','','sights','','',''),(29,10,1,'Sights','','sights','','',''),(29,10,2,'Sights','','sights','','',''),(29,10,3,'Sights','','sights','','',''),(29,10,4,'Sights','','sights','','',''),(29,11,1,'Sights','','sights','','',''),(29,11,2,'Sights','','sights','','',''),(29,11,3,'Sights','','sights','','',''),(29,11,4,'Sights','','sights','','',''),(29,12,1,'Sights','','sights','','',''),(29,12,2,'Sights','','sights','','',''),(29,12,3,'Sights','','sights','','',''),(29,12,4,'Sights','','sights','','',''),(29,13,1,'Sights','','sights','','',''),(29,13,2,'Sights','','sights','','',''),(29,13,3,'Sights','','sights','','',''),(29,13,4,'Sights','','sights','','',''),(30,1,1,'Space','','space','','',''),(30,1,2,'Weltraum','','weltraum','','',''),(30,1,3,'Espace','','espace','','',''),(30,1,4,'Spazio','','spazio','','',''),(30,3,1,'Space','','space','','',''),(30,3,2,'Weltraum','','weltraum','','',''),(30,3,3,'Espace','','espace','','',''),(30,3,4,'Spazio','','spazio','','',''),(30,4,1,'Space','','space','','',''),(30,4,2,'Weltraum','','weltraum','','',''),(30,4,3,'Espace','','espace','','',''),(30,4,4,'Spazio','','spazio','','',''),(30,5,1,'Space','','space','','',''),(30,5,2,'Weltraum','','weltraum','','',''),(30,5,3,'Espace','','espace','','',''),(30,5,4,'Spazio','','spazio','','',''),(30,6,1,'Space','','space','','',''),(30,6,2,'Weltraum','','weltraum','','',''),(30,6,3,'Espace','','espace','','',''),(30,6,4,'Spazio','','spazio','','',''),(30,7,1,'Space','','space','','',''),(30,7,2,'Weltraum','','weltraum','','',''),(30,7,3,'Espace','','espace','','',''),(30,7,4,'Spazio','','spazio','','',''),(30,8,1,'Space','','space','','',''),(30,8,2,'Weltraum','','weltraum','','',''),(30,8,3,'Espace','','espace','','',''),(30,8,4,'Spazio','','spazio','','',''),(30,9,1,'Space','','space','','',''),(30,9,2,'Weltraum','','weltraum','','',''),(30,9,3,'Espace','','espace','','',''),(30,9,4,'Spazio','','spazio','','',''),(30,10,1,'Space','','space','','',''),(30,10,2,'Weltraum','','weltraum','','',''),(30,10,3,'Espace','','espace','','',''),(30,10,4,'Spazio','','spazio','','',''),(30,11,1,'Space','','space','','',''),(30,11,2,'Weltraum','','weltraum','','',''),(30,11,3,'Espace','','espace','','',''),(30,11,4,'Spazio','','spazio','','',''),(30,12,1,'Space','','space','','',''),(30,12,2,'Weltraum','','weltraum','','',''),(30,12,3,'Espace','','espace','','',''),(30,12,4,'Spazio','','spazio','','',''),(30,13,1,'Space','','space','','',''),(30,13,2,'Weltraum','','weltraum','','',''),(30,13,3,'Espace','','espace','','',''),(30,13,4,'Spazio','','spazio','','',''),(31,1,1,'Pixel Art','','pixel-art','','',''),(31,1,2,'Pixel Art','','pixel-art','','',''),(31,1,3,'Pixel Art','','pixel-art','','',''),(31,1,4,'Pixel Art','','pixel-art','','',''),(31,3,1,'Pixel Art','','pixel-art','','',''),(31,3,2,'Pixel Art','','pixel-art','','',''),(31,3,3,'Pixel Art','','pixel-art','','',''),(31,3,4,'Pixel Art','','pixel-art','','',''),(31,4,1,'Pixel Art','','pixel-art','','',''),(31,4,2,'Pixel Art','','pixel-art','','',''),(31,4,3,'Pixel Art','','pixel-art','','',''),(31,4,4,'Pixel Art','','pixel-art','','',''),(31,5,1,'Pixel Art','','pixel-art','','',''),(31,5,2,'Pixel Art','','pixel-art','','',''),(31,5,3,'Pixel Art','','pixel-art','','',''),(31,5,4,'Pixel Art','','pixel-art','','',''),(31,6,1,'Pixel Art','','pixel-art','','',''),(31,6,2,'Pixel Art','','pixel-art','','',''),(31,6,3,'Pixel Art','','pixel-art','','',''),(31,6,4,'Pixel Art','','pixel-art','','',''),(31,7,1,'Pixel Art','','pixel-art','','',''),(31,7,2,'Pixel Art','','pixel-art','','',''),(31,7,3,'Pixel Art','','pixel-art','','',''),(31,7,4,'Pixel Art','','pixel-art','','',''),(31,8,1,'Pixel Art','','pixel-art','','',''),(31,8,2,'Pixel Art','','pixel-art','','',''),(31,8,3,'Pixel Art','','pixel-art','','',''),(31,8,4,'Pixel Art','','pixel-art','','',''),(31,9,1,'Pixel Art','','pixel-art','','',''),(31,9,2,'Pixel Art','','pixel-art','','',''),(31,9,3,'Pixel Art','','pixel-art','','',''),(31,9,4,'Pixel Art','','pixel-art','','',''),(31,10,1,'Pixel Art','','pixel-art','','',''),(31,10,2,'Pixel Art','','pixel-art','','',''),(31,10,3,'Pixel Art','','pixel-art','','',''),(31,10,4,'Pixel Art','','pixel-art','','',''),(31,11,1,'Pixel Art','','pixel-art','','',''),(31,11,2,'Pixel Art','','pixel-art','','',''),(31,11,3,'Pixel Art','','pixel-art','','',''),(31,11,4,'Pixel Art','','pixel-art','','',''),(31,12,1,'Pixel Art','','pixel-art','','',''),(31,12,2,'Pixel Art','','pixel-art','','',''),(31,12,3,'Pixel Art','','pixel-art','','',''),(31,12,4,'Pixel Art','','pixel-art','','',''),(31,13,1,'Pixel Art','','pixel-art','','',''),(31,13,2,'Pixel Art','','pixel-art','','',''),(31,13,3,'Pixel Art','','pixel-art','','',''),(31,13,4,'Pixel Art','','pixel-art','','',''),(32,1,1,'Geomag','','geomag','','',''),(32,1,2,'Geomag','','geomag','','',''),(32,1,3,'Geomag','','geomag','','',''),(32,1,4,'Geomag','','geomag','','',''),(32,3,1,'Geomag','','geomag','','',''),(32,3,2,'Geomag','','geomag','','',''),(32,3,3,'Geomag','','geomag','','',''),(32,3,4,'Geomag','','geomag','','',''),(32,4,1,'Geomag','','geomag','','',''),(32,4,2,'Geomag','','geomag','','',''),(32,4,3,'Geomag','','geomag','','',''),(32,4,4,'Geomag','','geomag','','',''),(32,5,1,'Geomag','','geomag','','',''),(32,5,2,'Geomag','','geomag','','',''),(32,5,3,'Geomag','','geomag','','',''),(32,5,4,'Geomag','','geomag','','',''),(32,6,1,'Geomag','','geomag','','',''),(32,6,2,'Geomag','','geomag','','',''),(32,6,3,'Geomag','','geomag','','',''),(32,6,4,'Geomag','','geomag','','',''),(32,7,1,'Geomag','','geomag','','',''),(32,7,2,'Geomag','','geomag','','',''),(32,7,3,'Geomag','','geomag','','',''),(32,7,4,'Geomag','','geomag','','',''),(32,8,1,'Geomag','','geomag','','',''),(32,8,2,'Geomag','','geomag','','',''),(32,8,3,'Geomag','','geomag','','',''),(32,8,4,'Geomag','','geomag','','',''),(32,9,1,'Geomag','','geomag','','',''),(32,9,2,'Geomag','','geomag','','',''),(32,9,3,'Geomag','','geomag','','',''),(32,9,4,'Geomag','','geomag','','',''),(32,10,1,'Geomag','','geomag','','',''),(32,10,2,'Geomag','','geomag','','',''),(32,10,3,'Geomag','','geomag','','',''),(32,10,4,'Geomag','','geomag','','',''),(32,11,1,'Geomag','','geomag','','',''),(32,11,2,'Geomag','','geomag','','',''),(32,11,3,'Geomag','','geomag','','',''),(32,11,4,'Geomag','','geomag','','',''),(32,12,1,'Geomag','','geomag','','',''),(32,12,2,'Geomag','','geomag','','',''),(32,12,3,'Geomag','','geomag','','',''),(32,12,4,'Geomag','','geomag','','',''),(32,13,1,'Geomag','','geomag','','',''),(32,13,2,'Geomag','','geomag','','',''),(32,13,3,'Geomag','','geomag','','',''),(32,13,4,'Geomag','','geomag','','',''),(33,1,1,'Featured','','featured','','',''),(33,1,2,'Featured','','featured','','',''),(33,1,3,'Featured','','featured','','',''),(33,1,4,'Featured','','featured','','',''),(33,3,1,'Featured','','featured','','',''),(33,3,2,'Featured','','featured','','',''),(33,3,3,'Featured','','featured','','',''),(33,3,4,'Featured','','featured','','',''),(33,4,1,'Featured','','featured','','',''),(33,4,2,'Featured','','featured','','',''),(33,4,3,'Featured','','featured','','',''),(33,4,4,'Featured','','featured','','',''),(33,5,1,'Featured','','featured','','',''),(33,5,2,'Featured','','featured','','',''),(33,5,3,'Featured','','featured','','',''),(33,5,4,'Featured','','featured','','',''),(33,6,1,'Featured','','featured','','',''),(33,6,2,'Featured','','featured','','',''),(33,6,3,'Featured','','featured','','',''),(33,6,4,'Featured','','featured','','',''),(33,7,1,'Featured','','featured','','',''),(33,7,2,'Featured','','featured','','',''),(33,7,3,'Featured','','featured','','',''),(33,7,4,'Featured','','featured','','',''),(33,8,1,'Featured','','featured','','',''),(33,8,2,'Featured','','featured','','',''),(33,8,3,'Featured','','featured','','',''),(33,8,4,'Featured','','featured','','',''),(33,9,1,'Featured','','featured','','',''),(33,9,2,'Featured','','featured','','',''),(33,9,3,'Featured','','featured','','',''),(33,9,4,'Featured','','featured','','',''),(33,10,1,'Featured','','featured','','',''),(33,10,2,'Featured','','featured','','',''),(33,10,3,'Featured','','featured','','',''),(33,10,4,'Featured','','featured','','',''),(33,11,1,'Featured','','featured','','',''),(33,11,2,'Featured','','featured','','',''),(33,11,3,'Featured','','featured','','',''),(33,11,4,'Featured','','featured','','',''),(33,12,1,'Featured','','featured','','',''),(33,12,2,'Featured','','featured','','',''),(33,12,3,'Featured','','featured','','',''),(33,12,4,'Featured','','featured','','',''),(33,13,1,'Featured','','featured','','',''),(33,13,2,'Featured','','featured','','',''),(33,13,3,'Featured','','featured','','',''),(33,13,4,'Featured','','featured','','',''),(34,1,1,'Featured','','featured','','',''),(34,1,2,'Featured','','featured','','',''),(34,1,3,'Featured','','featured','','',''),(34,1,4,'Featured','','featured','','',''),(34,3,1,'Featured','','featured','','',''),(34,3,2,'Featured','','featured','','',''),(34,3,3,'Featured','','featured','','',''),(34,3,4,'Featured','','featured','','',''),(34,4,1,'Featured','','featured','','',''),(34,4,2,'Featured','','featured','','',''),(34,4,3,'Featured','','featured','','',''),(34,4,4,'Featured','','featured','','',''),(34,5,1,'Featured','','featured','','',''),(34,5,2,'Featured','','featured','','',''),(34,5,3,'Featured','','featured','','',''),(34,5,4,'Featured','','featured','','',''),(34,6,1,'Featured','','featured','','',''),(34,6,2,'Featured','','featured','','',''),(34,6,3,'Featured','','featured','','',''),(34,6,4,'Featured','','featured','','',''),(34,7,1,'Featured','','featured','','',''),(34,7,2,'Featured','','featured','','',''),(34,7,3,'Featured','','featured','','',''),(34,7,4,'Featured','','featured','','',''),(34,8,1,'Featured','','featured','','',''),(34,8,2,'Featured','','featured','','',''),(34,8,3,'Featured','','featured','','',''),(34,8,4,'Featured','','featured','','',''),(34,9,1,'Featured','','featured','','',''),(34,9,2,'Featured','','featured','','',''),(34,9,3,'Featured','','featured','','',''),(34,9,4,'Featured','','featured','','',''),(34,10,1,'Featured','','featured','','',''),(34,10,2,'Featured','','featured','','',''),(34,10,3,'Featured','','featured','','',''),(34,10,4,'Featured','','featured','','',''),(34,11,1,'Featured','','featured','','',''),(34,11,2,'Featured','','featured','','',''),(34,11,3,'Featured','','featured','','',''),(34,11,4,'Featured','','featured','','',''),(34,12,1,'Featured','','featured','','',''),(34,12,2,'Featured','','featured','','',''),(34,12,3,'Featured','','featured','','',''),(34,12,4,'Featured','','featured','','',''),(34,13,1,'Featured','','featured','','',''),(34,13,2,'Featured','','featured','','',''),(34,13,3,'Featured','','featured','','',''),(34,13,4,'Featured','','featured','','',''),(35,1,1,'Featured','','featured','','',''),(35,1,2,'Featured','','featured','','',''),(35,1,3,'Featured','','featured','','',''),(35,1,4,'Featured','','featured','','',''),(35,3,1,'Featured','','featured','','',''),(35,3,2,'Featured','','featured','','',''),(35,3,3,'Featured','','featured','','',''),(35,3,4,'Featured','','featured','','',''),(35,4,1,'Featured','','featured','','',''),(35,4,2,'Featured','','featured','','',''),(35,4,3,'Featured','','featured','','',''),(35,4,4,'Featured','','featured','','',''),(35,5,1,'Featured','','featured','','',''),(35,5,2,'Featured','','featured','','',''),(35,5,3,'Featured','','featured','','',''),(35,5,4,'Featured','','featured','','',''),(35,6,1,'Featured','','featured','','',''),(35,6,2,'Featured','','featured','','',''),(35,6,3,'Featured','','featured','','',''),(35,6,4,'Featured','','featured','','',''),(35,7,1,'Featured','','featured','','',''),(35,7,2,'Featured','','featured','','',''),(35,7,3,'Featured','','featured','','',''),(35,7,4,'Featured','','featured','','',''),(35,8,1,'Featured','','featured','','',''),(35,8,2,'Featured','','featured','','',''),(35,8,3,'Featured','','featured','','',''),(35,8,4,'Featured','','featured','','',''),(35,9,1,'Featured','','featured','','',''),(35,9,2,'Featured','','featured','','',''),(35,9,3,'Featured','','featured','','',''),(35,9,4,'Featured','','featured','','',''),(35,10,1,'Featured','','featured','','',''),(35,10,2,'Featured','','featured','','',''),(35,10,3,'Featured','','featured','','',''),(35,10,4,'Featured','','featured','','',''),(35,11,1,'Featured','','featured','','',''),(35,11,2,'Featured','','featured','','',''),(35,11,3,'Featured','','featured','','',''),(35,11,4,'Featured','','featured','','',''),(35,12,1,'Featured','','featured','','',''),(35,12,2,'Featured','','featured','','',''),(35,12,3,'Featured','','featured','','',''),(35,12,4,'Featured','','featured','','',''),(35,13,1,'Featured','','featured','','',''),(35,13,2,'Featured','','featured','','',''),(35,13,3,'Featured','','featured','','',''),(35,13,4,'Featured','','featured','','',''),(36,1,1,'Featured','','featured','','',''),(36,1,2,'Featured','','featured','','',''),(36,1,3,'Featured','','featured','','',''),(36,1,4,'Featured','','featured','','',''),(36,3,1,'Featured','','featured','','',''),(36,3,2,'Featured','','featured','','',''),(36,3,3,'Featured','','featured','','',''),(36,3,4,'Featured','','featured','','',''),(36,4,1,'Featured','','featured','','',''),(36,4,2,'Featured','','featured','','',''),(36,4,3,'Featured','','featured','','',''),(36,4,4,'Featured','','featured','','',''),(36,5,1,'Featured','','featured','','',''),(36,5,2,'Featured','','featured','','',''),(36,5,3,'Featured','','featured','','',''),(36,5,4,'Featured','','featured','','',''),(36,6,1,'Featured','','featured','','',''),(36,6,2,'Featured','','featured','','',''),(36,6,3,'Featured','','featured','','',''),(36,6,4,'Featured','','featured','','',''),(36,7,1,'Featured','','featured','','',''),(36,7,2,'Featured','','featured','','',''),(36,7,3,'Featured','','featured','','',''),(36,7,4,'Featured','','featured','','',''),(36,8,1,'Featured','','featured','','',''),(36,8,2,'Featured','','featured','','',''),(36,8,3,'Featured','','featured','','',''),(36,8,4,'Featured','','featured','','',''),(36,9,1,'Featured','','featured','','',''),(36,9,2,'Featured','','featured','','',''),(36,9,3,'Featured','','featured','','',''),(36,9,4,'Featured','','featured','','',''),(36,10,1,'Featured','','featured','','',''),(36,10,2,'Featured','','featured','','',''),(36,10,3,'Featured','','featured','','',''),(36,10,4,'Featured','','featured','','',''),(36,11,1,'Featured','','featured','','',''),(36,11,2,'Featured','','featured','','',''),(36,11,3,'Featured','','featured','','',''),(36,11,4,'Featured','','featured','','',''),(36,12,1,'Featured','','featured','','',''),(36,12,2,'Featured','','featured','','',''),(36,12,3,'Featured','','featured','','',''),(36,12,4,'Featured','','featured','','',''),(36,13,1,'Featured','','featured','','',''),(36,13,2,'Featured','','featured','','',''),(36,13,3,'Featured','','featured','','',''),(36,13,4,'Featured','','featured','','',''),(37,1,1,'Create your T-Shirt','','create-your-t-shirt','','',''),(37,1,2,'Erstellen Sie Ihr T-Shirt','','erstellen-sie-ihr-t-shirt','','',''),(37,1,3,'Créez votre T-shirt','','creez-votre-t-shirt','','',''),(37,1,4,'Crea la tua T-Shirt','','crea-la-tua-t-shirt','','',''),(37,3,1,'Create your T-Shirt','','create-your-t-shirt','','',''),(37,3,2,'Erstellen Sie Ihr T-Shirt','','erstellen-sie-ihr-t-shirt','','',''),(37,3,3,'Créez votre T-shirt','','creez-votre-t-shirt','','',''),(37,3,4,'Crea la tua T-Shirt','','crea-la-tua-t-shirt','','',''),(37,4,1,'Create your T-Shirt','','create-your-t-shirt','','',''),(37,4,2,'Erstellen Sie Ihr T-Shirt','','erstellen-sie-ihr-t-shirt','','',''),(37,4,3,'Créez votre T-shirt','','creez-votre-t-shirt','','',''),(37,4,4,'Crea la tua T-Shirt','','crea-la-tua-t-shirt','','',''),(37,5,1,'Create your T-Shirt','','create-your-t-shirt','','',''),(37,5,2,'Erstellen Sie Ihr T-Shirt','','erstellen-sie-ihr-t-shirt','','',''),(37,5,3,'Créez votre T-shirt','','creez-votre-t-shirt','','',''),(37,5,4,'Crea la tua T-Shirt','','crea-la-tua-t-shirt','','',''),(37,6,1,'Create your T-Shirt','','create-your-t-shirt','','',''),(37,6,2,'Erstellen Sie Ihr T-Shirt','','erstellen-sie-ihr-t-shirt','','',''),(37,6,3,'Créez votre T-shirt','','creez-votre-t-shirt','','',''),(37,6,4,'Crea la tua T-Shirt','','crea-la-tua-t-shirt','','',''),(37,7,1,'Create your T-Shirt','','create-your-t-shirt','','',''),(37,7,2,'Erstellen Sie Ihr T-Shirt','','erstellen-sie-ihr-t-shirt','','',''),(37,7,3,'Créez votre T-shirt','','creez-votre-t-shirt','','',''),(37,7,4,'Crea la tua T-Shirt','','crea-la-tua-t-shirt','','',''),(37,8,1,'Create your T-Shirt','','create-your-t-shirt','','',''),(37,8,2,'Erstellen Sie Ihr T-Shirt','','erstellen-sie-ihr-t-shirt','','',''),(37,8,3,'Créez votre T-shirt','','creez-votre-t-shirt','','',''),(37,8,4,'Crea la tua T-Shirt','','crea-la-tua-t-shirt','','',''),(37,9,1,'Create your T-Shirt','','create-your-t-shirt','','',''),(37,9,2,'Erstellen Sie Ihr T-Shirt','','erstellen-sie-ihr-t-shirt','','',''),(37,9,3,'Créez votre T-shirt','','creez-votre-t-shirt','','',''),(37,9,4,'Crea la tua T-Shirt','','crea-la-tua-t-shirt','','',''),(37,10,1,'Create your T-Shirt','','create-your-t-shirt','','',''),(37,10,2,'Erstellen Sie Ihr T-Shirt','','erstellen-sie-ihr-t-shirt','','',''),(37,10,3,'Créez votre T-shirt','','creez-votre-t-shirt','','',''),(37,10,4,'Crea la tua T-Shirt','','crea-la-tua-t-shirt','','',''),(37,11,1,'Create your T-Shirt','','create-your-t-shirt','','',''),(37,11,2,'Erstellen Sie Ihr T-Shirt','','erstellen-sie-ihr-t-shirt','','',''),(37,11,3,'Créez votre T-shirt','','creez-votre-t-shirt','','',''),(37,11,4,'Crea la tua T-Shirt','','crea-la-tua-t-shirt','','',''),(37,12,1,'Create your T-Shirt','','create-your-t-shirt','','',''),(37,12,2,'Erstellen Sie Ihr T-Shirt','','erstellen-sie-ihr-t-shirt','','',''),(37,12,3,'Créez votre T-shirt','','creez-votre-t-shirt','','',''),(37,12,4,'Crea la tua T-Shirt','','crea-la-tua-t-shirt','','',''),(37,13,1,'Create your T-Shirt','','create-your-t-shirt','','',''),(37,13,2,'Erstellen Sie Ihr T-Shirt','','erstellen-sie-ihr-t-shirt','','',''),(37,13,3,'Créez votre T-shirt','','creez-votre-t-shirt','','',''),(37,13,4,'Crea la tua T-Shirt','','crea-la-tua-t-shirt','','','');

--
-- Table structure for table `ps_category_product`
--

CREATE TABLE `ps_category_product` (
  `id_category` int(10) unsigned NOT NULL,
  `id_product` int(10) unsigned NOT NULL,
  `position` int(10) unsigned NOT NULL DEFAULT '0',
  PRIMARY KEY (`id_category`,`id_product`),
  KEY `id_product` (`id_product`),
  KEY `id_category` (`id_category`,`position`)
) ENGINE=InnoDB DEFAULT CHARSET=utf8;

--
-- Dumping data for table `ps_category_product`
--

INSERT INTO `ps_category_product` VALUES (2,21,0),(2,23,1),(2,130,2),(2,131,3),(11,111,0),(11,110,1),(11,109,2),(11,108,3),(11,107,4),(11,106,5),(12,79,0),(12,80,1),(12,81,2),(14,82,0),(14,83,1),(14,84,2),(14,85,3),(14,86,4),(14,87,5),(14,88,6),(14,89,7),(15,93,0),(15,92,1),(15,91,2),(15,90,3),(16,77,0),(16,78,1),(17,103,0),(17,102,1),(17,101,2),(17,100,3),(19,105,0),(19,104,1),(21,94,0),(21,95,1),(21,96,2),(22,99,0),(22,98,1),(22,97,2),(23,129,0),(23,128,1),(23,127,2),(23,126,3),(23,125,4),(23,124,5),(23,114,6),(23,112,7),(23,113,8),(24,118,0),(24,117,1),(24,116,2),(24,115,3),(24,119,4),(25,123,0),(25,122,1),(25,120,2),(25,121,3),(26,25,0),(27,26,0),(27,27,1),(27,28,2),(27,29,3),(27,30,4),(27,31,5),(28,49,0),(28,50,1),(28,51,2),(28,74,3),(29,52,0),(29,53,1),(29,54,2),(29,55,3),(29,56,4),(29,59,5),(29,60,6),(29,61,7),(29,62,8),(29,63,9),(29,64,10),(29,65,11),(29,66,12),(29,67,13),(29,68,14),(29,69,15),(29,70,16),(29,71,17),(29,72,18),(29,73,19),(29,75,20),(29,76,21),(30,57,0),(30,58,1),(31,39,0),(31,40,1),(31,41,2),(31,42,3),(31,43,4),(31,44,5),(31,45,6),(31,46,7),(31,47,8),(31,48,9),(33,25,0),(33,26,1),(33,27,2),(33,28,3),(33,29,4),(33,30,5),(33,31,6),(34,77,0),(34,78,1),(34,79,2),(34,80,3),(34,81,4),(34,82,5),(34,83,6),(34,84,7),(34,85,8),(34,86,9),(34,87,10),(34,88,11),(34,89,12),(34,90,13),(34,91,14),(34,92,15),(34,93,16),(34,94,17),(34,95,18),(34,96,19),(34,97,20),(34,98,21),(34,99,22),(34,100,23),(34,101,24),(34,102,25),(34,103,26),(34,104,27),(34,105,28),(34,106,29),(34,107,30),(34,108,31),(34,109,32),(34,110,33),(34,111,34),(34,112,35),(34,113,36),(34,114,37),(34,115,38),(34,116,39),(34,117,40),(34,118,41),(34,119,42),(34,120,43),(34,121,44),(34,122,45),(34,123,46),(34,124,47),(34,125,48),(34,126,49),(34,127,50),(34,128,51),(34,129,52),(35,49,0),(35,50,1),(35,51,2),(35,52,3),(35,53,4),(35,54,5),(35,55,6),(35,56,7),(35,57,8),(35,58,9),(35,59,10),(35,60,11),(35,61,12),(35,62,13),(35,63,14),(35,64,15),(35,65,16),(35,66,17),(35,67,18),(35,68,19),(35,69,20),(35,70,21),(35,71,22),(35,72,23),(35,73,24),(35,74,25),(35,75,26),(35,76,27),(36,39,0),(36,40,1),(36,41,2),(36,42,3),(36,43,4),(36,44,5),(36,45,6),(36,46,7),(36,47,8),(36,48,9),(37,131,0),(37,130,1);

--
-- Table structure for table `ps_category_shop`
--

CREATE TABLE `ps_category_shop` (
  `id_category` int(11) NOT NULL,
  `id_shop` int(11) NOT NULL,
  `position` int(10) unsigned NOT NULL DEFAULT '0',
  PRIMARY KEY (`id_category`,`id_shop`)
) ENGINE=InnoDB DEFAULT CHARSET=utf8;

--
-- Dumping data for table `ps_category_shop`
--

INSERT INTO `ps_category_shop` VALUES (1,1,0),(1,3,0),(1,4,0),(1,5,0),(1,6,0),(1,7,0),(1,8,0),(1,9,0),(1,10,0),(1,11,0),(1,12,0),(1,13,0),(2,1,0),(2,3,0),(2,4,0),(2,5,0),(2,6,0),(2,7,0),(2,8,0),(2,9,0),(2,10,0),(2,11,0),(2,12,0),(2,13,0),(10,3,0),(10,8,1),(10,9,1),(10,10,1),(10,11,1),(10,12,1),(10,13,1),(11,3,1),(11,8,3),(11,9,6),(11,10,2),(11,11,3),(11,12,3),(11,13,6),(12,3,2),(12,8,8),(12,9,9),(12,10,7),(12,11,8),(12,12,7),(12,13,9),(13,3,3),(13,8,11),(13,9,10),(13,10,10),(13,11,11),(13,12,10),(13,13,11),(14,3,4),(14,8,12),(14,9,12),(14,10,12),(14,11,12),(14,12,12),(14,13,12),(15,3,0),(16,3,0),(17,3,0),(18,3,0),(19,3,0),(20,3,0),(21,3,0),(22,3,0),(23,3,0),(24,3,0),(25,3,0),(26,5,1),(26,8,4),(26,9,2),(26,10,3),(26,11,4),(26,12,4),(26,13,2),(27,5,2),(27,8,9),(27,9,7),(27,10,8),(27,11,9),(27,12,8),(27,13,7),(28,6,1),(28,8,6),(28,9,4),(28,10,5),(28,11,6),(28,12,6),(28,13,4),(29,6,2),(29,8,7),(29,9,8),(29,10,9),(29,11,7),(29,12,9),(29,13,8),(30,6,3),(30,8,10),(30,9,11),(30,10,11),(30,11,10),(30,12,11),(30,13,10),(31,4,1),(31,8,2),(31,9,5),(31,10,6),(31,11,2),(31,12,2),(31,13,5),(32,3,5),(32,8,13),(32,9,13),(32,10,13),(32,11,13),(32,12,13),(32,13,13),(33,5,3),(34,3,6),(35,6,4),(36,4,2),(37,7,1),(37,8,5),(37,9,3),(37,10,4),(37,11,5),(37,12,5),(37,13,3);

--
-- Table structure for table `ps_cms`
--

CREATE TABLE `ps_cms` (
  `id_cms` int(10) unsigned NOT NULL AUTO_INCREMENT,
  `id_cms_category` int(10) unsigned NOT NULL,
  `position` int(10) unsigned NOT NULL DEFAULT '0',
  `active` tinyint(1) unsigned NOT NULL DEFAULT '0',
  `indexation` tinyint(1) unsigned NOT NULL DEFAULT '1',
  PRIMARY KEY (`id_cms`)
) ENGINE=InnoDB AUTO_INCREMENT=6 DEFAULT CHARSET=utf8;

--
-- Dumping data for table `ps_cms`
--

INSERT INTO `ps_cms` VALUES (1,1,0,1,0),(2,1,1,1,0),(3,1,2,1,0),(4,1,3,1,0),(5,1,4,1,0);

--
-- Table structure for table `ps_cms_category`
--

CREATE TABLE `ps_cms_category` (
  `id_cms_category` int(10) unsigned NOT NULL AUTO_INCREMENT,
  `id_parent` int(10) unsigned NOT NULL,
  `level_depth` tinyint(3) unsigned NOT NULL DEFAULT '0',
  `active` tinyint(1) unsigned NOT NULL DEFAULT '0',
  `date_add` datetime NOT NULL,
  `date_upd` datetime NOT NULL,
  `position` int(10) unsigned NOT NULL DEFAULT '0',
  PRIMARY KEY (`id_cms_category`),
  KEY `category_parent` (`id_parent`)
) ENGINE=InnoDB AUTO_INCREMENT=2 DEFAULT CHARSET=utf8;

--
-- Dumping data for table `ps_cms_category`
--

INSERT INTO `ps_cms_category` VALUES (1,0,1,1,'2018-05-11 14:38:06','2018-05-11 14:38:06',0);

--
-- Table structure for table `ps_cms_category_lang`
--

CREATE TABLE `ps_cms_category_lang` (
  `id_cms_category` int(10) unsigned NOT NULL,
  `id_lang` int(10) unsigned NOT NULL,
  `id_shop` int(10) unsigned NOT NULL DEFAULT '1',
  `name` varchar(128) NOT NULL,
  `description` text,
  `link_rewrite` varchar(128) NOT NULL,
  `meta_title` varchar(128) DEFAULT NULL,
  `meta_keywords` varchar(255) DEFAULT NULL,
  `meta_description` varchar(255) DEFAULT NULL,
  PRIMARY KEY (`id_cms_category`,`id_shop`,`id_lang`),
  KEY `category_name` (`name`)
) ENGINE=InnoDB DEFAULT CHARSET=utf8;

--
-- Dumping data for table `ps_cms_category_lang`
--

INSERT INTO `ps_cms_category_lang` VALUES (1,1,1,'Home','','home','','',''),(1,2,1,'Startseite','','startseite','','',''),(1,3,1,'Accueil','','accueil','','',''),(1,4,1,'Home','','home','','',''),(1,1,3,'Home','','home','','',''),(1,2,3,'Startseite','','startseite','','',''),(1,3,3,'Accueil','','accueil','','',''),(1,4,3,'Home','','home','','',''),(1,1,4,'Home','','home','','',''),(1,2,4,'Startseite','','startseite','','',''),(1,3,4,'Accueil','','accueil','','',''),(1,4,4,'Home','','home','','',''),(1,1,5,'Home','','home','','',''),(1,2,5,'Startseite','','startseite','','',''),(1,3,5,'Accueil','','accueil','','',''),(1,4,5,'Home','','home','','',''),(1,1,6,'Home','','home','','',''),(1,2,6,'Startseite','','startseite','','',''),(1,3,6,'Accueil','','accueil','','',''),(1,4,6,'Home','','home','','',''),(1,1,7,'Home','','home','','',''),(1,2,7,'Startseite','','startseite','','',''),(1,3,7,'Accueil','','accueil','','',''),(1,4,7,'Home','','home','','',''),(1,1,8,'Home','','home','','',''),(1,2,8,'Startseite','','startseite','','',''),(1,3,8,'Accueil','','accueil','','',''),(1,4,8,'Home','','home','','',''),(1,1,9,'Home','','home','','',''),(1,2,9,'Startseite','','startseite','','',''),(1,3,9,'Accueil','','accueil','','',''),(1,4,9,'Home','','home','','',''),(1,1,10,'Home','','home','','',''),(1,2,10,'Startseite','','startseite','','',''),(1,3,10,'Accueil','','accueil','','',''),(1,4,10,'Home','','home','','',''),(1,1,11,'Home','','home','','',''),(1,2,11,'Startseite','','startseite','','',''),(1,3,11,'Accueil','','accueil','','',''),(1,4,11,'Home','','home','','',''),(1,1,12,'Home','','home','','',''),(1,2,12,'Startseite','','startseite','','',''),(1,3,12,'Accueil','','accueil','','',''),(1,4,12,'Home','','home','','',''),(1,1,13,'Home','','home','','',''),(1,2,13,'Startseite','','startseite','','',''),(1,3,13,'Accueil','','accueil','','',''),(1,4,13,'Home','','home','','','');

--
-- Table structure for table `ps_cms_category_shop`
--

CREATE TABLE `ps_cms_category_shop` (
  `id_cms_category` int(10) unsigned NOT NULL AUTO_INCREMENT,
  `id_shop` int(11) unsigned NOT NULL,
  PRIMARY KEY (`id_cms_category`,`id_shop`),
  KEY `id_shop` (`id_shop`)
) ENGINE=InnoDB AUTO_INCREMENT=2 DEFAULT CHARSET=utf8;

--
-- Dumping data for table `ps_cms_category_shop`
--

INSERT INTO `ps_cms_category_shop` VALUES (1,1),(1,3),(1,4),(1,5),(1,6),(1,7),(1,8),(1,9),(1,10),(1,11),(1,12),(1,13);

--
-- Table structure for table `ps_cms_lang`
--

CREATE TABLE `ps_cms_lang` (
  `id_cms` int(10) unsigned NOT NULL,
  `id_lang` int(10) unsigned NOT NULL,
  `id_shop` int(10) unsigned NOT NULL DEFAULT '1',
  `meta_title` varchar(128) NOT NULL,
  `meta_description` varchar(255) DEFAULT NULL,
  `meta_keywords` varchar(255) DEFAULT NULL,
  `content` longtext,
  `link_rewrite` varchar(128) NOT NULL,
  PRIMARY KEY (`id_cms`,`id_shop`,`id_lang`)
) ENGINE=InnoDB DEFAULT CHARSET=utf8;

--
-- Dumping data for table `ps_cms_lang`
--

INSERT INTO `ps_cms_lang` VALUES (1,1,1,'Delivery','Our terms and conditions of delivery','conditions, delivery, delay, shipment, pack','<h2>Shipments and returns</h2><h3>Your pack shipment</h3><p>Packages are generally dispatched within 2 days after receipt of payment and are shipped via UPS with tracking and drop-off without signature. If you prefer delivery by UPS Extra with required signature, an additional cost will be applied, so please contact us before choosing this method. Whichever shipment choice you make, we will provide you with a link to track your package online.</p><p>Shipping fees include handling and packing fees as well as postage costs. Handling fees are fixed, whereas transport fees vary according to total weight of the shipment. We advise you to group your items in one order. We cannot group two distinct orders placed separately, and shipping fees will apply to each of them. Your package will be dispatched at your own risk, but special care is taken to protect fragile objects.<br /><br />Boxes are amply sized and your items are well-protected.</p>','delivery'),(1,2,1,'Lieferung','Unsere Lieferbedingungen','Bedingungen, Lieferung, Frist, Versand, Verpackung','<h2>Versand und Rücknahme</h2><h3>Ihre Versandverpackung</h3><p>Pakete werden normalerweise 2 Tage nach Zahlungseingang mit UPS mit Bestellverfolgemöglichkeit und Ablieferung ohne Unterschrift geliefert. Wenn Sie lieber eine UPS-Sendung per Einschreiben erhalten möchten, entstehen zusätzliche Kosten. Bitte kontaktieren Sie uns, bevor Sie dieses Liefermethode wählen. Wir senden Ihnen einen Link für die Bestellverfolgung unabhängig davon, welche Liefermethode Sie wählen.</p><p>Die Versandkosten beinhalten Lade- und Verpackungsgebühren sowie die Portokosten. Die Verladegebühren stehen fest, wobei Transportkosten schwanken, je nach Gesamtgewicht des Pakets. Wir raten Ihnen, mehrere Artikel in einer Bestellung zusammenzufassen. Wir können zwei verschiedene Bestellungen nicht zusammenlegen, und die Versandkosten werden separat für jede Bestellung gerechnet. Ihr Paket wird auf Ihr Risiko versandt, aber zerbrechliche Ware wird besonders sorgsam behandelt.<br /><br />Die Versandschachteln sind weit geschnitten und ihre Ware wird gut geschützt verpackt.</p>','Lieferung'),(1,3,1,'Livraison','Nos conditions de livraison','conditions, livraison, délais, expédition, colis','<h2>Expéditions et retours</h2><h3>Expédition de votre colis</h3><p>Les colis sont généralement expédiés dans un délai de 2 jours après réception du paiement. Ils sont expédiés via UPS avec un numéro de suivi et remis sans signature. Les colis peuvent également être expédiés via UPS Extra et remis contre signature. Veuillez nous contacter avant de choisir ce mode de livraison, car il induit des frais supplémentaires. Quel que soit le mode de livraison choisi, nous vous envoyons un lien pour suivre votre colis en ligne.</p><p>Les frais d\'expédition incluent les frais de préparation et d\'emballage ainsi que les frais de port. Les frais de préparation sont fixes, tandis que les frais de transport varient selon le poids total du colis. Nous vous recommandons de regrouper tous vos articles dans une seule commande. Nous ne pouvons regrouper deux commandes placées séparément et des frais d\'expédition s\'appliquent à chacune d\'entre elles. Votre colis est expédié à vos propres risques, mais une attention particulière est portée aux objets fragiles.<br /><br />Les dimensions des boîtes sont appropriées et vos articles sont correctement protégés.</p>','livraison'),(1,4,1,'Consegna','I nostri termini e condizioni di consegna','condizioni, consegna, ritardo, spedizione, pacco','<h2>Spedizioni e resi</h2><h3>La spedizione del vostro pacco</h3><p>I pacchi sono generalmente inviati entro 2 giorni dal ricevimento del pagamento e vengono spediti tramite UPS con tracciatura e consegna senza firma. Se preferite una consegna con UPS Extra con richiesta di firma, verrà applicato un costo aggiuntivo, quindi vi preghiamo di contattarci prima di scegliere questo metodo. Qualsiasi tipo di spedizione scegliate, vi forniremo un link per tracciare il vostro pacco online.</p><p>Le spese di spedizione comprendono gli oneri di gestione e imballaggio e le spese postali. I costi di gestione sono fissi, mentre i costi di trasporto variano a seconda del peso totale della spedizione. Vi consigliamo di raggruppare i vostri articoli in un unico ordine. Non ci è possibile raggruppare due ordini distinti effettuati separatamente, pertanto le spese di spedizione saranno addebitate per ognuno di essi. Il vostro pacco sarà inviato a vostro rischio, ma viene prestata un\'attenzione particolare in caso di oggetti fragili.<br /><br />Le scatole hanno dimensioni adeguatamente ampie e i vostri articoli son ben protetti.</p>','consegna'),(1,1,3,'Delivery','Our terms and conditions of delivery','conditions, delivery, delay, shipment, pack','<h2>Shipments and returns</h2><h3>Your pack shipment</h3><p>Packages are generally dispatched within 2 days after receipt of payment and are shipped via UPS with tracking and drop-off without signature. If you prefer delivery by UPS Extra with required signature, an additional cost will be applied, so please contact us before choosing this method. Whichever shipment choice you make, we will provide you with a link to track your package online.</p><p>Shipping fees include handling and packing fees as well as postage costs. Handling fees are fixed, whereas transport fees vary according to total weight of the shipment. We advise you to group your items in one order. We cannot group two distinct orders placed separately, and shipping fees will apply to each of them. Your package will be dispatched at your own risk, but special care is taken to protect fragile objects.<br /><br />Boxes are amply sized and your items are well-protected.</p>','delivery'),(1,2,3,'Lieferung','Unsere Lieferbedingungen','Bedingungen, Lieferung, Frist, Versand, Verpackung','<h2>Versand und Rücknahme</h2><h3>Ihre Versandverpackung</h3><p>Pakete werden normalerweise 2 Tage nach Zahlungseingang mit UPS mit Bestellverfolgemöglichkeit und Ablieferung ohne Unterschrift geliefert. Wenn Sie lieber eine UPS-Sendung per Einschreiben erhalten möchten, entstehen zusätzliche Kosten. Bitte kontaktieren Sie uns, bevor Sie dieses Liefermethode wählen. Wir senden Ihnen einen Link für die Bestellverfolgung unabhängig davon, welche Liefermethode Sie wählen.</p><p>Die Versandkosten beinhalten Lade- und Verpackungsgebühren sowie die Portokosten. Die Verladegebühren stehen fest, wobei Transportkosten schwanken, je nach Gesamtgewicht des Pakets. Wir raten Ihnen, mehrere Artikel in einer Bestellung zusammenzufassen. Wir können zwei verschiedene Bestellungen nicht zusammenlegen, und die Versandkosten werden separat für jede Bestellung gerechnet. Ihr Paket wird auf Ihr Risiko versandt, aber zerbrechliche Ware wird besonders sorgsam behandelt.<br /><br />Die Versandschachteln sind weit geschnitten und ihre Ware wird gut geschützt verpackt.</p>','Lieferung'),(1,3,3,'Livraison','Nos conditions de livraison','conditions, livraison, délais, expédition, colis','<h2>Expéditions et retours</h2><h3>Expédition de votre colis</h3><p>Les colis sont généralement expédiés dans un délai de 2 jours après réception du paiement. Ils sont expédiés via UPS avec un numéro de suivi et remis sans signature. Les colis peuvent également être expédiés via UPS Extra et remis contre signature. Veuillez nous contacter avant de choisir ce mode de livraison, car il induit des frais supplémentaires. Quel que soit le mode de livraison choisi, nous vous envoyons un lien pour suivre votre colis en ligne.</p><p>Les frais d\'expédition incluent les frais de préparation et d\'emballage ainsi que les frais de port. Les frais de préparation sont fixes, tandis que les frais de transport varient selon le poids total du colis. Nous vous recommandons de regrouper tous vos articles dans une seule commande. Nous ne pouvons regrouper deux commandes placées séparément et des frais d\'expédition s\'appliquent à chacune d\'entre elles. Votre colis est expédié à vos propres risques, mais une attention particulière est portée aux objets fragiles.<br /><br />Les dimensions des boîtes sont appropriées et vos articles sont correctement protégés.</p>','livraison'),(1,4,3,'Consegna','I nostri termini e condizioni di consegna','condizioni, consegna, ritardo, spedizione, pacco','<h2>Spedizioni e resi</h2><h3>La spedizione del vostro pacco</h3><p>I pacchi sono generalmente inviati entro 2 giorni dal ricevimento del pagamento e vengono spediti tramite UPS con tracciatura e consegna senza firma. Se preferite una consegna con UPS Extra con richiesta di firma, verrà applicato un costo aggiuntivo, quindi vi preghiamo di contattarci prima di scegliere questo metodo. Qualsiasi tipo di spedizione scegliate, vi forniremo un link per tracciare il vostro pacco online.</p><p>Le spese di spedizione comprendono gli oneri di gestione e imballaggio e le spese postali. I costi di gestione sono fissi, mentre i costi di trasporto variano a seconda del peso totale della spedizione. Vi consigliamo di raggruppare i vostri articoli in un unico ordine. Non ci è possibile raggruppare due ordini distinti effettuati separatamente, pertanto le spese di spedizione saranno addebitate per ognuno di essi. Il vostro pacco sarà inviato a vostro rischio, ma viene prestata un\'attenzione particolare in caso di oggetti fragili.<br /><br />Le scatole hanno dimensioni adeguatamente ampie e i vostri articoli son ben protetti.</p>','consegna'),(1,1,4,'Delivery','Our terms and conditions of delivery','conditions, delivery, delay, shipment, pack','<h2>Shipments and returns</h2><h3>Your pack shipment</h3><p>Packages are generally dispatched within 2 days after receipt of payment and are shipped via UPS with tracking and drop-off without signature. If you prefer delivery by UPS Extra with required signature, an additional cost will be applied, so please contact us before choosing this method. Whichever shipment choice you make, we will provide you with a link to track your package online.</p><p>Shipping fees include handling and packing fees as well as postage costs. Handling fees are fixed, whereas transport fees vary according to total weight of the shipment. We advise you to group your items in one order. We cannot group two distinct orders placed separately, and shipping fees will apply to each of them. Your package will be dispatched at your own risk, but special care is taken to protect fragile objects.<br /><br />Boxes are amply sized and your items are well-protected.</p>','delivery'),(1,2,4,'Lieferung','Unsere Lieferbedingungen','Bedingungen, Lieferung, Frist, Versand, Verpackung','<h2>Versand und Rücknahme</h2><h3>Ihre Versandverpackung</h3><p>Pakete werden normalerweise 2 Tage nach Zahlungseingang mit UPS mit Bestellverfolgemöglichkeit und Ablieferung ohne Unterschrift geliefert. Wenn Sie lieber eine UPS-Sendung per Einschreiben erhalten möchten, entstehen zusätzliche Kosten. Bitte kontaktieren Sie uns, bevor Sie dieses Liefermethode wählen. Wir senden Ihnen einen Link für die Bestellverfolgung unabhängig davon, welche Liefermethode Sie wählen.</p><p>Die Versandkosten beinhalten Lade- und Verpackungsgebühren sowie die Portokosten. Die Verladegebühren stehen fest, wobei Transportkosten schwanken, je nach Gesamtgewicht des Pakets. Wir raten Ihnen, mehrere Artikel in einer Bestellung zusammenzufassen. Wir können zwei verschiedene Bestellungen nicht zusammenlegen, und die Versandkosten werden separat für jede Bestellung gerechnet. Ihr Paket wird auf Ihr Risiko versandt, aber zerbrechliche Ware wird besonders sorgsam behandelt.<br /><br />Die Versandschachteln sind weit geschnitten und ihre Ware wird gut geschützt verpackt.</p>','Lieferung'),(1,3,4,'Livraison','Nos conditions de livraison','conditions, livraison, délais, expédition, colis','<h2>Expéditions et retours</h2><h3>Expédition de votre colis</h3><p>Les colis sont généralement expédiés dans un délai de 2 jours après réception du paiement. Ils sont expédiés via UPS avec un numéro de suivi et remis sans signature. Les colis peuvent également être expédiés via UPS Extra et remis contre signature. Veuillez nous contacter avant de choisir ce mode de livraison, car il induit des frais supplémentaires. Quel que soit le mode de livraison choisi, nous vous envoyons un lien pour suivre votre colis en ligne.</p><p>Les frais d\'expédition incluent les frais de préparation et d\'emballage ainsi que les frais de port. Les frais de préparation sont fixes, tandis que les frais de transport varient selon le poids total du colis. Nous vous recommandons de regrouper tous vos articles dans une seule commande. Nous ne pouvons regrouper deux commandes placées séparément et des frais d\'expédition s\'appliquent à chacune d\'entre elles. Votre colis est expédié à vos propres risques, mais une attention particulière est portée aux objets fragiles.<br /><br />Les dimensions des boîtes sont appropriées et vos articles sont correctement protégés.</p>','livraison'),(1,4,4,'Consegna','I nostri termini e condizioni di consegna','condizioni, consegna, ritardo, spedizione, pacco','<h2>Spedizioni e resi</h2><h3>La spedizione del vostro pacco</h3><p>I pacchi sono generalmente inviati entro 2 giorni dal ricevimento del pagamento e vengono spediti tramite UPS con tracciatura e consegna senza firma. Se preferite una consegna con UPS Extra con richiesta di firma, verrà applicato un costo aggiuntivo, quindi vi preghiamo di contattarci prima di scegliere questo metodo. Qualsiasi tipo di spedizione scegliate, vi forniremo un link per tracciare il vostro pacco online.</p><p>Le spese di spedizione comprendono gli oneri di gestione e imballaggio e le spese postali. I costi di gestione sono fissi, mentre i costi di trasporto variano a seconda del peso totale della spedizione. Vi consigliamo di raggruppare i vostri articoli in un unico ordine. Non ci è possibile raggruppare due ordini distinti effettuati separatamente, pertanto le spese di spedizione saranno addebitate per ognuno di essi. Il vostro pacco sarà inviato a vostro rischio, ma viene prestata un\'attenzione particolare in caso di oggetti fragili.<br /><br />Le scatole hanno dimensioni adeguatamente ampie e i vostri articoli son ben protetti.</p>','consegna'),(1,1,5,'Delivery','Our terms and conditions of delivery','conditions, delivery, delay, shipment, pack','<h2>Shipments and returns</h2><h3>Your pack shipment</h3><p>Packages are generally dispatched within 2 days after receipt of payment and are shipped via UPS with tracking and drop-off without signature. If you prefer delivery by UPS Extra with required signature, an additional cost will be applied, so please contact us before choosing this method. Whichever shipment choice you make, we will provide you with a link to track your package online.</p><p>Shipping fees include handling and packing fees as well as postage costs. Handling fees are fixed, whereas transport fees vary according to total weight of the shipment. We advise you to group your items in one order. We cannot group two distinct orders placed separately, and shipping fees will apply to each of them. Your package will be dispatched at your own risk, but special care is taken to protect fragile objects.<br /><br />Boxes are amply sized and your items are well-protected.</p>','delivery'),(1,2,5,'Lieferung','Unsere Lieferbedingungen','Bedingungen, Lieferung, Frist, Versand, Verpackung','<h2>Versand und Rücknahme</h2><h3>Ihre Versandverpackung</h3><p>Pakete werden normalerweise 2 Tage nach Zahlungseingang mit UPS mit Bestellverfolgemöglichkeit und Ablieferung ohne Unterschrift geliefert. Wenn Sie lieber eine UPS-Sendung per Einschreiben erhalten möchten, entstehen zusätzliche Kosten. Bitte kontaktieren Sie uns, bevor Sie dieses Liefermethode wählen. Wir senden Ihnen einen Link für die Bestellverfolgung unabhängig davon, welche Liefermethode Sie wählen.</p><p>Die Versandkosten beinhalten Lade- und Verpackungsgebühren sowie die Portokosten. Die Verladegebühren stehen fest, wobei Transportkosten schwanken, je nach Gesamtgewicht des Pakets. Wir raten Ihnen, mehrere Artikel in einer Bestellung zusammenzufassen. Wir können zwei verschiedene Bestellungen nicht zusammenlegen, und die Versandkosten werden separat für jede Bestellung gerechnet. Ihr Paket wird auf Ihr Risiko versandt, aber zerbrechliche Ware wird besonders sorgsam behandelt.<br /><br />Die Versandschachteln sind weit geschnitten und ihre Ware wird gut geschützt verpackt.</p>','Lieferung'),(1,3,5,'Livraison','Nos conditions de livraison','conditions, livraison, délais, expédition, colis','<h2>Expéditions et retours</h2><h3>Expédition de votre colis</h3><p>Les colis sont généralement expédiés dans un délai de 2 jours après réception du paiement. Ils sont expédiés via UPS avec un numéro de suivi et remis sans signature. Les colis peuvent également être expédiés via UPS Extra et remis contre signature. Veuillez nous contacter avant de choisir ce mode de livraison, car il induit des frais supplémentaires. Quel que soit le mode de livraison choisi, nous vous envoyons un lien pour suivre votre colis en ligne.</p><p>Les frais d\'expédition incluent les frais de préparation et d\'emballage ainsi que les frais de port. Les frais de préparation sont fixes, tandis que les frais de transport varient selon le poids total du colis. Nous vous recommandons de regrouper tous vos articles dans une seule commande. Nous ne pouvons regrouper deux commandes placées séparément et des frais d\'expédition s\'appliquent à chacune d\'entre elles. Votre colis est expédié à vos propres risques, mais une attention particulière est portée aux objets fragiles.<br /><br />Les dimensions des boîtes sont appropriées et vos articles sont correctement protégés.</p>','livraison'),(1,4,5,'Consegna','I nostri termini e condizioni di consegna','condizioni, consegna, ritardo, spedizione, pacco','<h2>Spedizioni e resi</h2><h3>La spedizione del vostro pacco</h3><p>I pacchi sono generalmente inviati entro 2 giorni dal ricevimento del pagamento e vengono spediti tramite UPS con tracciatura e consegna senza firma. Se preferite una consegna con UPS Extra con richiesta di firma, verrà applicato un costo aggiuntivo, quindi vi preghiamo di contattarci prima di scegliere questo metodo. Qualsiasi tipo di spedizione scegliate, vi forniremo un link per tracciare il vostro pacco online.</p><p>Le spese di spedizione comprendono gli oneri di gestione e imballaggio e le spese postali. I costi di gestione sono fissi, mentre i costi di trasporto variano a seconda del peso totale della spedizione. Vi consigliamo di raggruppare i vostri articoli in un unico ordine. Non ci è possibile raggruppare due ordini distinti effettuati separatamente, pertanto le spese di spedizione saranno addebitate per ognuno di essi. Il vostro pacco sarà inviato a vostro rischio, ma viene prestata un\'attenzione particolare in caso di oggetti fragili.<br /><br />Le scatole hanno dimensioni adeguatamente ampie e i vostri articoli son ben protetti.</p>','consegna'),(1,1,6,'Delivery','Our terms and conditions of delivery','conditions, delivery, delay, shipment, pack','<h2>Shipments and returns</h2><h3>Your pack shipment</h3><p>Packages are generally dispatched within 2 days after receipt of payment and are shipped via UPS with tracking and drop-off without signature. If you prefer delivery by UPS Extra with required signature, an additional cost will be applied, so please contact us before choosing this method. Whichever shipment choice you make, we will provide you with a link to track your package online.</p><p>Shipping fees include handling and packing fees as well as postage costs. Handling fees are fixed, whereas transport fees vary according to total weight of the shipment. We advise you to group your items in one order. We cannot group two distinct orders placed separately, and shipping fees will apply to each of them. Your package will be dispatched at your own risk, but special care is taken to protect fragile objects.<br /><br />Boxes are amply sized and your items are well-protected.</p>','delivery'),(1,2,6,'Lieferung','Unsere Lieferbedingungen','Bedingungen, Lieferung, Frist, Versand, Verpackung','<h2>Versand und Rücknahme</h2><h3>Ihre Versandverpackung</h3><p>Pakete werden normalerweise 2 Tage nach Zahlungseingang mit UPS mit Bestellverfolgemöglichkeit und Ablieferung ohne Unterschrift geliefert. Wenn Sie lieber eine UPS-Sendung per Einschreiben erhalten möchten, entstehen zusätzliche Kosten. Bitte kontaktieren Sie uns, bevor Sie dieses Liefermethode wählen. Wir senden Ihnen einen Link für die Bestellverfolgung unabhängig davon, welche Liefermethode Sie wählen.</p><p>Die Versandkosten beinhalten Lade- und Verpackungsgebühren sowie die Portokosten. Die Verladegebühren stehen fest, wobei Transportkosten schwanken, je nach Gesamtgewicht des Pakets. Wir raten Ihnen, mehrere Artikel in einer Bestellung zusammenzufassen. Wir können zwei verschiedene Bestellungen nicht zusammenlegen, und die Versandkosten werden separat für jede Bestellung gerechnet. Ihr Paket wird auf Ihr Risiko versandt, aber zerbrechliche Ware wird besonders sorgsam behandelt.<br /><br />Die Versandschachteln sind weit geschnitten und ihre Ware wird gut geschützt verpackt.</p>','Lieferung'),(1,3,6,'Livraison','Nos conditions de livraison','conditions, livraison, délais, expédition, colis','<h2>Expéditions et retours</h2><h3>Expédition de votre colis</h3><p>Les colis sont généralement expédiés dans un délai de 2 jours après réception du paiement. Ils sont expédiés via UPS avec un numéro de suivi et remis sans signature. Les colis peuvent également être expédiés via UPS Extra et remis contre signature. Veuillez nous contacter avant de choisir ce mode de livraison, car il induit des frais supplémentaires. Quel que soit le mode de livraison choisi, nous vous envoyons un lien pour suivre votre colis en ligne.</p><p>Les frais d\'expédition incluent les frais de préparation et d\'emballage ainsi que les frais de port. Les frais de préparation sont fixes, tandis que les frais de transport varient selon le poids total du colis. Nous vous recommandons de regrouper tous vos articles dans une seule commande. Nous ne pouvons regrouper deux commandes placées séparément et des frais d\'expédition s\'appliquent à chacune d\'entre elles. Votre colis est expédié à vos propres risques, mais une attention particulière est portée aux objets fragiles.<br /><br />Les dimensions des boîtes sont appropriées et vos articles sont correctement protégés.</p>','livraison'),(1,4,6,'Consegna','I nostri termini e condizioni di consegna','condizioni, consegna, ritardo, spedizione, pacco','<h2>Spedizioni e resi</h2><h3>La spedizione del vostro pacco</h3><p>I pacchi sono generalmente inviati entro 2 giorni dal ricevimento del pagamento e vengono spediti tramite UPS con tracciatura e consegna senza firma. Se preferite una consegna con UPS Extra con richiesta di firma, verrà applicato un costo aggiuntivo, quindi vi preghiamo di contattarci prima di scegliere questo metodo. Qualsiasi tipo di spedizione scegliate, vi forniremo un link per tracciare il vostro pacco online.</p><p>Le spese di spedizione comprendono gli oneri di gestione e imballaggio e le spese postali. I costi di gestione sono fissi, mentre i costi di trasporto variano a seconda del peso totale della spedizione. Vi consigliamo di raggruppare i vostri articoli in un unico ordine. Non ci è possibile raggruppare due ordini distinti effettuati separatamente, pertanto le spese di spedizione saranno addebitate per ognuno di essi. Il vostro pacco sarà inviato a vostro rischio, ma viene prestata un\'attenzione particolare in caso di oggetti fragili.<br /><br />Le scatole hanno dimensioni adeguatamente ampie e i vostri articoli son ben protetti.</p>','consegna'),(1,1,7,'Delivery','Our terms and conditions of delivery','conditions, delivery, delay, shipment, pack','<h2>Shipments and returns</h2><h3>Your pack shipment</h3><p>Packages are generally dispatched within 2 days after receipt of payment and are shipped via UPS with tracking and drop-off without signature. If you prefer delivery by UPS Extra with required signature, an additional cost will be applied, so please contact us before choosing this method. Whichever shipment choice you make, we will provide you with a link to track your package online.</p><p>Shipping fees include handling and packing fees as well as postage costs. Handling fees are fixed, whereas transport fees vary according to total weight of the shipment. We advise you to group your items in one order. We cannot group two distinct orders placed separately, and shipping fees will apply to each of them. Your package will be dispatched at your own risk, but special care is taken to protect fragile objects.<br /><br />Boxes are amply sized and your items are well-protected.</p>','delivery'),(1,2,7,'Lieferung','Unsere Lieferbedingungen','Bedingungen, Lieferung, Frist, Versand, Verpackung','<h2>Versand und Rücknahme</h2><h3>Ihre Versandverpackung</h3><p>Pakete werden normalerweise 2 Tage nach Zahlungseingang mit UPS mit Bestellverfolgemöglichkeit und Ablieferung ohne Unterschrift geliefert. Wenn Sie lieber eine UPS-Sendung per Einschreiben erhalten möchten, entstehen zusätzliche Kosten. Bitte kontaktieren Sie uns, bevor Sie dieses Liefermethode wählen. Wir senden Ihnen einen Link für die Bestellverfolgung unabhängig davon, welche Liefermethode Sie wählen.</p><p>Die Versandkosten beinhalten Lade- und Verpackungsgebühren sowie die Portokosten. Die Verladegebühren stehen fest, wobei Transportkosten schwanken, je nach Gesamtgewicht des Pakets. Wir raten Ihnen, mehrere Artikel in einer Bestellung zusammenzufassen. Wir können zwei verschiedene Bestellungen nicht zusammenlegen, und die Versandkosten werden separat für jede Bestellung gerechnet. Ihr Paket wird auf Ihr Risiko versandt, aber zerbrechliche Ware wird besonders sorgsam behandelt.<br /><br />Die Versandschachteln sind weit geschnitten und ihre Ware wird gut geschützt verpackt.</p>','Lieferung'),(1,3,7,'Livraison','Nos conditions de livraison','conditions, livraison, délais, expédition, colis','<h2>Expéditions et retours</h2><h3>Expédition de votre colis</h3><p>Les colis sont généralement expédiés dans un délai de 2 jours après réception du paiement. Ils sont expédiés via UPS avec un numéro de suivi et remis sans signature. Les colis peuvent également être expédiés via UPS Extra et remis contre signature. Veuillez nous contacter avant de choisir ce mode de livraison, car il induit des frais supplémentaires. Quel que soit le mode de livraison choisi, nous vous envoyons un lien pour suivre votre colis en ligne.</p><p>Les frais d\'expédition incluent les frais de préparation et d\'emballage ainsi que les frais de port. Les frais de préparation sont fixes, tandis que les frais de transport varient selon le poids total du colis. Nous vous recommandons de regrouper tous vos articles dans une seule commande. Nous ne pouvons regrouper deux commandes placées séparément et des frais d\'expédition s\'appliquent à chacune d\'entre elles. Votre colis est expédié à vos propres risques, mais une attention particulière est portée aux objets fragiles.<br /><br />Les dimensions des boîtes sont appropriées et vos articles sont correctement protégés.</p>','livraison'),(1,4,7,'Consegna','I nostri termini e condizioni di consegna','condizioni, consegna, ritardo, spedizione, pacco','<h2>Spedizioni e resi</h2><h3>La spedizione del vostro pacco</h3><p>I pacchi sono generalmente inviati entro 2 giorni dal ricevimento del pagamento e vengono spediti tramite UPS con tracciatura e consegna senza firma. Se preferite una consegna con UPS Extra con richiesta di firma, verrà applicato un costo aggiuntivo, quindi vi preghiamo di contattarci prima di scegliere questo metodo. Qualsiasi tipo di spedizione scegliate, vi forniremo un link per tracciare il vostro pacco online.</p><p>Le spese di spedizione comprendono gli oneri di gestione e imballaggio e le spese postali. I costi di gestione sono fissi, mentre i costi di trasporto variano a seconda del peso totale della spedizione. Vi consigliamo di raggruppare i vostri articoli in un unico ordine. Non ci è possibile raggruppare due ordini distinti effettuati separatamente, pertanto le spese di spedizione saranno addebitate per ognuno di essi. Il vostro pacco sarà inviato a vostro rischio, ma viene prestata un\'attenzione particolare in caso di oggetti fragili.<br /><br />Le scatole hanno dimensioni adeguatamente ampie e i vostri articoli son ben protetti.</p>','consegna'),(1,1,8,'Delivery','Our terms and conditions of delivery','conditions, delivery, delay, shipment, pack','<h2>Shipments and returns</h2><h3>Your pack shipment</h3><p>Packages are generally dispatched within 2 days after receipt of payment and are shipped via UPS with tracking and drop-off without signature. If you prefer delivery by UPS Extra with required signature, an additional cost will be applied, so please contact us before choosing this method. Whichever shipment choice you make, we will provide you with a link to track your package online.</p><p>Shipping fees include handling and packing fees as well as postage costs. Handling fees are fixed, whereas transport fees vary according to total weight of the shipment. We advise you to group your items in one order. We cannot group two distinct orders placed separately, and shipping fees will apply to each of them. Your package will be dispatched at your own risk, but special care is taken to protect fragile objects.<br /><br />Boxes are amply sized and your items are well-protected.</p>','delivery'),(1,2,8,'Lieferung','Unsere Lieferbedingungen','Bedingungen, Lieferung, Frist, Versand, Verpackung','<h2>Versand und Rücknahme</h2><h3>Ihre Versandverpackung</h3><p>Pakete werden normalerweise 2 Tage nach Zahlungseingang mit UPS mit Bestellverfolgemöglichkeit und Ablieferung ohne Unterschrift geliefert. Wenn Sie lieber eine UPS-Sendung per Einschreiben erhalten möchten, entstehen zusätzliche Kosten. Bitte kontaktieren Sie uns, bevor Sie dieses Liefermethode wählen. Wir senden Ihnen einen Link für die Bestellverfolgung unabhängig davon, welche Liefermethode Sie wählen.</p><p>Die Versandkosten beinhalten Lade- und Verpackungsgebühren sowie die Portokosten. Die Verladegebühren stehen fest, wobei Transportkosten schwanken, je nach Gesamtgewicht des Pakets. Wir raten Ihnen, mehrere Artikel in einer Bestellung zusammenzufassen. Wir können zwei verschiedene Bestellungen nicht zusammenlegen, und die Versandkosten werden separat für jede Bestellung gerechnet. Ihr Paket wird auf Ihr Risiko versandt, aber zerbrechliche Ware wird besonders sorgsam behandelt.<br /><br />Die Versandschachteln sind weit geschnitten und ihre Ware wird gut geschützt verpackt.</p>','Lieferung'),(1,3,8,'Livraison','Nos conditions de livraison','conditions, livraison, délais, expédition, colis','<h2>Expéditions et retours</h2><h3>Expédition de votre colis</h3><p>Les colis sont généralement expédiés dans un délai de 2 jours après réception du paiement. Ils sont expédiés via UPS avec un numéro de suivi et remis sans signature. Les colis peuvent également être expédiés via UPS Extra et remis contre signature. Veuillez nous contacter avant de choisir ce mode de livraison, car il induit des frais supplémentaires. Quel que soit le mode de livraison choisi, nous vous envoyons un lien pour suivre votre colis en ligne.</p><p>Les frais d\'expédition incluent les frais de préparation et d\'emballage ainsi que les frais de port. Les frais de préparation sont fixes, tandis que les frais de transport varient selon le poids total du colis. Nous vous recommandons de regrouper tous vos articles dans une seule commande. Nous ne pouvons regrouper deux commandes placées séparément et des frais d\'expédition s\'appliquent à chacune d\'entre elles. Votre colis est expédié à vos propres risques, mais une attention particulière est portée aux objets fragiles.<br /><br />Les dimensions des boîtes sont appropriées et vos articles sont correctement protégés.</p>','livraison'),(1,4,8,'Consegna','I nostri termini e condizioni di consegna','condizioni, consegna, ritardo, spedizione, pacco','<h2>Spedizioni e resi</h2><h3>La spedizione del vostro pacco</h3><p>I pacchi sono generalmente inviati entro 2 giorni dal ricevimento del pagamento e vengono spediti tramite UPS con tracciatura e consegna senza firma. Se preferite una consegna con UPS Extra con richiesta di firma, verrà applicato un costo aggiuntivo, quindi vi preghiamo di contattarci prima di scegliere questo metodo. Qualsiasi tipo di spedizione scegliate, vi forniremo un link per tracciare il vostro pacco online.</p><p>Le spese di spedizione comprendono gli oneri di gestione e imballaggio e le spese postali. I costi di gestione sono fissi, mentre i costi di trasporto variano a seconda del peso totale della spedizione. Vi consigliamo di raggruppare i vostri articoli in un unico ordine. Non ci è possibile raggruppare due ordini distinti effettuati separatamente, pertanto le spese di spedizione saranno addebitate per ognuno di essi. Il vostro pacco sarà inviato a vostro rischio, ma viene prestata un\'attenzione particolare in caso di oggetti fragili.<br /><br />Le scatole hanno dimensioni adeguatamente ampie e i vostri articoli son ben protetti.</p>','consegna'),(1,1,9,'Delivery','Our terms and conditions of delivery','conditions, delivery, delay, shipment, pack','<h2>Shipments and returns</h2><h3>Your pack shipment</h3><p>Packages are generally dispatched within 2 days after receipt of payment and are shipped via UPS with tracking and drop-off without signature. If you prefer delivery by UPS Extra with required signature, an additional cost will be applied, so please contact us before choosing this method. Whichever shipment choice you make, we will provide you with a link to track your package online.</p><p>Shipping fees include handling and packing fees as well as postage costs. Handling fees are fixed, whereas transport fees vary according to total weight of the shipment. We advise you to group your items in one order. We cannot group two distinct orders placed separately, and shipping fees will apply to each of them. Your package will be dispatched at your own risk, but special care is taken to protect fragile objects.<br /><br />Boxes are amply sized and your items are well-protected.</p>','delivery'),(1,2,9,'Lieferung','Unsere Lieferbedingungen','Bedingungen, Lieferung, Frist, Versand, Verpackung','<h2>Versand und Rücknahme</h2><h3>Ihre Versandverpackung</h3><p>Pakete werden normalerweise 2 Tage nach Zahlungseingang mit UPS mit Bestellverfolgemöglichkeit und Ablieferung ohne Unterschrift geliefert. Wenn Sie lieber eine UPS-Sendung per Einschreiben erhalten möchten, entstehen zusätzliche Kosten. Bitte kontaktieren Sie uns, bevor Sie dieses Liefermethode wählen. Wir senden Ihnen einen Link für die Bestellverfolgung unabhängig davon, welche Liefermethode Sie wählen.</p><p>Die Versandkosten beinhalten Lade- und Verpackungsgebühren sowie die Portokosten. Die Verladegebühren stehen fest, wobei Transportkosten schwanken, je nach Gesamtgewicht des Pakets. Wir raten Ihnen, mehrere Artikel in einer Bestellung zusammenzufassen. Wir können zwei verschiedene Bestellungen nicht zusammenlegen, und die Versandkosten werden separat für jede Bestellung gerechnet. Ihr Paket wird auf Ihr Risiko versandt, aber zerbrechliche Ware wird besonders sorgsam behandelt.<br /><br />Die Versandschachteln sind weit geschnitten und ihre Ware wird gut geschützt verpackt.</p>','Lieferung'),(1,3,9,'Livraison','Nos conditions de livraison','conditions, livraison, délais, expédition, colis','<h2>Expéditions et retours</h2><h3>Expédition de votre colis</h3><p>Les colis sont généralement expédiés dans un délai de 2 jours après réception du paiement. Ils sont expédiés via UPS avec un numéro de suivi et remis sans signature. Les colis peuvent également être expédiés via UPS Extra et remis contre signature. Veuillez nous contacter avant de choisir ce mode de livraison, car il induit des frais supplémentaires. Quel que soit le mode de livraison choisi, nous vous envoyons un lien pour suivre votre colis en ligne.</p><p>Les frais d\'expédition incluent les frais de préparation et d\'emballage ainsi que les frais de port. Les frais de préparation sont fixes, tandis que les frais de transport varient selon le poids total du colis. Nous vous recommandons de regrouper tous vos articles dans une seule commande. Nous ne pouvons regrouper deux commandes placées séparément et des frais d\'expédition s\'appliquent à chacune d\'entre elles. Votre colis est expédié à vos propres risques, mais une attention particulière est portée aux objets fragiles.<br /><br />Les dimensions des boîtes sont appropriées et vos articles sont correctement protégés.</p>','livraison'),(1,4,9,'Consegna','I nostri termini e condizioni di consegna','condizioni, consegna, ritardo, spedizione, pacco','<h2>Spedizioni e resi</h2><h3>La spedizione del vostro pacco</h3><p>I pacchi sono generalmente inviati entro 2 giorni dal ricevimento del pagamento e vengono spediti tramite UPS con tracciatura e consegna senza firma. Se preferite una consegna con UPS Extra con richiesta di firma, verrà applicato un costo aggiuntivo, quindi vi preghiamo di contattarci prima di scegliere questo metodo. Qualsiasi tipo di spedizione scegliate, vi forniremo un link per tracciare il vostro pacco online.</p><p>Le spese di spedizione comprendono gli oneri di gestione e imballaggio e le spese postali. I costi di gestione sono fissi, mentre i costi di trasporto variano a seconda del peso totale della spedizione. Vi consigliamo di raggruppare i vostri articoli in un unico ordine. Non ci è possibile raggruppare due ordini distinti effettuati separatamente, pertanto le spese di spedizione saranno addebitate per ognuno di essi. Il vostro pacco sarà inviato a vostro rischio, ma viene prestata un\'attenzione particolare in caso di oggetti fragili.<br /><br />Le scatole hanno dimensioni adeguatamente ampie e i vostri articoli son ben protetti.</p>','consegna'),(1,1,10,'Delivery','Our terms and conditions of delivery','conditions, delivery, delay, shipment, pack','<h2>Shipments and returns</h2><h3>Your pack shipment</h3><p>Packages are generally dispatched within 2 days after receipt of payment and are shipped via UPS with tracking and drop-off without signature. If you prefer delivery by UPS Extra with required signature, an additional cost will be applied, so please contact us before choosing this method. Whichever shipment choice you make, we will provide you with a link to track your package online.</p><p>Shipping fees include handling and packing fees as well as postage costs. Handling fees are fixed, whereas transport fees vary according to total weight of the shipment. We advise you to group your items in one order. We cannot group two distinct orders placed separately, and shipping fees will apply to each of them. Your package will be dispatched at your own risk, but special care is taken to protect fragile objects.<br /><br />Boxes are amply sized and your items are well-protected.</p>','delivery'),(1,2,10,'Lieferung','Unsere Lieferbedingungen','Bedingungen, Lieferung, Frist, Versand, Verpackung','<h2>Versand und Rücknahme</h2><h3>Ihre Versandverpackung</h3><p>Pakete werden normalerweise 2 Tage nach Zahlungseingang mit UPS mit Bestellverfolgemöglichkeit und Ablieferung ohne Unterschrift geliefert. Wenn Sie lieber eine UPS-Sendung per Einschreiben erhalten möchten, entstehen zusätzliche Kosten. Bitte kontaktieren Sie uns, bevor Sie dieses Liefermethode wählen. Wir senden Ihnen einen Link für die Bestellverfolgung unabhängig davon, welche Liefermethode Sie wählen.</p><p>Die Versandkosten beinhalten Lade- und Verpackungsgebühren sowie die Portokosten. Die Verladegebühren stehen fest, wobei Transportkosten schwanken, je nach Gesamtgewicht des Pakets. Wir raten Ihnen, mehrere Artikel in einer Bestellung zusammenzufassen. Wir können zwei verschiedene Bestellungen nicht zusammenlegen, und die Versandkosten werden separat für jede Bestellung gerechnet. Ihr Paket wird auf Ihr Risiko versandt, aber zerbrechliche Ware wird besonders sorgsam behandelt.<br /><br />Die Versandschachteln sind weit geschnitten und ihre Ware wird gut geschützt verpackt.</p>','Lieferung'),(1,3,10,'Livraison','Nos conditions de livraison','conditions, livraison, délais, expédition, colis','<h2>Expéditions et retours</h2><h3>Expédition de votre colis</h3><p>Les colis sont généralement expédiés dans un délai de 2 jours après réception du paiement. Ils sont expédiés via UPS avec un numéro de suivi et remis sans signature. Les colis peuvent également être expédiés via UPS Extra et remis contre signature. Veuillez nous contacter avant de choisir ce mode de livraison, car il induit des frais supplémentaires. Quel que soit le mode de livraison choisi, nous vous envoyons un lien pour suivre votre colis en ligne.</p><p>Les frais d\'expédition incluent les frais de préparation et d\'emballage ainsi que les frais de port. Les frais de préparation sont fixes, tandis que les frais de transport varient selon le poids total du colis. Nous vous recommandons de regrouper tous vos articles dans une seule commande. Nous ne pouvons regrouper deux commandes placées séparément et des frais d\'expédition s\'appliquent à chacune d\'entre elles. Votre colis est expédié à vos propres risques, mais une attention particulière est portée aux objets fragiles.<br /><br />Les dimensions des boîtes sont appropriées et vos articles sont correctement protégés.</p>','livraison'),(1,4,10,'Consegna','I nostri termini e condizioni di consegna','condizioni, consegna, ritardo, spedizione, pacco','<h2>Spedizioni e resi</h2><h3>La spedizione del vostro pacco</h3><p>I pacchi sono generalmente inviati entro 2 giorni dal ricevimento del pagamento e vengono spediti tramite UPS con tracciatura e consegna senza firma. Se preferite una consegna con UPS Extra con richiesta di firma, verrà applicato un costo aggiuntivo, quindi vi preghiamo di contattarci prima di scegliere questo metodo. Qualsiasi tipo di spedizione scegliate, vi forniremo un link per tracciare il vostro pacco online.</p><p>Le spese di spedizione comprendono gli oneri di gestione e imballaggio e le spese postali. I costi di gestione sono fissi, mentre i costi di trasporto variano a seconda del peso totale della spedizione. Vi consigliamo di raggruppare i vostri articoli in un unico ordine. Non ci è possibile raggruppare due ordini distinti effettuati separatamente, pertanto le spese di spedizione saranno addebitate per ognuno di essi. Il vostro pacco sarà inviato a vostro rischio, ma viene prestata un\'attenzione particolare in caso di oggetti fragili.<br /><br />Le scatole hanno dimensioni adeguatamente ampie e i vostri articoli son ben protetti.</p>','consegna'),(1,1,11,'Delivery','Our terms and conditions of delivery','conditions, delivery, delay, shipment, pack','<h2>Shipments and returns</h2><h3>Your pack shipment</h3><p>Packages are generally dispatched within 2 days after receipt of payment and are shipped via UPS with tracking and drop-off without signature. If you prefer delivery by UPS Extra with required signature, an additional cost will be applied, so please contact us before choosing this method. Whichever shipment choice you make, we will provide you with a link to track your package online.</p><p>Shipping fees include handling and packing fees as well as postage costs. Handling fees are fixed, whereas transport fees vary according to total weight of the shipment. We advise you to group your items in one order. We cannot group two distinct orders placed separately, and shipping fees will apply to each of them. Your package will be dispatched at your own risk, but special care is taken to protect fragile objects.<br /><br />Boxes are amply sized and your items are well-protected.</p>','delivery'),(1,2,11,'Lieferung','Unsere Lieferbedingungen','Bedingungen, Lieferung, Frist, Versand, Verpackung','<h2>Versand und Rücknahme</h2><h3>Ihre Versandverpackung</h3><p>Pakete werden normalerweise 2 Tage nach Zahlungseingang mit UPS mit Bestellverfolgemöglichkeit und Ablieferung ohne Unterschrift geliefert. Wenn Sie lieber eine UPS-Sendung per Einschreiben erhalten möchten, entstehen zusätzliche Kosten. Bitte kontaktieren Sie uns, bevor Sie dieses Liefermethode wählen. Wir senden Ihnen einen Link für die Bestellverfolgung unabhängig davon, welche Liefermethode Sie wählen.</p><p>Die Versandkosten beinhalten Lade- und Verpackungsgebühren sowie die Portokosten. Die Verladegebühren stehen fest, wobei Transportkosten schwanken, je nach Gesamtgewicht des Pakets. Wir raten Ihnen, mehrere Artikel in einer Bestellung zusammenzufassen. Wir können zwei verschiedene Bestellungen nicht zusammenlegen, und die Versandkosten werden separat für jede Bestellung gerechnet. Ihr Paket wird auf Ihr Risiko versandt, aber zerbrechliche Ware wird besonders sorgsam behandelt.<br /><br />Die Versandschachteln sind weit geschnitten und ihre Ware wird gut geschützt verpackt.</p>','Lieferung'),(1,3,11,'Livraison','Nos conditions de livraison','conditions, livraison, délais, expédition, colis','<h2>Expéditions et retours</h2><h3>Expédition de votre colis</h3><p>Les colis sont généralement expédiés dans un délai de 2 jours après réception du paiement. Ils sont expédiés via UPS avec un numéro de suivi et remis sans signature. Les colis peuvent également être expédiés via UPS Extra et remis contre signature. Veuillez nous contacter avant de choisir ce mode de livraison, car il induit des frais supplémentaires. Quel que soit le mode de livraison choisi, nous vous envoyons un lien pour suivre votre colis en ligne.</p><p>Les frais d\'expédition incluent les frais de préparation et d\'emballage ainsi que les frais de port. Les frais de préparation sont fixes, tandis que les frais de transport varient selon le poids total du colis. Nous vous recommandons de regrouper tous vos articles dans une seule commande. Nous ne pouvons regrouper deux commandes placées séparément et des frais d\'expédition s\'appliquent à chacune d\'entre elles. Votre colis est expédié à vos propres risques, mais une attention particulière est portée aux objets fragiles.<br /><br />Les dimensions des boîtes sont appropriées et vos articles sont correctement protégés.</p>','livraison'),(1,4,11,'Consegna','I nostri termini e condizioni di consegna','condizioni, consegna, ritardo, spedizione, pacco','<h2>Spedizioni e resi</h2><h3>La spedizione del vostro pacco</h3><p>I pacchi sono generalmente inviati entro 2 giorni dal ricevimento del pagamento e vengono spediti tramite UPS con tracciatura e consegna senza firma. Se preferite una consegna con UPS Extra con richiesta di firma, verrà applicato un costo aggiuntivo, quindi vi preghiamo di contattarci prima di scegliere questo metodo. Qualsiasi tipo di spedizione scegliate, vi forniremo un link per tracciare il vostro pacco online.</p><p>Le spese di spedizione comprendono gli oneri di gestione e imballaggio e le spese postali. I costi di gestione sono fissi, mentre i costi di trasporto variano a seconda del peso totale della spedizione. Vi consigliamo di raggruppare i vostri articoli in un unico ordine. Non ci è possibile raggruppare due ordini distinti effettuati separatamente, pertanto le spese di spedizione saranno addebitate per ognuno di essi. Il vostro pacco sarà inviato a vostro rischio, ma viene prestata un\'attenzione particolare in caso di oggetti fragili.<br /><br />Le scatole hanno dimensioni adeguatamente ampie e i vostri articoli son ben protetti.</p>','consegna'),(1,1,12,'Delivery','Our terms and conditions of delivery','conditions, delivery, delay, shipment, pack','<h2>Shipments and returns</h2><h3>Your pack shipment</h3><p>Packages are generally dispatched within 2 days after receipt of payment and are shipped via UPS with tracking and drop-off without signature. If you prefer delivery by UPS Extra with required signature, an additional cost will be applied, so please contact us before choosing this method. Whichever shipment choice you make, we will provide you with a link to track your package online.</p><p>Shipping fees include handling and packing fees as well as postage costs. Handling fees are fixed, whereas transport fees vary according to total weight of the shipment. We advise you to group your items in one order. We cannot group two distinct orders placed separately, and shipping fees will apply to each of them. Your package will be dispatched at your own risk, but special care is taken to protect fragile objects.<br /><br />Boxes are amply sized and your items are well-protected.</p>','delivery'),(1,2,12,'Lieferung','Unsere Lieferbedingungen','Bedingungen, Lieferung, Frist, Versand, Verpackung','<h2>Versand und Rücknahme</h2><h3>Ihre Versandverpackung</h3><p>Pakete werden normalerweise 2 Tage nach Zahlungseingang mit UPS mit Bestellverfolgemöglichkeit und Ablieferung ohne Unterschrift geliefert. Wenn Sie lieber eine UPS-Sendung per Einschreiben erhalten möchten, entstehen zusätzliche Kosten. Bitte kontaktieren Sie uns, bevor Sie dieses Liefermethode wählen. Wir senden Ihnen einen Link für die Bestellverfolgung unabhängig davon, welche Liefermethode Sie wählen.</p><p>Die Versandkosten beinhalten Lade- und Verpackungsgebühren sowie die Portokosten. Die Verladegebühren stehen fest, wobei Transportkosten schwanken, je nach Gesamtgewicht des Pakets. Wir raten Ihnen, mehrere Artikel in einer Bestellung zusammenzufassen. Wir können zwei verschiedene Bestellungen nicht zusammenlegen, und die Versandkosten werden separat für jede Bestellung gerechnet. Ihr Paket wird auf Ihr Risiko versandt, aber zerbrechliche Ware wird besonders sorgsam behandelt.<br /><br />Die Versandschachteln sind weit geschnitten und ihre Ware wird gut geschützt verpackt.</p>','Lieferung'),(1,3,12,'Livraison','Nos conditions de livraison','conditions, livraison, délais, expédition, colis','<h2>Expéditions et retours</h2><h3>Expédition de votre colis</h3><p>Les colis sont généralement expédiés dans un délai de 2 jours après réception du paiement. Ils sont expédiés via UPS avec un numéro de suivi et remis sans signature. Les colis peuvent également être expédiés via UPS Extra et remis contre signature. Veuillez nous contacter avant de choisir ce mode de livraison, car il induit des frais supplémentaires. Quel que soit le mode de livraison choisi, nous vous envoyons un lien pour suivre votre colis en ligne.</p><p>Les frais d\'expédition incluent les frais de préparation et d\'emballage ainsi que les frais de port. Les frais de préparation sont fixes, tandis que les frais de transport varient selon le poids total du colis. Nous vous recommandons de regrouper tous vos articles dans une seule commande. Nous ne pouvons regrouper deux commandes placées séparément et des frais d\'expédition s\'appliquent à chacune d\'entre elles. Votre colis est expédié à vos propres risques, mais une attention particulière est portée aux objets fragiles.<br /><br />Les dimensions des boîtes sont appropriées et vos articles sont correctement protégés.</p>','livraison'),(1,4,12,'Consegna','I nostri termini e condizioni di consegna','condizioni, consegna, ritardo, spedizione, pacco','<h2>Spedizioni e resi</h2><h3>La spedizione del vostro pacco</h3><p>I pacchi sono generalmente inviati entro 2 giorni dal ricevimento del pagamento e vengono spediti tramite UPS con tracciatura e consegna senza firma. Se preferite una consegna con UPS Extra con richiesta di firma, verrà applicato un costo aggiuntivo, quindi vi preghiamo di contattarci prima di scegliere questo metodo. Qualsiasi tipo di spedizione scegliate, vi forniremo un link per tracciare il vostro pacco online.</p><p>Le spese di spedizione comprendono gli oneri di gestione e imballaggio e le spese postali. I costi di gestione sono fissi, mentre i costi di trasporto variano a seconda del peso totale della spedizione. Vi consigliamo di raggruppare i vostri articoli in un unico ordine. Non ci è possibile raggruppare due ordini distinti effettuati separatamente, pertanto le spese di spedizione saranno addebitate per ognuno di essi. Il vostro pacco sarà inviato a vostro rischio, ma viene prestata un\'attenzione particolare in caso di oggetti fragili.<br /><br />Le scatole hanno dimensioni adeguatamente ampie e i vostri articoli son ben protetti.</p>','consegna'),(1,1,13,'Delivery','Our terms and conditions of delivery','conditions, delivery, delay, shipment, pack','<h2>Shipments and returns</h2><h3>Your pack shipment</h3><p>Packages are generally dispatched within 2 days after receipt of payment and are shipped via UPS with tracking and drop-off without signature. If you prefer delivery by UPS Extra with required signature, an additional cost will be applied, so please contact us before choosing this method. Whichever shipment choice you make, we will provide you with a link to track your package online.</p><p>Shipping fees include handling and packing fees as well as postage costs. Handling fees are fixed, whereas transport fees vary according to total weight of the shipment. We advise you to group your items in one order. We cannot group two distinct orders placed separately, and shipping fees will apply to each of them. Your package will be dispatched at your own risk, but special care is taken to protect fragile objects.<br /><br />Boxes are amply sized and your items are well-protected.</p>','delivery'),(1,2,13,'Lieferung','Unsere Lieferbedingungen','Bedingungen, Lieferung, Frist, Versand, Verpackung','<h2>Versand und Rücknahme</h2><h3>Ihre Versandverpackung</h3><p>Pakete werden normalerweise 2 Tage nach Zahlungseingang mit UPS mit Bestellverfolgemöglichkeit und Ablieferung ohne Unterschrift geliefert. Wenn Sie lieber eine UPS-Sendung per Einschreiben erhalten möchten, entstehen zusätzliche Kosten. Bitte kontaktieren Sie uns, bevor Sie dieses Liefermethode wählen. Wir senden Ihnen einen Link für die Bestellverfolgung unabhängig davon, welche Liefermethode Sie wählen.</p><p>Die Versandkosten beinhalten Lade- und Verpackungsgebühren sowie die Portokosten. Die Verladegebühren stehen fest, wobei Transportkosten schwanken, je nach Gesamtgewicht des Pakets. Wir raten Ihnen, mehrere Artikel in einer Bestellung zusammenzufassen. Wir können zwei verschiedene Bestellungen nicht zusammenlegen, und die Versandkosten werden separat für jede Bestellung gerechnet. Ihr Paket wird auf Ihr Risiko versandt, aber zerbrechliche Ware wird besonders sorgsam behandelt.<br /><br />Die Versandschachteln sind weit geschnitten und ihre Ware wird gut geschützt verpackt.</p>','Lieferung'),(1,3,13,'Livraison','Nos conditions de livraison','conditions, livraison, délais, expédition, colis','<h2>Expéditions et retours</h2><h3>Expédition de votre colis</h3><p>Les colis sont généralement expédiés dans un délai de 2 jours après réception du paiement. Ils sont expédiés via UPS avec un numéro de suivi et remis sans signature. Les colis peuvent également être expédiés via UPS Extra et remis contre signature. Veuillez nous contacter avant de choisir ce mode de livraison, car il induit des frais supplémentaires. Quel que soit le mode de livraison choisi, nous vous envoyons un lien pour suivre votre colis en ligne.</p><p>Les frais d\'expédition incluent les frais de préparation et d\'emballage ainsi que les frais de port. Les frais de préparation sont fixes, tandis que les frais de transport varient selon le poids total du colis. Nous vous recommandons de regrouper tous vos articles dans une seule commande. Nous ne pouvons regrouper deux commandes placées séparément et des frais d\'expédition s\'appliquent à chacune d\'entre elles. Votre colis est expédié à vos propres risques, mais une attention particulière est portée aux objets fragiles.<br /><br />Les dimensions des boîtes sont appropriées et vos articles sont correctement protégés.</p>','livraison'),(1,4,13,'Consegna','I nostri termini e condizioni di consegna','condizioni, consegna, ritardo, spedizione, pacco','<h2>Spedizioni e resi</h2><h3>La spedizione del vostro pacco</h3><p>I pacchi sono generalmente inviati entro 2 giorni dal ricevimento del pagamento e vengono spediti tramite UPS con tracciatura e consegna senza firma. Se preferite una consegna con UPS Extra con richiesta di firma, verrà applicato un costo aggiuntivo, quindi vi preghiamo di contattarci prima di scegliere questo metodo. Qualsiasi tipo di spedizione scegliate, vi forniremo un link per tracciare il vostro pacco online.</p><p>Le spese di spedizione comprendono gli oneri di gestione e imballaggio e le spese postali. I costi di gestione sono fissi, mentre i costi di trasporto variano a seconda del peso totale della spedizione. Vi consigliamo di raggruppare i vostri articoli in un unico ordine. Non ci è possibile raggruppare due ordini distinti effettuati separatamente, pertanto le spese di spedizione saranno addebitate per ognuno di essi. Il vostro pacco sarà inviato a vostro rischio, ma viene prestata un\'attenzione particolare in caso di oggetti fragili.<br /><br />Le scatole hanno dimensioni adeguatamente ampie e i vostri articoli son ben protetti.</p>','consegna'),(2,1,1,'Privacy Policy','Privacy Policy','notice, legal, credits','<p><strong>PRIVACY POLICY</strong> – Information sheet pursuant to Art. 13 Reg. (EU) 2016/679 – GDPR – <em> Information on the processing of personal data obtained from the interested party </em> .</p>\n<p></p>\n<p>In accordance with the General Data Protection Regulation (EU) 2016/679, we are providing herewith the necessary information relating to the processing of the personal data provided. This information is not considered valid for other websites visited through <em> links </em> on websites belonging to the controller, which is not considered in any way responsible for third-party websites.</p>\n<p>This refers to a disclosure that is made pursuant to Art. 13 of the General Data Protection Regulation (EU) 2016/679 - GDPR. This information is also inspired by Recommendation no. 2/2001 that the European authorities for personal data protection, collected in the Group established by <a href=\"https://eur-lex.europa.eu/legal-content/EN/TXT/HTML/?uri=CELEX:31995L0046\"> Art. 29 of Directive no. 95/46/EC</a> , adopted on 17 May 2001 to identify several minimum requirements for collecting personal data on-line, and, in particular, the methods, times and nature of the information that the Data Controllers must provide to users when they connect to website pages, regardless of the purposes of connecting, as well as what is provided for by Directive 2002/58/EC, as updated by <a href=\"http://eur-lex.europa.eu/legal-content/EN/TXT/HTML/?uri=CELEX:32009L0136&amp;from=EN\"> Directive 2009/136/EC</a> , regarding Cookies and measure of the Guarantor Authority \"Identifying simplified procedures for the disclosure and the acquisition of consent for the use of cookies - 8 May 2014 (Published in the Gazzetta Ufficiale no. 126 of 3 June 2014)\" and subsequent clarifications.</p>\n<p><strong>Personal data (Art. 4 GDPR).</strong> “personal data”: any information concerning an identified or identifiable natural person (“interested party”); a natural person is deemed to be identifiable if he or she can be identified, directly or indirectly, with particular reference to an identifier such as a name, identification number, details of his or her location, an online identifier or one or more details characteristic of his or her physical, physiological, genetic, mental, economic, cultural or social identity; (C26, C27, C30)</p>\n<p><strong>Specific information</strong></p>\n<p>Specific information could be presented on the website pages related to special services or processing of Data provided.</p>\n<!--<p><strong>Cookies</strong></p>\n	<p>For more information on cookies used by this website, please see the cookies policy at the following <a href=\"cookie-policy\"> <strong>link</strong></a></p>-->\n<p>1. <strong>THE DATA \"CONTROLLER\"</strong></p>\n<p>Pursuant to Articles 4 and 24 of the GDPR, the data controller is Toys And Games SA – Via Roncaglia, 15 - 6883 Novazzano, CH, in the person of its <em> pro-tempore </em> legal representative. The controller’s email contact is <a href=\"mailto:info@tandg.quicklysa.ch\">info@tandg.quicklysa.ch</a>.</p>\n<p>2. The <strong>DATA PROTECTION OFFICER (DPO- Data Protection Officer)</strong> is determined pursuant to Articles 37 – 39 of Reg. EU 2016/679. The DPO’s email contact is <a href=\"mailto:info@tandg.quicklysa.ch\">info@tandg.quicklysa.ch</a>.</p>\n<p>3. <strong>PURPOSE AND LEGAL BASIS OF THE PROCESSING</strong></p>\n<p>The personal data will be processed in accordance with the conditions on legality pursuant to Article 6 of Reg. (EU) 2016/679 for the following purposes:</p>\n<p>A) Toys And Games SA services:</p>\n<ul><li><ul><li>- browsing on this website</li>\n<li>- contact request, customer care and for assistance with Toys And Games SA services</li>\n<li>- data collection to enlist the controller\'s services;</li>\n<li>- on-line purchases purchases and related administrative-accounting activities, for the purposes of applying regulations regarding personal data protection, the processing carried out for administrative-accounting purposes refers to processing connected to performing organizational, administrative and accounting activities, regardless of the nature of the data processed. In particular, such purposes are pursued by internal organizational activities, activities necessary for fulfilling contractual and pre-contractual obligations, informational activity, shipping and returns;</li>\n<li>-completion of data collection forms inherent to Toys And Games SA services and activities to activate a single authentication or single identification, with an access control system that allows the user to perform a single valid authentication for several software systems or computer resources to which you will be enabled through Single Sign-On (SSO)</li>\n</ul></li></ul><p>B) for direct marketing, newsletters and <strong>promotions</strong> , market research or other sampling research and direct sales, surveying the level of satisfaction, to receive - by automated means email, MMS or SMS messages, activation with beacons, or other types or messages, social networks and applications, as well as by operator-made telephone calls and paper mail or any other means - informational, promotional, commercial and advertising material and material related to events and initiatives on products, services, offers and promotions, from Toys And Games SA also through the managing companies in charge of processing. The data will be included in the corporate CRM. In order to compare and possibly improve its communication results, Toys And Games SA uses systems to send out newsletters and promotional notices with reports.</p>\n<p>C) for activities, to compile your profile and analyse your habits and consumer choices and purchasing behaviour (if done), so as to improve the sales and services offered, enabling us to send you communications that could interest you. The processing of personal data could refer to customer care activities, comprising offers for personalised services at the points of sale and after sales, as well as complimentary services. Such purposes are also pursued by these being entered in the CRM of the company.</p>\n<p>Data processing in accordance with purpose A) is based on the legitimate interest pursuant to Article 6(1), letter f): (whereas clause 47) taking into account the reasonable expectations held by the interested party at the time or within the scope of the collection of personal data, when the interested party may reasonably expect such data to be processed for that purpose.</p>\n<p>Data processing in accordance with purpose B) is based on the consent pursuant to Article 6(1), letter a) GDPR.</p>\n<p>Data processing in accordance with purpose C is based on the consent pursuant to Article 6(1), letter a) GDPR.</p>\n<p>4. <strong>RECIPIENTS OR CATEGORIES OF RECIPIENTS OF THE DATA</strong></p>\n<p>The personal data supplied will be sent to recipients, who will process the data as data protection officers (Article 28 of Reg. (EU) 2016/679) and/or as natural persons acting under the authority of the Data Controller and Data Protection Officer (Article 29 of Reg. (EU) 2016/679), for the purposes listed in point 3. and to third parties. More specifically, the data may be sent to companies contracted to <strong>Toys And Games SA,</strong> to associated and/or subsidiary companies within the European Union and non-EU countries, in compliance with applicable regulations, also through managing companies. Data may be communicated to third parties falling under the following categories: - sales/distribution network in the territory; - parties that provide services for managing the computer system used by <strong>Toys And Games SA</strong> and the telecommunication networks (including email, CRM Data Base management and mailing lists, e-commerce platforms, APP providers, call centres, etc.); - third parties to support on-line purchases and administrative-accounting activities, shipping and returns (e.g. banks, shipping insurance);- offices or companies within the scope of assistance and consulting services; - the relevant authorities for compliance with legislative requirements and/or directives issued by public bodies, on request. Parties belonging to the categories above cover the function of Data Protection Officers or operate independently as Data Controllers. The list of Data Protection Officers is constantly updated and available at <strong>Toys And Games SA</strong> – Via Roncaglia, 15 - 6883 Novazzano, CH by writing to <a href=\"mailto:info@tandg.quicklysa.ch\">info@tandg.quicklysa.ch</a>.</p>\n<p>5. <strong>TRANSFER OF DATA TO A THIRD COUNTRY AND/OR INTERNATIONAL ORGANIZATION AND GUARANTEES.</strong></p>\n<p>To manage its e-commerce activities, Toys And Games SA will be able to use cloud platforms provided by third parties as sub-processors. In this regard, we inform you that your personal data acquired on the basis of this disclosure will be stored on servers located in the United States of America. The United States of America does not benefit from an EU Commission’s adequacy decision, therefore the transfer will take place on the basis of contractual clauses such as those approved by the Commission or by virtue of other suitable mechanisms for data transfer required by applicable regulations. For information on guarantees concerning data transfer outside the EU, please write to <a href=\"mailto:info@tandg.quicklysa.ch\">info@tandg.quicklysa.ch</a>.</p>\n<p>6. <strong>DATA RETENTION PERIOD OR CRITERIA FOR DETERMINING THE PERIOD</strong></p>\n<p>The data will be processed electronically or manually, with procedures and tools able to guarantee maximum security and confidentiality, by persons specifically authorized to do so. In accordance with the provisions of Article 5(1) letter e) of Reg. (EU) 2016/679, the personal data collected will be kept in a form that allows the identification of interested parties for a period no longer than that required to fulfil the purpose for which the personal data is collected. The retention of the personal data supplied depends on the purpose of processing:</p>\n<ul><li><ul><li><ul><li><ul><li>- browsing on this website <!-- (please see the cookies policy at the following following <a href=\"cookie-policy\"> link</a> ) --> ;</li>\n<li>- for contact request (maximum 1 year);</li>\n<li>- for restricted area for registered users/login (maximum 2 years);</li>\n<li>- data collection for selecting personnel (maximum 2 years);</li>\n<li>- receiving newsletters or promotional notices in general via e-mail (maximum 24 months);</li>\n<li>- online sales (10 years)</li>\n</ul></li></ul></li></ul></li></ul><p>Timing determined on the basis of criteria about which the interested party can obtain information by writing to <a href=\"mailto:info@tandg.quicklysa.ch\">info@tandg.quicklysa.ch</a>.</p>\n<p>7. <strong>RIGHTS OF DATA SUBJECTS</strong></p>\n<p>You may assert your rights as provided for by Regulation (EU) 2016/679, by contacting the Data Controller, by sending an email to <a href=\"mailto:info@tandg.quicklysa.ch\">info@tandg.quicklysa.ch</a> or by writing to the Data Controller’s premises indicated above. You are entitled to ask the Data Controller for access to your personal data at any time (Art. 15), to correct it (Art. 16) or to delete it (Art. 17), or to limit the processing thereof (Art. 18) or to object to the processing thereof based on a legitimate interest (Art. 21). Finally, you are entitled to data portability (Art. 20).</p>\n<p>Right to revoke. Where processing is based on consent, you have the right to withdraw your consent at any time. The withdrawal of consent will not affect the lawfulness of the processing that was based on the consent before it was revoked.</p>\n<p>To object to processing or to exercise any other rights, you can write to <a href=\"mailto:info@tandg.quicklysa.ch\">info@tandg.quicklysa.ch</a>.</p>\n<p>As an alternative to automatic-cancellation systems for e-mail, in order to stop receiving electronic direct marketing (e-mails, SMS, MMS, social networks), you can write to <a href=\"mailto:info@tandg.quicklysa.ch\">info@tandg.quicklysa.ch</a> with the subject line “cancellation from electronic communications”. If you do not want to receive traditional direct marketing (telephone calls from operators, paper-based mail), you can write to <a href=\"mailto:info@tandg.quicklysa.ch\">info@tandg.quicklysa.ch</a> with the subject line “cancellation of traditional”. If you do not want to receive any direct marketing, you can write to <a href=\"mailto:info@tandg.quicklysa.ch\">info@tandg.quicklysa.ch</a> with the subject line \" <em> marketing cancellation </em> \". To object to profiling processing, you can <em> write </em> to <a href=\"mailto:info@tandg.quicklysa.ch\">info@tandg.quicklysa.ch</a> with the subject line “no profiling”.</p>\n<p>You are entitled to submit a claim to a supervisory authority.</p>\n<p>There is no automated decision-making process.</p>\n<p>8. <strong>NATURE OF SUPPLY AND REFUSAL</strong></p>\n<p>The transfer of data for the purposes stated under point A) above is optional, but necessary. The refusal to supply the necessary data regarding point A) makes it impossible to use the services of the Data Controller. The transfer and consent to processing for the purposes under point B) and/or C) is optional. Any refusal to provide consent for the purposes detailed under points B) and/or C) above, does not result in any negative consequence regarding the purposes referred to in point A). Profiling and marketing activities are only an eventuality and shall only be done with the specific consent of the data subject, should the party consent to the profiling of their data with these being entered into the CRM. Entering data into the CRM is optional and shall result in this becoming automatically visible to those that have access, or the data protection officers and persons in charge of the processing at the various points of sale worldwide.</p>\n<p>9. <strong>CHANGES TO THE PRIVACY INFORMATION NOTICE</strong></p>\n<p>The Data Controller reserves the right to change, update, supplement or remove parts of the present Privacy Information Notice at its sole discretion at any time. The Data Subject must check periodically for any changes. To facilitate such checking, the Information Notice will contain the date of updating of the Information Notice.</p>\n<p>10. <strong>SOCIAL LOGIN</strong></p>\n<p>Social Login is a technology that allows the user to share, in an automated way, personal data entered in a social network with the website administrator. For example, the user will be able to use this technology to register on a website quickly or to participate in an on-line contest or to make an on-line purchase (etc.). In short, subject to the user’s authorisation, the social network will send the website administrator the personal data necessary for the user to register on the site, participate in the contest, make the on-line purchase etc., without said user having to enter the requested data manually. To receive detailed information pursuant to Art. 13 of the GDPR regarding the use of personal data processed when using this technology, we invite you to visit the websites of third party administrators of the aforesaid technology. Below you will find references to these third parties, and next to each one of these you will find the link to the page where you can receive information on processing and, where required by the law, give or refuse your consent:</p>\n<p>Facebook social login: <a href=\"https://developers.facebook.com/docs/plugins\">https://developers.facebook.com/docs/plugins</a></p>\n<p>Twitter social login: <a href=\"https://support.twitter.com/articles/20170519\">https://support.twitter.com/articles/20170519</a></p>\n<p>Google account login: <a href=\"https://www.google.com/policies/privacy\">https://www.google.com/policies/privacy</a></p>\n<p>Date updated: 28.06.2018</p>','privacy-policy'),(2,2,1,'Privacy Policy','Privacy Policy','Hinweise, rechtlich, Gutscheine','<p><strong>PRIVACY POLICY</strong> – Information sheet pursuant to Art. 13 Reg. (EU) 2016/679 – GDPR – <em> Information on the processing of personal data obtained from the interested party </em> .</p>\n<p></p>\n<p>In accordance with the General Data Protection Regulation (EU) 2016/679, we are providing herewith the necessary information relating to the processing of the personal data provided. This information is not considered valid for other websites visited through <em> links </em> on websites belonging to the controller, which is not considered in any way responsible for third-party websites.</p>\n<p>This refers to a disclosure that is made pursuant to Art. 13 of the General Data Protection Regulation (EU) 2016/679 - GDPR. This information is also inspired by Recommendation no. 2/2001 that the European authorities for personal data protection, collected in the Group established by <a href=\"https://eur-lex.europa.eu/legal-content/EN/TXT/HTML/?uri=CELEX:31995L0046\"> Art. 29 of Directive no. 95/46/EC</a> , adopted on 17 May 2001 to identify several minimum requirements for collecting personal data on-line, and, in particular, the methods, times and nature of the information that the Data Controllers must provide to users when they connect to website pages, regardless of the purposes of connecting, as well as what is provided for by Directive 2002/58/EC, as updated by <a href=\"http://eur-lex.europa.eu/legal-content/EN/TXT/HTML/?uri=CELEX:32009L0136&amp;from=EN\"> Directive 2009/136/EC</a> , regarding Cookies and measure of the Guarantor Authority \"Identifying simplified procedures for the disclosure and the acquisition of consent for the use of cookies - 8 May 2014 (Published in the Gazzetta Ufficiale no. 126 of 3 June 2014)\" and subsequent clarifications.</p>\n<p><strong>Personal data (Art. 4 GDPR).</strong> “personal data”: any information concerning an identified or identifiable natural person (“interested party”); a natural person is deemed to be identifiable if he or she can be identified, directly or indirectly, with particular reference to an identifier such as a name, identification number, details of his or her location, an online identifier or one or more details characteristic of his or her physical, physiological, genetic, mental, economic, cultural or social identity; (C26, C27, C30)</p>\n<p><strong>Specific information</strong></p>\n<p>Specific information could be presented on the website pages related to special services or processing of Data provided.</p>\n<!--<p><strong>Cookies</strong></p>\n	<p>For more information on cookies used by this website, please see the cookies policy at the following <a href=\"cookie-policy\"> <strong>link</strong></a></p>-->\n<p>1. <strong>THE DATA \"CONTROLLER\"</strong></p>\n<p>Pursuant to Articles 4 and 24 of the GDPR, the data controller is Toys And Games SA – Via Roncaglia, 15 - 6883 Novazzano, CH, in the person of its <em> pro-tempore </em> legal representative. The controller’s email contact is <a href=\"mailto:info@tandg.quicklysa.ch\">info@tandg.quicklysa.ch</a>.</p>\n<p>2. The <strong>DATA PROTECTION OFFICER (DPO- Data Protection Officer)</strong> is determined pursuant to Articles 37 – 39 of Reg. EU 2016/679. The DPO’s email contact is <a href=\"mailto:info@tandg.quicklysa.ch\">info@tandg.quicklysa.ch</a>.</p>\n<p>3. <strong>PURPOSE AND LEGAL BASIS OF THE PROCESSING</strong></p>\n<p>The personal data will be processed in accordance with the conditions on legality pursuant to Article 6 of Reg. (EU) 2016/679 for the following purposes:</p>\n<p>A) Toys And Games SA services:</p>\n<ul><li><ul><li>- browsing on this website</li>\n<li>- contact request, customer care and for assistance with Toys And Games SA services</li>\n<li>- data collection to enlist the controller\'s services;</li>\n<li>- on-line purchases purchases and related administrative-accounting activities, for the purposes of applying regulations regarding personal data protection, the processing carried out for administrative-accounting purposes refers to processing connected to performing organizational, administrative and accounting activities, regardless of the nature of the data processed. In particular, such purposes are pursued by internal organizational activities, activities necessary for fulfilling contractual and pre-contractual obligations, informational activity, shipping and returns;</li>\n<li>-completion of data collection forms inherent to Toys And Games SA services and activities to activate a single authentication or single identification, with an access control system that allows the user to perform a single valid authentication for several software systems or computer resources to which you will be enabled through Single Sign-On (SSO)</li>\n</ul></li></ul><p>B) for direct marketing, newsletters and <strong>promotions</strong> , market research or other sampling research and direct sales, surveying the level of satisfaction, to receive - by automated means email, MMS or SMS messages, activation with beacons, or other types or messages, social networks and applications, as well as by operator-made telephone calls and paper mail or any other means - informational, promotional, commercial and advertising material and material related to events and initiatives on products, services, offers and promotions, from Toys And Games SA also through the managing companies in charge of processing. The data will be included in the corporate CRM. In order to compare and possibly improve its communication results, Toys And Games SA uses systems to send out newsletters and promotional notices with reports.</p>\n<p>C) for activities, to compile your profile and analyse your habits and consumer choices and purchasing behaviour (if done), so as to improve the sales and services offered, enabling us to send you communications that could interest you. The processing of personal data could refer to customer care activities, comprising offers for personalised services at the points of sale and after sales, as well as complimentary services. Such purposes are also pursued by these being entered in the CRM of the company.</p>\n<p>Data processing in accordance with purpose A) is based on the legitimate interest pursuant to Article 6(1), letter f): (whereas clause 47) taking into account the reasonable expectations held by the interested party at the time or within the scope of the collection of personal data, when the interested party may reasonably expect such data to be processed for that purpose.</p>\n<p>Data processing in accordance with purpose B) is based on the consent pursuant to Article 6(1), letter a) GDPR.</p>\n<p>Data processing in accordance with purpose C is based on the consent pursuant to Article 6(1), letter a) GDPR.</p>\n<p>4. <strong>RECIPIENTS OR CATEGORIES OF RECIPIENTS OF THE DATA</strong></p>\n<p>The personal data supplied will be sent to recipients, who will process the data as data protection officers (Article 28 of Reg. (EU) 2016/679) and/or as natural persons acting under the authority of the Data Controller and Data Protection Officer (Article 29 of Reg. (EU) 2016/679), for the purposes listed in point 3. and to third parties. More specifically, the data may be sent to companies contracted to <strong>Toys And Games SA,</strong> to associated and/or subsidiary companies within the European Union and non-EU countries, in compliance with applicable regulations, also through managing companies. Data may be communicated to third parties falling under the following categories: - sales/distribution network in the territory; - parties that provide services for managing the computer system used by <strong>Toys And Games SA</strong> and the telecommunication networks (including email, CRM Data Base management and mailing lists, e-commerce platforms, APP providers, call centres, etc.); - third parties to support on-line purchases and administrative-accounting activities, shipping and returns (e.g. banks, shipping insurance);- offices or companies within the scope of assistance and consulting services; - the relevant authorities for compliance with legislative requirements and/or directives issued by public bodies, on request. Parties belonging to the categories above cover the function of Data Protection Officers or operate independently as Data Controllers. The list of Data Protection Officers is constantly updated and available at <strong>Toys And Games SA</strong> – Via Roncaglia, 15 - 6883 Novazzano, CH by writing to <a href=\"mailto:info@tandg.quicklysa.ch\">info@tandg.quicklysa.ch</a>.</p>\n<p>5. <strong>TRANSFER OF DATA TO A THIRD COUNTRY AND/OR INTERNATIONAL ORGANIZATION AND GUARANTEES.</strong></p>\n<p>To manage its e-commerce activities, Toys And Games SA will be able to use cloud platforms provided by third parties as sub-processors. In this regard, we inform you that your personal data acquired on the basis of this disclosure will be stored on servers located in the United States of America. The United States of America does not benefit from an EU Commission’s adequacy decision, therefore the transfer will take place on the basis of contractual clauses such as those approved by the Commission or by virtue of other suitable mechanisms for data transfer required by applicable regulations. For information on guarantees concerning data transfer outside the EU, please write to <a href=\"mailto:info@tandg.quicklysa.ch\">info@tandg.quicklysa.ch</a>.</p>\n<p>6. <strong>DATA RETENTION PERIOD OR CRITERIA FOR DETERMINING THE PERIOD</strong></p>\n<p>The data will be processed electronically or manually, with procedures and tools able to guarantee maximum security and confidentiality, by persons specifically authorized to do so. In accordance with the provisions of Article 5(1) letter e) of Reg. (EU) 2016/679, the personal data collected will be kept in a form that allows the identification of interested parties for a period no longer than that required to fulfil the purpose for which the personal data is collected. The retention of the personal data supplied depends on the purpose of processing:</p>\n<ul><li><ul><li><ul><li><ul><li>- browsing on this website <!-- (please see the cookies policy at the following following <a href=\"cookie-policy\"> link</a> ) --> ;</li>\n<li>- for contact request (maximum 1 year);</li>\n<li>- for restricted area for registered users/login (maximum 2 years);</li>\n<li>- data collection for selecting personnel (maximum 2 years);</li>\n<li>- receiving newsletters or promotional notices in general via e-mail (maximum 24 months);</li>\n<li>- online sales (10 years)</li>\n</ul></li></ul></li></ul></li></ul><p>Timing determined on the basis of criteria about which the interested party can obtain information by writing to <a href=\"mailto:info@tandg.quicklysa.ch\">info@tandg.quicklysa.ch</a>.</p>\n<p>7. <strong>RIGHTS OF DATA SUBJECTS</strong></p>\n<p>You may assert your rights as provided for by Regulation (EU) 2016/679, by contacting the Data Controller, by sending an email to <a href=\"mailto:info@tandg.quicklysa.ch\">info@tandg.quicklysa.ch</a> or by writing to the Data Controller’s premises indicated above. You are entitled to ask the Data Controller for access to your personal data at any time (Art. 15), to correct it (Art. 16) or to delete it (Art. 17), or to limit the processing thereof (Art. 18) or to object to the processing thereof based on a legitimate interest (Art. 21). Finally, you are entitled to data portability (Art. 20).</p>\n<p>Right to revoke. Where processing is based on consent, you have the right to withdraw your consent at any time. The withdrawal of consent will not affect the lawfulness of the processing that was based on the consent before it was revoked.</p>\n<p>To object to processing or to exercise any other rights, you can write to <a href=\"mailto:info@tandg.quicklysa.ch\">info@tandg.quicklysa.ch</a>.</p>\n<p>As an alternative to automatic-cancellation systems for e-mail, in order to stop receiving electronic direct marketing (e-mails, SMS, MMS, social networks), you can write to <a href=\"mailto:info@tandg.quicklysa.ch\">info@tandg.quicklysa.ch</a> with the subject line “cancellation from electronic communications”. If you do not want to receive traditional direct marketing (telephone calls from operators, paper-based mail), you can write to <a href=\"mailto:info@tandg.quicklysa.ch\">info@tandg.quicklysa.ch</a> with the subject line “cancellation of traditional”. If you do not want to receive any direct marketing, you can write to <a href=\"mailto:info@tandg.quicklysa.ch\">info@tandg.quicklysa.ch</a> with the subject line \" <em> marketing cancellation </em> \". To object to profiling processing, you can <em> write </em> to <a href=\"mailto:info@tandg.quicklysa.ch\">info@tandg.quicklysa.ch</a> with the subject line “no profiling”.</p>\n<p>You are entitled to submit a claim to a supervisory authority.</p>\n<p>There is no automated decision-making process.</p>\n<p>8. <strong>NATURE OF SUPPLY AND REFUSAL</strong></p>\n<p>The transfer of data for the purposes stated under point A) above is optional, but necessary. The refusal to supply the necessary data regarding point A) makes it impossible to use the services of the Data Controller. The transfer and consent to processing for the purposes under point B) and/or C) is optional. Any refusal to provide consent for the purposes detailed under points B) and/or C) above, does not result in any negative consequence regarding the purposes referred to in point A). Profiling and marketing activities are only an eventuality and shall only be done with the specific consent of the data subject, should the party consent to the profiling of their data with these being entered into the CRM. Entering data into the CRM is optional and shall result in this becoming automatically visible to those that have access, or the data protection officers and persons in charge of the processing at the various points of sale worldwide.</p>\n<p>9. <strong>CHANGES TO THE PRIVACY INFORMATION NOTICE</strong></p>\n<p>The Data Controller reserves the right to change, update, supplement or remove parts of the present Privacy Information Notice at its sole discretion at any time. The Data Subject must check periodically for any changes. To facilitate such checking, the Information Notice will contain the date of updating of the Information Notice.</p>\n<p>10. <strong>SOCIAL LOGIN</strong></p>\n<p>Social Login is a technology that allows the user to share, in an automated way, personal data entered in a social network with the website administrator. For example, the user will be able to use this technology to register on a website quickly or to participate in an on-line contest or to make an on-line purchase (etc.). In short, subject to the user’s authorisation, the social network will send the website administrator the personal data necessary for the user to register on the site, participate in the contest, make the on-line purchase etc., without said user having to enter the requested data manually. To receive detailed information pursuant to Art. 13 of the GDPR regarding the use of personal data processed when using this technology, we invite you to visit the websites of third party administrators of the aforesaid technology. Below you will find references to these third parties, and next to each one of these you will find the link to the page where you can receive information on processing and, where required by the law, give or refuse your consent:</p>\n<p>Facebook social login: <a href=\"https://developers.facebook.com/docs/plugins\">https://developers.facebook.com/docs/plugins</a></p>\n<p>Twitter social login: <a href=\"https://support.twitter.com/articles/20170519\">https://support.twitter.com/articles/20170519</a></p>\n<p>Google account login: <a href=\"https://www.google.com/policies/privacy\">https://www.google.com/policies/privacy</a></p>\n<p>Date updated: 28.06.2018</p>','privacy-policy'),(2,3,1,'Privacy Policy','Privacy Policy','mentions, légales, crédits','<p><strong>PRIVACY POLICY</strong> – Information sheet pursuant to Art. 13 Reg. (EU) 2016/679 – GDPR – <em> Information on the processing of personal data obtained from the interested party </em> .</p>\n<p></p>\n<p>In accordance with the General Data Protection Regulation (EU) 2016/679, we are providing herewith the necessary information relating to the processing of the personal data provided. This information is not considered valid for other websites visited through <em> links </em> on websites belonging to the controller, which is not considered in any way responsible for third-party websites.</p>\n<p>This refers to a disclosure that is made pursuant to Art. 13 of the General Data Protection Regulation (EU) 2016/679 - GDPR. This information is also inspired by Recommendation no. 2/2001 that the European authorities for personal data protection, collected in the Group established by <a href=\"https://eur-lex.europa.eu/legal-content/EN/TXT/HTML/?uri=CELEX:31995L0046\"> Art. 29 of Directive no. 95/46/EC</a> , adopted on 17 May 2001 to identify several minimum requirements for collecting personal data on-line, and, in particular, the methods, times and nature of the information that the Data Controllers must provide to users when they connect to website pages, regardless of the purposes of connecting, as well as what is provided for by Directive 2002/58/EC, as updated by <a href=\"http://eur-lex.europa.eu/legal-content/EN/TXT/HTML/?uri=CELEX:32009L0136&amp;from=EN\"> Directive 2009/136/EC</a> , regarding Cookies and measure of the Guarantor Authority \"Identifying simplified procedures for the disclosure and the acquisition of consent for the use of cookies - 8 May 2014 (Published in the Gazzetta Ufficiale no. 126 of 3 June 2014)\" and subsequent clarifications.</p>\n<p><strong>Personal data (Art. 4 GDPR).</strong> “personal data”: any information concerning an identified or identifiable natural person (“interested party”); a natural person is deemed to be identifiable if he or she can be identified, directly or indirectly, with particular reference to an identifier such as a name, identification number, details of his or her location, an online identifier or one or more details characteristic of his or her physical, physiological, genetic, mental, economic, cultural or social identity; (C26, C27, C30)</p>\n<p><strong>Specific information</strong></p>\n<p>Specific information could be presented on the website pages related to special services or processing of Data provided.</p>\n<!--<p><strong>Cookies</strong></p>\n	<p>For more information on cookies used by this website, please see the cookies policy at the following <a href=\"cookie-policy\"> <strong>link</strong></a></p>-->\n<p>1. <strong>THE DATA \"CONTROLLER\"</strong></p>\n<p>Pursuant to Articles 4 and 24 of the GDPR, the data controller is Toys And Games SA – Via Roncaglia, 15 - 6883 Novazzano, CH, in the person of its <em> pro-tempore </em> legal representative. The controller’s email contact is <a href=\"mailto:info@tandg.quicklysa.ch\">info@tandg.quicklysa.ch</a>.</p>\n<p>2. The <strong>DATA PROTECTION OFFICER (DPO- Data Protection Officer)</strong> is determined pursuant to Articles 37 – 39 of Reg. EU 2016/679. The DPO’s email contact is <a href=\"mailto:info@tandg.quicklysa.ch\">info@tandg.quicklysa.ch</a>.</p>\n<p>3. <strong>PURPOSE AND LEGAL BASIS OF THE PROCESSING</strong></p>\n<p>The personal data will be processed in accordance with the conditions on legality pursuant to Article 6 of Reg. (EU) 2016/679 for the following purposes:</p>\n<p>A) Toys And Games SA services:</p>\n<ul><li><ul><li>- browsing on this website</li>\n<li>- contact request, customer care and for assistance with Toys And Games SA services</li>\n<li>- data collection to enlist the controller\'s services;</li>\n<li>- on-line purchases purchases and related administrative-accounting activities, for the purposes of applying regulations regarding personal data protection, the processing carried out for administrative-accounting purposes refers to processing connected to performing organizational, administrative and accounting activities, regardless of the nature of the data processed. In particular, such purposes are pursued by internal organizational activities, activities necessary for fulfilling contractual and pre-contractual obligations, informational activity, shipping and returns;</li>\n<li>-completion of data collection forms inherent to Toys And Games SA services and activities to activate a single authentication or single identification, with an access control system that allows the user to perform a single valid authentication for several software systems or computer resources to which you will be enabled through Single Sign-On (SSO)</li>\n</ul></li></ul><p>B) for direct marketing, newsletters and <strong>promotions</strong> , market research or other sampling research and direct sales, surveying the level of satisfaction, to receive - by automated means email, MMS or SMS messages, activation with beacons, or other types or messages, social networks and applications, as well as by operator-made telephone calls and paper mail or any other means - informational, promotional, commercial and advertising material and material related to events and initiatives on products, services, offers and promotions, from Toys And Games SA also through the managing companies in charge of processing. The data will be included in the corporate CRM. In order to compare and possibly improve its communication results, Toys And Games SA uses systems to send out newsletters and promotional notices with reports.</p>\n<p>C) for activities, to compile your profile and analyse your habits and consumer choices and purchasing behaviour (if done), so as to improve the sales and services offered, enabling us to send you communications that could interest you. The processing of personal data could refer to customer care activities, comprising offers for personalised services at the points of sale and after sales, as well as complimentary services. Such purposes are also pursued by these being entered in the CRM of the company.</p>\n<p>Data processing in accordance with purpose A) is based on the legitimate interest pursuant to Article 6(1), letter f): (whereas clause 47) taking into account the reasonable expectations held by the interested party at the time or within the scope of the collection of personal data, when the interested party may reasonably expect such data to be processed for that purpose.</p>\n<p>Data processing in accordance with purpose B) is based on the consent pursuant to Article 6(1), letter a) GDPR.</p>\n<p>Data processing in accordance with purpose C is based on the consent pursuant to Article 6(1), letter a) GDPR.</p>\n<p>4. <strong>RECIPIENTS OR CATEGORIES OF RECIPIENTS OF THE DATA</strong></p>\n<p>The personal data supplied will be sent to recipients, who will process the data as data protection officers (Article 28 of Reg. (EU) 2016/679) and/or as natural persons acting under the authority of the Data Controller and Data Protection Officer (Article 29 of Reg. (EU) 2016/679), for the purposes listed in point 3. and to third parties. More specifically, the data may be sent to companies contracted to <strong>Toys And Games SA,</strong> to associated and/or subsidiary companies within the European Union and non-EU countries, in compliance with applicable regulations, also through managing companies. Data may be communicated to third parties falling under the following categories: - sales/distribution network in the territory; - parties that provide services for managing the computer system used by <strong>Toys And Games SA</strong> and the telecommunication networks (including email, CRM Data Base management and mailing lists, e-commerce platforms, APP providers, call centres, etc.); - third parties to support on-line purchases and administrative-accounting activities, shipping and returns (e.g. banks, shipping insurance);- offices or companies within the scope of assistance and consulting services; - the relevant authorities for compliance with legislative requirements and/or directives issued by public bodies, on request. Parties belonging to the categories above cover the function of Data Protection Officers or operate independently as Data Controllers. The list of Data Protection Officers is constantly updated and available at <strong>Toys And Games SA</strong> – Via Roncaglia, 15 - 6883 Novazzano, CH by writing to <a href=\"mailto:info@tandg.quicklysa.ch\">info@tandg.quicklysa.ch</a>.</p>\n<p>5. <strong>TRANSFER OF DATA TO A THIRD COUNTRY AND/OR INTERNATIONAL ORGANIZATION AND GUARANTEES.</strong></p>\n<p>To manage its e-commerce activities, Toys And Games SA will be able to use cloud platforms provided by third parties as sub-processors. In this regard, we inform you that your personal data acquired on the basis of this disclosure will be stored on servers located in the United States of America. The United States of America does not benefit from an EU Commission’s adequacy decision, therefore the transfer will take place on the basis of contractual clauses such as those approved by the Commission or by virtue of other suitable mechanisms for data transfer required by applicable regulations. For information on guarantees concerning data transfer outside the EU, please write to <a href=\"mailto:info@tandg.quicklysa.ch\">info@tandg.quicklysa.ch</a>.</p>\n<p>6. <strong>DATA RETENTION PERIOD OR CRITERIA FOR DETERMINING THE PERIOD</strong></p>\n<p>The data will be processed electronically or manually, with procedures and tools able to guarantee maximum security and confidentiality, by persons specifically authorized to do so. In accordance with the provisions of Article 5(1) letter e) of Reg. (EU) 2016/679, the personal data collected will be kept in a form that allows the identification of interested parties for a period no longer than that required to fulfil the purpose for which the personal data is collected. The retention of the personal data supplied depends on the purpose of processing:</p>\n<ul><li><ul><li><ul><li><ul><li>- browsing on this website <!-- (please see the cookies policy at the following following <a href=\"cookie-policy\"> link</a> ) --> ;</li>\n<li>- for contact request (maximum 1 year);</li>\n<li>- for restricted area for registered users/login (maximum 2 years);</li>\n<li>- data collection for selecting personnel (maximum 2 years);</li>\n<li>- receiving newsletters or promotional notices in general via e-mail (maximum 24 months);</li>\n<li>- online sales (10 years)</li>\n</ul></li></ul></li></ul></li></ul><p>Timing determined on the basis of criteria about which the interested party can obtain information by writing to <a href=\"mailto:info@tandg.quicklysa.ch\">info@tandg.quicklysa.ch</a>.</p>\n<p>7. <strong>RIGHTS OF DATA SUBJECTS</strong></p>\n<p>You may assert your rights as provided for by Regulation (EU) 2016/679, by contacting the Data Controller, by sending an email to <a href=\"mailto:info@tandg.quicklysa.ch\">info@tandg.quicklysa.ch</a> or by writing to the Data Controller’s premises indicated above. You are entitled to ask the Data Controller for access to your personal data at any time (Art. 15), to correct it (Art. 16) or to delete it (Art. 17), or to limit the processing thereof (Art. 18) or to object to the processing thereof based on a legitimate interest (Art. 21). Finally, you are entitled to data portability (Art. 20).</p>\n<p>Right to revoke. Where processing is based on consent, you have the right to withdraw your consent at any time. The withdrawal of consent will not affect the lawfulness of the processing that was based on the consent before it was revoked.</p>\n<p>To object to processing or to exercise any other rights, you can write to <a href=\"mailto:info@tandg.quicklysa.ch\">info@tandg.quicklysa.ch</a>.</p>\n<p>As an alternative to automatic-cancellation systems for e-mail, in order to stop receiving electronic direct marketing (e-mails, SMS, MMS, social networks), you can write to <a href=\"mailto:info@tandg.quicklysa.ch\">info@tandg.quicklysa.ch</a> with the subject line “cancellation from electronic communications”. If you do not want to receive traditional direct marketing (telephone calls from operators, paper-based mail), you can write to <a href=\"mailto:info@tandg.quicklysa.ch\">info@tandg.quicklysa.ch</a> with the subject line “cancellation of traditional”. If you do not want to receive any direct marketing, you can write to <a href=\"mailto:info@tandg.quicklysa.ch\">info@tandg.quicklysa.ch</a> with the subject line \" <em> marketing cancellation </em> \". To object to profiling processing, you can <em> write </em> to <a href=\"mailto:info@tandg.quicklysa.ch\">info@tandg.quicklysa.ch</a> with the subject line “no profiling”.</p>\n<p>You are entitled to submit a claim to a supervisory authority.</p>\n<p>There is no automated decision-making process.</p>\n<p>8. <strong>NATURE OF SUPPLY AND REFUSAL</strong></p>\n<p>The transfer of data for the purposes stated under point A) above is optional, but necessary. The refusal to supply the necessary data regarding point A) makes it impossible to use the services of the Data Controller. The transfer and consent to processing for the purposes under point B) and/or C) is optional. Any refusal to provide consent for the purposes detailed under points B) and/or C) above, does not result in any negative consequence regarding the purposes referred to in point A). Profiling and marketing activities are only an eventuality and shall only be done with the specific consent of the data subject, should the party consent to the profiling of their data with these being entered into the CRM. Entering data into the CRM is optional and shall result in this becoming automatically visible to those that have access, or the data protection officers and persons in charge of the processing at the various points of sale worldwide.</p>\n<p>9. <strong>CHANGES TO THE PRIVACY INFORMATION NOTICE</strong></p>\n<p>The Data Controller reserves the right to change, update, supplement or remove parts of the present Privacy Information Notice at its sole discretion at any time. The Data Subject must check periodically for any changes. To facilitate such checking, the Information Notice will contain the date of updating of the Information Notice.</p>\n<p>10. <strong>SOCIAL LOGIN</strong></p>\n<p>Social Login is a technology that allows the user to share, in an automated way, personal data entered in a social network with the website administrator. For example, the user will be able to use this technology to register on a website quickly or to participate in an on-line contest or to make an on-line purchase (etc.). In short, subject to the user’s authorisation, the social network will send the website administrator the personal data necessary for the user to register on the site, participate in the contest, make the on-line purchase etc., without said user having to enter the requested data manually. To receive detailed information pursuant to Art. 13 of the GDPR regarding the use of personal data processed when using this technology, we invite you to visit the websites of third party administrators of the aforesaid technology. Below you will find references to these third parties, and next to each one of these you will find the link to the page where you can receive information on processing and, where required by the law, give or refuse your consent:</p>\n<p>Facebook social login: <a href=\"https://developers.facebook.com/docs/plugins\">https://developers.facebook.com/docs/plugins</a></p>\n<p>Twitter social login: <a href=\"https://support.twitter.com/articles/20170519\">https://support.twitter.com/articles/20170519</a></p>\n<p>Google account login: <a href=\"https://www.google.com/policies/privacy\">https://www.google.com/policies/privacy</a></p>\n<p>Date updated: 28.06.2018</p>','privacy-policy'),(2,4,1,'Privacy Policy','Privacy Policy','note, legali, crediti','<p><strong>PRIVACY POLICY</strong>– Documento informativo art. 13 Reg. UE 2016/679 – GDPR – <em> Informativa per trattamento di dati personali raccolti presso l’interessato </em> .</p>\n<p></p>\n<p>In osservanza al Regolamento Generale sulla protezione dei Dati (UE) 2016/679 siamo a fornire le dovute informazioni in ordine al trattamento dei dati personali forniti. L\'informativa non è da considerarsi valida per altri siti web eventualmente consultabili tramite <em> links </em> presenti sui siti internet a dominio del titolare, che non è da considerarsi in alcun modo responsabile dei siti internet dei terzi.</p>\n<p>Si tratta di un\'informativa che è resa ai sensi dell’art.13 del Regolamento Generale sulla protezione dei dati (UE) 2016/679 - GDPR L\'informativa si ispira anche alla Raccomandazione n. 2/2001 che le autorità europee per la protezione dei dati personali, riunite nel Gruppo istituito dall <a href=\"http://www.garanteprivacy.it/web/guest/home/docweb/-/docweb-display/docweb/432175\"> <span> ’art. 29 della direttiva n. 95/46/CE</span></a> , hanno adottato il 17 maggio 2001 per individuare alcuni requisiti minimi per la raccolta di dati personali on-line, e, in particolare, le modalità, i tempi e la natura delle informazioni che i titolari del trattamento devono fornire agli utenti quando questi si collegano a pagine web, indipendentemente dagli scopi del collegamento, nonché a quanto previsto dalla Direttiva 2002/58/CE, come aggiornata dalla <a href=\"http://eur-lex.europa.eu/LexUriServ/LexUriServ.do?uri=OJ:L:2009:337:0011:0036:it:PDF\"> Direttiva 2009/136/CE</a> , in materia di Cookie e provvedimento dell\'Autorità Garante \"Individuazione delle modalità semplificate per l\'informativa e l\'acquisizione del consenso per l\'uso dei cookie - 8 maggio 2014 (Pubblicato sulla Gazzetta Ufficiale n. 126 del 3 giugno 2014)\" e successivi chiarimenti.</p>\n<p><strong>Dato personale (art. 4 GDPR) .</strong>«dato personale»: qualsiasi informazione riguardante una persona fisica identificata o identificabile («interessato»); si considera identificabile la persona fisica che può essere identificata, direttamente o indirettamente, con particolare riferimento a un identificativo come il nome, un numero di identificazione, dati relativi all’ubicazione, un identificativo online o a uno o più elementi caratteristici della sua identità fisica, fisiologica, genetica, psichica, economica, culturale o sociale; (C26, C27, C30)</p>\n<p><strong>Informative specifiche</strong></p>\n<p>Informative specifiche potrebbero essere presentate nelle pagine del Sito in relazione a particolari servizi o trattamenti dei Dati forniti.</p>\n<!--<p><strong>Cookies</strong></p>\n<p>Per maggiori informazioni sui cookies utilizzati dal presente sito web si veda la cookies policy al seguente <a href=\"cookie-policy\"><strong><span> link</strong></a><strong>.</strong></span></p>-->\n<p>1.<strong>IL \"TITOLARE\" DEL TRATTAMENTO</strong></p>\n<p>Ai sensi degli art. 4 e 24 del GDPR, il titolare del trattamento è Toys And Games SA – Via Roncaglia, 15 - 6883 Novazzano, CH nella persona del legale rappresentante <em> pro-tempore </em> L’email di contatto del titolare è <a href=\"mailto:info@tandg.quicklysa.ch\">info@tandg.quicklysa.ch</a>.</p>\n<p>2.<strong>RESPONSABILE DELLA PROTEZIONE DEI DATI (RPD/DPO- Data Protection Officer)</strong>è individuato ai sensi degli artt. 37 – 39 del Reg. UE 2016/679. L’email di contatto del DPO è <a href=\"mailto:info@tandg.quicklysa.ch\">info@tandg.quicklysa.ch</a>.</p>\n<p>3.<strong>FINALITÀ E BASE GIURIDICA DEL TRATTAMENTO</strong></p>\n<p>I dati personali saranno trattati nel rispetto delle condizioni di liceità ex art. 6 Reg. UE 2016/679 per le seguenti finalità:</p>\n<p>A) servizi di Quickly Fullfilment House SA:</p>\n<ul><li>- navigazione sul presente sito internet</li>\n<li>- eventuale richiesta di contatto, customer care e per assistenza sui servizi di Toys And Games SA</li>\n<li>- eventuale raccolta dati per aderire a servizi del Titolare;</li>\n<li>- eventuali acquisti on-line e attività amministrativo-contabili connesse, Ai fini dell\'applicazione delle disposizioni in materia di protezione dei dati personali, i trattamenti effettuati per finalità amministrativo-contabili sono quelli connessi allo svolgimento delle attività di natura organizzativa, amministrativa, finanziaria e contabile, a prescindere dalla natura dei dati trattati. In particolare, perseguono tali finalità le attività organizzative interne, quelle funzionali all\'adempimento di obblighi contrattuali e precontrattuali, attività informativa, spedizioni ed eventuali resi;</li>\n<li>- compilazione di form di raccolta dati inerenti ai servizi di Toys And Games SA e attività per attivare una autenticazione unica o identificazione unica, con un sistema di controllo d\'accesso che consente ad un utente di effettuare un\'unica autenticazione valida per più sistemi software o risorse informatiche alle quali sarai abilitato tramite Single sign-on (SSO)</li>\n</ul><p>B) per attività di marketing diretto, newsletters e<strong>promozioni</strong>, ricerche di mercato o altre ricerche campionarie e vendita diretta, rilevazione del grado di soddisfazione, per ricevere - tramite mezzi automatizzati posta elettronica, messaggi MMS o SMS, attivazione con beacon, o di altro tipo, social networks e applicazioni, nonchè mediante telefonate tramite operatore e della posta cartacea o qualsiasi altro mezzo - materiale informativo, promozionale, commerciale e pubblicitario e inerente ad eventi ed iniziative su prodotti, servizi, offerte, promozioni, da parte di Toys And Games SA anche attraverso le società di gestione (managing company) nominate responsabili del trattamento. I dati saranno inseriti nel CRM aziendale. Toys And Games SA, per confrontare ed eventualmente migliorare i risultati delle comunicazioni, utilizza sistemi per invio di newsletter e comunicazioni promozionali con report.</p>\n<p>C) per attività di profilazione, per consentire di elaborare il suo profilo e di analizzare le abitudini e le scelte di consumo e comportamenti di acquisto (se effettuati), al fine di migliorare l\'offerta commerciale e i servizi proposti e in modo da consentirci di inviare comunicazioni che potrebbero essere di suo interesse. Il trattamento dei dati personali potrebbe riguardare attività di customer care, consistenti nell\'offerta di servizi personalizzati in sede di vendita e post-vendita e servizi di cortesia. Tali finalità sono perseguite anche attraverso l’inserimento degli stessi nel CRM aziendale.</p>\n<p>Il trattamento dati ai sensi della finalità A) si basa sul legittimo interesse ex articolo 6, paragrafo 1, lettera f): (considerando 47) tenuto conto delle ragionevoli aspettative nutrite dall’interessato al momento e nell’ambito della raccolta dei dati personali, quando l’interessato possa ragionevolmente attendersi che abbia luogo un trattamento a tal fine.</p>\n<p>Il trattamento dati ai sensi della finalità B) si basa sul consenso ex. articolo 6, paragrafo 1, lettera a) GDPR.</p>\n<p>Il trattamento dati ai sensi della finalità C) si basa sul consenso ex. articolo 6, paragrafo 1, lettera a) GDPR.</p>\n<p>4.<strong>DESTINATARI O CATEGORIE DI DESTINATARI DEI DATI</strong></p>\n<p>I dati di natura personale forniti saranno comunicati a destinatari, che tratteranno i dati in qualità di responsabili (art. 28 del Reg. UE 2016/679) e/o in qualità di persone fisiche che agiscono sotto l’autorità del Titolare e del Responsabile (art. 29 del Reg. UE 2016/679), per le finalità sopra elencate al punto 3. e a terzi. Precisamente, i dati saranno comunicati a: società contrattualmente legate a<strong>Toys And Games SA,</strong>a società collegate e/o controllate all\'interno dell\'Unione Europea e in paesi extra UE, in conformità della normativa vigente, anche attraverso le società di gestione (managing company). I dati potranno essere comunicati a terzi appartenenti alle seguenti categorie: - alla rete di vendita/distributiva su territorio; - soggetti che forniscono servizi per la gestione del sistema informativo usato da<strong>Toys And Games SA</strong>e delle reti di telecomunicazioni (ivi compresa la posta elettronica, gestione Data Base CRM e mailing list, piattaforme e-commerce, fornitori APP, call center, ecc…); - soggetti terzi per supporto ad acquisti on-line e attività amministrativo-contabili connesse, spedizioni ed eventuali resi (es. banche, assicurazioni spedizionieri);- studi o società nell\'ambito di rapporti di assistenza e consulenza; - autorità competenti per adempimenti di obblighi di leggi e/o di disposizioni di organi pubblici, su richiesta. I soggetti appartenenti alle categorie suddette svolgono la funzione di Responsabile del trattamento dei dati, oppure operano in totale autonomia come distinti Titolari del trattamento. L\'elenco dei responsabili è costantemente aggiornato e disponibile presso la sede di<strong>Toys And Games SA</strong>- Via Roncaglia, 15 - 6883 Novazzano, CH scrivendo a <a href=\"mailto:info@tandg.quicklysa.ch\">info@tandg.quicklysa.ch</a>.</p>\n<p>5.<strong>TRASFERIMENTO DEI DATI VERSO UN PAESE TERZO E/O UN’ORGANIZZAZIONE INTERNAZIONALE E GARANZIE.</strong></p>\n<p>Per gestire le proprie attività di commercio elettronico, Toys And Games SA potrà avvalersi di piattaforme cloud fornite da operatori terzi in qualità di sub-responsabili del trattamento. A tale riguardo, La informiamo che i Suoi dati personali acquisiti sulla base della presente informativa saranno conservati presso server situati negli Stati Uniti d’America. Gli Stati Uniti d’America non beneficiano di una decisione di adeguatezza della Commissione UE, pertanto il trasferimento avverrà sulla base delle clausole contrattuali tipo approvate dalla Commissione o in virtù di altri meccanismi adeguati di trasferimento dei dati previsti dalla normativa vigente. Per avere informazioni circa le garanzie inerenti il trasferimento di dati fuori dall’UE scrivi a <a href=\"mailto:info@tandg.quicklysa.ch\">info@tandg.quicklysa.ch</a>.</p>\n<p>6.<strong>PERIODO DI CONSERVAZIONE DEI DATI O CRITERI PER DETERMINARE IL PERIODO</strong></p>\n<p>Il trattamento sarà svolto in forma automatizzata e manuale, con modalità e strumenti volti a garantire la massima sicurezza e riservatezza, ad opera di soggetti di ciò appositamente incaricati. Nel rispetto di quanto previsto dall’art. 5 comma 1 lett. e) del Reg. UE 2016/679 i dati personali raccolti verranno conservati in una forma che consenta l’identificazione degli interessati per un arco di tempo non superiore al conseguimento delle finalità per le quali i dati personali sono trattati. La conservazione dei dati di natura personale forniti dipende dalla finalità del trattamento:</p>\n<ul><li>- navigazione sul presente sito web <!-- (si veda la cookies policy al seguente <a href=\"cookie-policy\"> <span> link</a> ) --> ;</li>\n<li>- per richiesta di contatto (massimo 1 anno);</li>\n<li>- per area riservata registrati/login (massimo 2 anni);</li>\n<li>- raccolta dati per selezione del personale (massimo 2 anni);</li>\n<li>- ricezione newsletter o comunicazioni promozionali in genere via e-mail (massimo 24 mesi);</li>\n<li>- vendite online (10 anni)</li>\n</ul><p>tempistica determinata sulla base di criteri di cui l’interessato può avere informazioni scrivendo a <a href=\"mailto:info@tandg.quicklysa.ch\">info@tandg.quicklysa.ch</a>.</p>\n<p>7.<strong>DIRITTI DEGLI INTERESSATI</strong></p>\n<p>Potrai far valere i tuoi diritti come espressi dal Regolamento UE 2016/679, rivolgendoti al Titolare, inviando una e-mail all’indirizzo <a href=\"mailto:info@tandg.quicklysa.ch\">info@tandg.quicklysa.ch</a> o scrivendo alla sede del Titolare sopra indicata. Hai il diritto, in qualunque momento, di chiedere al Titolare del trattamento l’accesso ai Suoi dati personali (art. 15), la rettifica (art. 16) o la cancellazione (art 17) degli stessi, o la limitazione del trattamento (art 18) o di opporsi al loro trattamento basato sul legittimo interesse (art. 21). Infine, hai il diritto alla portabilità del dato (art. 20).</p>\n<p>Revoca del consenso. Qualora il trattamento sia basato sul consenso, hai il diritto di revocare il consenso in qualsiasi momento senza pregiudicare la liceità del trattamento basata sul consenso prestato prima della revoca.</p>\n<p>Per opporti al trattamento e per esercitare gli altri diritti potrai scrivere a <a href=\"mailto:info@tandg.quicklysa.ch\">info@tandg.quicklysa.ch</a>.</p>\n<p>In alternativa ai sistemi di cancellazione automatica previsto per le sole e-mail, per non ricevere più comunicazioni di marketing diretto automatizzato (e-mail, SMS, MMS, social networks) potrai scrivere a <a href=\"mailto:info@tandg.quicklysa.ch\">info@tandg.quicklysa.ch</a> con oggetto “cancellazione da automatizzato”. Per non ricevere più comunicazioni di marketing diretto tradizionale (telefonate con operatore, posta cartacea) potrai scrivere a <a href=\"mailto:info@tandg.quicklysa.ch\">info@tandg.quicklysa.ch</a> con oggetto “cancellazione da tradizionale”. Per non ricevere più nessuna comunicazione di marketing diretto potrai scrivere a <a href=\"mailto:info@tandg.quicklysa.ch\">info@tandg.quicklysa.ch</a> con oggetto \" <em> cancellazione marketing </em> \". Per opporti al trattamento di profilazione potrai <em> scrivere </em> a <a href=\"mailto:info@tandg.quicklysa.ch\">info@tandg.quicklysa.ch</a> con oggetto “no profilazione”.</p>\n<p>Hai il diritto di proporre reclamo a un’autorità di controllo.</p>\n<p>Non c’è un processo decisionale automatizzato.</p>\n<p>8.<strong>NATURA DEL CONFERIMENTO E RIFIUTO</strong></p>\n<p>Il conferimento dei dati per le finalità di cui al punto A) è facoltativo ma necessario. L\'eventuale rifiuto del conferimento dei dati necessari rispetto al punto A) comporta l\'impossibilità di usufruire dei servizi del Titolare del trattamento. Il conferimento e il consenso al trattamento per le finalità di cui ai punti B) e/o C) è facoltativo. L\'eventuale rifiuto del/i consenso/i per le finalità illustrate nei punti B) e/o C) sopra riportate, non comporta alcuna conseguenza negativa riguardo le finalità di cui al punto A). Le attività di profilazione e di marketing sono solo eventuali e saranno realizzate solamente con il consenso specifico dell’interessato, qualora decida di acconsentire alla profilazione dei propri dati mediante inserimento degli stessi nel CRM. L\'inserimento dei dati nel CRM è facoltativo e comporterà automaticamente la visibilità dei medesimi da parte di coloro che vi hanno accesso, ovvero i responsabili e gli incaricati al trattamento, presenti presso i punti vendita nel mondo.</p>\n<p>9.<strong>MODIFICHE ALL\'INFORMATIVA SULLA PRIVACY</strong></p>\n<p>Il Titolare si riserva il diritto di modificare, aggiornare, aggiungere o rimuovere parti della presente informativa sulla privacy a propria discrezione e in qualsiasi momento. La persona interessata è tenuta a verificare periodicamente le eventuali modifiche. Al fine di facilitare tale verifica l\'informativa conterrà l\'indicazione della data di aggiornamento dell\'informativa.</p>\n<p>10.<strong>LOGIN SOCIAL</strong></p>\n<p>Login Social è una tecnologia che permette all’utente di condividere in modalità automatizzata alcuni dati personali inseriti all’interno di un social network con il gestore di un sito web. P.es. l’utente potrà avvalersi di tale tecnologia per registrarsi in maniera rapida su un sito internet o per partecipare ad un concorso online o per effettuare un acquisto online (ecc.). In breve, previa autorizzazione dell’utente il social network invierà al gestore del sito web i dati personali necessari per la registrazione sul sito, la partecipazione al concorso, l’acquisto online, ecc. dell’utente, senza che quest’ultima debba inserire manualmente i dati richiesti. Per ricevere informazioni dettagliate ai sensi dell’art. 13 del GDPR in merito all’utilizzo dei dati personali trattati quando usufruisci di questa tecnologia, ti invitiamo a visitare i siti internet dei terzi gestori della suddetta tecnologia. Troverai di seguito i riferimenti di tali terzi, ed accanto a ciascuna di esse troverai il link alla pagina nella quale potrai ricevere le informazioni sul trattamento e, ove previsto dalla normativa, esprimere o negare il suo consenso:</p>\n<p>Facebook social login: <a href=\"https://developers.facebook.com/docs/plugins\"> <span> https://developers.facebook.com/docs/plugins</span></a></p>\n<p>Twitter social login: <a href=\"https://support.twitter.com/articles/20170519\"> <span> https://support.twitter.com/articles/20170519</span></a></p>\n<p>Google account login: <a href=\"https://www.google.com/policies/privacy\"> <span> https://www.google.com/policies/privacy</span></a></p>\n<p>Data di aggiornamento: 28.06.2018</p>','privacy-policy'),(2,1,3,'Privacy Policy','Privacy Policy','notice, legal, credits','<h2>Legal</h2>\n<h3>Credits</h3>\n<p>Concept and production:</p>\n<p>This Online store was created using <a href=\"http://www.prestashop.com\">Prestashop Shopping Cart Software</a>,check out PrestaShop\'s <a href=\"http://www.prestashop.com/blog/en/\">ecommerce blog</a> for news and advices about selling online and running your ecommerce website.</p>','privacy-policy'),(2,2,3,'Privacy Policy','Privacy Policy','Hinweise, rechtlich, Gutscheine','<h2>Legal</h2>\n<h3>Credits</h3>\n<p>Konzept und Gestaltung:</p>\n<p>Diese Webseite wurde hergestellt unter Verwendung von <a href=\"http://www.prestashop.com\">PrestaShop</a>™ open-source software.</p>','privacy-policy'),(2,3,3,'Privacy Policy','Privacy Policy','mentions, légales, crédits','<h2>Mentions légales</h2>\n<h3>Crédits</h3>\n<p>Conception et production :</p>\n<p>cette boutique en ligne a été créée à l\'aide du <a href=\"http://www.prestashop.com\">logiciel PrestaShop. </a>Rendez-vous sur le <a href=\"http://www.prestashop.com/blog/en/\">blog e-commerce de PrestaShop</a> pour vous tenir au courant des dernières actualités et obtenir des conseils sur la vente en ligne et la gestion d\'un site d\'e-commerce.</p>','privacy-policy'),(2,4,3,'Privacy Policy','Privacy Policy','note, legali, crediti','<h1>PRIVACY</h1>\n<p>TOYS AND GAMES SA (di seguito indicata come TOYS AND GAMES o la “Società”), gestore del sito www.tandg.quicklysa.ch (di seguito indicato come “il Sito”), desidera fornire le informazioni che seguono in ordine al trattamento dei dati personali, restando inteso che visitando il Sito si prende atto ed accetta, in quanto occorra, le procedure descritte in questa Informativa sulla privacy nel rispetto della legislazione svizzera e precisamente della <strong>Legge Federale sulla protezione dei Dati (LPD).</strong></p>\n<h2>ART.1 - Finalità del trattamento</h2>\n<p>Il trattamento dei dati personali forniti e/o desunti con la navigazione nel Sito è diretto al raggiungimento delle seguenti finalità:</p>\n<ul><li>consentire l’accesso e la navigazione nel Sito nonché elaborare statistiche anonime sull’uso del Sito, per controllare il corretto funzionamento dello stesso e per l’accertamento di eventuali responsabilità in caso di illeciti commessi durante la navigazione;</li>\n<li>fornire il servizio di registrazione nel Sito;</li>\n<li>per la ricerca e la prevenzione di frodi e altre attività illegali.</li>\n<li>fornire i servizi offerti dalla Società.</li>\n</ul><p>I dati personali vengono conservati fino a quando sussiste una finalità di carattere commerciale o per tutto il tempo previsto dalla legge dopodiché vengono cancellati.</p>\n<h2>Art.2 - Modalità di trattamento – Misure di sicurezza</h2>\n<p>Il trattamento dei dati personali potrà consistere, oltre che nella loro raccolta, nella loro registrazione, conservazione, modificazione, comunicazione, cancellazione. Il trattamento, inoltre, potrà essere effettuato con o senza l’utilizzo di strumenti elettronici da personale appositamente incaricato. La conservazione dei dati avverrà in forma cartacea e/o elettronica/informatica/ottica e per il tempo strettamente necessario al soddisfacimento delle finalità di cui al primo punto, nel rispetto della normativa vigente.</p>\n<p>In relazione ai dati personali, la Società adotterà tutti gli strumenti idonei a garantirne la sicurezza e la riservatezza, in conformità a quanto previsto dalla <strong>legge svizzera</strong>. In particolare saranno adottate tutte le misure tecniche, informatiche, organizzative, logistiche e procedurali di sicurezza, come stabilite dalla <strong>Legge Federale sulla protezione dei Dati (LPD),</strong> in modo che sia garantito il livello minimo di protezione dei dati previsto dalla normativa vigente. Inoltre, le metodologie applicate garantiscono che l’accesso ai dati sia consentito alle sole persone incaricate del trattamento da parte della Società.</p>\n<h2>Art. 3 - Conferimento dati</h2>\n<p>Per quanto concerne il conferimento dei dati personali, TOYS AND GAMES informa che:</p>\n<ul><li>i sistemi informatici e le procedure software preposte al funzionamento del Sito acquisiscono, nel corso del loro normale esercizio, alcuni dati personali la cui trasmissione è implicita nell’uso dei protocolli di comunicazione di internet; il mero accesso al Sito comporta pertanto l’acquisizione da parte della Società dei dati personali;</li>\n<li>taluni dati personali sono obbligatori ai fini della registrazione nel Sito ed un rifiuto ai fornirli non consente di completare la procedura di registrazione.</li>\n</ul><h2>Art. 4 - Comunicazione e diffusione dei dati</h2>\n<p>I dati personali raccolti per il raggiungimento delle finalità di cui al primo punto che precede non saranno oggetto di comunicazione né diffusione a terzi. Per alcuni servizi, come la consegna del prodotto e la procedura di pagamento, TOYS AND GAMES si avvale di terze parti. Queste terze parti avranno accesso a quelle informazioni personali che abbiamo raccolto da voi e che sono necessarie a far sì che questi svolgano le proprie funzioni. Non sono autorizzati ad utilizzare le vostre informazioni personali per nessun altro scopo e sono obbligati contrattualmente a conformarsi con le leggi in materia di tutela dei dati personali.</p>\n<p>Le informazioni di carattere personale verranno divulgate laddove richiesto dalla legge, per far rispettare Termini e Condizioni Generali e rendere esecutivi eventuali altri accordi, nel caso di azioni investigative, indagini e per la prevenzione di frodi o altre attività illegali.</p>\n<h2>Art.5 - Modifiche all\' Informativa sulla Privacy</h2>\n<p>L\'Informativa sulla Privacy è soggetta a modifiche periodiche mirate a garantire una sempre maggiore tutela dei vostri dati personali. Vi consigliamo di controllare periodicamente l\'Informativa sulla Privacy quando accedete al vostro account. L\'utilizzo del sito da parte vostra implica il vostro consenso alla versione aggiornata dell\'Informativa sulla Privacy.</p>\n<h2>Art. 6 - Diritti della Privacy</h2>\n<p>In qualsiasi momento è possibile contattare TOYS AND GAMES e chiedere informazioni su tutti i dati personali raccolti su se stessi. Inoltre è possibile chiedere la modifica, l\'aggiornamento o la cancellazione dei propri dati personali. TOYS AND GAMES prega di tenere presente che, se richiesto di cancellare i dati personali, non sarà più in grado di fornire al richiedente i propri servizi. Accedendo al proprio account sul sito web, in ogni momento si ha la possibilità di modificare, aggiornare o cancellare le informazioni personali quali nome, cognome, indirizzo, paese di residenza, i dettagli della carta di credito. Naturalmente è possibile anche cancellare il proprio account in qualsiasi momento.</p>\n<h2>Art. 7 - Titolare e Responsabile</h2>\n<p>Titolare del trattamento è la scrivente Società, in persona del proprio rappresentante legale. Per ogni richiesta relativa all’utilizzo dei dati personali rivolgersi al seguente indirizzo: TOYS AND GAMES SA, Novazzano 6883, Via Roncaglia 15</p>','privacy-policy'),(2,1,4,'Privacy Policy','Privacy Policy','notice, legal, credits','<h2>Legal</h2>\n<h3>Credits</h3>\n<p>Concept and production:</p>\n<p>This Online store was created using <a href=\"http://www.prestashop.com\">Prestashop Shopping Cart Software</a>,check out PrestaShop\'s <a href=\"http://www.prestashop.com/blog/en/\">ecommerce blog</a> for news and advices about selling online and running your ecommerce website.</p>','privacy-policy'),(2,2,4,'Privacy Policy','Privacy Policy','Hinweise, rechtlich, Gutscheine','<h2>Legal</h2>\n<h3>Credits</h3>\n<p>Konzept und Gestaltung:</p>\n<p>Diese Webseite wurde hergestellt unter Verwendung von <a href=\"http://www.prestashop.com\">PrestaShop</a>™ open-source software.</p>','privacy-policy'),(2,3,4,'Privacy Policy','Privacy Policy','mentions, légales, crédits','<h2>Mentions légales</h2>\n<h3>Crédits</h3>\n<p>Conception et production :</p>\n<p>cette boutique en ligne a été créée à l\'aide du <a href=\"http://www.prestashop.com\">logiciel PrestaShop. </a>Rendez-vous sur le <a href=\"http://www.prestashop.com/blog/en/\">blog e-commerce de PrestaShop</a> pour vous tenir au courant des dernières actualités et obtenir des conseils sur la vente en ligne et la gestion d\'un site d\'e-commerce.</p>','privacy-policy'),(2,4,4,'Privacy Policy','Privacy Policy','note, legali, crediti','<h1>PRIVACY</h1>\n<p>TOYS AND GAMES SA (di seguito indicata come TOYS AND GAMES o la “Società”), gestore del sito www.tandg.quicklysa.ch (di seguito indicato come “il Sito”), desidera fornire le informazioni che seguono in ordine al trattamento dei dati personali, restando inteso che visitando il Sito si prende atto ed accetta, in quanto occorra, le procedure descritte in questa Informativa sulla privacy nel rispetto della legislazione svizzera e precisamente della <strong>Legge Federale sulla protezione dei Dati (LPD).</strong></p>\n<h2>ART.1 - Finalità del trattamento</h2>\n<p>Il trattamento dei dati personali forniti e/o desunti con la navigazione nel Sito è diretto al raggiungimento delle seguenti finalità:</p>\n<ul><li>consentire l’accesso e la navigazione nel Sito nonché elaborare statistiche anonime sull’uso del Sito, per controllare il corretto funzionamento dello stesso e per l’accertamento di eventuali responsabilità in caso di illeciti commessi durante la navigazione;</li>\n<li>fornire il servizio di registrazione nel Sito;</li>\n<li>per la ricerca e la prevenzione di frodi e altre attività illegali.</li>\n<li>fornire i servizi offerti dalla Società.</li>\n</ul><p>I dati personali vengono conservati fino a quando sussiste una finalità di carattere commerciale o per tutto il tempo previsto dalla legge dopodiché vengono cancellati.</p>\n<h2>Art.2 - Modalità di trattamento – Misure di sicurezza</h2>\n<p>Il trattamento dei dati personali potrà consistere, oltre che nella loro raccolta, nella loro registrazione, conservazione, modificazione, comunicazione, cancellazione. Il trattamento, inoltre, potrà essere effettuato con o senza l’utilizzo di strumenti elettronici da personale appositamente incaricato. La conservazione dei dati avverrà in forma cartacea e/o elettronica/informatica/ottica e per il tempo strettamente necessario al soddisfacimento delle finalità di cui al primo punto, nel rispetto della normativa vigente.</p>\n<p>In relazione ai dati personali, la Società adotterà tutti gli strumenti idonei a garantirne la sicurezza e la riservatezza, in conformità a quanto previsto dalla <strong>legge svizzera</strong>. In particolare saranno adottate tutte le misure tecniche, informatiche, organizzative, logistiche e procedurali di sicurezza, come stabilite dalla <strong>Legge Federale sulla protezione dei Dati (LPD),</strong> in modo che sia garantito il livello minimo di protezione dei dati previsto dalla normativa vigente. Inoltre, le metodologie applicate garantiscono che l’accesso ai dati sia consentito alle sole persone incaricate del trattamento da parte della Società.</p>\n<h2>Art. 3 - Conferimento dati</h2>\n<p>Per quanto concerne il conferimento dei dati personali, TOYS AND GAMES informa che:</p>\n<ul><li>i sistemi informatici e le procedure software preposte al funzionamento del Sito acquisiscono, nel corso del loro normale esercizio, alcuni dati personali la cui trasmissione è implicita nell’uso dei protocolli di comunicazione di internet; il mero accesso al Sito comporta pertanto l’acquisizione da parte della Società dei dati personali;</li>\n<li>taluni dati personali sono obbligatori ai fini della registrazione nel Sito ed un rifiuto ai fornirli non consente di completare la procedura di registrazione.</li>\n</ul><h2>Art. 4 - Comunicazione e diffusione dei dati</h2>\n<p>I dati personali raccolti per il raggiungimento delle finalità di cui al primo punto che precede non saranno oggetto di comunicazione né diffusione a terzi. Per alcuni servizi, come la consegna del prodotto e la procedura di pagamento, TOYS AND GAMES si avvale di terze parti. Queste terze parti avranno accesso a quelle informazioni personali che abbiamo raccolto da voi e che sono necessarie a far sì che questi svolgano le proprie funzioni. Non sono autorizzati ad utilizzare le vostre informazioni personali per nessun altro scopo e sono obbligati contrattualmente a conformarsi con le leggi in materia di tutela dei dati personali.</p>\n<p>Le informazioni di carattere personale verranno divulgate laddove richiesto dalla legge, per far rispettare Termini e Condizioni Generali e rendere esecutivi eventuali altri accordi, nel caso di azioni investigative, indagini e per la prevenzione di frodi o altre attività illegali.</p>\n<h2>Art.5 - Modifiche all\' Informativa sulla Privacy</h2>\n<p>L\'Informativa sulla Privacy è soggetta a modifiche periodiche mirate a garantire una sempre maggiore tutela dei vostri dati personali. Vi consigliamo di controllare periodicamente l\'Informativa sulla Privacy quando accedete al vostro account. L\'utilizzo del sito da parte vostra implica il vostro consenso alla versione aggiornata dell\'Informativa sulla Privacy.</p>\n<h2>Art. 6 - Diritti della Privacy</h2>\n<p>In qualsiasi momento è possibile contattare TOYS AND GAMES e chiedere informazioni su tutti i dati personali raccolti su se stessi. Inoltre è possibile chiedere la modifica, l\'aggiornamento o la cancellazione dei propri dati personali. TOYS AND GAMES prega di tenere presente che, se richiesto di cancellare i dati personali, non sarà più in grado di fornire al richiedente i propri servizi. Accedendo al proprio account sul sito web, in ogni momento si ha la possibilità di modificare, aggiornare o cancellare le informazioni personali quali nome, cognome, indirizzo, paese di residenza, i dettagli della carta di credito. Naturalmente è possibile anche cancellare il proprio account in qualsiasi momento.</p>\n<h2>Art. 7 - Titolare e Responsabile</h2>\n<p>Titolare del trattamento è la scrivente Società, in persona del proprio rappresentante legale. Per ogni richiesta relativa all’utilizzo dei dati personali rivolgersi al seguente indirizzo: TOYS AND GAMES SA, Novazzano 6883, Via Roncaglia 15</p>','privacy-policy'),(2,1,5,'Privacy Policy','Privacy Policy','notice, legal, credits','<h2>Legal</h2>\n<h3>Credits</h3>\n<p>Concept and production:</p>\n<p>This Online store was created using <a href=\"http://www.prestashop.com\">Prestashop Shopping Cart Software</a>,check out PrestaShop\'s <a href=\"http://www.prestashop.com/blog/en/\">ecommerce blog</a> for news and advices about selling online and running your ecommerce website.</p>','privacy-policy'),(2,2,5,'Privacy Policy','Privacy Policy','Hinweise, rechtlich, Gutscheine','<h2>Legal</h2>\n<h3>Credits</h3>\n<p>Konzept und Gestaltung:</p>\n<p>Diese Webseite wurde hergestellt unter Verwendung von <a href=\"http://www.prestashop.com\">PrestaShop</a>™ open-source software.</p>','privacy-policy'),(2,3,5,'Privacy Policy','Privacy Policy','mentions, légales, crédits','<h2>Mentions légales</h2>\n<h3>Crédits</h3>\n<p>Conception et production :</p>\n<p>cette boutique en ligne a été créée à l\'aide du <a href=\"http://www.prestashop.com\">logiciel PrestaShop. </a>Rendez-vous sur le <a href=\"http://www.prestashop.com/blog/en/\">blog e-commerce de PrestaShop</a> pour vous tenir au courant des dernières actualités et obtenir des conseils sur la vente en ligne et la gestion d\'un site d\'e-commerce.</p>','privacy-policy'),(2,4,5,'Privacy Policy','Privacy Policy','note, legali, crediti','<h1>PRIVACY</h1>\n<p>TOYS AND GAMES SA (di seguito indicata come TOYS AND GAMES o la “Società”), gestore del sito www.tandg.quicklysa.ch (di seguito indicato come “il Sito”), desidera fornire le informazioni che seguono in ordine al trattamento dei dati personali, restando inteso che visitando il Sito si prende atto ed accetta, in quanto occorra, le procedure descritte in questa Informativa sulla privacy nel rispetto della legislazione svizzera e precisamente della <strong>Legge Federale sulla protezione dei Dati (LPD).</strong></p>\n<h2>ART.1 - Finalità del trattamento</h2>\n<p>Il trattamento dei dati personali forniti e/o desunti con la navigazione nel Sito è diretto al raggiungimento delle seguenti finalità:</p>\n<ul><li>consentire l’accesso e la navigazione nel Sito nonché elaborare statistiche anonime sull’uso del Sito, per controllare il corretto funzionamento dello stesso e per l’accertamento di eventuali responsabilità in caso di illeciti commessi durante la navigazione;</li>\n<li>fornire il servizio di registrazione nel Sito;</li>\n<li>per la ricerca e la prevenzione di frodi e altre attività illegali.</li>\n<li>fornire i servizi offerti dalla Società.</li>\n</ul><p>I dati personali vengono conservati fino a quando sussiste una finalità di carattere commerciale o per tutto il tempo previsto dalla legge dopodiché vengono cancellati.</p>\n<h2>Art.2 - Modalità di trattamento – Misure di sicurezza</h2>\n<p>Il trattamento dei dati personali potrà consistere, oltre che nella loro raccolta, nella loro registrazione, conservazione, modificazione, comunicazione, cancellazione. Il trattamento, inoltre, potrà essere effettuato con o senza l’utilizzo di strumenti elettronici da personale appositamente incaricato. La conservazione dei dati avverrà in forma cartacea e/o elettronica/informatica/ottica e per il tempo strettamente necessario al soddisfacimento delle finalità di cui al primo punto, nel rispetto della normativa vigente.</p>\n<p>In relazione ai dati personali, la Società adotterà tutti gli strumenti idonei a garantirne la sicurezza e la riservatezza, in conformità a quanto previsto dalla <strong>legge svizzera</strong>. In particolare saranno adottate tutte le misure tecniche, informatiche, organizzative, logistiche e procedurali di sicurezza, come stabilite dalla <strong>Legge Federale sulla protezione dei Dati (LPD),</strong> in modo che sia garantito il livello minimo di protezione dei dati previsto dalla normativa vigente. Inoltre, le metodologie applicate garantiscono che l’accesso ai dati sia consentito alle sole persone incaricate del trattamento da parte della Società.</p>\n<h2>Art. 3 - Conferimento dati</h2>\n<p>Per quanto concerne il conferimento dei dati personali, TOYS AND GAMES informa che:</p>\n<ul><li>i sistemi informatici e le procedure software preposte al funzionamento del Sito acquisiscono, nel corso del loro normale esercizio, alcuni dati personali la cui trasmissione è implicita nell’uso dei protocolli di comunicazione di internet; il mero accesso al Sito comporta pertanto l’acquisizione da parte della Società dei dati personali;</li>\n<li>taluni dati personali sono obbligatori ai fini della registrazione nel Sito ed un rifiuto ai fornirli non consente di completare la procedura di registrazione.</li>\n</ul><h2>Art. 4 - Comunicazione e diffusione dei dati</h2>\n<p>I dati personali raccolti per il raggiungimento delle finalità di cui al primo punto che precede non saranno oggetto di comunicazione né diffusione a terzi. Per alcuni servizi, come la consegna del prodotto e la procedura di pagamento, TOYS AND GAMES si avvale di terze parti. Queste terze parti avranno accesso a quelle informazioni personali che abbiamo raccolto da voi e che sono necessarie a far sì che questi svolgano le proprie funzioni. Non sono autorizzati ad utilizzare le vostre informazioni personali per nessun altro scopo e sono obbligati contrattualmente a conformarsi con le leggi in materia di tutela dei dati personali.</p>\n<p>Le informazioni di carattere personale verranno divulgate laddove richiesto dalla legge, per far rispettare Termini e Condizioni Generali e rendere esecutivi eventuali altri accordi, nel caso di azioni investigative, indagini e per la prevenzione di frodi o altre attività illegali.</p>\n<h2>Art.5 - Modifiche all\' Informativa sulla Privacy</h2>\n<p>L\'Informativa sulla Privacy è soggetta a modifiche periodiche mirate a garantire una sempre maggiore tutela dei vostri dati personali. Vi consigliamo di controllare periodicamente l\'Informativa sulla Privacy quando accedete al vostro account. L\'utilizzo del sito da parte vostra implica il vostro consenso alla versione aggiornata dell\'Informativa sulla Privacy.</p>\n<h2>Art. 6 - Diritti della Privacy</h2>\n<p>In qualsiasi momento è possibile contattare TOYS AND GAMES e chiedere informazioni su tutti i dati personali raccolti su se stessi. Inoltre è possibile chiedere la modifica, l\'aggiornamento o la cancellazione dei propri dati personali. TOYS AND GAMES prega di tenere presente che, se richiesto di cancellare i dati personali, non sarà più in grado di fornire al richiedente i propri servizi. Accedendo al proprio account sul sito web, in ogni momento si ha la possibilità di modificare, aggiornare o cancellare le informazioni personali quali nome, cognome, indirizzo, paese di residenza, i dettagli della carta di credito. Naturalmente è possibile anche cancellare il proprio account in qualsiasi momento.</p>\n<h2>Art. 7 - Titolare e Responsabile</h2>\n<p>Titolare del trattamento è la scrivente Società, in persona del proprio rappresentante legale. Per ogni richiesta relativa all’utilizzo dei dati personali rivolgersi al seguente indirizzo: TOYS AND GAMES SA, Novazzano 6883, Via Roncaglia 15</p>','privacy-policy'),(2,1,6,'Privacy Policy','Privacy Policy','notice, legal, credits','<h2>Legal</h2>\n<h3>Credits</h3>\n<p>Concept and production:</p>\n<p>This Online store was created using <a href=\"http://www.prestashop.com\">Prestashop Shopping Cart Software</a>,check out PrestaShop\'s <a href=\"http://www.prestashop.com/blog/en/\">ecommerce blog</a> for news and advices about selling online and running your ecommerce website.</p>','privacy-policy'),(2,2,6,'Privacy Policy','Privacy Policy','Hinweise, rechtlich, Gutscheine','<h2>Legal</h2>\n<h3>Credits</h3>\n<p>Konzept und Gestaltung:</p>\n<p>Diese Webseite wurde hergestellt unter Verwendung von <a href=\"http://www.prestashop.com\">PrestaShop</a>™ open-source software.</p>','privacy-policy'),(2,3,6,'Privacy Policy','Privacy Policy','mentions, légales, crédits','<h2>Mentions légales</h2>\n<h3>Crédits</h3>\n<p>Conception et production :</p>\n<p>cette boutique en ligne a été créée à l\'aide du <a href=\"http://www.prestashop.com\">logiciel PrestaShop. </a>Rendez-vous sur le <a href=\"http://www.prestashop.com/blog/en/\">blog e-commerce de PrestaShop</a> pour vous tenir au courant des dernières actualités et obtenir des conseils sur la vente en ligne et la gestion d\'un site d\'e-commerce.</p>','privacy-policy'),(2,4,6,'Privacy Policy','Privacy Policy','note, legali, crediti','<h1>PRIVACY</h1>\n<p>TOYS AND GAMES SA (di seguito indicata come TOYS AND GAMES o la “Società”), gestore del sito www.tandg.quicklysa.ch (di seguito indicato come “il Sito”), desidera fornire le informazioni che seguono in ordine al trattamento dei dati personali, restando inteso che visitando il Sito si prende atto ed accetta, in quanto occorra, le procedure descritte in questa Informativa sulla privacy nel rispetto della legislazione svizzera e precisamente della <strong>Legge Federale sulla protezione dei Dati (LPD).</strong></p>\n<h2>ART.1 - Finalità del trattamento</h2>\n<p>Il trattamento dei dati personali forniti e/o desunti con la navigazione nel Sito è diretto al raggiungimento delle seguenti finalità:</p>\n<ul><li>consentire l’accesso e la navigazione nel Sito nonché elaborare statistiche anonime sull’uso del Sito, per controllare il corretto funzionamento dello stesso e per l’accertamento di eventuali responsabilità in caso di illeciti commessi durante la navigazione;</li>\n<li>fornire il servizio di registrazione nel Sito;</li>\n<li>per la ricerca e la prevenzione di frodi e altre attività illegali.</li>\n<li>fornire i servizi offerti dalla Società.</li>\n</ul><p>I dati personali vengono conservati fino a quando sussiste una finalità di carattere commerciale o per tutto il tempo previsto dalla legge dopodiché vengono cancellati.</p>\n<h2>Art.2 - Modalità di trattamento – Misure di sicurezza</h2>\n<p>Il trattamento dei dati personali potrà consistere, oltre che nella loro raccolta, nella loro registrazione, conservazione, modificazione, comunicazione, cancellazione. Il trattamento, inoltre, potrà essere effettuato con o senza l’utilizzo di strumenti elettronici da personale appositamente incaricato. La conservazione dei dati avverrà in forma cartacea e/o elettronica/informatica/ottica e per il tempo strettamente necessario al soddisfacimento delle finalità di cui al primo punto, nel rispetto della normativa vigente.</p>\n<p>In relazione ai dati personali, la Società adotterà tutti gli strumenti idonei a garantirne la sicurezza e la riservatezza, in conformità a quanto previsto dalla <strong>legge svizzera</strong>. In particolare saranno adottate tutte le misure tecniche, informatiche, organizzative, logistiche e procedurali di sicurezza, come stabilite dalla <strong>Legge Federale sulla protezione dei Dati (LPD),</strong> in modo che sia garantito il livello minimo di protezione dei dati previsto dalla normativa vigente. Inoltre, le metodologie applicate garantiscono che l’accesso ai dati sia consentito alle sole persone incaricate del trattamento da parte della Società.</p>\n<h2>Art. 3 - Conferimento dati</h2>\n<p>Per quanto concerne il conferimento dei dati personali, TOYS AND GAMES informa che:</p>\n<ul><li>i sistemi informatici e le procedure software preposte al funzionamento del Sito acquisiscono, nel corso del loro normale esercizio, alcuni dati personali la cui trasmissione è implicita nell’uso dei protocolli di comunicazione di internet; il mero accesso al Sito comporta pertanto l’acquisizione da parte della Società dei dati personali;</li>\n<li>taluni dati personali sono obbligatori ai fini della registrazione nel Sito ed un rifiuto ai fornirli non consente di completare la procedura di registrazione.</li>\n</ul><h2>Art. 4 - Comunicazione e diffusione dei dati</h2>\n<p>I dati personali raccolti per il raggiungimento delle finalità di cui al primo punto che precede non saranno oggetto di comunicazione né diffusione a terzi. Per alcuni servizi, come la consegna del prodotto e la procedura di pagamento, TOYS AND GAMES si avvale di terze parti. Queste terze parti avranno accesso a quelle informazioni personali che abbiamo raccolto da voi e che sono necessarie a far sì che questi svolgano le proprie funzioni. Non sono autorizzati ad utilizzare le vostre informazioni personali per nessun altro scopo e sono obbligati contrattualmente a conformarsi con le leggi in materia di tutela dei dati personali.</p>\n<p>Le informazioni di carattere personale verranno divulgate laddove richiesto dalla legge, per far rispettare Termini e Condizioni Generali e rendere esecutivi eventuali altri accordi, nel caso di azioni investigative, indagini e per la prevenzione di frodi o altre attività illegali.</p>\n<h2>Art.5 - Modifiche all\' Informativa sulla Privacy</h2>\n<p>L\'Informativa sulla Privacy è soggetta a modifiche periodiche mirate a garantire una sempre maggiore tutela dei vostri dati personali. Vi consigliamo di controllare periodicamente l\'Informativa sulla Privacy quando accedete al vostro account. L\'utilizzo del sito da parte vostra implica il vostro consenso alla versione aggiornata dell\'Informativa sulla Privacy.</p>\n<h2>Art. 6 - Diritti della Privacy</h2>\n<p>In qualsiasi momento è possibile contattare TOYS AND GAMES e chiedere informazioni su tutti i dati personali raccolti su se stessi. Inoltre è possibile chiedere la modifica, l\'aggiornamento o la cancellazione dei propri dati personali. TOYS AND GAMES prega di tenere presente che, se richiesto di cancellare i dati personali, non sarà più in grado di fornire al richiedente i propri servizi. Accedendo al proprio account sul sito web, in ogni momento si ha la possibilità di modificare, aggiornare o cancellare le informazioni personali quali nome, cognome, indirizzo, paese di residenza, i dettagli della carta di credito. Naturalmente è possibile anche cancellare il proprio account in qualsiasi momento.</p>\n<h2>Art. 7 - Titolare e Responsabile</h2>\n<p>Titolare del trattamento è la scrivente Società, in persona del proprio rappresentante legale. Per ogni richiesta relativa all’utilizzo dei dati personali rivolgersi al seguente indirizzo: TOYS AND GAMES SA, Novazzano 6883, Via Roncaglia 15</p>','privacy-policy'),(2,1,7,'Privacy Policy','Privacy Policy','notice, legal, credits','<h2>Legal</h2>\n<h3>Credits</h3>\n<p>Concept and production:</p>\n<p>This Online store was created using <a href=\"http://www.prestashop.com\">Prestashop Shopping Cart Software</a>,check out PrestaShop\'s <a href=\"http://www.prestashop.com/blog/en/\">ecommerce blog</a> for news and advices about selling online and running your ecommerce website.</p>','privacy-policy'),(2,2,7,'Privacy Policy','Privacy Policy','Hinweise, rechtlich, Gutscheine','<h2>Legal</h2>\n<h3>Credits</h3>\n<p>Konzept und Gestaltung:</p>\n<p>Diese Webseite wurde hergestellt unter Verwendung von <a href=\"http://www.prestashop.com\">PrestaShop</a>™ open-source software.</p>','privacy-policy'),(2,3,7,'Privacy Policy','Privacy Policy','mentions, légales, crédits','<h2>Mentions légales</h2>\n<h3>Crédits</h3>\n<p>Conception et production :</p>\n<p>cette boutique en ligne a été créée à l\'aide du <a href=\"http://www.prestashop.com\">logiciel PrestaShop. </a>Rendez-vous sur le <a href=\"http://www.prestashop.com/blog/en/\">blog e-commerce de PrestaShop</a> pour vous tenir au courant des dernières actualités et obtenir des conseils sur la vente en ligne et la gestion d\'un site d\'e-commerce.</p>','privacy-policy'),(2,4,7,'Privacy Policy','Privacy Policy','note, legali, crediti','<h1>PRIVACY</h1>\n<p>TOYS AND GAMES SA (di seguito indicata come TOYS AND GAMES o la “Società”), gestore del sito www.tandg.quicklysa.ch (di seguito indicato come “il Sito”), desidera fornire le informazioni che seguono in ordine al trattamento dei dati personali, restando inteso che visitando il Sito si prende atto ed accetta, in quanto occorra, le procedure descritte in questa Informativa sulla privacy nel rispetto della legislazione svizzera e precisamente della <strong>Legge Federale sulla protezione dei Dati (LPD).</strong></p>\n<h2>ART.1 - Finalità del trattamento</h2>\n<p>Il trattamento dei dati personali forniti e/o desunti con la navigazione nel Sito è diretto al raggiungimento delle seguenti finalità:</p>\n<ul><li>consentire l’accesso e la navigazione nel Sito nonché elaborare statistiche anonime sull’uso del Sito, per controllare il corretto funzionamento dello stesso e per l’accertamento di eventuali responsabilità in caso di illeciti commessi durante la navigazione;</li>\n<li>fornire il servizio di registrazione nel Sito;</li>\n<li>per la ricerca e la prevenzione di frodi e altre attività illegali.</li>\n<li>fornire i servizi offerti dalla Società.</li>\n</ul><p>I dati personali vengono conservati fino a quando sussiste una finalità di carattere commerciale o per tutto il tempo previsto dalla legge dopodiché vengono cancellati.</p>\n<h2>Art.2 - Modalità di trattamento – Misure di sicurezza</h2>\n<p>Il trattamento dei dati personali potrà consistere, oltre che nella loro raccolta, nella loro registrazione, conservazione, modificazione, comunicazione, cancellazione. Il trattamento, inoltre, potrà essere effettuato con o senza l’utilizzo di strumenti elettronici da personale appositamente incaricato. La conservazione dei dati avverrà in forma cartacea e/o elettronica/informatica/ottica e per il tempo strettamente necessario al soddisfacimento delle finalità di cui al primo punto, nel rispetto della normativa vigente.</p>\n<p>In relazione ai dati personali, la Società adotterà tutti gli strumenti idonei a garantirne la sicurezza e la riservatezza, in conformità a quanto previsto dalla <strong>legge svizzera</strong>. In particolare saranno adottate tutte le misure tecniche, informatiche, organizzative, logistiche e procedurali di sicurezza, come stabilite dalla <strong>Legge Federale sulla protezione dei Dati (LPD),</strong> in modo che sia garantito il livello minimo di protezione dei dati previsto dalla normativa vigente. Inoltre, le metodologie applicate garantiscono che l’accesso ai dati sia consentito alle sole persone incaricate del trattamento da parte della Società.</p>\n<h2>Art. 3 - Conferimento dati</h2>\n<p>Per quanto concerne il conferimento dei dati personali, TOYS AND GAMES informa che:</p>\n<ul><li>i sistemi informatici e le procedure software preposte al funzionamento del Sito acquisiscono, nel corso del loro normale esercizio, alcuni dati personali la cui trasmissione è implicita nell’uso dei protocolli di comunicazione di internet; il mero accesso al Sito comporta pertanto l’acquisizione da parte della Società dei dati personali;</li>\n<li>taluni dati personali sono obbligatori ai fini della registrazione nel Sito ed un rifiuto ai fornirli non consente di completare la procedura di registrazione.</li>\n</ul><h2>Art. 4 - Comunicazione e diffusione dei dati</h2>\n<p>I dati personali raccolti per il raggiungimento delle finalità di cui al primo punto che precede non saranno oggetto di comunicazione né diffusione a terzi. Per alcuni servizi, come la consegna del prodotto e la procedura di pagamento, TOYS AND GAMES si avvale di terze parti. Queste terze parti avranno accesso a quelle informazioni personali che abbiamo raccolto da voi e che sono necessarie a far sì che questi svolgano le proprie funzioni. Non sono autorizzati ad utilizzare le vostre informazioni personali per nessun altro scopo e sono obbligati contrattualmente a conformarsi con le leggi in materia di tutela dei dati personali.</p>\n<p>Le informazioni di carattere personale verranno divulgate laddove richiesto dalla legge, per far rispettare Termini e Condizioni Generali e rendere esecutivi eventuali altri accordi, nel caso di azioni investigative, indagini e per la prevenzione di frodi o altre attività illegali.</p>\n<h2>Art.5 - Modifiche all\' Informativa sulla Privacy</h2>\n<p>L\'Informativa sulla Privacy è soggetta a modifiche periodiche mirate a garantire una sempre maggiore tutela dei vostri dati personali. Vi consigliamo di controllare periodicamente l\'Informativa sulla Privacy quando accedete al vostro account. L\'utilizzo del sito da parte vostra implica il vostro consenso alla versione aggiornata dell\'Informativa sulla Privacy.</p>\n<h2>Art. 6 - Diritti della Privacy</h2>\n<p>In qualsiasi momento è possibile contattare TOYS AND GAMES e chiedere informazioni su tutti i dati personali raccolti su se stessi. Inoltre è possibile chiedere la modifica, l\'aggiornamento o la cancellazione dei propri dati personali. TOYS AND GAMES prega di tenere presente che, se richiesto di cancellare i dati personali, non sarà più in grado di fornire al richiedente i propri servizi. Accedendo al proprio account sul sito web, in ogni momento si ha la possibilità di modificare, aggiornare o cancellare le informazioni personali quali nome, cognome, indirizzo, paese di residenza, i dettagli della carta di credito. Naturalmente è possibile anche cancellare il proprio account in qualsiasi momento.</p>\n<h2>Art. 7 - Titolare e Responsabile</h2>\n<p>Titolare del trattamento è la scrivente Società, in persona del proprio rappresentante legale. Per ogni richiesta relativa all’utilizzo dei dati personali rivolgersi al seguente indirizzo: TOYS AND GAMES SA, Novazzano 6883, Via Roncaglia 15</p>','privacy-policy'),(2,1,8,'Privacy Policy','Privacy Policy','notice, legal, credits','<h2>Legal</h2>\n<h3>Credits</h3>\n<p>Concept and production:</p>\n<p>This Online store was created using <a href=\"http://www.prestashop.com\">Prestashop Shopping Cart Software</a>,check out PrestaShop\'s <a href=\"http://www.prestashop.com/blog/en/\">ecommerce blog</a> for news and advices about selling online and running your ecommerce website.</p>','privacy-policy'),(2,2,8,'Privacy Policy','Privacy Policy','Hinweise, rechtlich, Gutscheine','<h2>Legal</h2>\n<h3>Credits</h3>\n<p>Konzept und Gestaltung:</p>\n<p>Diese Webseite wurde hergestellt unter Verwendung von <a href=\"http://www.prestashop.com\">PrestaShop</a>™ open-source software.</p>','privacy-policy'),(2,3,8,'Privacy Policy','Privacy Policy','mentions, légales, crédits','<h2>Mentions légales</h2>\n<h3>Crédits</h3>\n<p>Conception et production :</p>\n<p>cette boutique en ligne a été créée à l\'aide du <a href=\"http://www.prestashop.com\">logiciel PrestaShop. </a>Rendez-vous sur le <a href=\"http://www.prestashop.com/blog/en/\">blog e-commerce de PrestaShop</a> pour vous tenir au courant des dernières actualités et obtenir des conseils sur la vente en ligne et la gestion d\'un site d\'e-commerce.</p>','privacy-policy'),(2,4,8,'Privacy Policy','Privacy Policy','note, legali, crediti','<h1>PRIVACY</h1>\n<p>TOYS AND GAMES SA (di seguito indicata come TOYS AND GAMES o la “Società”), gestore del sito www.tandg.quicklysa.ch (di seguito indicato come “il Sito”), desidera fornire le informazioni che seguono in ordine al trattamento dei dati personali, restando inteso che visitando il Sito si prende atto ed accetta, in quanto occorra, le procedure descritte in questa Informativa sulla privacy nel rispetto della legislazione svizzera e precisamente della <strong>Legge Federale sulla protezione dei Dati (LPD).</strong></p>\n<h2>ART.1 - Finalità del trattamento</h2>\n<p>Il trattamento dei dati personali forniti e/o desunti con la navigazione nel Sito è diretto al raggiungimento delle seguenti finalità:</p>\n<ul><li>consentire l’accesso e la navigazione nel Sito nonché elaborare statistiche anonime sull’uso del Sito, per controllare il corretto funzionamento dello stesso e per l’accertamento di eventuali responsabilità in caso di illeciti commessi durante la navigazione;</li>\n<li>fornire il servizio di registrazione nel Sito;</li>\n<li>per la ricerca e la prevenzione di frodi e altre attività illegali.</li>\n<li>fornire i servizi offerti dalla Società.</li>\n</ul><p>I dati personali vengono conservati fino a quando sussiste una finalità di carattere commerciale o per tutto il tempo previsto dalla legge dopodiché vengono cancellati.</p>\n<h2>Art.2 - Modalità di trattamento – Misure di sicurezza</h2>\n<p>Il trattamento dei dati personali potrà consistere, oltre che nella loro raccolta, nella loro registrazione, conservazione, modificazione, comunicazione, cancellazione. Il trattamento, inoltre, potrà essere effettuato con o senza l’utilizzo di strumenti elettronici da personale appositamente incaricato. La conservazione dei dati avverrà in forma cartacea e/o elettronica/informatica/ottica e per il tempo strettamente necessario al soddisfacimento delle finalità di cui al primo punto, nel rispetto della normativa vigente.</p>\n<p>In relazione ai dati personali, la Società adotterà tutti gli strumenti idonei a garantirne la sicurezza e la riservatezza, in conformità a quanto previsto dalla <strong>legge svizzera</strong>. In particolare saranno adottate tutte le misure tecniche, informatiche, organizzative, logistiche e procedurali di sicurezza, come stabilite dalla <strong>Legge Federale sulla protezione dei Dati (LPD),</strong> in modo che sia garantito il livello minimo di protezione dei dati previsto dalla normativa vigente. Inoltre, le metodologie applicate garantiscono che l’accesso ai dati sia consentito alle sole persone incaricate del trattamento da parte della Società.</p>\n<h2>Art. 3 - Conferimento dati</h2>\n<p>Per quanto concerne il conferimento dei dati personali, TOYS AND GAMES informa che:</p>\n<ul><li>i sistemi informatici e le procedure software preposte al funzionamento del Sito acquisiscono, nel corso del loro normale esercizio, alcuni dati personali la cui trasmissione è implicita nell’uso dei protocolli di comunicazione di internet; il mero accesso al Sito comporta pertanto l’acquisizione da parte della Società dei dati personali;</li>\n<li>taluni dati personali sono obbligatori ai fini della registrazione nel Sito ed un rifiuto ai fornirli non consente di completare la procedura di registrazione.</li>\n</ul><h2>Art. 4 - Comunicazione e diffusione dei dati</h2>\n<p>I dati personali raccolti per il raggiungimento delle finalità di cui al primo punto che precede non saranno oggetto di comunicazione né diffusione a terzi. Per alcuni servizi, come la consegna del prodotto e la procedura di pagamento, TOYS AND GAMES si avvale di terze parti. Queste terze parti avranno accesso a quelle informazioni personali che abbiamo raccolto da voi e che sono necessarie a far sì che questi svolgano le proprie funzioni. Non sono autorizzati ad utilizzare le vostre informazioni personali per nessun altro scopo e sono obbligati contrattualmente a conformarsi con le leggi in materia di tutela dei dati personali.</p>\n<p>Le informazioni di carattere personale verranno divulgate laddove richiesto dalla legge, per far rispettare Termini e Condizioni Generali e rendere esecutivi eventuali altri accordi, nel caso di azioni investigative, indagini e per la prevenzione di frodi o altre attività illegali.</p>\n<h2>Art.5 - Modifiche all\' Informativa sulla Privacy</h2>\n<p>L\'Informativa sulla Privacy è soggetta a modifiche periodiche mirate a garantire una sempre maggiore tutela dei vostri dati personali. Vi consigliamo di controllare periodicamente l\'Informativa sulla Privacy quando accedete al vostro account. L\'utilizzo del sito da parte vostra implica il vostro consenso alla versione aggiornata dell\'Informativa sulla Privacy.</p>\n<h2>Art. 6 - Diritti della Privacy</h2>\n<p>In qualsiasi momento è possibile contattare TOYS AND GAMES e chiedere informazioni su tutti i dati personali raccolti su se stessi. Inoltre è possibile chiedere la modifica, l\'aggiornamento o la cancellazione dei propri dati personali. TOYS AND GAMES prega di tenere presente che, se richiesto di cancellare i dati personali, non sarà più in grado di fornire al richiedente i propri servizi. Accedendo al proprio account sul sito web, in ogni momento si ha la possibilità di modificare, aggiornare o cancellare le informazioni personali quali nome, cognome, indirizzo, paese di residenza, i dettagli della carta di credito. Naturalmente è possibile anche cancellare il proprio account in qualsiasi momento.</p>\n<h2>Art. 7 - Titolare e Responsabile</h2>\n<p>Titolare del trattamento è la scrivente Società, in persona del proprio rappresentante legale. Per ogni richiesta relativa all’utilizzo dei dati personali rivolgersi al seguente indirizzo: TOYS AND GAMES SA, Novazzano 6883, Via Roncaglia 15</p>','privacy-policy'),(2,1,9,'Privacy Policy','Privacy Policy','notice, legal, credits','<p><strong>PRIVACY POLICY</strong> – Information sheet pursuant to Art. 13 Reg. (EU) 2016/679 – GDPR – <em> Information on the processing of personal data obtained from the interested party </em> .</p>\n<p></p>\n<p>In accordance with the General Data Protection Regulation (EU) 2016/679, we are providing herewith the necessary information relating to the processing of the personal data provided. This information is not considered valid for other websites visited through <em> links </em> on websites belonging to the controller, which is not considered in any way responsible for third-party websites.</p>\n<p>This refers to a disclosure that is made pursuant to Art. 13 of the General Data Protection Regulation (EU) 2016/679 - GDPR. This information is also inspired by Recommendation no. 2/2001 that the European authorities for personal data protection, collected in the Group established by <a href=\"https://eur-lex.europa.eu/legal-content/EN/TXT/HTML/?uri=CELEX:31995L0046\"> Art. 29 of Directive no. 95/46/EC</a> , adopted on 17 May 2001 to identify several minimum requirements for collecting personal data on-line, and, in particular, the methods, times and nature of the information that the Data Controllers must provide to users when they connect to website pages, regardless of the purposes of connecting, as well as what is provided for by Directive 2002/58/EC, as updated by <a href=\"http://eur-lex.europa.eu/legal-content/EN/TXT/HTML/?uri=CELEX:32009L0136&amp;from=EN\"> Directive 2009/136/EC</a> , regarding Cookies and measure of the Guarantor Authority \"Identifying simplified procedures for the disclosure and the acquisition of consent for the use of cookies - 8 May 2014 (Published in the Gazzetta Ufficiale no. 126 of 3 June 2014)\" and subsequent clarifications.</p>\n<p><strong>Personal data (Art. 4 GDPR).</strong> “personal data”: any information concerning an identified or identifiable natural person (“interested party”); a natural person is deemed to be identifiable if he or she can be identified, directly or indirectly, with particular reference to an identifier such as a name, identification number, details of his or her location, an online identifier or one or more details characteristic of his or her physical, physiological, genetic, mental, economic, cultural or social identity; (C26, C27, C30)</p>\n<p><strong>Specific information</strong></p>\n<p>Specific information could be presented on the website pages related to special services or processing of Data provided.</p>\n<!--<p><strong>Cookies</strong></p>\n	<p>For more information on cookies used by this website, please see the cookies policy at the following <a href=\"cookie-policy\"> <strong>link</strong></a></p>-->\n<p>1. <strong>THE DATA \"CONTROLLER\"</strong></p>\n<p>Pursuant to Articles 4 and 24 of the GDPR, the data controller is Toys And Games SA – Via Roncaglia, 15 - 6883 Novazzano, CH, in the person of its <em> pro-tempore </em> legal representative. The controller’s email contact is <a href=\"mailto:info@tandg.quicklysa.ch\">info@tandg.quicklysa.ch</a>.</p>\n<p>2. The <strong>DATA PROTECTION OFFICER (DPO- Data Protection Officer)</strong> is determined pursuant to Articles 37 – 39 of Reg. EU 2016/679. The DPO’s email contact is <a href=\"mailto:info@tandg.quicklysa.ch\">info@tandg.quicklysa.ch</a>.</p>\n<p>3. <strong>PURPOSE AND LEGAL BASIS OF THE PROCESSING</strong></p>\n<p>The personal data will be processed in accordance with the conditions on legality pursuant to Article 6 of Reg. (EU) 2016/679 for the following purposes:</p>\n<p>A) Toys And Games SA services:</p>\n<ul><li><ul><li>- browsing on this website</li>\n<li>- contact request, customer care and for assistance with Toys And Games SA services</li>\n<li>- data collection to enlist the controller\'s services;</li>\n<li>- on-line purchases purchases and related administrative-accounting activities, for the purposes of applying regulations regarding personal data protection, the processing carried out for administrative-accounting purposes refers to processing connected to performing organizational, administrative and accounting activities, regardless of the nature of the data processed. In particular, such purposes are pursued by internal organizational activities, activities necessary for fulfilling contractual and pre-contractual obligations, informational activity, shipping and returns;</li>\n<li>-completion of data collection forms inherent to Toys And Games SA services and activities to activate a single authentication or single identification, with an access control system that allows the user to perform a single valid authentication for several software systems or computer resources to which you will be enabled through Single Sign-On (SSO)</li>\n</ul></li></ul><p>B) for direct marketing, newsletters and <strong>promotions</strong> , market research or other sampling research and direct sales, surveying the level of satisfaction, to receive - by automated means email, MMS or SMS messages, activation with beacons, or other types or messages, social networks and applications, as well as by operator-made telephone calls and paper mail or any other means - informational, promotional, commercial and advertising material and material related to events and initiatives on products, services, offers and promotions, from Toys And Games SA also through the managing companies in charge of processing. The data will be included in the corporate CRM. In order to compare and possibly improve its communication results, Toys And Games SA uses systems to send out newsletters and promotional notices with reports.</p>\n<p>C) for activities, to compile your profile and analyse your habits and consumer choices and purchasing behaviour (if done), so as to improve the sales and services offered, enabling us to send you communications that could interest you. The processing of personal data could refer to customer care activities, comprising offers for personalised services at the points of sale and after sales, as well as complimentary services. Such purposes are also pursued by these being entered in the CRM of the company.</p>\n<p>Data processing in accordance with purpose A) is based on the legitimate interest pursuant to Article 6(1), letter f): (whereas clause 47) taking into account the reasonable expectations held by the interested party at the time or within the scope of the collection of personal data, when the interested party may reasonably expect such data to be processed for that purpose.</p>\n<p>Data processing in accordance with purpose B) is based on the consent pursuant to Article 6(1), letter a) GDPR.</p>\n<p>Data processing in accordance with purpose C is based on the consent pursuant to Article 6(1), letter a) GDPR.</p>\n<p>4. <strong>RECIPIENTS OR CATEGORIES OF RECIPIENTS OF THE DATA</strong></p>\n<p>The personal data supplied will be sent to recipients, who will process the data as data protection officers (Article 28 of Reg. (EU) 2016/679) and/or as natural persons acting under the authority of the Data Controller and Data Protection Officer (Article 29 of Reg. (EU) 2016/679), for the purposes listed in point 3. and to third parties. More specifically, the data may be sent to companies contracted to <strong>Toys And Games SA,</strong> to associated and/or subsidiary companies within the European Union and non-EU countries, in compliance with applicable regulations, also through managing companies. Data may be communicated to third parties falling under the following categories: - sales/distribution network in the territory; - parties that provide services for managing the computer system used by <strong>Toys And Games SA</strong> and the telecommunication networks (including email, CRM Data Base management and mailing lists, e-commerce platforms, APP providers, call centres, etc.); - third parties to support on-line purchases and administrative-accounting activities, shipping and returns (e.g. banks, shipping insurance);- offices or companies within the scope of assistance and consulting services; - the relevant authorities for compliance with legislative requirements and/or directives issued by public bodies, on request. Parties belonging to the categories above cover the function of Data Protection Officers or operate independently as Data Controllers. The list of Data Protection Officers is constantly updated and available at <strong>Toys And Games SA</strong> – Via Roncaglia, 15 - 6883 Novazzano, CH by writing to <a href=\"mailto:info@tandg.quicklysa.ch\">info@tandg.quicklysa.ch</a>.</p>\n<p>5. <strong>TRANSFER OF DATA TO A THIRD COUNTRY AND/OR INTERNATIONAL ORGANIZATION AND GUARANTEES.</strong></p>\n<p>To manage its e-commerce activities, Toys And Games SA will be able to use cloud platforms provided by third parties as sub-processors. In this regard, we inform you that your personal data acquired on the basis of this disclosure will be stored on servers located in the United States of America. The United States of America does not benefit from an EU Commission’s adequacy decision, therefore the transfer will take place on the basis of contractual clauses such as those approved by the Commission or by virtue of other suitable mechanisms for data transfer required by applicable regulations. For information on guarantees concerning data transfer outside the EU, please write to <a href=\"mailto:info@tandg.quicklysa.ch\">info@tandg.quicklysa.ch</a>.</p>\n<p>6. <strong>DATA RETENTION PERIOD OR CRITERIA FOR DETERMINING THE PERIOD</strong></p>\n<p>The data will be processed electronically or manually, with procedures and tools able to guarantee maximum security and confidentiality, by persons specifically authorized to do so. In accordance with the provisions of Article 5(1) letter e) of Reg. (EU) 2016/679, the personal data collected will be kept in a form that allows the identification of interested parties for a period no longer than that required to fulfil the purpose for which the personal data is collected. The retention of the personal data supplied depends on the purpose of processing:</p>\n<ul><li><ul><li><ul><li><ul><li>- browsing on this website <!-- (please see the cookies policy at the following following <a href=\"cookie-policy\"> link</a> ) --> ;</li>\n<li>- for contact request (maximum 1 year);</li>\n<li>- for restricted area for registered users/login (maximum 2 years);</li>\n<li>- data collection for selecting personnel (maximum 2 years);</li>\n<li>- receiving newsletters or promotional notices in general via e-mail (maximum 24 months);</li>\n<li>- online sales (10 years)</li>\n</ul></li></ul></li></ul></li></ul><p>Timing determined on the basis of criteria about which the interested party can obtain information by writing to <a href=\"mailto:info@tandg.quicklysa.ch\">info@tandg.quicklysa.ch</a>.</p>\n<p>7. <strong>RIGHTS OF DATA SUBJECTS</strong></p>\n<p>You may assert your rights as provided for by Regulation (EU) 2016/679, by contacting the Data Controller, by sending an email to <a href=\"mailto:info@tandg.quicklysa.ch\">info@tandg.quicklysa.ch</a> or by writing to the Data Controller’s premises indicated above. You are entitled to ask the Data Controller for access to your personal data at any time (Art. 15), to correct it (Art. 16) or to delete it (Art. 17), or to limit the processing thereof (Art. 18) or to object to the processing thereof based on a legitimate interest (Art. 21). Finally, you are entitled to data portability (Art. 20).</p>\n<p>Right to revoke. Where processing is based on consent, you have the right to withdraw your consent at any time. The withdrawal of consent will not affect the lawfulness of the processing that was based on the consent before it was revoked.</p>\n<p>To object to processing or to exercise any other rights, you can write to <a href=\"mailto:info@tandg.quicklysa.ch\">info@tandg.quicklysa.ch</a>.</p>\n<p>As an alternative to automatic-cancellation systems for e-mail, in order to stop receiving electronic direct marketing (e-mails, SMS, MMS, social networks), you can write to <a href=\"mailto:info@tandg.quicklysa.ch\">info@tandg.quicklysa.ch</a> with the subject line “cancellation from electronic communications”. If you do not want to receive traditional direct marketing (telephone calls from operators, paper-based mail), you can write to <a href=\"mailto:info@tandg.quicklysa.ch\">info@tandg.quicklysa.ch</a> with the subject line “cancellation of traditional”. If you do not want to receive any direct marketing, you can write to <a href=\"mailto:info@tandg.quicklysa.ch\">info@tandg.quicklysa.ch</a> with the subject line \" <em> marketing cancellation </em> \". To object to profiling processing, you can <em> write </em> to <a href=\"mailto:info@tandg.quicklysa.ch\">info@tandg.quicklysa.ch</a> with the subject line “no profiling”.</p>\n<p>You are entitled to submit a claim to a supervisory authority.</p>\n<p>There is no automated decision-making process.</p>\n<p>8. <strong>NATURE OF SUPPLY AND REFUSAL</strong></p>\n<p>The transfer of data for the purposes stated under point A) above is optional, but necessary. The refusal to supply the necessary data regarding point A) makes it impossible to use the services of the Data Controller. The transfer and consent to processing for the purposes under point B) and/or C) is optional. Any refusal to provide consent for the purposes detailed under points B) and/or C) above, does not result in any negative consequence regarding the purposes referred to in point A). Profiling and marketing activities are only an eventuality and shall only be done with the specific consent of the data subject, should the party consent to the profiling of their data with these being entered into the CRM. Entering data into the CRM is optional and shall result in this becoming automatically visible to those that have access, or the data protection officers and persons in charge of the processing at the various points of sale worldwide.</p>\n<p>9. <strong>CHANGES TO THE PRIVACY INFORMATION NOTICE</strong></p>\n<p>The Data Controller reserves the right to change, update, supplement or remove parts of the present Privacy Information Notice at its sole discretion at any time. The Data Subject must check periodically for any changes. To facilitate such checking, the Information Notice will contain the date of updating of the Information Notice.</p>\n<p>10. <strong>SOCIAL LOGIN</strong></p>\n<p>Social Login is a technology that allows the user to share, in an automated way, personal data entered in a social network with the website administrator. For example, the user will be able to use this technology to register on a website quickly or to participate in an on-line contest or to make an on-line purchase (etc.). In short, subject to the user’s authorisation, the social network will send the website administrator the personal data necessary for the user to register on the site, participate in the contest, make the on-line purchase etc., without said user having to enter the requested data manually. To receive detailed information pursuant to Art. 13 of the GDPR regarding the use of personal data processed when using this technology, we invite you to visit the websites of third party administrators of the aforesaid technology. Below you will find references to these third parties, and next to each one of these you will find the link to the page where you can receive information on processing and, where required by the law, give or refuse your consent:</p>\n<p>Facebook social login: <a href=\"https://developers.facebook.com/docs/plugins\">https://developers.facebook.com/docs/plugins</a></p>\n<p>Twitter social login: <a href=\"https://support.twitter.com/articles/20170519\">https://support.twitter.com/articles/20170519</a></p>\n<p>Google account login: <a href=\"https://www.google.com/policies/privacy\">https://www.google.com/policies/privacy</a></p>\n<p>Date updated: 28.06.2018</p>','privacy-policy'),(2,2,9,'Privacy Policy','Privacy Policy','Hinweise, rechtlich, Gutscheine','<p><strong>PRIVACY POLICY</strong> – Information sheet pursuant to Art. 13 Reg. (EU) 2016/679 – GDPR – <em> Information on the processing of personal data obtained from the interested party </em> .</p>\n<p></p>\n<p>In accordance with the General Data Protection Regulation (EU) 2016/679, we are providing herewith the necessary information relating to the processing of the personal data provided. This information is not considered valid for other websites visited through <em> links </em> on websites belonging to the controller, which is not considered in any way responsible for third-party websites.</p>\n<p>This refers to a disclosure that is made pursuant to Art. 13 of the General Data Protection Regulation (EU) 2016/679 - GDPR. This information is also inspired by Recommendation no. 2/2001 that the European authorities for personal data protection, collected in the Group established by <a href=\"https://eur-lex.europa.eu/legal-content/EN/TXT/HTML/?uri=CELEX:31995L0046\"> Art. 29 of Directive no. 95/46/EC</a> , adopted on 17 May 2001 to identify several minimum requirements for collecting personal data on-line, and, in particular, the methods, times and nature of the information that the Data Controllers must provide to users when they connect to website pages, regardless of the purposes of connecting, as well as what is provided for by Directive 2002/58/EC, as updated by <a href=\"http://eur-lex.europa.eu/legal-content/EN/TXT/HTML/?uri=CELEX:32009L0136&amp;from=EN\"> Directive 2009/136/EC</a> , regarding Cookies and measure of the Guarantor Authority \"Identifying simplified procedures for the disclosure and the acquisition of consent for the use of cookies - 8 May 2014 (Published in the Gazzetta Ufficiale no. 126 of 3 June 2014)\" and subsequent clarifications.</p>\n<p><strong>Personal data (Art. 4 GDPR).</strong> “personal data”: any information concerning an identified or identifiable natural person (“interested party”); a natural person is deemed to be identifiable if he or she can be identified, directly or indirectly, with particular reference to an identifier such as a name, identification number, details of his or her location, an online identifier or one or more details characteristic of his or her physical, physiological, genetic, mental, economic, cultural or social identity; (C26, C27, C30)</p>\n<p><strong>Specific information</strong></p>\n<p>Specific information could be presented on the website pages related to special services or processing of Data provided.</p>\n<!--<p><strong>Cookies</strong></p>\n	<p>For more information on cookies used by this website, please see the cookies policy at the following <a href=\"cookie-policy\"> <strong>link</strong></a></p>-->\n<p>1. <strong>THE DATA \"CONTROLLER\"</strong></p>\n<p>Pursuant to Articles 4 and 24 of the GDPR, the data controller is Toys And Games SA – Via Roncaglia, 15 - 6883 Novazzano, CH, in the person of its <em> pro-tempore </em> legal representative. The controller’s email contact is <a href=\"mailto:info@tandg.quicklysa.ch\">info@tandg.quicklysa.ch</a>.</p>\n<p>2. The <strong>DATA PROTECTION OFFICER (DPO- Data Protection Officer)</strong> is determined pursuant to Articles 37 – 39 of Reg. EU 2016/679. The DPO’s email contact is <a href=\"mailto:info@tandg.quicklysa.ch\">info@tandg.quicklysa.ch</a>.</p>\n<p>3. <strong>PURPOSE AND LEGAL BASIS OF THE PROCESSING</strong></p>\n<p>The personal data will be processed in accordance with the conditions on legality pursuant to Article 6 of Reg. (EU) 2016/679 for the following purposes:</p>\n<p>A) Toys And Games SA services:</p>\n<ul><li><ul><li>- browsing on this website</li>\n<li>- contact request, customer care and for assistance with Toys And Games SA services</li>\n<li>- data collection to enlist the controller\'s services;</li>\n<li>- on-line purchases purchases and related administrative-accounting activities, for the purposes of applying regulations regarding personal data protection, the processing carried out for administrative-accounting purposes refers to processing connected to performing organizational, administrative and accounting activities, regardless of the nature of the data processed. In particular, such purposes are pursued by internal organizational activities, activities necessary for fulfilling contractual and pre-contractual obligations, informational activity, shipping and returns;</li>\n<li>-completion of data collection forms inherent to Toys And Games SA services and activities to activate a single authentication or single identification, with an access control system that allows the user to perform a single valid authentication for several software systems or computer resources to which you will be enabled through Single Sign-On (SSO)</li>\n</ul></li></ul><p>B) for direct marketing, newsletters and <strong>promotions</strong> , market research or other sampling research and direct sales, surveying the level of satisfaction, to receive - by automated means email, MMS or SMS messages, activation with beacons, or other types or messages, social networks and applications, as well as by operator-made telephone calls and paper mail or any other means - informational, promotional, commercial and advertising material and material related to events and initiatives on products, services, offers and promotions, from Toys And Games SA also through the managing companies in charge of processing. The data will be included in the corporate CRM. In order to compare and possibly improve its communication results, Toys And Games SA uses systems to send out newsletters and promotional notices with reports.</p>\n<p>C) for activities, to compile your profile and analyse your habits and consumer choices and purchasing behaviour (if done), so as to improve the sales and services offered, enabling us to send you communications that could interest you. The processing of personal data could refer to customer care activities, comprising offers for personalised services at the points of sale and after sales, as well as complimentary services. Such purposes are also pursued by these being entered in the CRM of the company.</p>\n<p>Data processing in accordance with purpose A) is based on the legitimate interest pursuant to Article 6(1), letter f): (whereas clause 47) taking into account the reasonable expectations held by the interested party at the time or within the scope of the collection of personal data, when the interested party may reasonably expect such data to be processed for that purpose.</p>\n<p>Data processing in accordance with purpose B) is based on the consent pursuant to Article 6(1), letter a) GDPR.</p>\n<p>Data processing in accordance with purpose C is based on the consent pursuant to Article 6(1), letter a) GDPR.</p>\n<p>4. <strong>RECIPIENTS OR CATEGORIES OF RECIPIENTS OF THE DATA</strong></p>\n<p>The personal data supplied will be sent to recipients, who will process the data as data protection officers (Article 28 of Reg. (EU) 2016/679) and/or as natural persons acting under the authority of the Data Controller and Data Protection Officer (Article 29 of Reg. (EU) 2016/679), for the purposes listed in point 3. and to third parties. More specifically, the data may be sent to companies contracted to <strong>Toys And Games SA,</strong> to associated and/or subsidiary companies within the European Union and non-EU countries, in compliance with applicable regulations, also through managing companies. Data may be communicated to third parties falling under the following categories: - sales/distribution network in the territory; - parties that provide services for managing the computer system used by <strong>Toys And Games SA</strong> and the telecommunication networks (including email, CRM Data Base management and mailing lists, e-commerce platforms, APP providers, call centres, etc.); - third parties to support on-line purchases and administrative-accounting activities, shipping and returns (e.g. banks, shipping insurance);- offices or companies within the scope of assistance and consulting services; - the relevant authorities for compliance with legislative requirements and/or directives issued by public bodies, on request. Parties belonging to the categories above cover the function of Data Protection Officers or operate independently as Data Controllers. The list of Data Protection Officers is constantly updated and available at <strong>Toys And Games SA</strong> – Via Roncaglia, 15 - 6883 Novazzano, CH by writing to <a href=\"mailto:info@tandg.quicklysa.ch\">info@tandg.quicklysa.ch</a>.</p>\n<p>5. <strong>TRANSFER OF DATA TO A THIRD COUNTRY AND/OR INTERNATIONAL ORGANIZATION AND GUARANTEES.</strong></p>\n<p>To manage its e-commerce activities, Toys And Games SA will be able to use cloud platforms provided by third parties as sub-processors. In this regard, we inform you that your personal data acquired on the basis of this disclosure will be stored on servers located in the United States of America. The United States of America does not benefit from an EU Commission’s adequacy decision, therefore the transfer will take place on the basis of contractual clauses such as those approved by the Commission or by virtue of other suitable mechanisms for data transfer required by applicable regulations. For information on guarantees concerning data transfer outside the EU, please write to <a href=\"mailto:info@tandg.quicklysa.ch\">info@tandg.quicklysa.ch</a>.</p>\n<p>6. <strong>DATA RETENTION PERIOD OR CRITERIA FOR DETERMINING THE PERIOD</strong></p>\n<p>The data will be processed electronically or manually, with procedures and tools able to guarantee maximum security and confidentiality, by persons specifically authorized to do so. In accordance with the provisions of Article 5(1) letter e) of Reg. (EU) 2016/679, the personal data collected will be kept in a form that allows the identification of interested parties for a period no longer than that required to fulfil the purpose for which the personal data is collected. The retention of the personal data supplied depends on the purpose of processing:</p>\n<ul><li><ul><li><ul><li><ul><li>- browsing on this website <!-- (please see the cookies policy at the following following <a href=\"cookie-policy\"> link</a> ) --> ;</li>\n<li>- for contact request (maximum 1 year);</li>\n<li>- for restricted area for registered users/login (maximum 2 years);</li>\n<li>- data collection for selecting personnel (maximum 2 years);</li>\n<li>- receiving newsletters or promotional notices in general via e-mail (maximum 24 months);</li>\n<li>- online sales (10 years)</li>\n</ul></li></ul></li></ul></li></ul><p>Timing determined on the basis of criteria about which the interested party can obtain information by writing to <a href=\"mailto:info@tandg.quicklysa.ch\">info@tandg.quicklysa.ch</a>.</p>\n<p>7. <strong>RIGHTS OF DATA SUBJECTS</strong></p>\n<p>You may assert your rights as provided for by Regulation (EU) 2016/679, by contacting the Data Controller, by sending an email to <a href=\"mailto:info@tandg.quicklysa.ch\">info@tandg.quicklysa.ch</a> or by writing to the Data Controller’s premises indicated above. You are entitled to ask the Data Controller for access to your personal data at any time (Art. 15), to correct it (Art. 16) or to delete it (Art. 17), or to limit the processing thereof (Art. 18) or to object to the processing thereof based on a legitimate interest (Art. 21). Finally, you are entitled to data portability (Art. 20).</p>\n<p>Right to revoke. Where processing is based on consent, you have the right to withdraw your consent at any time. The withdrawal of consent will not affect the lawfulness of the processing that was based on the consent before it was revoked.</p>\n<p>To object to processing or to exercise any other rights, you can write to <a href=\"mailto:info@tandg.quicklysa.ch\">info@tandg.quicklysa.ch</a>.</p>\n<p>As an alternative to automatic-cancellation systems for e-mail, in order to stop receiving electronic direct marketing (e-mails, SMS, MMS, social networks), you can write to <a href=\"mailto:info@tandg.quicklysa.ch\">info@tandg.quicklysa.ch</a> with the subject line “cancellation from electronic communications”. If you do not want to receive traditional direct marketing (telephone calls from operators, paper-based mail), you can write to <a href=\"mailto:info@tandg.quicklysa.ch\">info@tandg.quicklysa.ch</a> with the subject line “cancellation of traditional”. If you do not want to receive any direct marketing, you can write to <a href=\"mailto:info@tandg.quicklysa.ch\">info@tandg.quicklysa.ch</a> with the subject line \" <em> marketing cancellation </em> \". To object to profiling processing, you can <em> write </em> to <a href=\"mailto:info@tandg.quicklysa.ch\">info@tandg.quicklysa.ch</a> with the subject line “no profiling”.</p>\n<p>You are entitled to submit a claim to a supervisory authority.</p>\n<p>There is no automated decision-making process.</p>\n<p>8. <strong>NATURE OF SUPPLY AND REFUSAL</strong></p>\n<p>The transfer of data for the purposes stated under point A) above is optional, but necessary. The refusal to supply the necessary data regarding point A) makes it impossible to use the services of the Data Controller. The transfer and consent to processing for the purposes under point B) and/or C) is optional. Any refusal to provide consent for the purposes detailed under points B) and/or C) above, does not result in any negative consequence regarding the purposes referred to in point A). Profiling and marketing activities are only an eventuality and shall only be done with the specific consent of the data subject, should the party consent to the profiling of their data with these being entered into the CRM. Entering data into the CRM is optional and shall result in this becoming automatically visible to those that have access, or the data protection officers and persons in charge of the processing at the various points of sale worldwide.</p>\n<p>9. <strong>CHANGES TO THE PRIVACY INFORMATION NOTICE</strong></p>\n<p>The Data Controller reserves the right to change, update, supplement or remove parts of the present Privacy Information Notice at its sole discretion at any time. The Data Subject must check periodically for any changes. To facilitate such checking, the Information Notice will contain the date of updating of the Information Notice.</p>\n<p>10. <strong>SOCIAL LOGIN</strong></p>\n<p>Social Login is a technology that allows the user to share, in an automated way, personal data entered in a social network with the website administrator. For example, the user will be able to use this technology to register on a website quickly or to participate in an on-line contest or to make an on-line purchase (etc.). In short, subject to the user’s authorisation, the social network will send the website administrator the personal data necessary for the user to register on the site, participate in the contest, make the on-line purchase etc., without said user having to enter the requested data manually. To receive detailed information pursuant to Art. 13 of the GDPR regarding the use of personal data processed when using this technology, we invite you to visit the websites of third party administrators of the aforesaid technology. Below you will find references to these third parties, and next to each one of these you will find the link to the page where you can receive information on processing and, where required by the law, give or refuse your consent:</p>\n<p>Facebook social login: <a href=\"https://developers.facebook.com/docs/plugins\">https://developers.facebook.com/docs/plugins</a></p>\n<p>Twitter social login: <a href=\"https://support.twitter.com/articles/20170519\">https://support.twitter.com/articles/20170519</a></p>\n<p>Google account login: <a href=\"https://www.google.com/policies/privacy\">https://www.google.com/policies/privacy</a></p>\n<p>Date updated: 28.06.2018</p>','privacy-policy'),(2,3,9,'Privacy Policy','Privacy Policy','mentions, légales, crédits','<p><strong>PRIVACY POLICY</strong> – Information sheet pursuant to Art. 13 Reg. (EU) 2016/679 – GDPR – <em> Information on the processing of personal data obtained from the interested party </em> .</p>\n<p></p>\n<p>In accordance with the General Data Protection Regulation (EU) 2016/679, we are providing herewith the necessary information relating to the processing of the personal data provided. This information is not considered valid for other websites visited through <em> links </em> on websites belonging to the controller, which is not considered in any way responsible for third-party websites.</p>\n<p>This refers to a disclosure that is made pursuant to Art. 13 of the General Data Protection Regulation (EU) 2016/679 - GDPR. This information is also inspired by Recommendation no. 2/2001 that the European authorities for personal data protection, collected in the Group established by <a href=\"https://eur-lex.europa.eu/legal-content/EN/TXT/HTML/?uri=CELEX:31995L0046\"> Art. 29 of Directive no. 95/46/EC</a> , adopted on 17 May 2001 to identify several minimum requirements for collecting personal data on-line, and, in particular, the methods, times and nature of the information that the Data Controllers must provide to users when they connect to website pages, regardless of the purposes of connecting, as well as what is provided for by Directive 2002/58/EC, as updated by <a href=\"http://eur-lex.europa.eu/legal-content/EN/TXT/HTML/?uri=CELEX:32009L0136&amp;from=EN\"> Directive 2009/136/EC</a> , regarding Cookies and measure of the Guarantor Authority \"Identifying simplified procedures for the disclosure and the acquisition of consent for the use of cookies - 8 May 2014 (Published in the Gazzetta Ufficiale no. 126 of 3 June 2014)\" and subsequent clarifications.</p>\n<p><strong>Personal data (Art. 4 GDPR).</strong> “personal data”: any information concerning an identified or identifiable natural person (“interested party”); a natural person is deemed to be identifiable if he or she can be identified, directly or indirectly, with particular reference to an identifier such as a name, identification number, details of his or her location, an online identifier or one or more details characteristic of his or her physical, physiological, genetic, mental, economic, cultural or social identity; (C26, C27, C30)</p>\n<p><strong>Specific information</strong></p>\n<p>Specific information could be presented on the website pages related to special services or processing of Data provided.</p>\n<!--<p><strong>Cookies</strong></p>\n	<p>For more information on cookies used by this website, please see the cookies policy at the following <a href=\"cookie-policy\"> <strong>link</strong></a></p>-->\n<p>1. <strong>THE DATA \"CONTROLLER\"</strong></p>\n<p>Pursuant to Articles 4 and 24 of the GDPR, the data controller is Toys And Games SA – Via Roncaglia, 15 - 6883 Novazzano, CH, in the person of its <em> pro-tempore </em> legal representative. The controller’s email contact is <a href=\"mailto:info@tandg.quicklysa.ch\">info@tandg.quicklysa.ch</a>.</p>\n<p>2. The <strong>DATA PROTECTION OFFICER (DPO- Data Protection Officer)</strong> is determined pursuant to Articles 37 – 39 of Reg. EU 2016/679. The DPO’s email contact is <a href=\"mailto:info@tandg.quicklysa.ch\">info@tandg.quicklysa.ch</a>.</p>\n<p>3. <strong>PURPOSE AND LEGAL BASIS OF THE PROCESSING</strong></p>\n<p>The personal data will be processed in accordance with the conditions on legality pursuant to Article 6 of Reg. (EU) 2016/679 for the following purposes:</p>\n<p>A) Toys And Games SA services:</p>\n<ul><li><ul><li>- browsing on this website</li>\n<li>- contact request, customer care and for assistance with Toys And Games SA services</li>\n<li>- data collection to enlist the controller\'s services;</li>\n<li>- on-line purchases purchases and related administrative-accounting activities, for the purposes of applying regulations regarding personal data protection, the processing carried out for administrative-accounting purposes refers to processing connected to performing organizational, administrative and accounting activities, regardless of the nature of the data processed. In particular, such purposes are pursued by internal organizational activities, activities necessary for fulfilling contractual and pre-contractual obligations, informational activity, shipping and returns;</li>\n<li>-completion of data collection forms inherent to Toys And Games SA services and activities to activate a single authentication or single identification, with an access control system that allows the user to perform a single valid authentication for several software systems or computer resources to which you will be enabled through Single Sign-On (SSO)</li>\n</ul></li></ul><p>B) for direct marketing, newsletters and <strong>promotions</strong> , market research or other sampling research and direct sales, surveying the level of satisfaction, to receive - by automated means email, MMS or SMS messages, activation with beacons, or other types or messages, social networks and applications, as well as by operator-made telephone calls and paper mail or any other means - informational, promotional, commercial and advertising material and material related to events and initiatives on products, services, offers and promotions, from Toys And Games SA also through the managing companies in charge of processing. The data will be included in the corporate CRM. In order to compare and possibly improve its communication results, Toys And Games SA uses systems to send out newsletters and promotional notices with reports.</p>\n<p>C) for activities, to compile your profile and analyse your habits and consumer choices and purchasing behaviour (if done), so as to improve the sales and services offered, enabling us to send you communications that could interest you. The processing of personal data could refer to customer care activities, comprising offers for personalised services at the points of sale and after sales, as well as complimentary services. Such purposes are also pursued by these being entered in the CRM of the company.</p>\n<p>Data processing in accordance with purpose A) is based on the legitimate interest pursuant to Article 6(1), letter f): (whereas clause 47) taking into account the reasonable expectations held by the interested party at the time or within the scope of the collection of personal data, when the interested party may reasonably expect such data to be processed for that purpose.</p>\n<p>Data processing in accordance with purpose B) is based on the consent pursuant to Article 6(1), letter a) GDPR.</p>\n<p>Data processing in accordance with purpose C is based on the consent pursuant to Article 6(1), letter a) GDPR.</p>\n<p>4. <strong>RECIPIENTS OR CATEGORIES OF RECIPIENTS OF THE DATA</strong></p>\n<p>The personal data supplied will be sent to recipients, who will process the data as data protection officers (Article 28 of Reg. (EU) 2016/679) and/or as natural persons acting under the authority of the Data Controller and Data Protection Officer (Article 29 of Reg. (EU) 2016/679), for the purposes listed in point 3. and to third parties. More specifically, the data may be sent to companies contracted to <strong>Toys And Games SA,</strong> to associated and/or subsidiary companies within the European Union and non-EU countries, in compliance with applicable regulations, also through managing companies. Data may be communicated to third parties falling under the following categories: - sales/distribution network in the territory; - parties that provide services for managing the computer system used by <strong>Toys And Games SA</strong> and the telecommunication networks (including email, CRM Data Base management and mailing lists, e-commerce platforms, APP providers, call centres, etc.); - third parties to support on-line purchases and administrative-accounting activities, shipping and returns (e.g. banks, shipping insurance);- offices or companies within the scope of assistance and consulting services; - the relevant authorities for compliance with legislative requirements and/or directives issued by public bodies, on request. Parties belonging to the categories above cover the function of Data Protection Officers or operate independently as Data Controllers. The list of Data Protection Officers is constantly updated and available at <strong>Toys And Games SA</strong> – Via Roncaglia, 15 - 6883 Novazzano, CH by writing to <a href=\"mailto:info@tandg.quicklysa.ch\">info@tandg.quicklysa.ch</a>.</p>\n<p>5. <strong>TRANSFER OF DATA TO A THIRD COUNTRY AND/OR INTERNATIONAL ORGANIZATION AND GUARANTEES.</strong></p>\n<p>To manage its e-commerce activities, Toys And Games SA will be able to use cloud platforms provided by third parties as sub-processors. In this regard, we inform you that your personal data acquired on the basis of this disclosure will be stored on servers located in the United States of America. The United States of America does not benefit from an EU Commission’s adequacy decision, therefore the transfer will take place on the basis of contractual clauses such as those approved by the Commission or by virtue of other suitable mechanisms for data transfer required by applicable regulations. For information on guarantees concerning data transfer outside the EU, please write to <a href=\"mailto:info@tandg.quicklysa.ch\">info@tandg.quicklysa.ch</a>.</p>\n<p>6. <strong>DATA RETENTION PERIOD OR CRITERIA FOR DETERMINING THE PERIOD</strong></p>\n<p>The data will be processed electronically or manually, with procedures and tools able to guarantee maximum security and confidentiality, by persons specifically authorized to do so. In accordance with the provisions of Article 5(1) letter e) of Reg. (EU) 2016/679, the personal data collected will be kept in a form that allows the identification of interested parties for a period no longer than that required to fulfil the purpose for which the personal data is collected. The retention of the personal data supplied depends on the purpose of processing:</p>\n<ul><li><ul><li><ul><li><ul><li>- browsing on this website <!-- (please see the cookies policy at the following following <a href=\"cookie-policy\"> link</a> ) --> ;</li>\n<li>- for contact request (maximum 1 year);</li>\n<li>- for restricted area for registered users/login (maximum 2 years);</li>\n<li>- data collection for selecting personnel (maximum 2 years);</li>\n<li>- receiving newsletters or promotional notices in general via e-mail (maximum 24 months);</li>\n<li>- online sales (10 years)</li>\n</ul></li></ul></li></ul></li></ul><p>Timing determined on the basis of criteria about which the interested party can obtain information by writing to <a href=\"mailto:info@tandg.quicklysa.ch\">info@tandg.quicklysa.ch</a>.</p>\n<p>7. <strong>RIGHTS OF DATA SUBJECTS</strong></p>\n<p>You may assert your rights as provided for by Regulation (EU) 2016/679, by contacting the Data Controller, by sending an email to <a href=\"mailto:info@tandg.quicklysa.ch\">info@tandg.quicklysa.ch</a> or by writing to the Data Controller’s premises indicated above. You are entitled to ask the Data Controller for access to your personal data at any time (Art. 15), to correct it (Art. 16) or to delete it (Art. 17), or to limit the processing thereof (Art. 18) or to object to the processing thereof based on a legitimate interest (Art. 21). Finally, you are entitled to data portability (Art. 20).</p>\n<p>Right to revoke. Where processing is based on consent, you have the right to withdraw your consent at any time. The withdrawal of consent will not affect the lawfulness of the processing that was based on the consent before it was revoked.</p>\n<p>To object to processing or to exercise any other rights, you can write to <a href=\"mailto:info@tandg.quicklysa.ch\">info@tandg.quicklysa.ch</a>.</p>\n<p>As an alternative to automatic-cancellation systems for e-mail, in order to stop receiving electronic direct marketing (e-mails, SMS, MMS, social networks), you can write to <a href=\"mailto:info@tandg.quicklysa.ch\">info@tandg.quicklysa.ch</a> with the subject line “cancellation from electronic communications”. If you do not want to receive traditional direct marketing (telephone calls from operators, paper-based mail), you can write to <a href=\"mailto:info@tandg.quicklysa.ch\">info@tandg.quicklysa.ch</a> with the subject line “cancellation of traditional”. If you do not want to receive any direct marketing, you can write to <a href=\"mailto:info@tandg.quicklysa.ch\">info@tandg.quicklysa.ch</a> with the subject line \" <em> marketing cancellation </em> \". To object to profiling processing, you can <em> write </em> to <a href=\"mailto:info@tandg.quicklysa.ch\">info@tandg.quicklysa.ch</a> with the subject line “no profiling”.</p>\n<p>You are entitled to submit a claim to a supervisory authority.</p>\n<p>There is no automated decision-making process.</p>\n<p>8. <strong>NATURE OF SUPPLY AND REFUSAL</strong></p>\n<p>The transfer of data for the purposes stated under point A) above is optional, but necessary. The refusal to supply the necessary data regarding point A) makes it impossible to use the services of the Data Controller. The transfer and consent to processing for the purposes under point B) and/or C) is optional. Any refusal to provide consent for the purposes detailed under points B) and/or C) above, does not result in any negative consequence regarding the purposes referred to in point A). Profiling and marketing activities are only an eventuality and shall only be done with the specific consent of the data subject, should the party consent to the profiling of their data with these being entered into the CRM. Entering data into the CRM is optional and shall result in this becoming automatically visible to those that have access, or the data protection officers and persons in charge of the processing at the various points of sale worldwide.</p>\n<p>9. <strong>CHANGES TO THE PRIVACY INFORMATION NOTICE</strong></p>\n<p>The Data Controller reserves the right to change, update, supplement or remove parts of the present Privacy Information Notice at its sole discretion at any time. The Data Subject must check periodically for any changes. To facilitate such checking, the Information Notice will contain the date of updating of the Information Notice.</p>\n<p>10. <strong>SOCIAL LOGIN</strong></p>\n<p>Social Login is a technology that allows the user to share, in an automated way, personal data entered in a social network with the website administrator. For example, the user will be able to use this technology to register on a website quickly or to participate in an on-line contest or to make an on-line purchase (etc.). In short, subject to the user’s authorisation, the social network will send the website administrator the personal data necessary for the user to register on the site, participate in the contest, make the on-line purchase etc., without said user having to enter the requested data manually. To receive detailed information pursuant to Art. 13 of the GDPR regarding the use of personal data processed when using this technology, we invite you to visit the websites of third party administrators of the aforesaid technology. Below you will find references to these third parties, and next to each one of these you will find the link to the page where you can receive information on processing and, where required by the law, give or refuse your consent:</p>\n<p>Facebook social login: <a href=\"https://developers.facebook.com/docs/plugins\">https://developers.facebook.com/docs/plugins</a></p>\n<p>Twitter social login: <a href=\"https://support.twitter.com/articles/20170519\">https://support.twitter.com/articles/20170519</a></p>\n<p>Google account login: <a href=\"https://www.google.com/policies/privacy\">https://www.google.com/policies/privacy</a></p>\n<p>Date updated: 28.06.2018</p>','privacy-policy'),(2,4,9,'Privacy Policy','Privacy Policy','note, legali, crediti','<p><strong>PRIVACY POLICY</strong>– Documento informativo art. 13 Reg. UE 2016/679 – GDPR – <em> Informativa per trattamento di dati personali raccolti presso l’interessato </em> .</p>\n<p></p>\n<p>In osservanza al Regolamento Generale sulla protezione dei Dati (UE) 2016/679 siamo a fornire le dovute informazioni in ordine al trattamento dei dati personali forniti. L\'informativa non è da considerarsi valida per altri siti web eventualmente consultabili tramite <em> links </em> presenti sui siti internet a dominio del titolare, che non è da considerarsi in alcun modo responsabile dei siti internet dei terzi.</p>\n<p>Si tratta di un\'informativa che è resa ai sensi dell’art.13 del Regolamento Generale sulla protezione dei dati (UE) 2016/679 - GDPR L\'informativa si ispira anche alla Raccomandazione n. 2/2001 che le autorità europee per la protezione dei dati personali, riunite nel Gruppo istituito dall <a href=\"http://www.garanteprivacy.it/web/guest/home/docweb/-/docweb-display/docweb/432175\"> <span> ’art. 29 della direttiva n. 95/46/CE</span></a> , hanno adottato il 17 maggio 2001 per individuare alcuni requisiti minimi per la raccolta di dati personali on-line, e, in particolare, le modalità, i tempi e la natura delle informazioni che i titolari del trattamento devono fornire agli utenti quando questi si collegano a pagine web, indipendentemente dagli scopi del collegamento, nonché a quanto previsto dalla Direttiva 2002/58/CE, come aggiornata dalla <a href=\"http://eur-lex.europa.eu/LexUriServ/LexUriServ.do?uri=OJ:L:2009:337:0011:0036:it:PDF\"> Direttiva 2009/136/CE</a> , in materia di Cookie e provvedimento dell\'Autorità Garante \"Individuazione delle modalità semplificate per l\'informativa e l\'acquisizione del consenso per l\'uso dei cookie - 8 maggio 2014 (Pubblicato sulla Gazzetta Ufficiale n. 126 del 3 giugno 2014)\" e successivi chiarimenti.</p>\n<p><strong>Dato personale (art. 4 GDPR) .</strong>«dato personale»: qualsiasi informazione riguardante una persona fisica identificata o identificabile («interessato»); si considera identificabile la persona fisica che può essere identificata, direttamente o indirettamente, con particolare riferimento a un identificativo come il nome, un numero di identificazione, dati relativi all’ubicazione, un identificativo online o a uno o più elementi caratteristici della sua identità fisica, fisiologica, genetica, psichica, economica, culturale o sociale; (C26, C27, C30)</p>\n<p><strong>Informative specifiche</strong></p>\n<p>Informative specifiche potrebbero essere presentate nelle pagine del Sito in relazione a particolari servizi o trattamenti dei Dati forniti.</p>\n<!--<p><strong>Cookies</strong></p>\n<p>Per maggiori informazioni sui cookies utilizzati dal presente sito web si veda la cookies policy al seguente <a href=\"cookie-policy\"><strong><span> link</strong></a><strong>.</strong></span></p>-->\n<p>1.<strong>IL \"TITOLARE\" DEL TRATTAMENTO</strong></p>\n<p>Ai sensi degli art. 4 e 24 del GDPR, il titolare del trattamento è Toys And Games SA – Via Roncaglia, 15 - 6883 Novazzano, CH nella persona del legale rappresentante <em> pro-tempore </em> L’email di contatto del titolare è <a href=\"mailto:info@tandg.quicklysa.ch\">info@tandg.quicklysa.ch</a>.</p>\n<p>2.<strong>RESPONSABILE DELLA PROTEZIONE DEI DATI (RPD/DPO- Data Protection Officer)</strong>è individuato ai sensi degli artt. 37 – 39 del Reg. UE 2016/679. L’email di contatto del DPO è <a href=\"mailto:info@tandg.quicklysa.ch\">info@tandg.quicklysa.ch</a>.</p>\n<p>3.<strong>FINALITÀ E BASE GIURIDICA DEL TRATTAMENTO</strong></p>\n<p>I dati personali saranno trattati nel rispetto delle condizioni di liceità ex art. 6 Reg. UE 2016/679 per le seguenti finalità:</p>\n<p>A) servizi di Quickly Fullfilment House SA:</p>\n<ul><li>- navigazione sul presente sito internet</li>\n<li>- eventuale richiesta di contatto, customer care e per assistenza sui servizi di Toys And Games SA</li>\n<li>- eventuale raccolta dati per aderire a servizi del Titolare;</li>\n<li>- eventuali acquisti on-line e attività amministrativo-contabili connesse, Ai fini dell\'applicazione delle disposizioni in materia di protezione dei dati personali, i trattamenti effettuati per finalità amministrativo-contabili sono quelli connessi allo svolgimento delle attività di natura organizzativa, amministrativa, finanziaria e contabile, a prescindere dalla natura dei dati trattati. In particolare, perseguono tali finalità le attività organizzative interne, quelle funzionali all\'adempimento di obblighi contrattuali e precontrattuali, attività informativa, spedizioni ed eventuali resi;</li>\n<li>- compilazione di form di raccolta dati inerenti ai servizi di Toys And Games SA e attività per attivare una autenticazione unica o identificazione unica, con un sistema di controllo d\'accesso che consente ad un utente di effettuare un\'unica autenticazione valida per più sistemi software o risorse informatiche alle quali sarai abilitato tramite Single sign-on (SSO)</li>\n</ul><p>B) per attività di marketing diretto, newsletters e<strong>promozioni</strong>, ricerche di mercato o altre ricerche campionarie e vendita diretta, rilevazione del grado di soddisfazione, per ricevere - tramite mezzi automatizzati posta elettronica, messaggi MMS o SMS, attivazione con beacon, o di altro tipo, social networks e applicazioni, nonchè mediante telefonate tramite operatore e della posta cartacea o qualsiasi altro mezzo - materiale informativo, promozionale, commerciale e pubblicitario e inerente ad eventi ed iniziative su prodotti, servizi, offerte, promozioni, da parte di Toys And Games SA anche attraverso le società di gestione (managing company) nominate responsabili del trattamento. I dati saranno inseriti nel CRM aziendale. Toys And Games SA, per confrontare ed eventualmente migliorare i risultati delle comunicazioni, utilizza sistemi per invio di newsletter e comunicazioni promozionali con report.</p>\n<p>C) per attività di profilazione, per consentire di elaborare il suo profilo e di analizzare le abitudini e le scelte di consumo e comportamenti di acquisto (se effettuati), al fine di migliorare l\'offerta commerciale e i servizi proposti e in modo da consentirci di inviare comunicazioni che potrebbero essere di suo interesse. Il trattamento dei dati personali potrebbe riguardare attività di customer care, consistenti nell\'offerta di servizi personalizzati in sede di vendita e post-vendita e servizi di cortesia. Tali finalità sono perseguite anche attraverso l’inserimento degli stessi nel CRM aziendale.</p>\n<p>Il trattamento dati ai sensi della finalità A) si basa sul legittimo interesse ex articolo 6, paragrafo 1, lettera f): (considerando 47) tenuto conto delle ragionevoli aspettative nutrite dall’interessato al momento e nell’ambito della raccolta dei dati personali, quando l’interessato possa ragionevolmente attendersi che abbia luogo un trattamento a tal fine.</p>\n<p>Il trattamento dati ai sensi della finalità B) si basa sul consenso ex. articolo 6, paragrafo 1, lettera a) GDPR.</p>\n<p>Il trattamento dati ai sensi della finalità C) si basa sul consenso ex. articolo 6, paragrafo 1, lettera a) GDPR.</p>\n<p>4.<strong>DESTINATARI O CATEGORIE DI DESTINATARI DEI DATI</strong></p>\n<p>I dati di natura personale forniti saranno comunicati a destinatari, che tratteranno i dati in qualità di responsabili (art. 28 del Reg. UE 2016/679) e/o in qualità di persone fisiche che agiscono sotto l’autorità del Titolare e del Responsabile (art. 29 del Reg. UE 2016/679), per le finalità sopra elencate al punto 3. e a terzi. Precisamente, i dati saranno comunicati a: società contrattualmente legate a<strong>Toys And Games SA,</strong>a società collegate e/o controllate all\'interno dell\'Unione Europea e in paesi extra UE, in conformità della normativa vigente, anche attraverso le società di gestione (managing company). I dati potranno essere comunicati a terzi appartenenti alle seguenti categorie: - alla rete di vendita/distributiva su territorio; - soggetti che forniscono servizi per la gestione del sistema informativo usato da<strong>Toys And Games SA</strong>e delle reti di telecomunicazioni (ivi compresa la posta elettronica, gestione Data Base CRM e mailing list, piattaforme e-commerce, fornitori APP, call center, ecc…); - soggetti terzi per supporto ad acquisti on-line e attività amministrativo-contabili connesse, spedizioni ed eventuali resi (es. banche, assicurazioni spedizionieri);- studi o società nell\'ambito di rapporti di assistenza e consulenza; - autorità competenti per adempimenti di obblighi di leggi e/o di disposizioni di organi pubblici, su richiesta. I soggetti appartenenti alle categorie suddette svolgono la funzione di Responsabile del trattamento dei dati, oppure operano in totale autonomia come distinti Titolari del trattamento. L\'elenco dei responsabili è costantemente aggiornato e disponibile presso la sede di<strong>Toys And Games SA</strong>- Via Roncaglia, 15 - 6883 Novazzano, CH scrivendo a <a href=\"mailto:info@tandg.quicklysa.ch\">info@tandg.quicklysa.ch</a>.</p>\n<p>5.<strong>TRASFERIMENTO DEI DATI VERSO UN PAESE TERZO E/O UN’ORGANIZZAZIONE INTERNAZIONALE E GARANZIE.</strong></p>\n<p>Per gestire le proprie attività di commercio elettronico, Toys And Games SA potrà avvalersi di piattaforme cloud fornite da operatori terzi in qualità di sub-responsabili del trattamento. A tale riguardo, La informiamo che i Suoi dati personali acquisiti sulla base della presente informativa saranno conservati presso server situati negli Stati Uniti d’America. Gli Stati Uniti d’America non beneficiano di una decisione di adeguatezza della Commissione UE, pertanto il trasferimento avverrà sulla base delle clausole contrattuali tipo approvate dalla Commissione o in virtù di altri meccanismi adeguati di trasferimento dei dati previsti dalla normativa vigente. Per avere informazioni circa le garanzie inerenti il trasferimento di dati fuori dall’UE scrivi a <a href=\"mailto:info@tandg.quicklysa.ch\">info@tandg.quicklysa.ch</a>.</p>\n<p>6.<strong>PERIODO DI CONSERVAZIONE DEI DATI O CRITERI PER DETERMINARE IL PERIODO</strong></p>\n<p>Il trattamento sarà svolto in forma automatizzata e manuale, con modalità e strumenti volti a garantire la massima sicurezza e riservatezza, ad opera di soggetti di ciò appositamente incaricati. Nel rispetto di quanto previsto dall’art. 5 comma 1 lett. e) del Reg. UE 2016/679 i dati personali raccolti verranno conservati in una forma che consenta l’identificazione degli interessati per un arco di tempo non superiore al conseguimento delle finalità per le quali i dati personali sono trattati. La conservazione dei dati di natura personale forniti dipende dalla finalità del trattamento:</p>\n<ul><li>- navigazione sul presente sito web <!-- (si veda la cookies policy al seguente <a href=\"cookie-policy\"> <span> link</a> ) --> ;</li>\n<li>- per richiesta di contatto (massimo 1 anno);</li>\n<li>- per area riservata registrati/login (massimo 2 anni);</li>\n<li>- raccolta dati per selezione del personale (massimo 2 anni);</li>\n<li>- ricezione newsletter o comunicazioni promozionali in genere via e-mail (massimo 24 mesi);</li>\n<li>- vendite online (10 anni)</li>\n</ul><p>tempistica determinata sulla base di criteri di cui l’interessato può avere informazioni scrivendo a <a href=\"mailto:info@tandg.quicklysa.ch\">info@tandg.quicklysa.ch</a>.</p>\n<p>7.<strong>DIRITTI DEGLI INTERESSATI</strong></p>\n<p>Potrai far valere i tuoi diritti come espressi dal Regolamento UE 2016/679, rivolgendoti al Titolare, inviando una e-mail all’indirizzo <a href=\"mailto:info@tandg.quicklysa.ch\">info@tandg.quicklysa.ch</a> o scrivendo alla sede del Titolare sopra indicata. Hai il diritto, in qualunque momento, di chiedere al Titolare del trattamento l’accesso ai Suoi dati personali (art. 15), la rettifica (art. 16) o la cancellazione (art 17) degli stessi, o la limitazione del trattamento (art 18) o di opporsi al loro trattamento basato sul legittimo interesse (art. 21). Infine, hai il diritto alla portabilità del dato (art. 20).</p>\n<p>Revoca del consenso. Qualora il trattamento sia basato sul consenso, hai il diritto di revocare il consenso in qualsiasi momento senza pregiudicare la liceità del trattamento basata sul consenso prestato prima della revoca.</p>\n<p>Per opporti al trattamento e per esercitare gli altri diritti potrai scrivere a <a href=\"mailto:info@tandg.quicklysa.ch\">info@tandg.quicklysa.ch</a>.</p>\n<p>In alternativa ai sistemi di cancellazione automatica previsto per le sole e-mail, per non ricevere più comunicazioni di marketing diretto automatizzato (e-mail, SMS, MMS, social networks) potrai scrivere a <a href=\"mailto:info@tandg.quicklysa.ch\">info@tandg.quicklysa.ch</a> con oggetto “cancellazione da automatizzato”. Per non ricevere più comunicazioni di marketing diretto tradizionale (telefonate con operatore, posta cartacea) potrai scrivere a <a href=\"mailto:info@tandg.quicklysa.ch\">info@tandg.quicklysa.ch</a> con oggetto “cancellazione da tradizionale”. Per non ricevere più nessuna comunicazione di marketing diretto potrai scrivere a <a href=\"mailto:info@tandg.quicklysa.ch\">info@tandg.quicklysa.ch</a> con oggetto \" <em> cancellazione marketing </em> \". Per opporti al trattamento di profilazione potrai <em> scrivere </em> a <a href=\"mailto:info@tandg.quicklysa.ch\">info@tandg.quicklysa.ch</a> con oggetto “no profilazione”.</p>\n<p>Hai il diritto di proporre reclamo a un’autorità di controllo.</p>\n<p>Non c’è un processo decisionale automatizzato.</p>\n<p>8.<strong>NATURA DEL CONFERIMENTO E RIFIUTO</strong></p>\n<p>Il conferimento dei dati per le finalità di cui al punto A) è facoltativo ma necessario. L\'eventuale rifiuto del conferimento dei dati necessari rispetto al punto A) comporta l\'impossibilità di usufruire dei servizi del Titolare del trattamento. Il conferimento e il consenso al trattamento per le finalità di cui ai punti B) e/o C) è facoltativo. L\'eventuale rifiuto del/i consenso/i per le finalità illustrate nei punti B) e/o C) sopra riportate, non comporta alcuna conseguenza negativa riguardo le finalità di cui al punto A). Le attività di profilazione e di marketing sono solo eventuali e saranno realizzate solamente con il consenso specifico dell’interessato, qualora decida di acconsentire alla profilazione dei propri dati mediante inserimento degli stessi nel CRM. L\'inserimento dei dati nel CRM è facoltativo e comporterà automaticamente la visibilità dei medesimi da parte di coloro che vi hanno accesso, ovvero i responsabili e gli incaricati al trattamento, presenti presso i punti vendita nel mondo.</p>\n<p>9.<strong>MODIFICHE ALL\'INFORMATIVA SULLA PRIVACY</strong></p>\n<p>Il Titolare si riserva il diritto di modificare, aggiornare, aggiungere o rimuovere parti della presente informativa sulla privacy a propria discrezione e in qualsiasi momento. La persona interessata è tenuta a verificare periodicamente le eventuali modifiche. Al fine di facilitare tale verifica l\'informativa conterrà l\'indicazione della data di aggiornamento dell\'informativa.</p>\n<p>10.<strong>LOGIN SOCIAL</strong></p>\n<p>Login Social è una tecnologia che permette all’utente di condividere in modalità automatizzata alcuni dati personali inseriti all’interno di un social network con il gestore di un sito web. P.es. l’utente potrà avvalersi di tale tecnologia per registrarsi in maniera rapida su un sito internet o per partecipare ad un concorso online o per effettuare un acquisto online (ecc.). In breve, previa autorizzazione dell’utente il social network invierà al gestore del sito web i dati personali necessari per la registrazione sul sito, la partecipazione al concorso, l’acquisto online, ecc. dell’utente, senza che quest’ultima debba inserire manualmente i dati richiesti. Per ricevere informazioni dettagliate ai sensi dell’art. 13 del GDPR in merito all’utilizzo dei dati personali trattati quando usufruisci di questa tecnologia, ti invitiamo a visitare i siti internet dei terzi gestori della suddetta tecnologia. Troverai di seguito i riferimenti di tali terzi, ed accanto a ciascuna di esse troverai il link alla pagina nella quale potrai ricevere le informazioni sul trattamento e, ove previsto dalla normativa, esprimere o negare il suo consenso:</p>\n<p>Facebook social login: <a href=\"https://developers.facebook.com/docs/plugins\"> <span> https://developers.facebook.com/docs/plugins</span></a></p>\n<p>Twitter social login: <a href=\"https://support.twitter.com/articles/20170519\"> <span> https://support.twitter.com/articles/20170519</span></a></p>\n<p>Google account login: <a href=\"https://www.google.com/policies/privacy\"> <span> https://www.google.com/policies/privacy</span></a></p>\n<p>Data di aggiornamento: 28.06.2018</p>','privacy-policy'),(2,1,10,'Privacy Policy','Privacy Policy','notice, legal, credits','<h2>Legal</h2>\n<h3>Credits</h3>\n<p>Concept and production:</p>\n<p>This Online store was created using <a href=\"http://www.prestashop.com\">Prestashop Shopping Cart Software</a>,check out PrestaShop\'s <a href=\"http://www.prestashop.com/blog/en/\">ecommerce blog</a> for news and advices about selling online and running your ecommerce website.</p>','privacy-policy'),(2,2,10,'Privacy Policy','Privacy Policy','Hinweise, rechtlich, Gutscheine','<h2>Legal</h2>\n<h3>Credits</h3>\n<p>Konzept und Gestaltung:</p>\n<p>Diese Webseite wurde hergestellt unter Verwendung von <a href=\"http://www.prestashop.com\">PrestaShop</a>™ open-source software.</p>','privacy-policy'),(2,3,10,'Privacy Policy','Privacy Policy','mentions, légales, crédits','<h2>Mentions légales</h2>\n<h3>Crédits</h3>\n<p>Conception et production :</p>\n<p>cette boutique en ligne a été créée à l\'aide du <a href=\"http://www.prestashop.com\">logiciel PrestaShop. </a>Rendez-vous sur le <a href=\"http://www.prestashop.com/blog/en/\">blog e-commerce de PrestaShop</a> pour vous tenir au courant des dernières actualités et obtenir des conseils sur la vente en ligne et la gestion d\'un site d\'e-commerce.</p>','privacy-policy'),(2,4,10,'Privacy Policy','Privacy Policy','note, legali, crediti','<h1>PRIVACY</h1>\n<p>TOYS AND GAMES SA (di seguito indicata come TOYS AND GAMES o la “Società”), gestore del sito www.tandg.quicklysa.ch (di seguito indicato come “il Sito”), desidera fornire le informazioni che seguono in ordine al trattamento dei dati personali, restando inteso che visitando il Sito si prende atto ed accetta, in quanto occorra, le procedure descritte in questa Informativa sulla privacy nel rispetto della legislazione svizzera e precisamente della <strong>Legge Federale sulla protezione dei Dati (LPD).</strong></p>\n<h2>ART.1 - Finalità del trattamento</h2>\n<p>Il trattamento dei dati personali forniti e/o desunti con la navigazione nel Sito è diretto al raggiungimento delle seguenti finalità:</p>\n<ul><li>consentire l’accesso e la navigazione nel Sito nonché elaborare statistiche anonime sull’uso del Sito, per controllare il corretto funzionamento dello stesso e per l’accertamento di eventuali responsabilità in caso di illeciti commessi durante la navigazione;</li>\n<li>fornire il servizio di registrazione nel Sito;</li>\n<li>per la ricerca e la prevenzione di frodi e altre attività illegali.</li>\n<li>fornire i servizi offerti dalla Società.</li>\n</ul><p>I dati personali vengono conservati fino a quando sussiste una finalità di carattere commerciale o per tutto il tempo previsto dalla legge dopodiché vengono cancellati.</p>\n<h2>Art.2 - Modalità di trattamento – Misure di sicurezza</h2>\n<p>Il trattamento dei dati personali potrà consistere, oltre che nella loro raccolta, nella loro registrazione, conservazione, modificazione, comunicazione, cancellazione. Il trattamento, inoltre, potrà essere effettuato con o senza l’utilizzo di strumenti elettronici da personale appositamente incaricato. La conservazione dei dati avverrà in forma cartacea e/o elettronica/informatica/ottica e per il tempo strettamente necessario al soddisfacimento delle finalità di cui al primo punto, nel rispetto della normativa vigente.</p>\n<p>In relazione ai dati personali, la Società adotterà tutti gli strumenti idonei a garantirne la sicurezza e la riservatezza, in conformità a quanto previsto dalla <strong>legge svizzera</strong>. In particolare saranno adottate tutte le misure tecniche, informatiche, organizzative, logistiche e procedurali di sicurezza, come stabilite dalla <strong>Legge Federale sulla protezione dei Dati (LPD),</strong> in modo che sia garantito il livello minimo di protezione dei dati previsto dalla normativa vigente. Inoltre, le metodologie applicate garantiscono che l’accesso ai dati sia consentito alle sole persone incaricate del trattamento da parte della Società.</p>\n<h2>Art. 3 - Conferimento dati</h2>\n<p>Per quanto concerne il conferimento dei dati personali, TOYS AND GAMES informa che:</p>\n<ul><li>i sistemi informatici e le procedure software preposte al funzionamento del Sito acquisiscono, nel corso del loro normale esercizio, alcuni dati personali la cui trasmissione è implicita nell’uso dei protocolli di comunicazione di internet; il mero accesso al Sito comporta pertanto l’acquisizione da parte della Società dei dati personali;</li>\n<li>taluni dati personali sono obbligatori ai fini della registrazione nel Sito ed un rifiuto ai fornirli non consente di completare la procedura di registrazione.</li>\n</ul><h2>Art. 4 - Comunicazione e diffusione dei dati</h2>\n<p>I dati personali raccolti per il raggiungimento delle finalità di cui al primo punto che precede non saranno oggetto di comunicazione né diffusione a terzi. Per alcuni servizi, come la consegna del prodotto e la procedura di pagamento, TOYS AND GAMES si avvale di terze parti. Queste terze parti avranno accesso a quelle informazioni personali che abbiamo raccolto da voi e che sono necessarie a far sì che questi svolgano le proprie funzioni. Non sono autorizzati ad utilizzare le vostre informazioni personali per nessun altro scopo e sono obbligati contrattualmente a conformarsi con le leggi in materia di tutela dei dati personali.</p>\n<p>Le informazioni di carattere personale verranno divulgate laddove richiesto dalla legge, per far rispettare Termini e Condizioni Generali e rendere esecutivi eventuali altri accordi, nel caso di azioni investigative, indagini e per la prevenzione di frodi o altre attività illegali.</p>\n<h2>Art.5 - Modifiche all\' Informativa sulla Privacy</h2>\n<p>L\'Informativa sulla Privacy è soggetta a modifiche periodiche mirate a garantire una sempre maggiore tutela dei vostri dati personali. Vi consigliamo di controllare periodicamente l\'Informativa sulla Privacy quando accedete al vostro account. L\'utilizzo del sito da parte vostra implica il vostro consenso alla versione aggiornata dell\'Informativa sulla Privacy.</p>\n<h2>Art. 6 - Diritti della Privacy</h2>\n<p>In qualsiasi momento è possibile contattare TOYS AND GAMES e chiedere informazioni su tutti i dati personali raccolti su se stessi. Inoltre è possibile chiedere la modifica, l\'aggiornamento o la cancellazione dei propri dati personali. TOYS AND GAMES prega di tenere presente che, se richiesto di cancellare i dati personali, non sarà più in grado di fornire al richiedente i propri servizi. Accedendo al proprio account sul sito web, in ogni momento si ha la possibilità di modificare, aggiornare o cancellare le informazioni personali quali nome, cognome, indirizzo, paese di residenza, i dettagli della carta di credito. Naturalmente è possibile anche cancellare il proprio account in qualsiasi momento.</p>\n<h2>Art. 7 - Titolare e Responsabile</h2>\n<p>Titolare del trattamento è la scrivente Società, in persona del proprio rappresentante legale. Per ogni richiesta relativa all’utilizzo dei dati personali rivolgersi al seguente indirizzo: TOYS AND GAMES SA, Novazzano 6883, Via Roncaglia 15</p>','privacy-policy'),(2,1,11,'Privacy Policy','Privacy Policy','notice, legal, credits','<h2>Legal</h2>\n<h3>Credits</h3>\n<p>Concept and production:</p>\n<p>This Online store was created using <a href=\"http://www.prestashop.com\">Prestashop Shopping Cart Software</a>,check out PrestaShop\'s <a href=\"http://www.prestashop.com/blog/en/\">ecommerce blog</a> for news and advices about selling online and running your ecommerce website.</p>','privacy-policy'),(2,2,11,'Privacy Policy','Privacy Policy','Hinweise, rechtlich, Gutscheine','<h2>Legal</h2>\n<h3>Credits</h3>\n<p>Konzept und Gestaltung:</p>\n<p>Diese Webseite wurde hergestellt unter Verwendung von <a href=\"http://www.prestashop.com\">PrestaShop</a>™ open-source software.</p>','privacy-policy'),(2,3,11,'Privacy Policy','Privacy Policy','mentions, légales, crédits','<h2>Mentions légales</h2>\n<h3>Crédits</h3>\n<p>Conception et production :</p>\n<p>cette boutique en ligne a été créée à l\'aide du <a href=\"http://www.prestashop.com\">logiciel PrestaShop. </a>Rendez-vous sur le <a href=\"http://www.prestashop.com/blog/en/\">blog e-commerce de PrestaShop</a> pour vous tenir au courant des dernières actualités et obtenir des conseils sur la vente en ligne et la gestion d\'un site d\'e-commerce.</p>','privacy-policy'),(2,4,11,'Privacy Policy','Privacy Policy','note, legali, crediti','<h1>PRIVACY</h1>\n<p>TOYS AND GAMES SA (di seguito indicata come TOYS AND GAMES o la “Società”), gestore del sito www.tandg.quicklysa.ch (di seguito indicato come “il Sito”), desidera fornire le informazioni che seguono in ordine al trattamento dei dati personali, restando inteso che visitando il Sito si prende atto ed accetta, in quanto occorra, le procedure descritte in questa Informativa sulla privacy nel rispetto della legislazione svizzera e precisamente della <strong>Legge Federale sulla protezione dei Dati (LPD).</strong></p>\n<h2>ART.1 - Finalità del trattamento</h2>\n<p>Il trattamento dei dati personali forniti e/o desunti con la navigazione nel Sito è diretto al raggiungimento delle seguenti finalità:</p>\n<ul><li>consentire l’accesso e la navigazione nel Sito nonché elaborare statistiche anonime sull’uso del Sito, per controllare il corretto funzionamento dello stesso e per l’accertamento di eventuali responsabilità in caso di illeciti commessi durante la navigazione;</li>\n<li>fornire il servizio di registrazione nel Sito;</li>\n<li>per la ricerca e la prevenzione di frodi e altre attività illegali.</li>\n<li>fornire i servizi offerti dalla Società.</li>\n</ul><p>I dati personali vengono conservati fino a quando sussiste una finalità di carattere commerciale o per tutto il tempo previsto dalla legge dopodiché vengono cancellati.</p>\n<h2>Art.2 - Modalità di trattamento – Misure di sicurezza</h2>\n<p>Il trattamento dei dati personali potrà consistere, oltre che nella loro raccolta, nella loro registrazione, conservazione, modificazione, comunicazione, cancellazione. Il trattamento, inoltre, potrà essere effettuato con o senza l’utilizzo di strumenti elettronici da personale appositamente incaricato. La conservazione dei dati avverrà in forma cartacea e/o elettronica/informatica/ottica e per il tempo strettamente necessario al soddisfacimento delle finalità di cui al primo punto, nel rispetto della normativa vigente.</p>\n<p>In relazione ai dati personali, la Società adotterà tutti gli strumenti idonei a garantirne la sicurezza e la riservatezza, in conformità a quanto previsto dalla <strong>legge svizzera</strong>. In particolare saranno adottate tutte le misure tecniche, informatiche, organizzative, logistiche e procedurali di sicurezza, come stabilite dalla <strong>Legge Federale sulla protezione dei Dati (LPD),</strong> in modo che sia garantito il livello minimo di protezione dei dati previsto dalla normativa vigente. Inoltre, le metodologie applicate garantiscono che l’accesso ai dati sia consentito alle sole persone incaricate del trattamento da parte della Società.</p>\n<h2>Art. 3 - Conferimento dati</h2>\n<p>Per quanto concerne il conferimento dei dati personali, TOYS AND GAMES informa che:</p>\n<ul><li>i sistemi informatici e le procedure software preposte al funzionamento del Sito acquisiscono, nel corso del loro normale esercizio, alcuni dati personali la cui trasmissione è implicita nell’uso dei protocolli di comunicazione di internet; il mero accesso al Sito comporta pertanto l’acquisizione da parte della Società dei dati personali;</li>\n<li>taluni dati personali sono obbligatori ai fini della registrazione nel Sito ed un rifiuto ai fornirli non consente di completare la procedura di registrazione.</li>\n</ul><h2>Art. 4 - Comunicazione e diffusione dei dati</h2>\n<p>I dati personali raccolti per il raggiungimento delle finalità di cui al primo punto che precede non saranno oggetto di comunicazione né diffusione a terzi. Per alcuni servizi, come la consegna del prodotto e la procedura di pagamento, TOYS AND GAMES si avvale di terze parti. Queste terze parti avranno accesso a quelle informazioni personali che abbiamo raccolto da voi e che sono necessarie a far sì che questi svolgano le proprie funzioni. Non sono autorizzati ad utilizzare le vostre informazioni personali per nessun altro scopo e sono obbligati contrattualmente a conformarsi con le leggi in materia di tutela dei dati personali.</p>\n<p>Le informazioni di carattere personale verranno divulgate laddove richiesto dalla legge, per far rispettare Termini e Condizioni Generali e rendere esecutivi eventuali altri accordi, nel caso di azioni investigative, indagini e per la prevenzione di frodi o altre attività illegali.</p>\n<h2>Art.5 - Modifiche all\' Informativa sulla Privacy</h2>\n<p>L\'Informativa sulla Privacy è soggetta a modifiche periodiche mirate a garantire una sempre maggiore tutela dei vostri dati personali. Vi consigliamo di controllare periodicamente l\'Informativa sulla Privacy quando accedete al vostro account. L\'utilizzo del sito da parte vostra implica il vostro consenso alla versione aggiornata dell\'Informativa sulla Privacy.</p>\n<h2>Art. 6 - Diritti della Privacy</h2>\n<p>In qualsiasi momento è possibile contattare TOYS AND GAMES e chiedere informazioni su tutti i dati personali raccolti su se stessi. Inoltre è possibile chiedere la modifica, l\'aggiornamento o la cancellazione dei propri dati personali. TOYS AND GAMES prega di tenere presente che, se richiesto di cancellare i dati personali, non sarà più in grado di fornire al richiedente i propri servizi. Accedendo al proprio account sul sito web, in ogni momento si ha la possibilità di modificare, aggiornare o cancellare le informazioni personali quali nome, cognome, indirizzo, paese di residenza, i dettagli della carta di credito. Naturalmente è possibile anche cancellare il proprio account in qualsiasi momento.</p>\n<h2>Art. 7 - Titolare e Responsabile</h2>\n<p>Titolare del trattamento è la scrivente Società, in persona del proprio rappresentante legale. Per ogni richiesta relativa all’utilizzo dei dati personali rivolgersi al seguente indirizzo: TOYS AND GAMES SA, Novazzano 6883, Via Roncaglia 15</p>','privacy-policy'),(2,1,12,'Privacy Policy','Privacy Policy','notice, legal, credits','<h2>Legal</h2>\n<h3>Credits</h3>\n<p>Concept and production:</p>\n<p>This Online store was created using <a href=\"http://www.prestashop.com\">Prestashop Shopping Cart Software</a>,check out PrestaShop\'s <a href=\"http://www.prestashop.com/blog/en/\">ecommerce blog</a> for news and advices about selling online and running your ecommerce website.</p>','privacy-policy'),(2,2,12,'Privacy Policy','Privacy Policy','Hinweise, rechtlich, Gutscheine','<h2>Legal</h2>\n<h3>Credits</h3>\n<p>Konzept und Gestaltung:</p>\n<p>Diese Webseite wurde hergestellt unter Verwendung von <a href=\"http://www.prestashop.com\">PrestaShop</a>™ open-source software.</p>','privacy-policy'),(2,3,12,'Privacy Policy','Privacy Policy','mentions, légales, crédits','<h2>Mentions légales</h2>\n<h3>Crédits</h3>\n<p>Conception et production :</p>\n<p>cette boutique en ligne a été créée à l\'aide du <a href=\"http://www.prestashop.com\">logiciel PrestaShop. </a>Rendez-vous sur le <a href=\"http://www.prestashop.com/blog/en/\">blog e-commerce de PrestaShop</a> pour vous tenir au courant des dernières actualités et obtenir des conseils sur la vente en ligne et la gestion d\'un site d\'e-commerce.</p>','privacy-policy'),(2,4,12,'Privacy Policy','Privacy Policy','note, legali, crediti','<h1>PRIVACY</h1>\n<p>TOYS AND GAMES SA (di seguito indicata come TOYS AND GAMES o la “Società”), gestore del sito www.tandg.quicklysa.ch (di seguito indicato come “il Sito”), desidera fornire le informazioni che seguono in ordine al trattamento dei dati personali, restando inteso che visitando il Sito si prende atto ed accetta, in quanto occorra, le procedure descritte in questa Informativa sulla privacy nel rispetto della legislazione svizzera e precisamente della <strong>Legge Federale sulla protezione dei Dati (LPD).</strong></p>\n<h2>ART.1 - Finalità del trattamento</h2>\n<p>Il trattamento dei dati personali forniti e/o desunti con la navigazione nel Sito è diretto al raggiungimento delle seguenti finalità:</p>\n<ul><li>consentire l’accesso e la navigazione nel Sito nonché elaborare statistiche anonime sull’uso del Sito, per controllare il corretto funzionamento dello stesso e per l’accertamento di eventuali responsabilità in caso di illeciti commessi durante la navigazione;</li>\n<li>fornire il servizio di registrazione nel Sito;</li>\n<li>per la ricerca e la prevenzione di frodi e altre attività illegali.</li>\n<li>fornire i servizi offerti dalla Società.</li>\n</ul><p>I dati personali vengono conservati fino a quando sussiste una finalità di carattere commerciale o per tutto il tempo previsto dalla legge dopodiché vengono cancellati.</p>\n<h2>Art.2 - Modalità di trattamento – Misure di sicurezza</h2>\n<p>Il trattamento dei dati personali potrà consistere, oltre che nella loro raccolta, nella loro registrazione, conservazione, modificazione, comunicazione, cancellazione. Il trattamento, inoltre, potrà essere effettuato con o senza l’utilizzo di strumenti elettronici da personale appositamente incaricato. La conservazione dei dati avverrà in forma cartacea e/o elettronica/informatica/ottica e per il tempo strettamente necessario al soddisfacimento delle finalità di cui al primo punto, nel rispetto della normativa vigente.</p>\n<p>In relazione ai dati personali, la Società adotterà tutti gli strumenti idonei a garantirne la sicurezza e la riservatezza, in conformità a quanto previsto dalla <strong>legge svizzera</strong>. In particolare saranno adottate tutte le misure tecniche, informatiche, organizzative, logistiche e procedurali di sicurezza, come stabilite dalla <strong>Legge Federale sulla protezione dei Dati (LPD),</strong> in modo che sia garantito il livello minimo di protezione dei dati previsto dalla normativa vigente. Inoltre, le metodologie applicate garantiscono che l’accesso ai dati sia consentito alle sole persone incaricate del trattamento da parte della Società.</p>\n<h2>Art. 3 - Conferimento dati</h2>\n<p>Per quanto concerne il conferimento dei dati personali, TOYS AND GAMES informa che:</p>\n<ul><li>i sistemi informatici e le procedure software preposte al funzionamento del Sito acquisiscono, nel corso del loro normale esercizio, alcuni dati personali la cui trasmissione è implicita nell’uso dei protocolli di comunicazione di internet; il mero accesso al Sito comporta pertanto l’acquisizione da parte della Società dei dati personali;</li>\n<li>taluni dati personali sono obbligatori ai fini della registrazione nel Sito ed un rifiuto ai fornirli non consente di completare la procedura di registrazione.</li>\n</ul><h2>Art. 4 - Comunicazione e diffusione dei dati</h2>\n<p>I dati personali raccolti per il raggiungimento delle finalità di cui al primo punto che precede non saranno oggetto di comunicazione né diffusione a terzi. Per alcuni servizi, come la consegna del prodotto e la procedura di pagamento, TOYS AND GAMES si avvale di terze parti. Queste terze parti avranno accesso a quelle informazioni personali che abbiamo raccolto da voi e che sono necessarie a far sì che questi svolgano le proprie funzioni. Non sono autorizzati ad utilizzare le vostre informazioni personali per nessun altro scopo e sono obbligati contrattualmente a conformarsi con le leggi in materia di tutela dei dati personali.</p>\n<p>Le informazioni di carattere personale verranno divulgate laddove richiesto dalla legge, per far rispettare Termini e Condizioni Generali e rendere esecutivi eventuali altri accordi, nel caso di azioni investigative, indagini e per la prevenzione di frodi o altre attività illegali.</p>\n<h2>Art.5 - Modifiche all\' Informativa sulla Privacy</h2>\n<p>L\'Informativa sulla Privacy è soggetta a modifiche periodiche mirate a garantire una sempre maggiore tutela dei vostri dati personali. Vi consigliamo di controllare periodicamente l\'Informativa sulla Privacy quando accedete al vostro account. L\'utilizzo del sito da parte vostra implica il vostro consenso alla versione aggiornata dell\'Informativa sulla Privacy.</p>\n<h2>Art. 6 - Diritti della Privacy</h2>\n<p>In qualsiasi momento è possibile contattare TOYS AND GAMES e chiedere informazioni su tutti i dati personali raccolti su se stessi. Inoltre è possibile chiedere la modifica, l\'aggiornamento o la cancellazione dei propri dati personali. TOYS AND GAMES prega di tenere presente che, se richiesto di cancellare i dati personali, non sarà più in grado di fornire al richiedente i propri servizi. Accedendo al proprio account sul sito web, in ogni momento si ha la possibilità di modificare, aggiornare o cancellare le informazioni personali quali nome, cognome, indirizzo, paese di residenza, i dettagli della carta di credito. Naturalmente è possibile anche cancellare il proprio account in qualsiasi momento.</p>\n<h2>Art. 7 - Titolare e Responsabile</h2>\n<p>Titolare del trattamento è la scrivente Società, in persona del proprio rappresentante legale. Per ogni richiesta relativa all’utilizzo dei dati personali rivolgersi al seguente indirizzo: TOYS AND GAMES SA, Novazzano 6883, Via Roncaglia 15</p>','privacy-policy'),(2,1,13,'Privacy Policy','Privacy Policy','notice, legal, credits','<h2>Legal</h2>\n<h3>Credits</h3>\n<p>Concept and production:</p>\n<p>This Online store was created using <a href=\"http://www.prestashop.com\">Prestashop Shopping Cart Software</a>,check out PrestaShop\'s <a href=\"http://www.prestashop.com/blog/en/\">ecommerce blog</a> for news and advices about selling online and running your ecommerce website.</p>','privacy-policy'),(2,2,13,'Privacy Policy','Privacy Policy','Hinweise, rechtlich, Gutscheine','<h2>Legal</h2>\n<h3>Credits</h3>\n<p>Konzept und Gestaltung:</p>\n<p>Diese Webseite wurde hergestellt unter Verwendung von <a href=\"http://www.prestashop.com\">PrestaShop</a>™ open-source software.</p>','privacy-policy'),(2,3,13,'Privacy Policy','Privacy Policy','mentions, légales, crédits','<h2>Mentions légales</h2>\n<h3>Crédits</h3>\n<p>Conception et production :</p>\n<p>cette boutique en ligne a été créée à l\'aide du <a href=\"http://www.prestashop.com\">logiciel PrestaShop. </a>Rendez-vous sur le <a href=\"http://www.prestashop.com/blog/en/\">blog e-commerce de PrestaShop</a> pour vous tenir au courant des dernières actualités et obtenir des conseils sur la vente en ligne et la gestion d\'un site d\'e-commerce.</p>','privacy-policy'),(2,4,13,'Privacy Policy','Privacy Policy','note, legali, crediti','<h1>PRIVACY</h1>\n<p>TOYS AND GAMES SA (di seguito indicata come TOYS AND GAMES o la “Società”), gestore del sito www.tandg.quicklysa.ch (di seguito indicato come “il Sito”), desidera fornire le informazioni che seguono in ordine al trattamento dei dati personali, restando inteso che visitando il Sito si prende atto ed accetta, in quanto occorra, le procedure descritte in questa Informativa sulla privacy nel rispetto della legislazione svizzera e precisamente della <strong>Legge Federale sulla protezione dei Dati (LPD).</strong></p>\n<h2>ART.1 - Finalità del trattamento</h2>\n<p>Il trattamento dei dati personali forniti e/o desunti con la navigazione nel Sito è diretto al raggiungimento delle seguenti finalità:</p>\n<ul><li>consentire l’accesso e la navigazione nel Sito nonché elaborare statistiche anonime sull’uso del Sito, per controllare il corretto funzionamento dello stesso e per l’accertamento di eventuali responsabilità in caso di illeciti commessi durante la navigazione;</li>\n<li>fornire il servizio di registrazione nel Sito;</li>\n<li>per la ricerca e la prevenzione di frodi e altre attività illegali.</li>\n<li>fornire i servizi offerti dalla Società.</li>\n</ul><p>I dati personali vengono conservati fino a quando sussiste una finalità di carattere commerciale o per tutto il tempo previsto dalla legge dopodiché vengono cancellati.</p>\n<h2>Art.2 - Modalità di trattamento – Misure di sicurezza</h2>\n<p>Il trattamento dei dati personali potrà consistere, oltre che nella loro raccolta, nella loro registrazione, conservazione, modificazione, comunicazione, cancellazione. Il trattamento, inoltre, potrà essere effettuato con o senza l’utilizzo di strumenti elettronici da personale appositamente incaricato. La conservazione dei dati avverrà in forma cartacea e/o elettronica/informatica/ottica e per il tempo strettamente necessario al soddisfacimento delle finalità di cui al primo punto, nel rispetto della normativa vigente.</p>\n<p>In relazione ai dati personali, la Società adotterà tutti gli strumenti idonei a garantirne la sicurezza e la riservatezza, in conformità a quanto previsto dalla <strong>legge svizzera</strong>. In particolare saranno adottate tutte le misure tecniche, informatiche, organizzative, logistiche e procedurali di sicurezza, come stabilite dalla <strong>Legge Federale sulla protezione dei Dati (LPD),</strong> in modo che sia garantito il livello minimo di protezione dei dati previsto dalla normativa vigente. Inoltre, le metodologie applicate garantiscono che l’accesso ai dati sia consentito alle sole persone incaricate del trattamento da parte della Società.</p>\n<h2>Art. 3 - Conferimento dati</h2>\n<p>Per quanto concerne il conferimento dei dati personali, TOYS AND GAMES informa che:</p>\n<ul><li>i sistemi informatici e le procedure software preposte al funzionamento del Sito acquisiscono, nel corso del loro normale esercizio, alcuni dati personali la cui trasmissione è implicita nell’uso dei protocolli di comunicazione di internet; il mero accesso al Sito comporta pertanto l’acquisizione da parte della Società dei dati personali;</li>\n<li>taluni dati personali sono obbligatori ai fini della registrazione nel Sito ed un rifiuto ai fornirli non consente di completare la procedura di registrazione.</li>\n</ul><h2>Art. 4 - Comunicazione e diffusione dei dati</h2>\n<p>I dati personali raccolti per il raggiungimento delle finalità di cui al primo punto che precede non saranno oggetto di comunicazione né diffusione a terzi. Per alcuni servizi, come la consegna del prodotto e la procedura di pagamento, TOYS AND GAMES si avvale di terze parti. Queste terze parti avranno accesso a quelle informazioni personali che abbiamo raccolto da voi e che sono necessarie a far sì che questi svolgano le proprie funzioni. Non sono autorizzati ad utilizzare le vostre informazioni personali per nessun altro scopo e sono obbligati contrattualmente a conformarsi con le leggi in materia di tutela dei dati personali.</p>\n<p>Le informazioni di carattere personale verranno divulgate laddove richiesto dalla legge, per far rispettare Termini e Condizioni Generali e rendere esecutivi eventuali altri accordi, nel caso di azioni investigative, indagini e per la prevenzione di frodi o altre attività illegali.</p>\n<h2>Art.5 - Modifiche all\' Informativa sulla Privacy</h2>\n<p>L\'Informativa sulla Privacy è soggetta a modifiche periodiche mirate a garantire una sempre maggiore tutela dei vostri dati personali. Vi consigliamo di controllare periodicamente l\'Informativa sulla Privacy quando accedete al vostro account. L\'utilizzo del sito da parte vostra implica il vostro consenso alla versione aggiornata dell\'Informativa sulla Privacy.</p>\n<h2>Art. 6 - Diritti della Privacy</h2>\n<p>In qualsiasi momento è possibile contattare TOYS AND GAMES e chiedere informazioni su tutti i dati personali raccolti su se stessi. Inoltre è possibile chiedere la modifica, l\'aggiornamento o la cancellazione dei propri dati personali. TOYS AND GAMES prega di tenere presente che, se richiesto di cancellare i dati personali, non sarà più in grado di fornire al richiedente i propri servizi. Accedendo al proprio account sul sito web, in ogni momento si ha la possibilità di modificare, aggiornare o cancellare le informazioni personali quali nome, cognome, indirizzo, paese di residenza, i dettagli della carta di credito. Naturalmente è possibile anche cancellare il proprio account in qualsiasi momento.</p>\n<h2>Art. 7 - Titolare e Responsabile</h2>\n<p>Titolare del trattamento è la scrivente Società, in persona del proprio rappresentante legale. Per ogni richiesta relativa all’utilizzo dei dati personali rivolgersi al seguente indirizzo: TOYS AND GAMES SA, Novazzano 6883, Via Roncaglia 15</p>','privacy-policy'),(3,1,1,'Terms and conditions','Our terms and conditions','conditions, terms, use, sell','<h1>Terms and conditions of sale</h1>\n<p>The following General Terms and Conditions of Sale (these \"T&amp;C\") govern the offer and sale of products on tandg.quicklysa.ch (the \"Site\"). Quickly Fulfillment House SA (\"Quickly\"), whose registered offices are located in Via Cantonale 19, 6900 Lugano, Switzerland, is the merchant of this website (the \"Site\") and operates it pursuant to contractual agreements with Toys And Games SA (\"Toys And Games\"). The products purchased on the Site are directly sold by Quickly.</p>\n<p>Quickly and Toys And Games are not affiliates of one another and have no relationship with one another other than through these agreements. Nevertheless, Quickly and Toys And Games may be collectively referred to in these T&amp;C as the \"Company\", \"we\" or \"us\".</p>\n<p>If you need any assistance or additional information, go to the Customer Care area, where you will find information on orders, shipping, refunds and returning products purchased on the Site, as well as other general information on the Site. Remember that you can always contact us by e-mail at info@tandg.quicklysa.ch.</p>\n<p><strong>Art. 1 - Field of application and validity</strong></p>\n<p>1.1 The conditions provided hereunder govern the sale and delivery of products from the Site to customers who visit the Site and / or place orders through Customer Care (\"Customer/s\"). The submittal of an order by the Customer implies the acceptance of these T&amp;C. The Company may subsequently modify these conditions in the future by informing the Customer through the medium of a notice that will be published on the Site or by emailing Customer. We recommend that you periodically review these T&amp;C.</p>\n<p>1.2 The products purchased through the Site are sold directly by Quickly.</p>\n<p><strong>Art. 2 - Warnings</strong></p>\n<p>2.1 By accepting these T&amp;C (by visiting the Site and/ or or placing an order), the Customer declares:</p>\n<p>a) To have read, understood and fully and unreservedly accepted these T&amp;C;</p>\n<p>b) To be the end user and to have purchased the products offered on the Site for the sole purpose of personal use and not in order to resale the products in the context of commercial activities or businesses of any nature;</p>\n<p>c) To authorize Quickly and Toys And Games to store, process and transfer to third parties that may have an interest therein, personal data contained in the order that was necessary for the execution of the latter;</p>\n<p>d) To accept that the products he or she receives may not correspond exactly to the descriptions, specifications and photos contained in the Site.</p>\n<p><strong>Art. 3 - methods of payment, delivery and guarantees</strong></p>\n<p>3.1 The sale agreement between Quickly and the Customer is understood as finalized once a confirmation message of the order is sent to the e-mail address provided by the Customer.</p>\n<p>3.2 In the event that a given product ordered by the Customer is no longer available, neither Quickly nor Toys And Games will have any obligation to provide such product, but will only be required to inform the Customer of such circumstance. In the event only a part of the goods mentioned in the order is available, Quickly will contact the Customer in order to ask if he/she intends to cancel the order or, instead, desires to receive only the products that are available; in this case the Customer will only be charged the amount due for the products that he/she receives.</p>\n<p>3.3 The payment shall be made by the Customer upon confirmation of the shipment, and via payment methods specified in the relevant section of the Site.</p>\n<p>3.4 The prices of the products are clearly specified in the Site, expressed in CHF. The final price is all included (e.g. VAT, other taxes). Shipment costs shall be added to the price of the product. Data regarding the price and availability indicated on the Site may be modified without prior notice. Although we try to ensure all our pricing displayed on the Site are accurate, errors may sometimes occur. If we discover an error in the price of an item you have ordered, we will contact you as soon as possible. You will have the option to reconfirm your order at the correct price, failing which it will be cancelled. Special offers may be withdrawn at anytime.</p>\n<p>3.5 Shipment and delivery costs may vary depending on the country, and shall be charged to the Customer upon the shipment of the products that have been ordered on the basis of applicable shipment tariffs specified in the relevant section of the Site. For shipments outside of Switzerland, if available, possible extra costs and custom duties including applicable taxes shall be charged to the Customer.</p>\n<p>3.6 Prices on the Site may differ from prices in Toys And Games stores. Additionally, special offers available on the Site may not be offered or may differ in store.</p>\n<p><strong>Art. 4 - Delivery of the products</strong></p>\n<p>4.1 Quickly shall deliver the purchased products to the address provided in the order. The delivery times specified on the Site are estimates that are based exclusively on availability, on standard processing of data and on delivery times as declared by carriers.</p>\n<p>4.2 We endeavor to provide the availability of every product in the dedicated page for such product on the Site. Quickly may deliver the products that are requested in a single order through more shipments, and charge only the costs for the first shipment.</p>\n<p>4.3 In the event Quickly is unable to deliver the products to address provided by Customer in the Order, the Customer will be asked to make direct contact in order to find an alternative way of proceeding.</p>\n<p><strong>Art. 5 - Faulty Goods and Statutory Rights</strong></p>\n<p>5.1 All products sold by Quickly are covered by a lack of conformity legal guarantee for a period of 24 months.</p>\n<p>5.2 The Customer must examine the state of the consigned product, and, in the event of defects that render the latter unfit for use, notify Quickly immediately.</p>\n<p>5.3 The right to reimbursement is subject to the following conditions, under penalty of forfeiture of the guarantee:</p>\n<p>a) Before returning to Quickly any defective products, the Customer must request an authorization to return the products, by directly informing Quickly via email. Quickly will provide to recollect the product at its own expense.</p>\n<p>b) The Customer must return the product in its original packaging, with all its parts (including packaging, all documentation and accessories) so to avoid damage.</p>\n<p>c) Upon receipt of the product and verification of the alleged defects, Quickly will send the Customer an email of confirmation accepting the return.</p>\n<p>d) In the event of Quickly being able to submit the same or a similar product (with reference to style and value), with the consent of the Customer, Quickly will provide the substitution by submitting a new product. Otherwise Quickly will initiate the reimbursement procedure in favor of the Customer of the amount paid for the defective product. The reimbursement of such amounts shall be always performed in favor of the Customer who made the payment and with the same payment methods chosen by the Customer, or wire transfer if necessary.</p>\n<p>5.4 With the exception of the aforementioned guarantee, Quickly and Toys And Games exclude every and any liability (contractual or tort) regarding the Customer, within the limits of mandatory applicable regulations.</p>\n<p>5.5 Quickly’s and Toys And Games’s maximum aggregate liability can under no circumstances exceed the amount paid by the Customer for purchasing the goods.</p>\n<p>5.6 Neither Quickly nor Customer shall be liable for damage compensation deriving from any delays in the repairs or replacements of products under warranty.</p>\n<p><strong>Art. 6 - Secure payments</strong></p>\n<p>6.1 The following payment methods may be alternatively chosen: Visa, Mastercard, PayPal. </p>\n<p>6.2 Credit card. Thanks to the technologies we implement, we can guarantee that payments via credit card on the secure server are protected. Please note that amounts are not charged until the goods are actually shipped.</p>\n<p>6.3 PayPal. PayPal is a Site that, once registered, grants the possibility of opening a personal account for free (that will have to relate to a preexisting account, a checking account, a credit card, a prepaid card etc.), and make and receive payments on line. When a purchase is made on the Site using this method, a PayPal website page appears, and it is possible to access a personal account or initiate the procedure to create a new one. By choosing to pay via Paypal the amount is charged directly on the account upon which the personal account opened with PayPal is based. By opting for this payment method, the financial data will not be shared with Quickly but will be managed directly by PayPal. Neither Quickly nor Toys And Games is responsible for the content of external websites.</p>\n<p>Please note, we cannot guarantee the security of data which you send us by email. Accordingly, please do not send us payment information using email.</p>\n<p><strong>Art. 7- Purchase</strong></p>\n<p>7.1 Registration. The registration process is very simple. To create a new account, simply click the log in icon at the top right of the Site, and then proceed with the creation of a new account. In event of a registration without purchase, the entry of basic data will be sufficient. The email address and password created by you will be subsequently used to log in and make purchases. Please note that in the event an order is placed, extra data will be requested, namely necessary details for the payment, shipment and delivery of the order. Certain registration and purchase data may be stored for the sake of facilitating and speeding up further purchases. For more information regarding our privacy policy, please access the dedicate page from the website footer. You warrant that the personal and payment information provided with your order is true, accurate, current and complete in all respects. By placing an order you confirm that you are the person referred to in the billing details.</p>\n<p>7.2 Password retrieval. In the event the password is forgotten or lost, click on on the log in icon, and then the \"Forgot Your Password?\" link. By entering your email (the same one indicated for the registration process), the system will send a link to a page where it will be possible to modify personal login details.</p>\n<p>7.3 Cart. The button Add to Bag, which can be found next to every product, enables you to instantly select desired items to be added to your cart. By clicking on Edit Bag/ Checkout (in the cart area) it is possible to view or edit the list of products in your cart. In order to proceed with the payment, it is sufficient to click on Continue with Checkout. All carts are stored in memory and may be reviewed and modified during your shopping session until the order is finalized.</p>\n<p>7.4 Order procedure. After having clicked on Continue with checkout, the email address and password will be requested for authentication. Once the above mentioned details have been entered, a new form containing further request of data will appear in order to make the payment and proceed with the shipment. By clicking on confirm, the order is finalized. In the event of future purchases, such details will already be available for Quickly and Toys And Games in order for the process to be easier and faster.</p>\n<p>7.5 Security. Please note that Quickly guarantees a secure connection thanks to the system Secure Socket Layers (SSL) in order to encrypt potentially sensitive information. In this way, all data that is entered while making the order, both personal details and ones relating to the credit card, will be encrypted and rendered unreadable in the event of interception.</p>\n<p>7.6 Receipt and Preparation of the order. When your order is placed with us at the end of the online checkout process, we will email you to acknowledge that we have received your order and details of the goods you have ordered and your order number. Please note that this does not mean that your order has been accepted or confirmed by us. We may send you an email or call you to say that we do not accept your order. This could be for any reason in our absolute discretion, including the following reasons: the goods are not available, we cannot obtain authorisation of your payment; or there has been an error by us on the pricing or description of the goods; or</p>\n<p>7.7 Delivery. Delivery of the products will be made to the address provided by the Customer in the order. We will send you an email notifying you that your products have been dispatched. Once the ordered products have been packaged, Quickly shall deliver them with the most appropriate forwarder. If, during the process, an unexpected event should occur (delays, products out of stock etc.), the Customer shall immediately be informed via email about the status of the order. The items will typically be delivered within 5-7 working days. Customer must notify us regarding mistakes in the delivery via email within three (3) days from the delivery of the item. Any claim regarding products received in packages that have been opened or damaged will have to be directed to the forwarder. Quickly reserves the right to refuse, suspend or annul, upon its own discretion, the delivery or the execution of any of the obligations deriving from the order, in the event of fraud, non – execution or violation by Customer of its obligations to Quickly or the Company.</p>\n<p>7.8 Shipment costs. Shipment costs vary according to the type of products that are purchased and are clearly described in the cart before the purchase.</p>\n<p><strong>Art. 8 - Governing Law and jurisdiction</strong></p>\n<p>8.1 These T&amp;C are governed by Swiss law. If for any reason part of this terms and conditions may prove null and void, the effectiveness and validity of the remaining parts shall remain.</p>\n<p>8.2 Any controversy may arise on the interpretation or the application of this Terms and Conditions shall be resolved before the Pretura di Lugano. We reserve the right to bring proceedings in courts of the country of residence of the Customer or any other country.</p>\n<p><strong>Art. 9 - Property of the site and its elements</strong></p>\n<p>9.1 You may access and use the Site for your personal, non-commercial use. In addition you may not, in relation to the Site, use any:</p>\n<ul>\n	<li>data mining, robots, or similar data gathering and extraction tools;</li>\n	<li>framing techniques to enclose the trade marks, logos and other proprietary images, text layouts and formats which we use on the Site;</li>\n	<li> meta tags or any other \"hidden text\" which uses our name or trade marks;</li>\n</ul>\n<p>9.2 We do not represent or warrant that the material contained in the Site, any of the functions of the Site and the server will operate without interruption or delay or will be error-free, free from defects, viruses or bugs or compatible with any other software or material. The Site is provided \"as is\". Accessing the Site is entirely at your own risk.</p>\n<p>9.3 The Site and its content including all text, graphics, logos, button icons, images, data compilations and software used in connection with the Site, is our property or that of our suppliers and is protected by copyright, trade marks, database rights and other intellectual property rights.</p>\n<p>9.4 The Site may include links to third party web sites (\"Third Party Site(s)\") from time to time. You acknowledge and agree that we will not be responsible for the availability of such Third Party Sites and will not be responsible or liable for any content or services available from such Third Party Sites. You should check the privacy statements and terms and conditions of use of Third Party Sites accessible from the Site.</p>\n<p><strong>Art. 10 - Indemnity and Liability</strong></p>\n<p>10.1 We do not exclude or limit our liability or the liability of any other person for fraudulent misrepresentation or for death or personal injury resulting from our or their negligence. Except as set out above and in relation to our contractual obligations to products following acceptance of orders placed on the Site, neither we nor any of our agents, affiliates, directors, employees or other representatives will be liable in contract, tort, negligence or otherwise for any loss or damage whatsoever in any way connected with your use or misuse of the Site. We shall not be liable for any indirect, or consequential loss of whatever nature, including damage to software or hardware, loss of data, damage for loss of business, loss of profits, or any other indirect or consequential loss arising out of or in connection with your use of the Site (including without limitation, any such loss arising out of or in connection with any order placed on the Site or through our customer service representatives, whether or not accepted by us).</p>\n<p>10.2 You agree to indemnify us and our agents and officers, directors and employees, immediately on demand, against all claims, liability, damages, costs and expenses, including reasonable legal fees, arising out of any breach of these T&amp;Cs by you or by any other person accessing the Site using your account and/or your personal information.</p>\n<p>10.3 We may terminate your use of the Site immediately if we believe, in our reasonable opinion, that you have breached these T&amp;Cs.</p>\n<p>&nbsp;</p>\n<h1>Right of Withdrawal</h1>\n<p>Quickly Fulfillment House SA (\"Quickly\"), whose registered offices are located in Via Cantonale 19, 6900 Lugano, Switzerland, is the merchant of this website (the \"Site\") and operates it pursuant to contractual agreements with Toys And Games SA (\"Toys And Games\").</p>\n<p>Quickly and Toys And Games are not affiliates of one another and have no relationship with one another other than through these agreements. Nevertheless, Quickly and Toys And Games may be referred to collectively as the \"Company\", \"we\" or \"us\".</p>\n<p>The Right of Withdrawal policy may be subject to periodical modifications. We recommend that you periodically review the policy when you access your account. Use of the Site implies your consent to the updated version of the Right of Withdrawal.</p>\n<p><strong>Art. 1 - Methods and procedures</strong></p>\n<p>Quickly grants a purchaser of goods through the Site (\"Customer\") the ability to cancel its order by exercising the right of withdrawal within 14 (or if a longer period is required under the law applicable to Customer, such longer period of time) days from the date of delivery of the goods. The Customer may exercise the right of withdrawal, within such deadline, by sending an email to info@tandg.quicklysa.ch</p>\n<p><strong>Art. 2 - Products that are excluded from the right of withdrawal</strong></p>\n<p>The right of withdrawal is not permitted if:</p>\n<ul>\n	<li>Purchased items have been used or damaged;</li>\n	<li>Items that are not in their original and unused condition with all labels and tags attached;</li>\n	<li>The items have not been returned in the original packaging.</li>\n	<li>The items that have been customized using the dedicated functionality on the website</li>\n</ul>\n<p><strong>Art. 3 - Procedure for exercising the right of withdrawal</strong></p>\n<ul>\n	<li>The Customer must send an email within 14 days (or if a longer period is required under the law applicable to Customer, such longer period of time), as specified above.</li>\n	<li>Upon receipt of the request for withdrawal, the Company shall authorize the return of the products to Quickly, Via Gaggiolo, 27, 6855, Stabio, Switzerland.</li>\n	<li>Items are returned at the Customer\'s own risk. If the package is not returned, Company will ask the Customer for proof of delivery, consisting in the slip bearing the signature of the person who received the returned package. If the Customer does not provide proof of delivery, Company will not grant the reimbursement.</li>\n	<li>Except as required under law, shipment costs are at Customer’s charge.</li>\n	<li>After the products are returned, Company will check their condition. Customer will be liable for any diminished value of the products resulting from the handling other than what is necessary to ascertain the nature, the characteristics and the functioning of the goods.</li>\n	<li>In the event that, having received delivery of the returned goods, the Company should find a reduction in the value of the products attributable to Customer, Company shall be entitled to offset the amount corresponding to the aforementioned reduction in value with the amount to be reimbursed to Customer as a result of the withdrawal; in such a case, Company shall notify the Customer within 14 days of having received the returned goods.</li>\n	<li>As soon as it is ascertained that the required conditions for the return have been met, the reimbursement will be made within approximately 15 working days from the day the products are returned. The reimbursement method shall correspond to the method used to make the order. The reimbursement of the amounts paid by the Customer shall always be performed exclusively in favour of the Customer who made the payment.</li>\n</ul>\n<p>THE RETURN PROCEDURE MUST BE SOLELY AUTHORIZED BY COMPANY AND NO RESTITUTION CLAIM SHALL BE INITIATED BY THE CUSTOMER.</p>\n<p>In case the above-mentioned conditions are not observed, the Customer will not be entitled to any reimbursement for the amount paid to Company.</p>\n<p>MORE FAVORABLE CONDITIONS OF WITHDRAWAL MAY APPLY PURSUANT TO SPECIFIC NATIONAL LEGISLATIONS ACCORDINGLY TO THE COUNTRY OF RESIDENCE OF THE CUSTOMER.</p>','terms-and-conditions'),