INSERT INTO `ps_search_index` VALUES (124,70315,1),(124,70316,1),(124,70317,1),(124,70318,1),(124,70319,1),(124,70320,1),(124,70321,1),(124,70322,1),(124,70323,1),(124,72186,1),(124,72188,1),(124,72278,1),(124,72280,1),(124,72757,1),(124,72758,1),(124,72759,1),(124,72760,1),(124,72761,1),(124,72763,1),(124,72765,1),(124,72766,1),(124,72768,1),(124,72769,1),(124,72770,1),(124,72771,1),(124,72772,1),(124,72773,1),(124,72774,1),(124,72775,1),(124,72776,1),(124,72777,1),(124,72892,1),(124,72893,1),(124,72894,1),(124,72895,1),(124,72896,1),(124,72898,1),(124,72900,1),(124,72901,1),(124,72903,1),(124,72904,1),(124,72905,1),(124,72906,1),(124,72907,1),(124,72908,1),(124,72909,1),(124,72910,1),(124,72911,1),(124,72912,1),(124,72986,1),(124,73119,1),(124,73987,1),(124,74124,1),(124,75086,1),(124,75087,1),(124,75088,1),(124,75090,1),(124,75091,1),(124,75092,1),(124,75093,1),(124,75094,1),(124,75095,1),(124,75096,1),(124,75097,1),(124,75098,1),(124,75099,1),(124,75100,1),(124,75101,1),(124,75102,1),(124,75103,1),(124,75104,1),(124,75105,1),(124,75199,1),(124,75200,1),(124,75201,1),(124,75203,1),(124,75204,1),(124,75205,1),(124,75206,1),(124,75207,1),(124,75208,1),(124,75209,1),(124,75210,1),(124,75211,1),(124,75212,1),(124,75213,1),(124,75214,1),(124,75215,1),(124,75216,1),(124,75217,1),(124,75218,1),(124,18834,2),(124,18846,2),(124,18851,2),(124,18852,2),(124,18894,2),(124,18958,2),(124,18970,2),(124,18975,2),(124,18976,2),(124,19018,2),(124,19332,2),(124,19335,2),(124,19466,2),(124,19469,2),(124,28564,2),(124,28572,2),(124,28598,2),(124,28605,2),(124,28614,2),(124,28627,2),(124,28631,2),(124,28638,2),(124,28640,2),(124,28645,2),(124,28672,2),(124,28680,2),(124,28706,2),(124,28713,2),(124,28722,2),(124,28735,2),(124,28739,2),(124,28746,2),(124,28748,2),(124,28753,2),(124,33266,2),(124,33273,2),(124,33291,2),(124,33292,2),(124,33298,2),(124,33304,2),(124,33306,2),(124,33312,2),(124,33372,2),(124,33379,2),(124,33397,2),(124,33398,2),(124,33404,2),(124,33410,2),(124,33412,2),(124,33418,2),(124,33701,2),(124,33822,2),(124,34492,2),(124,34608,2),(124,42703,2),(124,42824,2),(124,43176,2),(124,43303,2),(124,47355,2),(124,47477,2),(124,58697,2),(124,58784,2),(124,61470,2),(124,61564,2),(124,65786,2),(124,65789,2),(124,65792,2),(124,65795,2),(124,65797,2),(124,65798,2),(124,65800,2),(124,65803,2),(124,65808,2),(124,65812,2),(124,65829,2),(124,65830,2),(124,65838,2),(124,65841,2),(124,65843,2),(124,65848,2),(124,65849,2),(124,65869,2),(124,65872,2),(124,65873,2),(124,65874,2),(124,65887,2),(124,65892,2),(124,65912,2),(124,65915,2),(124,65918,2),(124,65921,2),(124,65923,2),(124,65924,2),(124,65926,2),(124,65929,2),(124,65934,2),(124,65938,2),(124,65955,2),(124,65956,2),(124,65964,2),(124,65967,2),(124,65969,2),(124,65974,2),(124,65975,2),(124,65995,2),(124,65998,2),(124,65999,2),(124,66000,2),(124,66013,2),(124,66018,2),(124,67605,2),(124,67695,2),(124,70201,2),(124,70306,2),(124,72184,2),(124,72276,2),(124,72756,2),(124,72762,2),(124,72764,2),(124,72767,2),(124,72891,2),(124,72897,2),(124,72899,2),(124,72902,2),(124,75089,2),(124,75202,2),(124,18816,3),(124,18881,3),(124,18940,3),(124,19005,3),(124,23930,3),(124,24051,3),(124,28587,3),(124,28695,3),(124,33258,3),(124,33286,3),(124,33294,3),(124,33364,3),(124,33392,3),(124,33400,3),(124,43694,3),(124,43823,3),(124,47859,3),(124,47982,3),(124,65788,3),(124,65796,3),(124,65833,3),(124,65877,3),(124,65914,3),(124,65922,3),(124,65959,3),(124,66003,3),(124,18809,4),(124,18933,4),(124,28579,4),(124,28687,4),(124,33253,4),(124,33359,4),(124,65791,4),(124,65917,4),(124,67604,4),(124,67694,4),(124,33241,5),(124,33347,5),(124,65790,5),(124,65794,5),(124,65916,5),(124,65920,5),(124,72183,5),(124,72275,5),(124,36698,6),(124,36826,6),(124,40598,6),(124,40725,6),(124,44949,6),(124,45075,6),(124,72162,6),(124,72254,6),(124,18786,8),(124,18910,8),(124,23894,8),(124,24015,8),(124,28557,8),(124,28665,8),(124,33226,8),(124,33332,8),(124,33661,8),(124,33782,8),(124,36439,8),(124,36565,8),(124,40327,8),(124,40458,8),(124,44691,8),(124,44815,8),(124,61467,10),(124,61468,10),(124,61469,10),(124,61561,10),(124,61562,10),(124,61563,10),(124,65781,10),(124,65782,10),(124,65783,10),(124,65907,10),(124,65908,10),(124,65909,10),(124,70195,10),(124,70196,10),(124,70197,10),(124,70300,10),(124,70301,10),(124,70302,10),(124,75083,10),(124,75084,10),(124,75085,10),(124,75196,10),(124,75197,10),(124,75198,10),(124,58683,19),(124,58770,19),(124,63043,19),(124,63139,19),(124,67579,19),(124,67669,19),(124,72159,19),(124,72251,19),(125,18791,1),(125,18818,1),(125,18822,1),(125,18826,1),(125,18849,1),(125,18850,1),(125,18853,1),(125,18858,1),(125,18859,1),(125,18860,1),(125,18861,1),(125,18862,1),(125,18863,1),(125,18864,1),(125,18874,1),(125,18882,1),(125,18883,1),(125,18884,1),(125,18885,1),(125,18886,1),(125,18887,1),(125,18889,1),(125,18890,1),(125,18891,1),(125,18892,1),(125,18893,1),(125,18895,1),(125,18896,1),(125,18897,1),(125,18898,1),(125,18899,1),(125,18900,1),(125,18915,1),(125,18942,1),(125,18946,1),(125,18950,1),(125,18973,1),(125,18974,1),(125,18977,1),(125,18982,1),(125,18983,1),(125,18984,1),(125,18985,1),(125,18986,1),(125,18987,1),(125,18988,1),(125,18998,1),(125,19006,1),(125,19007,1),(125,19008,1),(125,19009,1),(125,19010,1),(125,19011,1),(125,19013,1),(125,19014,1),(125,19015,1),(125,19016,1),(125,19017,1),(125,19019,1),(125,19020,1),(125,19021,1),(125,19022,1),(125,19023,1),(125,19024,1),(125,19288,1),(125,19289,1),(125,19290,1),(125,19293,1),(125,19328,1),(125,19422,1),(125,19423,1),(125,19424,1),(125,19427,1),(125,19462,1),(125,23961,1),(125,24082,1),(125,28578,1),(125,28588,1),(125,28590,1),(125,28593,1),(125,28596,1),(125,28617,1),(125,28624,1),(125,28625,1),(125,28626,1),(125,28628,1),(125,28629,1),(125,28630,1),(125,28632,1),(125,28633,1),(125,28634,1),(125,28635,1),(125,28636,1),(125,28637,1),(125,28639,1),(125,28641,1),(125,28642,1),(125,28643,1),(125,28644,1),(125,28646,1),(125,28647,1),(125,28648,1),(125,28649,1),(125,28650,1),(125,28651,1),(125,28652,1),(125,28653,1),(125,28654,1),(125,28686,1),(125,28696,1),(125,28698,1),(125,28701,1),(125,28704,1),(125,28725,1),(125,28732,1),(125,28733,1),(125,28734,1),(125,28736,1),(125,28737,1),(125,28738,1),(125,28740,1),(125,28741,1),(125,28742,1),(125,28743,1),(125,28744,1),(125,28745,1),(125,28747,1),(125,28749,1),(125,28750,1),(125,28751,1),(125,28752,1),(125,28754,1),(125,28755,1),(125,28756,1),(125,28757,1),(125,28758,1),(125,28759,1),(125,28760,1),(125,28761,1),(125,28762,1),(125,29032,1),(125,29035,1),(125,29140,1),(125,29143,1),(125,33233,1),(125,33248,1),(125,33264,1),(125,33288,1),(125,33289,1),(125,33290,1),(125,33295,1),(125,33296,1),(125,33297,1),(125,33299,1),(125,33300,1),(125,33301,1),(125,33302,1),(125,33303,1),(125,33305,1),(125,33307,1),(125,33308,1),(125,33309,1),(125,33310,1),(125,33311,1),(125,33313,1),(125,33314,1),(125,33315,1),(125,33316,1),(125,33317,1),(125,33318,1),(125,33319,1),(125,33320,1),(125,33339,1),(125,33354,1),(125,33370,1),(125,33394,1),(125,33395,1),(125,33396,1),(125,33401,1),(125,33402,1),(125,33403,1),(125,33405,1),(125,33406,1),(125,33407,1),(125,33408,1),(125,33409,1),(125,33411,1),(125,33413,1),(125,33414,1),(125,33415,1),(125,33416,1),(125,33417,1),(125,33419,1),(125,33420,1),(125,33421,1),(125,33422,1),(125,33423,1),(125,33424,1),(125,33425,1),(125,33426,1),(125,33716,1),(125,33837,1),(125,34136,1),(125,34137,1),(125,34138,1),(125,34358,1),(125,34359,1),(125,34360,1),(125,34487,1),(125,34488,1),(125,34501,1),(125,34514,1),(125,34526,1),(125,34603,1),(125,34604,1),(125,34617,1),(125,34630,1),(125,34642,1),(125,36462,1),(125,36588,1),(125,37472,1),(125,37576,1),(125,38105,1),(125,38220,1),(125,42702,1),(125,42756,1),(125,42823,1),(125,42877,1),(125,43173,1),(125,43300,1),(125,43692,1),(125,43821,1),(125,44183,1),(125,44309,1),(125,44698,1),(125,44822,1),(125,46906,1),(125,46907,1),(125,46908,1),(125,46915,1),(125,46916,1),(125,46929,1),(125,47021,1),(125,47022,1),(125,47023,1),(125,47030,1),(125,47031,1),(125,47044,1),(125,47858,1),(125,47981,1),(125,48788,1),(125,48919,1),(125,49298,1),(125,49429,1),(125,57158,1),(125,57309,1),(125,58692,1),(125,58693,1),(125,58696,1),(125,58698,1),(125,58704,1),(125,58779,1),(125,58780,1),(125,58783,1),(125,58785,1),(125,58791,1),(125,59230,1),(125,59246,1),(125,59247,1),(125,59249,1),(125,59250,1),(125,59251,1),(125,59252,1),(125,59253,1),(125,59254,1),(125,59255,1),(125,59256,1),(125,59257,1),(125,59258,1),(125,59351,1),(125,59367,1),(125,59368,1),(125,59370,1),(125,59371,1),(125,59372,1),(125,59373,1),(125,59374,1),(125,59375,1),(125,59376,1),(125,59377,1),(125,59378,1),(125,59379,1),(125,60426,1),(125,60558,1),(125,61471,1),(125,61472,1),(125,61473,1),(125,61474,1),(125,61475,1),(125,61476,1),(125,61477,1),(125,61478,1),(125,61479,1),(125,61480,1),(125,61565,1),(125,61566,1),(125,61567,1),(125,61568,1),(125,61569,1),(125,61570,1),(125,61571,1),(125,61572,1),(125,61573,1),(125,61574,1),(125,65784,1),(125,65785,1),(125,65787,1),(125,65793,1),(125,65799,1),(125,65801,1),(125,65802,1),(125,65804,1),(125,65805,1),(125,65806,1),(125,65807,1),(125,65809,1),(125,65810,1),(125,65811,1),(125,65813,1),(125,65814,1),(125,65815,1),(125,65816,1),(125,65817,1),(125,65818,1),(125,65819,1),(125,65820,1),(125,65821,1),(125,65822,1),(125,65823,1),(125,65824,1),(125,65825,1),(125,65826,1),(125,65827,1),(125,65828,1),(125,65831,1),(125,65832,1),(125,65834,1),(125,65835,1),(125,65836,1),(125,65837,1),(125,65839,1),(125,65840,1),(125,65842,1),(125,65844,1),(125,65845,1),(125,65846,1),(125,65847,1),(125,65850,1),(125,65851,1),(125,65852,1),(125,65853,1),(125,65854,1),(125,65855,1),(125,65856,1),(125,65857,1),(125,65858,1),(125,65859,1),(125,65860,1),(125,65861,1),(125,65862,1),(125,65863,1),(125,65864,1),(125,65865,1),(125,65866,1),(125,65867,1),(125,65868,1),(125,65870,1),(125,65871,1),(125,65875,1),(125,65876,1),(125,65878,1),(125,65879,1),(125,65880,1),(125,65881,1),(125,65882,1),(125,65883,1),(125,65884,1),(125,65885,1),(125,65886,1),(125,65888,1),(125,65889,1),(125,65890,1),(125,65891,1),(125,65893,1),(125,65894,1),(125,65895,1),(125,65896,1),(125,65897,1),(125,65898,1),(125,65899,1),(125,65900,1),(125,65910,1),(125,65911,1),(125,65913,1),(125,65919,1),(125,65925,1),(125,65927,1),(125,65928,1),(125,65930,1),(125,65931,1),(125,65932,1),(125,65933,1),(125,65935,1),(125,65936,1),(125,65937,1),(125,65939,1),(125,65940,1),(125,65941,1),(125,65942,1),(125,65943,1),(125,65944,1),(125,65945,1),(125,65946,1),(125,65947,1),(125,65948,1),(125,65949,1),(125,65950,1),(125,65951,1),(125,65952,1),(125,65953,1),(125,65954,1),(125,65957,1),(125,65958,1),(125,65960,1),(125,65961,1),(125,65962,1),(125,65963,1),(125,65965,1),(125,65966,1),(125,65968,1),(125,65970,1),(125,65971,1),(125,65972,1),(125,65973,1),(125,65976,1),(125,65977,1),(125,65978,1),(125,65979,1),(125,65980,1),(125,65981,1),(125,65982,1),(125,65983,1),(125,65984,1),(125,65985,1),(125,65986,1),(125,65987,1),(125,65988,1),(125,65989,1),(125,65990,1),(125,65991,1),(125,65992,1),(125,65993,1),(125,65994,1),(125,65996,1),(125,65997,1),(125,66001,1),(125,66002,1),(125,66004,1),(125,66005,1),(125,66006,1),(125,66007,1),(125,66008,1),(125,66009,1),(125,66010,1),(125,66011,1),(125,66012,1),(125,66014,1),(125,66015,1),(125,66016,1),(125,66017,1),(125,66019,1),(125,66020,1),(125,66021,1),(125,66022,1),(125,66023,1),(125,66024,1),(125,66025,1),(125,66026,1),(125,67593,1),(125,67603,1),(125,67606,1),(125,67607,1),(125,67610,1),(125,67683,1),(125,67693,1),(125,67696,1),(125,67697,1),(125,67700,1),(125,68138,1),(125,68140,1),(125,68158,1),(125,68168,1),(125,68169,1),(125,68170,1),(125,68171,1),(125,68172,1),(125,68173,1),(125,68174,1),(125,68175,1),(125,68176,1),(125,68177,1),(125,68178,1),(125,68179,1),(125,68257,1),(125,68259,1),(125,68277,1),(125,68287,1),(125,68288,1),(125,68289,1),(125,68290,1),(125,68291,1),(125,68292,1),(125,68293,1),(125,68294,1),(125,68295,1),(125,68296,1),(125,68297,1),(125,68298,1),(125,70198,1),(125,70199,1),(125,70200,1),(125,70202,1),(125,70203,1),(125,70204,1),(125,70205,1),(125,70206,1),(125,70207,1),(125,70208,1),(125,70209,1),(125,70210,1),(125,70211,1),(125,70212,1),(125,70213,1),(125,70214,1),(125,70215,1),(125,70216,1),(125,70217,1),(125,70218,1),(125,70303,1),(125,70304,1),(125,70305,1),(125,70307,1),(125,70308,1),(125,70309,1),(125,70310,1),(125,70311,1),(125,70312,1),(125,70313,1),(125,70314,1),(125,70315,1),(125,70316,1),(125,70317,1),(125,70318,1),(125,70319,1),(125,70320,1),(125,70321,1),(125,70322,1),(125,70323,1),(125,72186,1),(125,72188,1),(125,72278,1),(125,72280,1),(125,72757,1),(125,72758,1),(125,72759,1),(125,72760,1),(125,72761,1),(125,72763,1),(125,72765,1),(125,72766,1),(125,72768,1),(125,72769,1),(125,72770,1),(125,72771,1),(125,72772,1),(125,72773,1),(125,72774,1),(125,72775,1),(125,72776,1),(125,72777,1),(125,72892,1),(125,72893,1),(125,72894,1),(125,72895,1),(125,72896,1),(125,72898,1),(125,72900,1),(125,72901,1),(125,72903,1),(125,72904,1),(125,72905,1),(125,72906,1),(125,72907,1),(125,72908,1),(125,72909,1),(125,72910,1),(125,72911,1),(125,72912,1),(125,72986,1),(125,73119,1),(125,73987,1),(125,74124,1),(125,75086,1),(125,75087,1),(125,75088,1),(125,75090,1),(125,75091,1),(125,75092,1),(125,75093,1),(125,75094,1),(125,75095,1),(125,75096,1),(125,75097,1),(125,75098,1),(125,75099,1),(125,75100,1),(125,75101,1),(125,75102,1),(125,75103,1),(125,75104,1),(125,75105,1),(125,75199,1),(125,75200,1),(125,75201,1),(125,75203,1),(125,75204,1),(125,75205,1),(125,75206,1),(125,75207,1),(125,75208,1),(125,75209,1),(125,75210,1),(125,75211,1),(125,75212,1),(125,75213,1),(125,75214,1),(125,75215,1),(125,75216,1),(125,75217,1),(125,75218,1),(125,18834,2),(125,18846,2),(125,18851,2),(125,18852,2),(125,18894,2),(125,18958,2),(125,18970,2),(125,18975,2),(125,18976,2),(125,19018,2),(125,19332,2),(125,19335,2),(125,19466,2),(125,19469,2),(125,28564,2),(125,28572,2),(125,28598,2),(125,28605,2),(125,28614,2),(125,28627,2),(125,28631,2),(125,28638,2),(125,28640,2),(125,28645,2),(125,28672,2),(125,28680,2),(125,28706,2),(125,28713,2),(125,28722,2),(125,28735,2),(125,28739,2),(125,28746,2),(125,28748,2),(125,28753,2),(125,33266,2),(125,33273,2),(125,33291,2),(125,33292,2),(125,33298,2),(125,33304,2),(125,33306,2),(125,33312,2),(125,33372,2),(125,33379,2),(125,33397,2),(125,33398,2),(125,33404,2),(125,33410,2),(125,33412,2),(125,33418,2),(125,33701,2),(125,33822,2),(125,34492,2),(125,34608,2),(125,42703,2),(125,42824,2),(125,43176,2),(125,43303,2),(125,47355,2),(125,47477,2),(125,58697,2),(125,58784,2),(125,61470,2),(125,61564,2),(125,65786,2),(125,65789,2),(125,65792,2),(125,65795,2),(125,65797,2),(125,65798,2),(125,65800,2),(125,65803,2),(125,65808,2),(125,65812,2),(125,65829,2),(125,65830,2),(125,65838,2),(125,65841,2),(125,65843,2),(125,65848,2),(125,65849,2),(125,65869,2),(125,65872,2),(125,65873,2),(125,65874,2),(125,65887,2),(125,65892,2),(125,65912,2),(125,65915,2),(125,65918,2),(125,65921,2),(125,65923,2),(125,65924,2),(125,65926,2),(125,65929,2),(125,65934,2),(125,65938,2),(125,65955,2),(125,65956,2),(125,65964,2),(125,65967,2),(125,65969,2),(125,65974,2),(125,65975,2),(125,65995,2),(125,65998,2),(125,65999,2),(125,66000,2),(125,66013,2),(125,66018,2),(125,67605,2),(125,67695,2),(125,70201,2),(125,70306,2),(125,72184,2),(125,72276,2),(125,72756,2),(125,72762,2),(125,72764,2),(125,72767,2),(125,72891,2),(125,72897,2),(125,72899,2),(125,72902,2),(125,75089,2),(125,75202,2),(125,18816,3),(125,18881,3),(125,18940,3),(125,19005,3),(125,23930,3),(125,24051,3),(125,28587,3),(125,28695,3),(125,33258,3),(125,33286,3),(125,33294,3),(125,33364,3),(125,33392,3),(125,33400,3),(125,43694,3),(125,43823,3),(125,47859,3),(125,47982,3),(125,65788,3),(125,65796,3),(125,65833,3),(125,65877,3),(125,65914,3),(125,65922,3),(125,65959,3),(125,66003,3),(125,18809,4),(125,18933,4),(125,28579,4),(125,28687,4),(125,33253,4),(125,33359,4),(125,65791,4),(125,65917,4),(125,67604,4),(125,67694,4),(125,33241,5),(125,33347,5),(125,65790,5),(125,65794,5),(125,65916,5),(125,65920,5),(125,72183,5),(125,72275,5),(125,36452,6),(125,36578,6),(125,63428,6),(125,63524,6),(125,67942,6),(125,68033,6),(125,72528,6),(125,72620,6),(125,18786,8),(125,18910,8),(125,23894,8),(125,24015,8),(125,28557,8),(125,28665,8),(125,33226,8),(125,33332,8),(125,33661,8),(125,33782,8),(125,36439,8),(125,36565,8),(125,40327,8),(125,40458,8),(125,44691,8),(125,44815,8),(125,61655,10),(125,61656,10),(125,61657,10),(125,61749,10),(125,61750,10),(125,61751,10),(125,66033,10),(125,66034,10),(125,66035,10),(125,66159,10),(125,66160,10),(125,66161,10),(125,70405,10),(125,70406,10),(125,70407,10),(125,70510,10),(125,70511,10),(125,70512,10),(125,75309,10),(125,75310,10),(125,75311,10),(125,75422,10),(125,75423,10),(125,75424,10),(125,58683,19),(125,58770,19),(125,63043,19),(125,63139,19),(125,67579,19),(125,67669,19),(125,72159,19),(125,72251,19),(126,18791,1),(126,18818,1),(126,18822,1),(126,18826,1),(126,18849,1),(126,18850,1),(126,18853,1),(126,18858,1),(126,18859,1),(126,18860,1),(126,18861,1),(126,18862,1),(126,18863,1),(126,18864,1),(126,18874,1),(126,18882,1),(126,18883,1),(126,18884,1),(126,18885,1),(126,18886,1),(126,18887,1),(126,18889,1),(126,18890,1),(126,18891,1),(126,18892,1),(126,18893,1),(126,18895,1),(126,18896,1),(126,18897,1),(126,18898,1),(126,18899,1),(126,18900,1),(126,18915,1),(126,18942,1),(126,18946,1),(126,18950,1),(126,18973,1),(126,18974,1),(126,18977,1),(126,18982,1),(126,18983,1),(126,18984,1),(126,18985,1),(126,18986,1),(126,18987,1),(126,18988,1),(126,18998,1),(126,19006,1),(126,19007,1),(126,19008,1),(126,19009,1),(126,19010,1),(126,19011,1),(126,19013,1),(126,19014,1),(126,19015,1),(126,19016,1),(126,19017,1),(126,19019,1),(126,19020,1),(126,19021,1),(126,19022,1),(126,19023,1),(126,19024,1),(126,19288,1),(126,19289,1),(126,19290,1),(126,19293,1),(126,19328,1),(126,19422,1),(126,19423,1),(126,19424,1),(126,19427,1),(126,19462,1),(126,23961,1),(126,24082,1),(126,28578,1),(126,28588,1),(126,28590,1),(126,28593,1),(126,28596,1),(126,28617,1),(126,28624,1),(126,28625,1),(126,28626,1),(126,28628,1),(126,28629,1),(126,28630,1),(126,28632,1),(126,28633,1),(126,28634,1),(126,28635,1),(126,28636,1),(126,28637,1),(126,28639,1),(126,28641,1),(126,28642,1),(126,28643,1),(126,28644,1),(126,28646,1),(126,28647,1),(126,28648,1),(126,28649,1),(126,28650,1),(126,28651,1),(126,28652,1),(126,28653,1),(126,28654,1),(126,28686,1),(126,28696,1),(126,28698,1),(126,28701,1),(126,28704,1),(126,28725,1),(126,28732,1),(126,28733,1),(126,28734,1),(126,28736,1),(126,28737,1),(126,28738,1),(126,28740,1),(126,28741,1),(126,28742,1),(126,28743,1),(126,28744,1),(126,28745,1),(126,28747,1),(126,28749,1),(126,28750,1),(126,28751,1),(126,28752,1),(126,28754,1),(126,28755,1),(126,28756,1),(126,28757,1),(126,28758,1),(126,28759,1),(126,28760,1),(126,28761,1),(126,28762,1),(126,29032,1),(126,29035,1),(126,29140,1),(126,29143,1),(126,33233,1),(126,33248,1),(126,33264,1),(126,33288,1),(126,33289,1),(126,33290,1),(126,33295,1),(126,33296,1),(126,33297,1),(126,33299,1),(126,33300,1),(126,33301,1),(126,33302,1),(126,33303,1),(126,33305,1),(126,33307,1),(126,33308,1),(126,33309,1),(126,33310,1),(126,33311,1),(126,33313,1),(126,33314,1),(126,33315,1),(126,33316,1),(126,33317,1),(126,33318,1),(126,33319,1),(126,33320,1),(126,33339,1),(126,33354,1),(126,33370,1),(126,33394,1),(126,33395,1),(126,33396,1),(126,33401,1),(126,33402,1),(126,33403,1),(126,33405,1),(126,33406,1),(126,33407,1),(126,33408,1),(126,33409,1),(126,33411,1),(126,33413,1),(126,33414,1),(126,33415,1),(126,33416,1),(126,33417,1),(126,33419,1),(126,33420,1),(126,33421,1),(126,33422,1),(126,33423,1),(126,33424,1),(126,33425,1),(126,33426,1),(126,33716,1),(126,33837,1),(126,34136,1),(126,34137,1),(126,34138,1),(126,34358,1),(126,34359,1),(126,34360,1),(126,34487,1),(126,34488,1),(126,34501,1),(126,34514,1),(126,34526,1),(126,34603,1),(126,34604,1),(126,34617,1),(126,34630,1),(126,34642,1),(126,36462,1),(126,36588,1),(126,37472,1),(126,37576,1),(126,38105,1),(126,38220,1),(126,42702,1),(126,42756,1),(126,42823,1),(126,42877,1),(126,43173,1),(126,43300,1),(126,43692,1),(126,43821,1),(126,44183,1),(126,44309,1),(126,44698,1),(126,44822,1),(126,46906,1),(126,46907,1),(126,46908,1),(126,46915,1),(126,46916,1),(126,46929,1),(126,47021,1),(126,47022,1),(126,47023,1),(126,47030,1),(126,47031,1),(126,47044,1),(126,47858,1),(126,47981,1),(126,48788,1),(126,48919,1),(126,49298,1),(126,49429,1),(126,57158,1),(126,57309,1),(126,58692,1),(126,58693,1),(126,58696,1),(126,58698,1),(126,58704,1),(126,58779,1),(126,58780,1),(126,58783,1),(126,58785,1),(126,58791,1),(126,59230,1),(126,59246,1),(126,59247,1),(126,59249,1),(126,59250,1),(126,59251,1),(126,59252,1),(126,59253,1),(126,59254,1),(126,59255,1),(126,59256,1),(126,59257,1),(126,59258,1),(126,59351,1),(126,59367,1),(126,59368,1),(126,59370,1),(126,59371,1),(126,59372,1),(126,59373,1),(126,59374,1),(126,59375,1),(126,59376,1),(126,59377,1),(126,59378,1),(126,59379,1),(126,60426,1),(126,60558,1),(126,61471,1),(126,61472,1),(126,61473,1),(126,61474,1),(126,61475,1),(126,61476,1),(126,61477,1),(126,61478,1),(126,61479,1),(126,61480,1),(126,61565,1),(126,61566,1),(126,61567,1),(126,61568,1),(126,61569,1),(126,61570,1),(126,61571,1),(126,61572,1),(126,61573,1),(126,61574,1),(126,65784,1),(126,65785,1),(126,65787,1),(126,65793,1),(126,65799,1),(126,65801,1),(126,65802,1),(126,65804,1),(126,65805,1),(126,65806,1),(126,65807,1),(126,65809,1),(126,65810,1),(126,65811,1),(126,65813,1),(126,65814,1),(126,65815,1),(126,65816,1),(126,65817,1),(126,65818,1),(126,65819,1),(126,65820,1),(126,65821,1),(126,65822,1),(126,65823,1),(126,65824,1),(126,65825,1),(126,65826,1),(126,65827,1),(126,65828,1),(126,65831,1),(126,65832,1),(126,65834,1),(126,65835,1),(126,65836,1),(126,65837,1),(126,65839,1),(126,65840,1),(126,65842,1),(126,65844,1),(126,65845,1),(126,65846,1),(126,65847,1),(126,65850,1),(126,65851,1),(126,65852,1),(126,65853,1),(126,65854,1),(126,65855,1),(126,65856,1),(126,65857,1),(126,65858,1),(126,65859,1),(126,65860,1),(126,65861,1),(126,65862,1),(126,65863,1),(126,65864,1),(126,65865,1),(126,65866,1),(126,65867,1),(126,65868,1),(126,65870,1),(126,65871,1),(126,65875,1),(126,65876,1),(126,65878,1),(126,65879,1),(126,65880,1),(126,65881,1),(126,65882,1),(126,65883,1),(126,65884,1),(126,65885,1),(126,65886,1),(126,65888,1),(126,65889,1),(126,65890,1),(126,65891,1),(126,65893,1),(126,65894,1),(126,65895,1),(126,65896,1),(126,65897,1),(126,65898,1),(126,65899,1),(126,65900,1),(126,65910,1),(126,65911,1),(126,65913,1),(126,65919,1),(126,65925,1),(126,65927,1),(126,65928,1),(126,65930,1),(126,65931,1),(126,65932,1),(126,65933,1),(126,65935,1),(126,65936,1),(126,65937,1),(126,65939,1),(126,65940,1),(126,65941,1),(126,65942,1),(126,65943,1),(126,65944,1),(126,65945,1),(126,65946,1),(126,65947,1),(126,65948,1),(126,65949,1),(126,65950,1),(126,65951,1),(126,65952,1),(126,65953,1),(126,65954,1),(126,65957,1),(126,65958,1),(126,65960,1),(126,65961,1),(126,65962,1),(126,65963,1),(126,65965,1),(126,65966,1),(126,65968,1),(126,65970,1),(126,65971,1),(126,65972,1),(126,65973,1),(126,65976,1),(126,65977,1),(126,65978,1),(126,65979,1),(126,65980,1),(126,65981,1),(126,65982,1),(126,65983,1),(126,65984,1),(126,65985,1),(126,65986,1),(126,65987,1),(126,65988,1),(126,65989,1),(126,65990,1),(126,65991,1),(126,65992,1),(126,65993,1),(126,65994,1),(126,65996,1),(126,65997,1),(126,66001,1),(126,66002,1),(126,66004,1),(126,66005,1),(126,66006,1),(126,66007,1),(126,66008,1),(126,66009,1),(126,66010,1),(126,66011,1),(126,66012,1),(126,66014,1),(126,66015,1),(126,66016,1),(126,66017,1),(126,66019,1),(126,66020,1),(126,66021,1),(126,66022,1),(126,66023,1),(126,66024,1),(126,66025,1),(126,66026,1),(126,67593,1),(126,67603,1),(126,67606,1),(126,67607,1),(126,67610,1),(126,67683,1),(126,67693,1),(126,67696,1),(126,67697,1),(126,67700,1),(126,68138,1),(126,68140,1),(126,68158,1),(126,68168,1),(126,68169,1),(126,68170,1),(126,68171,1),(126,68172,1),(126,68173,1),(126,68174,1),(126,68175,1),(126,68176,1),(126,68177,1),(126,68178,1),(126,68179,1),(126,68257,1),(126,68259,1),(126,68277,1),(126,68287,1),(126,68288,1),(126,68289,1),(126,68290,1),(126,68291,1),(126,68292,1),(126,68293,1),(126,68294,1),(126,68295,1),(126,68296,1),(126,68297,1),(126,68298,1),(126,70198,1),(126,70199,1),(126,70200,1),(126,70202,1),(126,70203,1),(126,70204,1),(126,70205,1),(126,70206,1),(126,70207,1),(126,70208,1),(126,70209,1),(126,70210,1),(126,70211,1),(126,70212,1),(126,70213,1),(126,70214,1),(126,70215,1),(126,70216,1),(126,70217,1),(126,70218,1),(126,70303,1),(126,70304,1),(126,70305,1),(126,70307,1),(126,70308,1),(126,70309,1),(126,70310,1),(126,70311,1),(126,70312,1),(126,70313,1),(126,70314,1),(126,70315,1),(126,70316,1),(126,70317,1),(126,70318,1),(126,70319,1),(126,70320,1),(126,70321,1),(126,70322,1),(126,70323,1),(126,72186,1),(126,72188,1),(126,72278,1),(126,72280,1),(126,72757,1),(126,72758,1),(126,72759,1),(126,72760,1),(126,72761,1),(126,72763,1),(126,72765,1),(126,72766,1),(126,72768,1),(126,72769,1),(126,72770,1),(126,72771,1),(126,72772,1),(126,72773,1),(126,72774,1),(126,72775,1),(126,72776,1),(126,72777,1),(126,72892,1),(126,72893,1),(126,72894,1),(126,72895,1),(126,72896,1),(126,72898,1),(126,72900,1),(126,72901,1),(126,72903,1),(126,72904,1),(126,72905,1),(126,72906,1),(126,72907,1),(126,72908,1),(126,72909,1),(126,72910,1),(126,72911,1),(126,72912,1),(126,72986,1),(126,73119,1),(126,73987,1),(126,74124,1),(126,75086,1),(126,75087,1),(126,75088,1),(126,75090,1),(126,75091,1),(126,75092,1),(126,75093,1),(126,75094,1),(126,75095,1),(126,75096,1),(126,75097,1),(126,75098,1),(126,75099,1),(126,75100,1),(126,75101,1),(126,75102,1),(126,75103,1),(126,75104,1),(126,75105,1),(126,75199,1),(126,75200,1),(126,75201,1),(126,75203,1),(126,75204,1),(126,75205,1),(126,75206,1),(126,75207,1),(126,75208,1),(126,75209,1),(126,75210,1),(126,75211,1),(126,75212,1),(126,75213,1),(126,75214,1),(126,75215,1),(126,75216,1),(126,75217,1),(126,75218,1),(126,18834,2),(126,18846,2),(126,18851,2),(126,18852,2),(126,18894,2),(126,18958,2),(126,18970,2),(126,18975,2),(126,18976,2),(126,19018,2),(126,19332,2),(126,19335,2),(126,19466,2),(126,19469,2),(126,28564,2),(126,28572,2),(126,28598,2),(126,28605,2),(126,28614,2),(126,28627,2),(126,28631,2),(126,28638,2),(126,28640,2),(126,28645,2),(126,28672,2),(126,28680,2),(126,28706,2),(126,28713,2),(126,28722,2),(126,28735,2),(126,28739,2),(126,28746,2),(126,28748,2),(126,28753,2),(126,33266,2),(126,33273,2),(126,33291,2),(126,33292,2),(126,33298,2),(126,33304,2),(126,33306,2),(126,33312,2),(126,33372,2),(126,33379,2),(126,33397,2),(126,33398,2),(126,33404,2),(126,33410,2),(126,33412,2),(126,33418,2),(126,33701,2),(126,33822,2),(126,34492,2),(126,34608,2),(126,42703,2),(126,42824,2),(126,43176,2),(126,43303,2),(126,47355,2),(126,47477,2),(126,58697,2),(126,58784,2),(126,61470,2),(126,61564,2),(126,65786,2),(126,65789,2),(126,65792,2),(126,65795,2),(126,65797,2),(126,65798,2),(126,65800,2),(126,65803,2),(126,65808,2),(126,65812,2),(126,65829,2),(126,65830,2),(126,65838,2),(126,65841,2),(126,65843,2),(126,65848,2),(126,65849,2),(126,65869,2),(126,65872,2),(126,65873,2),(126,65874,2),(126,65887,2),(126,65892,2),(126,65912,2),(126,65915,2),(126,65918,2),(126,65921,2),(126,65923,2),(126,65924,2),(126,65926,2),(126,65929,2),(126,65934,2),(126,65938,2),(126,65955,2),(126,65956,2),(126,65964,2),(126,65967,2),(126,65969,2),(126,65974,2),(126,65975,2),(126,65995,2),(126,65998,2),(126,65999,2),(126,66000,2),(126,66013,2),(126,66018,2),(126,67605,2),(126,67695,2),(126,70201,2),(126,70306,2),(126,72184,2),(126,72276,2),(126,72756,2),(126,72762,2),(126,72764,2),(126,72767,2),(126,72891,2),(126,72897,2),(126,72899,2),(126,72902,2),(126,75089,2),(126,75202,2),(126,18816,3),(126,18881,3),(126,18940,3),(126,19005,3),(126,23930,3),(126,24051,3),(126,28587,3),(126,28695,3),(126,33258,3),(126,33286,3),(126,33294,3),(126,33364,3),(126,33392,3),(126,33400,3),(126,43694,3),(126,43823,3),(126,47859,3),(126,47982,3),(126,65788,3),(126,65796,3),(126,65833,3),(126,65877,3),(126,65914,3),(126,65922,3),(126,65959,3),(126,66003,3),(126,18809,4),(126,18933,4),(126,28579,4),(126,28687,4),(126,33253,4),(126,33359,4),(126,65791,4),(126,65917,4),(126,67604,4),(126,67694,4),(126,33241,5),(126,33347,5),(126,65790,5),(126,65794,5),(126,65916,5),(126,65920,5),(126,72183,5),(126,72275,5),(126,36450,6),(126,36576,6),(126,63045,6),(126,63141,6),(126,67581,6),(126,67671,6),(126,72161,6),(126,72253,6),(126,18786,8),(126,18910,8),(126,23894,8),(126,24015,8),(126,28557,8),(126,28665,8),(126,33226,8),(126,33332,8),(126,33661,8),(126,33782,8),(126,36439,8),(126,36565,8),(126,40327,8),(126,40458,8),(126,44691,8),(126,44815,8),(126,61843,10),(126,61844,10),(126,61845,10),(126,66285,10),(126,66286,10),(126,66287,10),(126,75535,10),(126,75536,10),(126,75537,10),(126,76217,10),(126,76218,10),(126,76219,10),(126,77127,10),(126,77128,10),(126,77129,10),(126,77232,10),(126,77233,10),(126,77234,10),(126,77991,10),(126,77992,10),(126,77993,10),(126,78104,10),(126,78105,10),(126,78106,10),(126,58683,19),(126,58770,19),(126,63043,19),(126,63139,19),(126,67579,19),(126,67669,19),(126,72159,19),(126,72251,19),(127,18791,1),(127,18818,1),(127,18822,1),(127,18826,1),(127,18849,1),(127,18850,1),(127,18853,1),(127,18858,1),(127,18859,1),(127,18860,1),(127,18861,1),(127,18862,1),(127,18863,1),(127,18864,1),(127,18874,1),(127,18882,1),(127,18883,1),(127,18884,1),(127,18885,1),(127,18886,1),(127,18887,1),(127,18889,1),(127,18890,1),(127,18891,1),(127,18892,1),(127,18893,1),(127,18895,1),(127,18896,1),(127,18897,1),(127,18898,1),(127,18899,1),(127,18900,1),(127,18915,1),(127,18942,1),(127,18946,1),(127,18950,1),(127,18973,1),(127,18974,1),(127,18977,1),(127,18982,1),(127,18983,1),(127,18984,1),(127,18985,1),(127,18986,1),(127,18987,1),(127,18988,1),(127,18998,1),(127,19006,1),(127,19007,1),(127,19008,1),(127,19009,1),(127,19010,1),(127,19011,1),(127,19013,1),(127,19014,1),(127,19015,1),(127,19016,1),(127,19017,1),(127,19019,1),(127,19020,1),(127,19021,1),(127,19022,1),(127,19023,1),(127,19024,1),(127,19288,1),(127,19289,1),(127,19290,1),(127,19293,1),(127,19328,1),(127,19422,1),(127,19423,1),(127,19424,1),(127,19427,1),(127,19462,1),(127,23961,1),(127,24082,1),(127,28578,1),(127,28588,1),(127,28590,1),(127,28593,1),(127,28596,1),(127,28617,1),(127,28624,1),(127,28625,1),(127,28626,1),(127,28628,1),(127,28629,1),(127,28630,1),(127,28632,1),(127,28633,1),(127,28634,1),(127,28635,1),(127,28636,1),(127,28637,1),(127,28639,1),(127,28641,1),(127,28642,1),(127,28643,1),(127,28644,1),(127,28646,1),(127,28647,1),(127,28648,1),(127,28649,1),(127,28650,1),(127,28651,1),(127,28652,1),(127,28653,1),(127,28654,1),(127,28686,1),(127,28696,1),(127,28698,1),(127,28701,1),(127,28704,1),(127,28725,1),(127,28732,1),(127,28733,1),(127,28734,1),(127,28736,1),(127,28737,1),(127,28738,1),(127,28740,1),(127,28741,1),(127,28742,1),(127,28743,1),(127,28744,1),(127,28745,1),(127,28747,1),(127,28749,1),(127,28750,1),(127,28751,1),(127,28752,1),(127,28754,1),(127,28755,1),(127,28756,1),(127,28757,1),(127,28758,1),(127,28759,1),(127,28760,1),(127,28761,1),(127,28762,1),(127,29032,1),(127,29035,1),(127,29140,1),(127,29143,1),(127,33233,1),(127,33248,1),(127,33264,1),(127,33288,1),(127,33289,1),(127,33290,1),(127,33295,1),(127,33296,1),(127,33297,1),(127,33299,1),(127,33300,1),(127,33301,1),(127,33302,1),(127,33303,1),(127,33305,1),(127,33307,1),(127,33308,1),(127,33309,1),(127,33310,1),(127,33311,1),(127,33313,1),(127,33314,1),(127,33315,1),(127,33316,1),(127,33317,1),(127,33318,1),(127,33319,1),(127,33320,1),(127,33339,1),(127,33354,1),(127,33370,1),(127,33394,1),(127,33395,1),(127,33396,1),(127,33401,1),(127,33402,1),(127,33403,1),(127,33405,1),(127,33406,1),(127,33407,1),(127,33408,1),(127,33409,1),(127,33411,1),(127,33413,1),(127,33414,1),(127,33415,1),(127,33416,1),(127,33417,1),(127,33419,1),(127,33420,1),(127,33421,1),(127,33422,1),(127,33423,1),(127,33424,1),(127,33425,1),(127,33426,1),(127,33716,1),(127,33837,1),(127,34136,1),(127,34137,1),(127,34138,1),(127,34358,1),(127,34359,1),(127,34360,1),(127,34487,1),(127,34488,1),(127,34501,1),(127,34514,1),(127,34526,1),(127,34603,1),(127,34604,1),(127,34617,1),(127,34630,1),(127,34642,1),(127,36462,1),(127,36588,1),(127,37472,1),(127,37576,1),(127,38105,1),(127,38220,1),(127,42702,1),(127,42756,1),(127,42823,1),(127,42877,1),(127,43173,1),(127,43300,1),(127,43692,1),(127,43821,1),(127,44183,1),(127,44309,1),(127,44698,1),(127,44822,1),(127,46906,1),(127,46907,1),(127,46908,1),(127,46915,1),(127,46916,1),(127,46929,1),(127,47021,1),(127,47022,1),(127,47023,1),(127,47030,1),(127,47031,1),(127,47044,1),(127,47858,1),(127,47981,1),(127,48788,1),(127,48919,1),(127,49298,1),(127,49429,1),(127,57158,1),(127,57309,1),(127,58692,1),(127,58693,1),(127,58696,1),(127,58698,1),(127,58704,1),(127,58779,1),(127,58780,1),(127,58783,1),(127,58785,1),(127,58791,1),(127,59230,1),(127,59246,1),(127,59247,1),(127,59249,1),(127,59250,1),(127,59251,1),(127,59252,1),(127,59253,1),(127,59254,1),(127,59255,1),(127,59256,1),(127,59257,1),(127,59258,1),(127,59351,1),(127,59367,1),(127,59368,1),(127,59370,1),(127,59371,1),(127,59372,1),(127,59373,1),(127,59374,1),(127,59375,1),(127,59376,1),(127,59377,1),(127,59378,1),(127,59379,1),(127,60426,1),(127,60558,1),(127,61471,1),(127,61472,1),(127,61473,1),(127,61474,1),(127,61475,1),(127,61476,1),(127,61477,1),(127,61478,1),(127,61479,1),(127,61480,1),(127,61565,1),(127,61566,1),(127,61567,1),(127,61568,1),(127,61569,1),(127,61570,1),(127,61571,1),(127,61572,1),(127,61573,1),(127,61574,1),(127,65784,1),(127,65785,1),(127,65787,1),(127,65793,1),(127,65799,1),(127,65801,1),(127,65802,1),(127,65804,1),(127,65805,1),(127,65806,1),(127,65807,1),(127,65809,1),(127,65810,1),(127,65811,1),(127,65813,1),(127,65814,1),(127,65815,1),(127,65816,1),(127,65817,1),(127,65818,1),(127,65819,1),(127,65820,1),(127,65821,1),(127,65822,1),(127,65823,1),(127,65824,1),(127,65825,1),(127,65826,1),(127,65827,1),(127,65828,1),(127,65831,1),(127,65832,1),(127,65834,1),(127,65835,1),(127,65836,1),(127,65837,1),(127,65839,1),(127,65840,1),(127,65842,1),(127,65844,1),(127,65845,1),(127,65846,1),(127,65847,1),(127,65850,1),(127,65851,1),(127,65852,1),(127,65853,1),(127,65854,1),(127,65855,1),(127,65856,1),(127,65857,1),(127,65858,1),(127,65859,1),(127,65860,1),(127,65861,1),(127,65862,1),(127,65863,1),(127,65864,1),(127,65865,1),(127,65866,1),(127,65867,1),(127,65868,1),(127,65870,1),(127,65871,1),(127,65875,1),(127,65876,1),(127,65878,1),(127,65879,1),(127,65880,1),(127,65881,1),(127,65882,1),(127,65883,1),(127,65884,1),(127,65885,1),(127,65886,1),(127,65888,1),(127,65889,1),(127,65890,1),(127,65891,1),(127,65893,1),(127,65894,1),(127,65895,1),(127,65896,1),(127,65897,1),(127,65898,1),(127,65899,1),(127,65900,1),(127,65910,1),(127,65911,1),(127,65913,1),(127,65919,1),(127,65925,1),(127,65927,1),(127,65928,1),(127,65930,1),(127,65931,1),(127,65932,1),(127,65933,1),(127,65935,1),(127,65936,1),(127,65937,1),(127,65939,1),(127,65940,1),(127,65941,1),(127,65942,1),(127,65943,1),(127,65944,1),(127,65945,1),(127,65946,1),(127,65947,1),(127,65948,1),(127,65949,1),(127,65950,1),(127,65951,1),(127,65952,1),(127,65953,1),(127,65954,1),(127,65957,1),(127,65958,1),(127,65960,1),(127,65961,1),(127,65962,1),(127,65963,1),(127,65965,1),(127,65966,1),(127,65968,1),(127,65970,1),(127,65971,1),(127,65972,1),(127,65973,1),(127,65976,1),(127,65977,1),(127,65978,1),(127,65979,1),(127,65980,1),(127,65981,1),(127,65982,1),(127,65983,1),(127,65984,1),(127,65985,1),(127,65986,1),(127,65987,1),(127,65988,1),(127,65989,1),(127,65990,1),(127,65991,1),(127,65992,1),(127,65993,1),(127,65994,1),(127,65996,1),(127,65997,1),(127,66001,1),(127,66002,1),(127,66004,1),(127,66005,1),(127,66006,1),(127,66007,1),(127,66008,1),(127,66009,1),(127,66010,1),(127,66011,1),(127,66012,1),(127,66014,1),(127,66015,1),(127,66016,1),(127,66017,1),(127,66019,1),(127,66020,1),(127,66021,1),(127,66022,1),(127,66023,1),(127,66024,1),(127,66025,1),(127,66026,1),(127,67593,1),(127,67603,1),(127,67606,1),(127,67607,1),(127,67610,1),(127,67683,1),(127,67693,1),(127,67696,1),(127,67697,1),(127,67700,1),(127,68138,1),(127,68140,1),(127,68158,1),(127,68168,1),(127,68169,1),(127,68170,1),(127,68171,1),(127,68172,1),(127,68173,1),(127,68174,1),(127,68175,1),(127,68176,1),(127,68177,1),(127,68178,1),(127,68179,1),(127,68257,1),(127,68259,1),(127,68277,1),(127,68287,1),(127,68288,1),(127,68289,1),(127,68290,1),(127,68291,1),(127,68292,1),(127,68293,1),(127,68294,1),(127,68295,1),(127,68296,1),(127,68297,1),(127,68298,1),(127,70198,1),(127,70199,1),(127,70200,1),(127,70202,1),(127,70203,1),(127,70204,1),(127,70205,1),(127,70206,1),(127,70207,1),(127,70208,1),(127,70209,1),(127,70210,1),(127,70211,1),(127,70212,1),(127,70213,1),(127,70214,1),(127,70215,1),(127,70216,1),(127,70217,1),(127,70218,1),(127,70303,1),(127,70304,1),(127,70305,1),(127,70307,1),(127,70308,1),(127,70309,1),(127,70310,1),(127,70311,1),(127,70312,1),(127,70313,1),(127,70314,1),(127,70315,1),(127,70316,1),(127,70317,1),(127,70318,1),(127,70319,1),(127,70320,1),(127,70321,1),(127,70322,1),(127,70323,1),(127,72186,1),(127,72188,1),(127,72278,1),(127,72280,1),(127,72757,1),(127,72758,1),(127,72759,1),(127,72760,1),(127,72761,1),(127,72763,1),(127,72765,1),(127,72766,1),(127,72768,1),(127,72769,1),(127,72770,1),(127,72771,1),(127,72772,1),(127,72773,1),(127,72774,1),(127,72775,1),(127,72776,1),(127,72777,1),(127,72892,1),(127,72893,1),(127,72894,1),(127,72895,1),(127,72896,1),(127,72898,1),(127,72900,1),(127,72901,1),(127,72903,1),(127,72904,1),(127,72905,1),(127,72906,1),(127,72907,1),(127,72908,1),(127,72909,1),(127,72910,1),(127,72911,1),(127,72912,1),(127,72986,1),(127,73119,1),(127,73987,1),(127,74124,1),(127,75086,1),(127,75087,1),(127,75088,1),(127,75090,1),(127,75091,1),(127,75092,1),(127,75093,1),(127,75094,1),(127,75095,1),(127,75096,1),(127,75097,1),(127,75098,1),(127,75099,1),(127,75100,1),(127,75101,1),(127,75102,1),(127,75103,1),(127,75104,1),(127,75105,1),(127,75199,1),(127,75200,1),(127,75201,1),(127,75203,1),(127,75204,1),(127,75205,1),(127,75206,1),(127,75207,1),(127,75208,1),(127,75209,1),(127,75210,1),(127,75211,1),(127,75212,1),(127,75213,1),(127,75214,1),(127,75215,1),(127,75216,1),(127,75217,1),(127,75218,1),(127,18834,2),(127,18846,2),(127,18851,2),(127,18852,2),(127,18894,2),(127,18958,2),(127,18970,2),(127,18975,2),(127,18976,2),(127,19018,2),(127,19332,2),(127,19335,2),(127,19466,2),(127,19469,2),(127,28564,2),(127,28572,2),(127,28598,2),(127,28605,2),(127,28614,2),(127,28627,2),(127,28631,2),(127,28638,2),(127,28640,2),(127,28645,2),(127,28672,2),(127,28680,2),(127,28706,2),(127,28713,2),(127,28722,2),(127,28735,2),(127,28739,2),(127,28746,2),(127,28748,2),(127,28753,2),(127,33266,2),(127,33273,2),(127,33291,2),(127,33292,2),(127,33298,2),(127,33304,2),(127,33306,2),(127,33312,2),(127,33372,2),(127,33379,2),(127,33397,2),(127,33398,2),(127,33404,2),(127,33410,2),(127,33412,2),(127,33418,2),(127,33701,2),(127,33822,2),(127,34492,2),(127,34608,2),(127,42703,2),(127,42824,2),(127,43176,2),(127,43303,2),(127,47355,2),(127,47477,2),(127,58697,2),(127,58784,2),(127,61470,2),(127,61564,2),(127,65786,2),(127,65789,2),(127,65792,2),(127,65795,2),(127,65797,2),(127,65798,2),(127,65800,2),(127,65803,2),(127,65808,2),(127,65812,2),(127,65829,2),(127,65830,2),(127,65838,2),(127,65841,2),(127,65843,2),(127,65848,2),(127,65849,2),(127,65869,2),(127,65872,2),(127,65873,2),(127,65874,2),(127,65887,2),(127,65892,2),(127,65912,2),(127,65915,2),(127,65918,2),(127,65921,2),(127,65923,2),(127,65924,2),(127,65926,2),(127,65929,2),(127,65934,2),(127,65938,2),(127,65955,2),(127,65956,2),(127,65964,2),(127,65967,2),(127,65969,2),(127,65974,2),(127,65975,2),(127,65995,2),(127,65998,2),(127,65999,2),(127,66000,2),(127,66013,2),(127,66018,2),(127,67605,2),(127,67695,2),(127,70201,2),(127,70306,2),(127,72184,2),(127,72276,2),(127,72756,2),(127,72762,2),(127,72764,2),(127,72767,2),(127,72891,2),(127,72897,2),(127,72899,2),(127,72902,2),(127,75089,2),(127,75202,2),(127,18816,3),(127,18881,3),(127,18940,3),(127,19005,3),(127,23930,3),(127,24051,3),(127,28587,3),(127,28695,3),(127,33258,3),(127,33286,3),(127,33294,3),(127,33364,3),(127,33392,3),(127,33400,3),(127,43694,3),(127,43823,3),(127,47859,3),(127,47982,3),(127,65788,3),(127,65796,3),(127,65833,3),(127,65877,3),(127,65914,3),(127,65922,3),(127,65959,3),(127,66003,3),(127,18809,4),(127,18933,4),(127,28579,4),(127,28687,4),(127,33253,4),(127,33359,4),(127,65791,4),(127,65917,4),(127,67604,4),(127,67694,4),(127,33241,5),(127,33347,5),(127,65790,5),(127,65794,5),(127,65916,5),(127,65920,5),(127,72183,5),(127,72275,5),(127,38095,6),(127,38210,6),(127,42121,6),(127,42214,6),(127,46311,6),(127,46426,6),(127,50521,6),(127,50637,6),(127,18786,8),(127,18910,8),(127,23894,8),(127,24015,8),(127,28557,8),(127,28665,8),(127,33226,8),(127,33332,8),(127,33661,8),(127,33782,8),(127,36439,8),(127,36565,8),(127,40327,8),(127,40458,8),(127,44691,8),(127,44815,8),(127,75629,10),(127,75630,10),(127,75631,10),(127,75723,10),(127,75724,10),(127,75725,10),(127,76343,10),(127,76344,10),(127,76345,10),(127,76469,10),(127,76470,10),(127,76471,10),(127,77337,10),(127,77338,10),(127,77339,10),(127,77442,10),(127,77443,10),(127,77444,10),(127,78217,10),(127,78218,10),(127,78219,10),(127,78330,10),(127,78331,10),(127,78332,10),(127,58683,19),(127,58770,19),(127,63043,19),(127,63139,19),(127,67579,19),(127,67669,19),(127,72159,19),(127,72251,19),(128,18791,1),(128,18818,1),(128,18822,1),(128,18826,1),(128,18849,1),(128,18850,1),(128,18853,1),(128,18858,1),(128,18859,1),(128,18860,1),(128,18861,1),(128,18862,1),(128,18863,1),(128,18864,1),(128,18874,1),(128,18882,1),(128,18883,1),(128,18884,1),(128,18885,1),(128,18886,1),(128,18887,1),(128,18889,1),(128,18890,1),(128,18891,1),(128,18892,1),(128,18893,1),(128,18895,1),(128,18896,1),(128,18897,1),(128,18898,1),(128,18899,1),(128,18900,1),(128,18915,1),(128,18942,1),(128,18946,1),(128,18950,1),(128,18973,1),(128,18974,1),(128,18977,1),(128,18982,1),(128,18983,1),(128,18984,1),(128,18985,1),(128,18986,1),(128,18987,1),(128,18988,1),(128,18998,1),(128,19006,1),(128,19007,1),(128,19008,1),(128,19009,1),(128,19010,1),(128,19011,1),(128,19013,1),(128,19014,1),(128,19015,1),(128,19016,1),(128,19017,1),(128,19019,1),(128,19020,1),(128,19021,1),(128,19022,1),(128,19023,1),(128,19024,1),(128,19288,1),(128,19289,1),(128,19290,1),(128,19293,1),(128,19328,1),(128,19422,1),(128,19423,1),(128,19424,1),(128,19427,1),(128,19462,1),(128,23961,1),(128,24082,1),(128,28578,1),(128,28588,1),(128,28590,1),(128,28593,1),(128,28596,1),(128,28617,1),(128,28624,1),(128,28625,1),(128,28626,1),(128,28628,1),(128,28629,1),(128,28630,1),(128,28632,1),(128,28633,1),(128,28634,1),(128,28635,1),(128,28636,1),(128,28637,1),(128,28639,1),(128,28641,1),(128,28642,1),(128,28643,1),(128,28644,1),(128,28646,1),(128,28647,1),(128,28648,1),(128,28649,1),(128,28650,1),(128,28651,1),(128,28652,1),(128,28653,1),(128,28654,1),(128,28686,1),(128,28696,1),(128,28698,1),(128,28701,1),(128,28704,1),(128,28725,1),(128,28732,1),(128,28733,1),(128,28734,1),(128,28736,1),(128,28737,1),(128,28738,1),(128,28740,1),(128,28741,1),(128,28742,1),(128,28743,1),(128,28744,1),(128,28745,1),(128,28747,1),(128,28749,1),(128,28750,1),(128,28751,1),(128,28752,1),(128,28754,1),(128,28755,1),(128,28756,1),(128,28757,1),(128,28758,1),(128,28759,1),(128,28760,1),(128,28761,1),(128,28762,1),(128,29032,1),(128,29035,1),(128,29140,1),(128,29143,1),(128,33233,1),(128,33248,1),(128,33264,1),(128,33288,1),(128,33289,1),(128,33290,1),(128,33295,1),(128,33296,1),(128,33297,1),(128,33299,1),(128,33300,1),(128,33301,1),(128,33302,1),(128,33303,1),(128,33305,1),(128,33307,1),(128,33308,1),(128,33309,1),(128,33310,1),(128,33311,1),(128,33313,1),(128,33314,1),(128,33315,1),(128,33316,1),(128,33317,1),(128,33318,1),(128,33319,1),(128,33320,1),(128,33339,1),(128,33354,1),(128,33370,1),(128,33394,1),(128,33395,1),(128,33396,1),(128,33401,1),(128,33402,1),(128,33403,1),(128,33405,1),(128,33406,1),(128,33407,1),(128,33408,1),(128,33409,1),(128,33411,1),(128,33413,1),(128,33414,1),(128,33415,1),(128,33416,1),(128,33417,1),(128,33419,1),(128,33420,1),(128,33421,1),(128,33422,1),(128,33423,1),(128,33424,1),(128,33425,1),(128,33426,1),(128,33716,1),(128,33837,1),(128,34136,1),(128,34137,1),(128,34138,1),(128,34358,1),(128,34359,1),(128,34360,1),(128,34487,1),(128,34488,1),(128,34501,1),(128,34514,1),(128,34526,1),(128,34603,1),(128,34604,1),(128,34617,1),(128,34630,1),(128,34642,1),(128,36462,1),(128,36588,1),(128,37472,1),(128,37576,1),(128,38105,1),(128,38220,1),(128,42702,1),(128,42756,1),(128,42823,1),(128,42877,1),(128,43173,1),(128,43300,1),(128,43692,1),(128,43821,1),(128,44183,1),(128,44309,1),(128,44698,1),(128,44822,1),(128,46906,1),(128,46907,1),(128,46908,1),(128,46915,1),(128,46916,1),(128,46929,1),(128,47021,1),(128,47022,1),(128,47023,1),(128,47030,1),(128,47031,1),(128,47044,1),(128,47858,1),(128,47981,1),(128,48788,1),(128,48919,1),(128,49298,1),(128,49429,1),(128,57158,1),(128,57309,1),(128,58692,1),(128,58693,1),(128,58696,1),(128,58698,1),(128,58704,1),(128,58779,1),(128,58780,1),(128,58783,1),(128,58785,1),(128,58791,1),(128,59230,1),(128,59246,1),(128,59247,1),(128,59249,1),(128,59250,1),(128,59251,1),(128,59252,1),(128,59253,1),(128,59254,1),(128,59255,1),(128,59256,1),(128,59257,1),(128,59258,1),(128,59351,1),(128,59367,1),(128,59368,1),(128,59370,1),(128,59371,1),(128,59372,1),(128,59373,1),(128,59374,1),(128,59375,1),(128,59376,1),(128,59377,1),(128,59378,1),(128,59379,1),(128,60426,1),(128,60558,1),(128,61471,1),(128,61472,1),(128,61473,1),(128,61474,1),(128,61475,1),(128,61476,1),(128,61477,1),(128,61478,1),(128,61479,1),(128,61480,1),(128,61565,1),(128,61566,1),(128,61567,1),(128,61568,1),(128,61569,1),(128,61570,1),(128,61571,1),(128,61572,1),(128,61573,1),(128,61574,1),(128,65784,1),(128,65785,1),(128,65787,1),(128,65793,1),(128,65799,1),(128,65801,1),(128,65802,1),(128,65804,1),(128,65805,1),(128,65806,1),(128,65807,1),(128,65809,1),(128,65810,1),(128,65811,1),(128,65813,1),(128,65814,1),(128,65815,1),(128,65816,1),(128,65817,1),(128,65818,1),(128,65819,1),(128,65820,1),(128,65821,1),(128,65822,1),(128,65823,1),(128,65824,1),(128,65825,1),(128,65826,1),(128,65827,1),(128,65828,1),(128,65831,1),(128,65832,1),(128,65834,1),(128,65835,1),(128,65836,1),(128,65837,1),(128,65839,1),(128,65840,1),(128,65842,1),(128,65844,1),(128,65845,1),(128,65846,1),(128,65847,1),(128,65850,1),(128,65851,1),(128,65852,1),(128,65853,1),(128,65854,1),(128,65855,1),(128,65856,1),(128,65857,1),(128,65858,1),(128,65859,1),(128,65860,1),(128,65861,1),(128,65862,1),(128,65863,1),(128,65864,1),(128,65865,1),(128,65866,1),(128,65867,1),(128,65868,1),(128,65870,1),(128,65871,1),(128,65875,1),(128,65876,1),(128,65878,1),(128,65879,1),(128,65880,1),(128,65881,1),(128,65882,1),(128,65883,1),(128,65884,1),(128,65885,1),(128,65886,1),(128,65888,1),(128,65889,1),(128,65890,1),(128,65891,1),(128,65893,1),(128,65894,1),(128,65895,1),(128,65896,1),(128,65897,1),(128,65898,1),(128,65899,1),(128,65900,1),(128,65910,1),(128,65911,1),(128,65913,1),(128,65919,1),(128,65925,1),(128,65927,1),(128,65928,1),(128,65930,1),(128,65931,1),(128,65932,1),(128,65933,1),(128,65935,1),(128,65936,1),(128,65937,1),(128,65939,1),(128,65940,1),(128,65941,1),(128,65942,1),(128,65943,1),(128,65944,1),(128,65945,1),(128,65946,1),(128,65947,1),(128,65948,1),(128,65949,1),(128,65950,1),(128,65951,1),(128,65952,1),(128,65953,1),(128,65954,1),(128,65957,1),(128,65958,1),(128,65960,1),(128,65961,1),(128,65962,1),(128,65963,1),(128,65965,1),(128,65966,1),(128,65968,1),(128,65970,1),(128,65971,1),(128,65972,1),(128,65973,1),(128,65976,1),(128,65977,1),(128,65978,1),(128,65979,1),(128,65980,1),(128,65981,1),(128,65982,1),(128,65983,1),(128,65984,1),(128,65985,1),(128,65986,1),(128,65987,1),(128,65988,1),(128,65989,1),(128,65990,1),(128,65991,1),(128,65992,1),(128,65993,1),(128,65994,1),(128,65996,1),(128,65997,1),(128,66001,1),(128,66002,1),(128,66004,1),(128,66005,1),(128,66006,1),(128,66007,1),(128,66008,1),(128,66009,1),(128,66010,1),(128,66011,1),(128,66012,1),(128,66014,1),(128,66015,1),(128,66016,1),(128,66017,1),(128,66019,1),(128,66020,1),(128,66021,1),(128,66022,1),(128,66023,1),(128,66024,1),(128,66025,1),(128,66026,1),(128,67593,1),(128,67603,1),(128,67606,1),(128,67607,1),(128,67610,1),(128,67683,1),(128,67693,1),(128,67696,1),(128,67697,1),(128,67700,1),(128,68138,1),(128,68140,1),(128,68158,1),(128,68168,1),(128,68169,1),(128,68170,1),(128,68171,1),(128,68172,1),(128,68173,1),(128,68174,1),(128,68175,1),(128,68176,1),(128,68177,1),(128,68178,1),(128,68179,1),(128,68257,1),(128,68259,1),(128,68277,1),(128,68287,1),(128,68288,1),(128,68289,1),(128,68290,1),(128,68291,1),(128,68292,1),(128,68293,1),(128,68294,1),(128,68295,1),(128,68296,1),(128,68297,1),(128,68298,1),(128,70198,1),(128,70199,1),(128,70200,1),(128,70202,1),(128,70203,1),(128,70204,1),(128,70205,1),(128,70206,1),(128,70207,1),(128,70208,1),(128,70209,1),(128,70210,1),(128,70211,1),(128,70212,1),(128,70213,1),(128,70214,1),(128,70215,1),(128,70216,1),(128,70217,1),(128,70218,1),(128,70303,1),(128,70304,1),(128,70305,1),(128,70307,1),(128,70308,1),(128,70309,1),(128,70310,1),(128,70311,1),(128,70312,1),(128,70313,1),(128,70314,1),(128,70315,1),(128,70316,1),(128,70317,1),(128,70318,1),(128,70319,1),(128,70320,1),(128,70321,1),(128,70322,1),(128,70323,1),(128,72186,1),(128,72188,1),(128,72278,1),(128,72280,1),(128,72757,1),(128,72758,1),(128,72759,1),(128,72760,1),(128,72761,1),(128,72763,1),(128,72765,1),(128,72766,1),(128,72768,1),(128,72769,1),(128,72770,1),(128,72771,1),(128,72772,1),(128,72773,1),(128,72774,1),(128,72775,1),(128,72776,1),(128,72777,1),(128,72892,1),(128,72893,1),(128,72894,1),(128,72895,1),(128,72896,1),(128,72898,1),(128,72900,1),(128,72901,1),(128,72903,1),(128,72904,1),(128,72905,1),(128,72906,1),(128,72907,1),(128,72908,1),(128,72909,1),(128,72910,1),(128,72911,1),(128,72912,1),(128,72986,1),(128,73119,1),(128,73987,1),(128,74124,1),(128,75086,1),(128,75087,1),(128,75088,1),(128,75090,1),(128,75091,1),(128,75092,1),(128,75093,1),(128,75094,1),(128,75095,1),(128,75096,1),(128,75097,1),(128,75098,1),(128,75099,1),(128,75100,1),(128,75101,1),(128,75102,1),(128,75103,1),(128,75104,1),(128,75105,1),(128,75199,1),(128,75200,1),(128,75201,1),(128,75203,1),(128,75204,1),(128,75205,1),(128,75206,1),(128,75207,1),(128,75208,1),(128,75209,1),(128,75210,1),(128,75211,1),(128,75212,1),(128,75213,1),(128,75214,1),(128,75215,1),(128,75216,1),(128,75217,1),(128,75218,1),(128,18834,2),(128,18846,2),(128,18851,2),(128,18852,2),(128,18894,2),(128,18958,2),(128,18970,2),(128,18975,2),(128,18976,2),(128,19018,2),(128,19332,2),(128,19335,2),(128,19466,2),(128,19469,2),(128,28564,2),(128,28572,2),(128,28598,2),(128,28605,2),(128,28614,2),(128,28627,2),(128,28631,2),(128,28638,2),(128,28640,2),(128,28645,2),(128,28672,2),(128,28680,2),(128,28706,2),(128,28713,2),(128,28722,2),(128,28735,2),(128,28739,2),(128,28746,2),(128,28748,2),(128,28753,2),(128,33266,2),(128,33273,2),(128,33291,2),(128,33292,2),(128,33298,2),(128,33304,2),(128,33306,2),(128,33312,2),(128,33372,2),(128,33379,2),(128,33397,2),(128,33398,2),(128,33404,2),(128,33410,2),(128,33412,2),(128,33418,2),(128,33701,2),(128,33822,2),(128,34492,2),(128,34608,2),(128,42703,2),(128,42824,2),(128,43176,2),(128,43303,2),(128,47355,2),(128,47477,2),(128,58697,2),(128,58784,2),(128,61470,2),(128,61564,2),(128,65786,2),(128,65789,2),(128,65792,2),(128,65795,2),(128,65797,2),(128,65798,2),(128,65800,2),(128,65803,2),(128,65808,2),(128,65812,2),(128,65829,2),(128,65830,2),(128,65838,2),(128,65841,2),(128,65843,2),(128,65848,2),(128,65849,2),(128,65869,2),(128,65872,2),(128,65873,2),(128,65874,2),(128,65887,2),(128,65892,2),(128,65912,2),(128,65915,2),(128,65918,2),(128,65921,2),(128,65923,2),(128,65924,2),(128,65926,2),(128,65929,2),(128,65934,2),(128,65938,2),(128,65955,2),(128,65956,2),(128,65964,2),(128,65967,2),(128,65969,2),(128,65974,2),(128,65975,2),(128,65995,2),(128,65998,2),(128,65999,2),(128,66000,2),(128,66013,2),(128,66018,2),(128,67605,2),(128,67695,2),(128,70201,2),(128,70306,2),(128,72184,2),(128,72276,2),(128,72756,2),(128,72762,2),(128,72764,2),(128,72767,2),(128,72891,2),(128,72897,2),(128,72899,2),(128,72902,2),(128,75089,2),(128,75202,2),(128,18816,3),(128,18881,3),(128,18940,3),(128,19005,3),(128,23930,3),(128,24051,3),(128,28587,3),(128,28695,3),(128,33258,3),(128,33286,3),(128,33294,3),(128,33364,3),(128,33392,3),(128,33400,3),(128,43694,3),(128,43823,3),(128,47859,3),(128,47982,3),(128,65788,3),(128,65796,3),(128,65833,3),(128,65877,3),(128,65914,3),(128,65922,3),(128,65959,3),(128,66003,3),(128,18809,4),(128,18933,4),(128,28579,4),(128,28687,4),(128,33253,4),(128,33359,4),(128,65791,4),(128,65917,4),(128,67604,4),(128,67694,4),(128,33241,5),(128,33347,5),(128,65790,5),(128,65794,5),(128,65916,5),(128,65920,5),(128,72183,5),(128,72275,5),(128,36699,6),(128,36827,6),(128,63235,6),(128,63331,6),(128,67759,6),(128,67850,6),(128,72343,6),(128,72435,6),(128,18786,8),(128,18910,8),(128,23894,8),(128,24015,8),(128,28557,8),(128,28665,8),(128,33226,8),(128,33332,8),(128,33661,8),(128,33782,8),(128,36439,8),(128,36565,8),(128,40327,8),(128,40458,8),(128,44691,8),(128,44815,8),(128,75817,10),(128,75818,10),(128,75819,10),(128,75911,10),(128,75912,10),(128,75913,10),(128,76595,10),(128,76596,10),(128,76597,10),(128,76721,10),(128,76722,10),(128,76723,10),(128,77547,10),(128,77548,10),(128,77549,10),(128,77652,10),(128,77653,10),(128,77654,10),(128,78443,10),(128,78444,10),(128,78445,10),(128,78556,10),(128,78557,10),(128,78558,10),(128,58683,19),(128,58770,19),(128,63043,19),(128,63139,19),(128,67579,19),(128,67669,19),(128,72159,19),(128,72251,19),(129,18791,1),(129,18818,1),(129,18822,1),(129,18826,1),(129,18849,1),(129,18850,1),(129,18853,1),(129,18858,1),(129,18859,1),(129,18860,1),(129,18861,1),(129,18862,1),(129,18863,1),(129,18864,1),(129,18874,1),(129,18882,1),(129,18883,1),(129,18884,1),(129,18885,1),(129,18886,1),(129,18887,1),(129,18889,1),(129,18890,1),(129,18891,1),(129,18892,1),(129,18893,1),(129,18895,1),(129,18896,1),(129,18897,1),(129,18898,1),(129,18899,1),(129,18900,1),(129,18915,1),(129,18942,1),(129,18946,1),(129,18950,1),(129,18973,1),(129,18974,1),(129,18977,1),(129,18982,1),(129,18983,1),(129,18984,1),(129,18985,1),(129,18986,1),(129,18987,1),(129,18988,1),(129,18998,1),(129,19006,1),(129,19007,1),(129,19008,1),(129,19009,1),(129,19010,1),(129,19011,1),(129,19013,1),(129,19014,1),(129,19015,1),(129,19016,1),(129,19017,1),(129,19019,1),(129,19020,1),(129,19021,1),(129,19022,1),(129,19023,1),(129,19024,1),(129,19288,1),(129,19289,1),(129,19290,1),(129,19293,1),(129,19328,1),(129,19422,1),(129,19423,1),(129,19424,1),(129,19427,1),(129,19462,1),(129,23961,1),(129,24082,1),(129,28578,1),(129,28588,1),(129,28590,1),(129,28593,1),(129,28596,1),(129,28617,1),(129,28624,1),(129,28625,1),(129,28626,1),(129,28628,1),(129,28629,1),(129,28630,1),(129,28632,1),(129,28633,1),(129,28634,1),(129,28635,1),(129,28636,1),(129,28637,1),(129,28639,1),(129,28641,1),(129,28642,1),(129,28643,1),(129,28644,1),(129,28646,1),(129,28647,1),(129,28648,1),(129,28649,1),(129,28650,1),(129,28651,1),(129,28652,1),(129,28653,1),(129,28654,1),(129,28686,1),(129,28696,1),(129,28698,1),(129,28701,1),(129,28704,1),(129,28725,1),(129,28732,1),(129,28733,1),(129,28734,1),(129,28736,1),(129,28737,1),(129,28738,1),(129,28740,1),(129,28741,1),(129,28742,1),(129,28743,1),(129,28744,1),(129,28745,1),(129,28747,1),(129,28749,1),(129,28750,1),(129,28751,1),(129,28752,1),(129,28754,1),(129,28755,1),(129,28756,1),(129,28757,1),(129,28758,1),(129,28759,1),(129,28760,1),(129,28761,1),(129,28762,1),(129,29032,1),(129,29035,1),(129,29140,1),(129,29143,1),(129,33233,1),(129,33248,1),(129,33264,1),(129,33288,1),(129,33289,1),(129,33290,1),(129,33295,1),(129,33296,1),(129,33297,1),(129,33299,1),(129,33300,1),(129,33301,1),(129,33302,1),(129,33303,1),(129,33305,1),(129,33307,1),(129,33308,1),(129,33309,1),(129,33310,1),(129,33311,1),(129,33313,1),(129,33314,1),(129,33315,1),(129,33316,1),(129,33317,1),(129,33318,1),(129,33319,1),(129,33320,1),(129,33339,1),(129,33354,1),(129,33370,1),(129,33394,1),(129,33395,1),(129,33396,1),(129,33401,1),(129,33402,1),(129,33403,1),(129,33405,1),(129,33406,1),(129,33407,1),(129,33408,1),(129,33409,1),(129,33411,1),(129,33413,1),(129,33414,1),(129,33415,1),(129,33416,1),(129,33417,1),(129,33419,1),(129,33420,1),(129,33421,1),(129,33422,1),(129,33423,1),(129,33424,1),(129,33425,1),(129,33426,1),(129,33716,1),(129,33837,1),(129,34136,1),(129,34137,1),(129,34138,1),(129,34358,1),(129,34359,1),(129,34360,1),(129,34487,1),(129,34488,1),(129,34501,1),(129,34514,1),(129,34526,1),(129,34603,1),(129,34604,1),(129,34617,1),(129,34630,1),(129,34642,1),(129,36462,1),(129,36588,1),(129,37472,1),(129,37576,1),(129,38105,1),(129,38220,1),(129,42702,1),(129,42756,1),(129,42823,1),(129,42877,1),(129,43173,1),(129,43300,1),(129,43692,1),(129,43821,1),(129,44183,1),(129,44309,1),(129,44698,1),(129,44822,1),(129,46906,1),(129,46907,1),(129,46908,1),(129,46915,1),(129,46916,1),(129,46929,1),(129,47021,1),(129,47022,1),(129,47023,1),(129,47030,1),(129,47031,1),(129,47044,1),(129,47858,1),(129,47981,1),(129,48788,1),(129,48919,1),(129,49298,1),(129,49429,1),(129,57158,1),(129,57309,1),(129,58692,1),(129,58693,1),(129,58696,1),(129,58698,1),(129,58704,1),(129,58779,1),(129,58780,1),(129,58783,1),(129,58785,1),(129,58791,1),(129,59230,1),(129,59246,1),(129,59247,1),(129,59249,1),(129,59250,1),(129,59251,1),(129,59252,1),(129,59253,1),(129,59254,1),(129,59255,1),(129,59256,1),(129,59257,1),(129,59258,1),(129,59351,1),(129,59367,1),(129,59368,1),(129,59370,1),(129,59371,1),(129,59372,1),(129,59373,1),(129,59374,1),(129,59375,1),(129,59376,1),(129,59377,1),(129,59378,1),(129,59379,1),(129,60426,1),(129,60558,1),(129,61471,1),(129,61472,1),(129,61473,1),(129,61474,1),(129,61475,1),(129,61476,1),(129,61477,1),(129,61478,1),(129,61479,1),(129,61480,1),(129,61565,1),(129,61566,1),(129,61567,1),(129,61568,1),(129,61569,1),(129,61570,1),(129,61571,1),(129,61572,1),(129,61573,1),(129,61574,1),(129,65784,1),(129,65785,1),(129,65787,1),(129,65793,1),(129,65799,1),(129,65801,1),(129,65802,1),(129,65804,1),(129,65805,1),(129,65806,1),(129,65807,1),(129,65809,1),(129,65810,1),(129,65811,1),(129,65813,1),(129,65814,1),(129,65815,1),(129,65816,1),(129,65817,1),(129,65818,1),(129,65819,1),(129,65820,1),(129,65821,1),(129,65822,1),(129,65823,1),(129,65824,1),(129,65825,1),(129,65826,1),(129,65827,1),(129,65828,1),(129,65831,1),(129,65832,1),(129,65834,1),(129,65835,1),(129,65836,1),(129,65837,1),(129,65839,1),(129,65840,1),(129,65842,1),(129,65844,1),(129,65845,1),(129,65846,1),(129,65847,1),(129,65850,1),(129,65851,1),(129,65852,1),(129,65853,1),(129,65854,1),(129,65855,1),(129,65856,1),(129,65857,1),(129,65858,1),(129,65859,1),(129,65860,1),(129,65861,1),(129,65862,1),(129,65863,1),(129,65864,1),(129,65865,1),(129,65866,1),(129,65867,1),(129,65868,1),(129,65870,1),(129,65871,1),(129,65875,1),(129,65876,1),(129,65878,1),(129,65879,1),(129,65880,1),(129,65881,1),(129,65882,1),(129,65883,1),(129,65884,1),(129,65885,1),(129,65886,1),(129,65888,1),(129,65889,1),(129,65890,1),(129,65891,1),(129,65893,1),(129,65894,1),(129,65895,1),(129,65896,1),(129,65897,1),(129,65898,1),(129,65899,1),(129,65900,1),(129,65910,1),(129,65911,1),(129,65913,1),(129,65919,1),(129,65925,1),(129,65927,1),(129,65928,1),(129,65930,1),(129,65931,1),(129,65932,1),(129,65933,1),(129,65935,1),(129,65936,1),(129,65937,1),(129,65939,1),(129,65940,1),(129,65941,1),(129,65942,1),(129,65943,1),(129,65944,1),(129,65945,1),(129,65946,1),(129,65947,1),(129,65948,1),(129,65949,1),(129,65950,1),(129,65951,1),(129,65952,1),(129,65953,1),(129,65954,1),(129,65957,1),(129,65958,1),(129,65960,1),(129,65961,1),(129,65962,1),(129,65963,1),(129,65965,1),(129,65966,1),(129,65968,1),(129,65970,1),(129,65971,1),(129,65972,1),(129,65973,1),(129,65976,1),(129,65977,1),(129,65978,1),(129,65979,1),(129,65980,1),(129,65981,1),(129,65982,1),(129,65983,1),(129,65984,1),(129,65985,1),(129,65986,1),(129,65987,1),(129,65988,1),(129,65989,1),(129,65990,1),(129,65991,1),(129,65992,1),(129,65993,1),(129,65994,1),(129,65996,1),(129,65997,1),(129,66001,1),(129,66002,1),(129,66004,1),(129,66005,1),(129,66006,1),(129,66007,1),(129,66008,1),(129,66009,1),(129,66010,1),(129,66011,1),(129,66012,1),(129,66014,1),(129,66015,1),(129,66016,1),(129,66017,1),(129,66019,1),(129,66020,1),(129,66021,1),(129,66022,1),(129,66023,1),(129,66024,1),(129,66025,1),(129,66026,1),(129,67593,1),(129,67603,1),(129,67606,1),(129,67607,1),(129,67610,1),(129,67683,1),(129,67693,1),(129,67696,1),(129,67697,1),(129,67700,1),(129,68138,1),(129,68140,1),(129,68158,1),(129,68168,1),(129,68169,1),(129,68170,1),(129,68171,1),(129,68172,1),(129,68173,1),(129,68174,1),(129,68175,1),(129,68176,1),(129,68177,1),(129,68178,1),(129,68179,1),(129,68257,1),(129,68259,1),(129,68277,1),(129,68287,1),(129,68288,1),(129,68289,1),(129,68290,1),(129,68291,1),(129,68292,1),(129,68293,1),(129,68294,1),(129,68295,1),(129,68296,1),(129,68297,1),(129,68298,1),(129,70198,1),(129,70199,1),(129,70200,1),(129,70202,1),(129,70203,1),(129,70204,1),(129,70205,1),(129,70206,1),(129,70207,1),(129,70208,1),(129,70209,1),(129,70210,1),(129,70211,1),(129,70212,1),(129,70213,1),(129,70214,1),(129,70215,1),(129,70216,1),(129,70217,1),(129,70218,1),(129,70303,1),(129,70304,1),(129,70305,1),(129,70307,1),(129,70308,1),(129,70309,1),(129,70310,1),(129,70311,1),(129,70312,1),(129,70313,1),(129,70314,1),(129,70315,1),(129,70316,1),(129,70317,1),(129,70318,1),(129,70319,1),(129,70320,1),(129,70321,1),(129,70322,1),(129,70323,1),(129,72186,1),(129,72188,1),(129,72278,1),(129,72280,1),(129,72757,1),(129,72758,1),(129,72759,1),(129,72760,1),(129,72761,1),(129,72763,1),(129,72765,1),(129,72766,1),(129,72768,1),(129,72769,1),(129,72770,1),(129,72771,1),(129,72772,1),(129,72773,1),(129,72774,1),(129,72775,1),(129,72776,1),(129,72777,1),(129,72892,1),(129,72893,1),(129,72894,1),(129,72895,1),(129,72896,1),(129,72898,1),(129,72900,1),(129,72901,1),(129,72903,1),(129,72904,1),(129,72905,1),(129,72906,1),(129,72907,1),(129,72908,1),(129,72909,1),(129,72910,1),(129,72911,1),(129,72912,1),(129,72986,1),(129,73119,1),(129,73987,1),(129,74124,1),(129,75086,1),(129,75087,1),(129,75088,1),(129,75090,1),(129,75091,1),(129,75092,1),(129,75093,1),(129,75094,1),(129,75095,1),(129,75096,1),(129,75097,1),(129,75098,1),(129,75099,1),(129,75100,1),(129,75101,1),(129,75102,1),(129,75103,1),(129,75104,1),(129,75105,1),(129,75199,1),(129,75200,1),(129,75201,1),(129,75203,1),(129,75204,1),(129,75205,1),(129,75206,1),(129,75207,1),(129,75208,1),(129,75209,1),(129,75210,1),(129,75211,1),(129,75212,1),(129,75213,1),(129,75214,1),(129,75215,1),(129,75216,1),(129,75217,1),(129,75218,1),(129,18834,2),(129,18846,2),(129,18851,2),(129,18852,2),(129,18894,2),(129,18958,2),(129,18970,2),(129,18975,2),(129,18976,2),(129,19018,2),(129,19332,2),(129,19335,2),(129,19466,2),(129,19469,2),(129,28564,2),(129,28572,2),(129,28598,2),(129,28605,2),(129,28614,2),(129,28627,2),(129,28631,2),(129,28638,2),(129,28640,2),(129,28645,2),(129,28672,2),(129,28680,2),(129,28706,2),(129,28713,2),(129,28722,2),(129,28735,2),(129,28739,2),(129,28746,2),(129,28748,2),(129,28753,2),(129,33266,2),(129,33273,2),(129,33291,2),(129,33292,2),(129,33298,2),(129,33304,2),(129,33306,2),(129,33312,2),(129,33372,2),(129,33379,2),(129,33397,2),(129,33398,2),(129,33404,2),(129,33410,2),(129,33412,2),(129,33418,2),(129,33701,2),(129,33822,2),(129,34492,2),(129,34608,2),(129,42703,2),(129,42824,2),(129,43176,2),(129,43303,2),(129,47355,2),(129,47477,2),(129,58697,2),(129,58784,2),(129,61470,2),(129,61564,2),(129,65786,2),(129,65789,2),(129,65792,2),(129,65795,2),(129,65797,2),(129,65798,2),(129,65800,2),(129,65803,2),(129,65808,2),(129,65812,2),(129,65829,2),(129,65830,2),(129,65838,2),(129,65841,2),(129,65843,2),(129,65848,2),(129,65849,2),(129,65869,2),(129,65872,2),(129,65873,2),(129,65874,2),(129,65887,2),(129,65892,2),(129,65912,2),(129,65915,2),(129,65918,2),(129,65921,2),(129,65923,2),(129,65924,2),(129,65926,2),(129,65929,2),(129,65934,2),(129,65938,2),(129,65955,2),(129,65956,2),(129,65964,2),(129,65967,2),(129,65969,2),(129,65974,2),(129,65975,2),(129,65995,2),(129,65998,2),(129,65999,2),(129,66000,2),(129,66013,2),(129,66018,2),(129,67605,2),(129,67695,2),(129,70201,2),(129,70306,2),(129,72184,2),(129,72276,2),(129,72756,2),(129,72762,2),(129,72764,2),(129,72767,2),(129,72891,2),(129,72897,2),(129,72899,2),(129,72902,2),(129,75089,2),(129,75202,2),(129,18816,3),(129,18881,3),(129,18940,3),(129,19005,3),(129,23930,3),(129,24051,3),(129,28587,3),(129,28695,3),(129,33258,3),(129,33286,3),(129,33294,3),(129,33364,3),(129,33392,3),(129,33400,3),(129,43694,3),(129,43823,3),(129,47859,3),(129,47982,3),(129,65788,3),(129,65796,3),(129,65833,3),(129,65877,3),(129,65914,3),(129,65922,3),(129,65959,3),(129,66003,3),(129,18809,4),(129,18933,4),(129,28579,4),(129,28687,4),(129,33253,4),(129,33359,4),(129,65791,4),(129,65917,4),(129,67604,4),(129,67694,4),(129,33241,5),(129,33347,5),(129,65790,5),(129,65794,5),(129,65916,5),(129,65920,5),(129,72183,5),(129,72275,5),(129,36700,6),(129,36828,6),(129,63427,6),(129,63523,6),(129,67941,6),(129,68032,6),(129,72527,6),(129,72619,6),(129,18786,8),(129,18910,8),(129,23894,8),(129,24015,8),(129,28557,8),(129,28665,8),(129,33226,8),(129,33332,8),(129,33661,8),(129,33782,8),(129,36439,8),(129,36565,8),(129,40327,8),(129,40458,8),(129,44691,8),(129,44815,8),(129,76005,10),(129,76006,10),(129,76007,10),(129,76099,10),(129,76100,10),(129,76101,10),(129,76847,10),(129,76848,10),(129,76849,10),(129,76973,10),(129,76974,10),(129,76975,10),(129,77757,10),(129,77758,10),(129,77759,10),(129,77862,10),(129,77863,10),(129,77864,10),(129,78669,10),(129,78670,10),(129,78671,10),(129,78782,10),(129,78783,10),(129,78784,10),(129,58683,19),(129,58770,19),(129,63043,19),(129,63139,19),(129,67579,19),(129,67669,19),(129,72159,19),(129,72251,19),(130,76198,3),(130,76204,3),(130,77104,3),(130,77105,3),(130,77111,3),(130,77112,3),(130,77972,3),(130,77978,3),(130,78900,3),(130,78901,3),(130,78907,3),(130,78908,3),(130,76194,9),(130,76200,9),(130,77100,9),(130,77107,9),(130,77968,9),(130,77974,9),(130,78896,9),(130,78903,9),(130,76195,10),(130,76196,10),(130,76197,10),(130,76201,10),(130,76202,10),(130,76203,10),(130,77101,10),(130,77102,10),(130,77103,10),(130,77108,10),(130,77109,10),(130,77110,10),(130,77969,10),(130,77970,10),(130,77971,10),(130,77975,10),(130,77976,10),(130,77977,10),(130,78897,10),(130,78898,10),(130,78899,10),(130,78904,10),(130,78905,10),(130,78906,10),(130,76193,16),(130,76199,16),(130,77099,16),(130,77106,16),(130,77967,16),(130,77973,16),(130,78895,16),(130,78902,16),(131,76198,3),(131,76204,3),(131,77104,3),(131,77105,3),(131,77111,3),(131,77112,3),(131,77972,3),(131,77978,3),(131,78900,3),(131,78901,3),(131,78907,3),(131,78908,3),(131,76194,9),(131,76200,9),(131,77100,9),(131,77107,9),(131,77968,9),(131,77974,9),(131,78896,9),(131,78903,9),(131,76195,10),(131,76196,10),(131,76197,10),(131,76201,10),(131,76202,10),(131,76203,10),(131,77101,10),(131,77102,10),(131,77103,10),(131,77108,10),(131,77109,10),(131,77110,10),(131,77969,10),(131,77970,10),(131,77971,10),(131,77975,10),(131,77976,10),(131,77977,10),(131,78897,10),(131,78898,10),(131,78899,10),(131,78904,10),(131,78905,10),(131,78906,10),(131,76205,16),(131,76211,16),(131,77113,16),(131,77120,16),(131,77979,16),(131,77985,16),(131,78909,16),(131,78916,16);

--
-- Table structure for table `ps_search_word`
--

CREATE TABLE `ps_search_word` (
  `id_word` int(10) unsigned NOT NULL AUTO_INCREMENT,
  `id_shop` int(11) unsigned NOT NULL DEFAULT '1',
  `id_lang` int(10) unsigned NOT NULL,
  `word` varchar(15) NOT NULL,
  PRIMARY KEY (`id_word`),
  UNIQUE KEY `id_lang` (`id_lang`,`id_shop`,`word`)
) ENGINE=InnoDB AUTO_INCREMENT=78923 DEFAULT CHARSET=utf8;

--
-- Dumping data for table `ps_search_word`
--

INSERT INTO `ps_search_word` VALUES (18783,3,1,'0871772000129'),(19028,3,1,'0871772000136'),(19284,3,1,'0871772000235'),(19551,3,1,'0871772000242'),(19815,3,1,'0871772000259'),(34945,3,1,'0871772001348'),(35193,3,1,'0871772001355'),(35444,3,1,'0871772001416'),(35706,3,1,'0871772001423'),(35948,3,1,'0871772001430'),(36193,3,1,'0871772001447'),(36442,3,1,'0871772002611'),(36693,3,1,'0871772002628'),(36949,3,1,'0871772002635'),(37197,3,1,'0871772002642'),(37460,3,1,'0871772003304'),(37667,3,1,'0871772003366'),(37887,3,1,'0871772003373'),(38098,3,1,'0871772003427'),(38328,3,1,'0871772003434'),(38567,3,1,'0871772003441'),(51102,3,1,'0871772004615'),(51316,3,1,'0871772004622'),(51533,3,1,'0871772004639'),(51757,3,1,'0871772004646'),(51981,3,1,'0871772005322'),(52192,3,1,'0871772005339'),(58688,3,1,'0871772005834'),(58859,3,1,'0871772005841'),(59033,3,1,'0871772005865'),(59208,3,1,'0871772006015'),(59450,3,1,'0871772006022'),(59702,3,1,'0871772006039'),(59942,3,1,'0871772006046'),(60178,3,1,'0871772006053'),(60408,3,1,'0871772006213'),(60672,3,1,'0871772006312'),(60938,3,1,'0871772006329'),(61204,3,1,'0871772006336'),(61469,3,1,'0871772006718'),(61657,3,1,'0871772006725'),(61845,3,1,'0871772006732'),(75631,3,1,'0871772006749'),(75819,3,1,'0871772006756'),(76007,3,1,'0871772006763'),(52401,3,1,'0871772007210'),(57432,3,1,'0871772007227'),(57682,3,1,'0871772007234'),(57938,3,1,'0871772007241'),(58199,3,1,'0871772007258'),(58442,3,1,'0871772007265'),(34522,3,1,'100'),(58439,3,1,'103'),(19025,3,1,'104'),(19333,3,1,'110'),(51530,3,1,'114'),(36472,3,1,'127'),(38325,3,1,'142'),(57429,3,1,'146'),(57935,3,1,'164'),(19334,3,1,'174'),(51754,3,1,'192'),(18781,3,1,'200012'),(19026,3,1,'200013'),(19282,3,1,'200023'),(19549,3,1,'200024'),(19813,3,1,'200025'),(34481,3,1,'200128'),(34711,3,1,'200129'),(34943,3,1,'200134'),(35191,3,1,'200135'),(35442,3,1,'200141'),(35704,3,1,'200142'),(35946,3,1,'200143'),(36191,3,1,'200144'),(36440,3,1,'200261'),(36691,3,1,'200262'),(36947,3,1,'200263'),(37195,3,1,'200264'),(37458,3,1,'200330'),(37665,3,1,'200336'),(37885,3,1,'200337'),(38096,3,1,'200342'),(38326,3,1,'200343'),(38565,3,1,'200344'),(51100,3,1,'200461'),(51314,3,1,'200462'),(51531,3,1,'200463'),(51755,3,1,'200464'),(51979,3,1,'200532'),(52190,3,1,'200533'),(58686,3,1,'200583'),(58857,3,1,'200584'),(59031,3,1,'200586'),(59206,3,1,'200601'),(59448,3,1,'200602'),(59700,3,1,'200603'),(59940,3,1,'200604'),(60176,3,1,'200605'),(60406,3,1,'200621'),(60670,3,1,'200631'),(60936,3,1,'200632'),(61202,3,1,'200633'),(61467,3,1,'200671'),(61655,3,1,'200672'),(61843,3,1,'200673'),(75629,3,1,'200674'),(75817,3,1,'200675'),(76005,3,1,'200676'),(52399,3,1,'200721'),(57430,3,1,'200722'),(57680,3,1,'200723'),(57936,3,1,'200724'),(58197,3,1,'200725'),(58440,3,1,'200726'),(57679,3,1,'222'),(34482,3,1,'33112800'),(34712,3,1,'33112900'),(34944,3,1,'33113400'),(35192,3,1,'33113500'),(35443,3,1,'33114100'),(35705,3,1,'33114200'),(35947,3,1,'33114300'),(36192,3,1,'33114400'),(36441,3,1,'51026100'),(36692,3,1,'51026200'),(36948,3,1,'51026300'),(37196,3,1,'51026400'),(18782,3,1,'51101200'),(19027,3,1,'51101300'),(51101,3,1,'52046100'),(51315,3,1,'52046200'),(51532,3,1,'52046300'),(51756,3,1,'52046400'),(37459,3,1,'52333000'),(37666,3,1,'52333600'),(37886,3,1,'52333700'),(38097,3,1,'52434200'),(38327,3,1,'52434300'),(38566,3,1,'52434400'),(51980,3,1,'52753200'),(52191,3,1,'52753300'),(52400,3,1,'53072100'),(57431,3,1,'53072200'),(57681,3,1,'53072300'),(57937,3,1,'53072400'),(58441,3,1,'53072600'),(19283,3,1,'54002300'),(19550,3,1,'54002400'),(19814,3,1,'54002500'),(19299,3,1,'58mm'),(58198,3,1,'59072500'),(58687,3,1,'80058300'),(58858,3,1,'80058400'),(59032,3,1,'80058600'),(59207,3,1,'80060100'),(59449,3,1,'80060200'),(59701,3,1,'80060300'),(59941,3,1,'80060400'),(60177,3,1,'80060500'),(60407,3,1,'80062100'),(60671,3,1,'80063100'),(60937,3,1,'80063200'),(61203,3,1,'80063300'),(61468,3,1,'80067100'),(61656,3,1,'80067200'),(61844,3,1,'80067300'),(75630,3,1,'80067400'),(75818,3,1,'80067500'),(76006,3,1,'80067600'),(34483,3,1,'871772001287'),(34713,3,1,'871772001294'),(59259,3,1,'able'),(18810,3,1,'accent'),(58702,3,1,'accessories'),(18804,3,1,'accessory'),(52431,3,1,'activate'),(18890,3,1,'activity'),(18797,3,1,'add'),(59251,3,1,'adding'),(36952,3,1,'adults'),(18868,3,1,'advantage'),(59948,3,1,'africa'),(34956,3,1,'aged'),(35450,3,1,'ages'),(59708,3,1,'agility'),(36953,3,1,'alike'),(36447,3,1,'allow'),(36465,3,1,'allowing'),(19300,3,1,'allows'),(61478,3,1,'along'),(18882,3,1,'also'),(34490,3,1,'amazing'),(18900,3,1,'american'),(59946,3,1,'among'),(18884,3,1,'amusing'),(34511,3,1,'animal'),(34514,3,1,'animals'),(19309,3,1,'another'),(34524,3,1,'approved'),(61471,3,1,'around'),(60182,3,1,'arrival'),(37466,3,1,'assorted'),(59227,3,1,'asteroids'),(34501,3,1,'attached'),(59239,3,1,'attention'),(19331,3,1,'available'),(37462,3,1,'awesome'),(59254,3,1,'ball'),(52408,3,1,'bars'),(36469,3,1,'base'),(18866,3,1,'basic'),(60429,3,1,'battles'),(52409,3,1,'bearing'),(60413,3,1,'beast'),(60425,3,1,'beasts'),(38104,3,1,'beautiful'),(18883,3,1,'become'),(36468,3,1,'becoming'),(59222,3,1,'begins'),(36454,3,1,'best'),(59205,3,1,'beto'),(58692,3,1,'big'),(19308,3,1,'bigger'),(19816,3,1,'biggest'),(18777,3,1,'black'),(60669,3,1,'blatta'),(59247,3,1,'blocks'),(36450,3,1,'blue'),(19325,3,1,'box'),(36471,3,1,'boxes'),(18854,3,1,'brand'),(37201,3,1,'bridge'),(36459,3,1,'bright'),(18801,3,1,'bring'),(19338,3,1,'bringing'),(19301,3,1,'build'),(19288,3,1,'building'),(34946,3,1,'buildings'),(58684,3,1,'bundle'),(52410,3,1,'cage'),(57433,3,1,'cages'),(18806,3,1,'capture'),(36950,3,1,'captures'),(34951,3,1,'cards'),(59241,3,1,'care'),(36466,3,1,'carry'),(36196,3,1,'castle'),(36189,3,1,'castles'),(59238,3,1,'catches'),(38107,3,1,'catching'),(59225,3,1,'caused'),(58696,3,1,'central'),(37474,3,1,'change'),(60441,3,1,'changeable'),(18880,3,1,'channel'),(59261,3,1,'character'),(35456,3,1,'characters'),(18844,3,1,'child'),(18862,3,1,'children'),(59263,3,1,'chosen'),(18816,3,1,'classic'),(36467,3,1,'click'),(35446,3,1,'clips'),(34949,3,1,'cold'),(18799,3,1,'collection'),(36439,3,1,'color'),(51990,3,1,'colorful'),(36460,3,1,'colors'),(58700,3,1,'colour'),(35449,3,1,'colourful'),(19329,3,1,'colours'),(58691,3,1,'combinations'),(36462,3,1,'come'),(18788,3,1,'comes'),(34495,3,1,'company'),(34518,3,1,'compatible'),(61476,3,1,'complete'),(18872,3,1,'complex'),(19820,3,1,'complexity'),(18897,3,1,'compliance'),(52412,3,1,'cone'),(57683,3,1,'cones'),(19290,3,1,'connect'),(52425,3,1,'construct'),(18832,3,1,'constructed'),(18820,3,1,'construction'),(34491,3,1,'constructions'),(19305,3,1,'contain'),(19326,3,1,'contains'),(18843,3,1,'continuously'),(59250,3,1,'core'),(58698,3,1,'cover'),(59252,3,1,'covers'),(18846,3,1,'create'),(34493,3,1,'created'),(59231,3,1,'creating'),(38115,3,1,'creation'),(34947,3,1,'creations'),(19340,3,1,'creative'),(18834,3,1,'creativity'),(59454,3,1,'crests'),(18893,3,1,'criteria'),(57942,3,1,'crown'),(34480,3,1,'cubes'),(18864,3,1,'curiosity'),(59703,3,1,'cute'),(36451,3,1,'dark'),(58701,3,1,'deco'),(51988,3,1,'dedicated'),(58685,3,1,'deko'),(18814,3,1,'design'),(18860,3,1,'designed'),(37473,3,1,'designs'),(34955,3,1,'developed'),(34489,3,1,'develops'),(19328,3,1,'different'),(60437,3,1,'differentiated'),(60175,3,1,'dina'),(35441,3,1,'dinosaurs'),(58694,3,1,'draw'),(52420,3,1,'drive'),(36458,3,1,'dynamic'),(60418,3,1,'earth'),(19291,3,1,'easily'),(34506,3,1,'easy'),(51992,3,1,'effects'),(58690,3,1,'eggs'),(52418,3,1,'either'),(38114,3,1,'elegant'),(35457,3,1,'elements'),(60423,3,1,'enables'),(35196,3,1,'end'),(19293,3,1,'endless'),(61472,3,1,'engine'),(19330,3,1,'enhance'),(35451,3,1,'enhanced'),(52414,3,1,'enhances'),(37198,3,1,'enough'),(18861,3,1,'entertain'),(34950,3,1,'environment'),(59234,3,1,'environments'),(60428,3,1,'epic'),(18899,3,1,'european'),(34503,3,1,'even'),(18830,3,1,'every'),(34507,3,1,'everyone'),(60421,3,1,'evolution'),(18784,3,1,'expand'),(34530,3,1,'experience'),(19304,3,1,'experts'),(52415,3,1,'exploiting'),(52413,3,1,'extension'),(18891,3,1,'extraordinary'),(38106,3,1,'eye'),(58693,3,1,'eyes'),(18877,3,1,'facebook'),(18887,3,1,'family'),(37199,3,1,'fantastic'),(59230,3,1,'fantasy'),(36456,3,1,'fascinating'),(51986,3,1,'fashion'),(38101,3,1,'fashionable'),(59944,3,1,'feathers'),(34528,3,1,'feel'),(52406,3,1,'feet'),(60420,3,1,'fight'),(18828,3,1,'figures'),(34519,3,1,'finish'),(59210,3,1,'fins'),(36448,3,1,'first'),(59212,3,1,'fish'),(59257,3,1,'flipped'),(34485,3,1,'flow'),(59945,3,1,'fluttering'),(18856,3,1,'following'),(52428,3,1,'force'),(36461,3,1,'forces'),(60419,3,1,'forms'),(18875,3,1,'found'),(34484,3,1,'free'),(34486,3,1,'freely'),(34948,3,1,'freezing'),(60179,3,1,'friend'),(34512,3,1,'friends'),(59236,3,1,'frog'),(34510,3,1,'fruits'),(34952,3,1,'full'),(34499,3,1,'fun'),(52426,3,1,'functioning'),(59232,3,1,'funny'),(59237,3,1,'furthermore'),(38102,3,1,'fusion'),(34497,3,1,'game'),(57941,3,1,'gears'),(59258,3,1,'generate'),(18780,3,1,'geo'),(18786,3,1,'geomag'),(59223,3,1,'geomagnetic'),(38111,3,1,'geomags'),(18849,3,1,'geomagworld'),(18827,3,1,'geometric'),(37463,3,1,'geometry'),(51987,3,1,'glamorous'),(51978,3,1,'glitter'),(51991,3,1,'glittering'),(37457,3,1,'glow'),(36696,3,1,'goes'),(38329,3,1,'graphic'),(19323,3,1,'greatest'),(36452,3,1,'green'),(59245,3,1,'group'),(18805,3,1,'guaranteed'),(59456,3,1,'hedgehog'),(35194,3,1,'help'),(19315,3,1,'helps'),(60411,3,1,'hero'),(60424,3,1,'heroes'),(18857,3,1,'highest'),(59221,3,1,'history'),(52429,3,1,'hold'),(59249,3,1,'hollow'),(36190,3,1,'homes'),(60430,3,1,'hostile'),(18824,3,1,'huge'),(59709,3,1,'icy'),(34953,3,1,'ideas'),(52421,3,1,'identifying'),(61477,3,1,'illustrations'),(18809,3,1,'imagination'),(59262,3,1,'imagine'),(37476,3,1,'included'),(19294,3,1,'includes'),(34508,3,1,'including'),(19818,3,1,'increase'),(18871,3,1,'increasingly'),(18869,3,1,'incredible'),(52402,3,1,'indicator'),(36697,3,1,'infinity'),(19287,3,1,'ingenious'),(57940,3,1,'inner'),(19311,3,1,'innovation'),(34533,3,1,'innovative'),(38330,3,1,'inserts'),(61479,3,1,'inspiration'),(18807,3,1,'interest'),(37468,3,1,'intriguing'),(36455,3,1,'introduce'),(38110,3,1,'introducing'),(36445,3,1,'introduction'),(19316,3,1,'intuitively'),(61480,3,1,'invent'),(34496,3,1,'invented'),(18817,3,1,'inventive'),(59699,3,1,'jelo'),(37204,3,1,'jet'),(37203,3,1,'jumbo'),(36951,3,1,'kids'),(18831,3,1,'kind'),(19821,3,1,'kit'),(58683,3,1,'kor'),(59229,3,1,'land'),(59947,3,1,'landscapes'),(34494,3,1,'leading'),(19285,3,1,'leads'),(34531,3,1,'learning'),(18803,3,1,'life'),(36449,3,1,'light'),(37475,3,1,'lights'),(19302,3,1,'like'),(34492,3,1,'limits'),(18874,3,1,'line'),(52407,3,1,'linear'),(60415,3,1,'lives'),(59455,3,1,'lizard'),(18835,3,1,'logical'),(59452,3,1,'long'),(51989,3,1,'looking'),(38108,3,1,'lovers'),(18821,3,1,'made'),(38099,3,1,'magenta'),(35445,3,1,'magic'),(34500,3,1,'magical'),(34479,3,1,'magicube'),(18791,3,1,'magnetic'),(18870,3,1,'magnetism'),(19307,3,1,'magnets'),(19310,3,1,'major'),(18839,3,1,'make'),(34498,3,1,'making'),(34532,3,1,'managed'),(52419,3,1,'manual'),(18853,3,1,'manufactured'),(18850,3,1,'manufacturer'),(35950,3,1,'many'),(60409,3,1,'mask'),(60438,3,1,'masks'),(18848,3,1,'masterpiece'),(35454,3,1,'material'),(34521,3,1,'materials'),(34525,3,1,'may'),(52416,3,1,'mechanic'),(52398,3,1,'mechanics'),(19289,3,1,'metal'),(52193,3,1,'metallic'),(59226,3,1,'migration'),(18829,3,1,'models'),(60414,3,1,'monster'),(34957,3,1,'months'),(34527,3,1,'mothers'),(52432,3,1,'motion'),(60673,3,1,'mountains'),(59707,3,1,'move'),(52417,3,1,'moved'),(59214,3,1,'moves'),(18855,3,1,'name'),(59233,3,1,'native'),(60433,3,1,'natural'),(18845,3,1,'needed'),(18802,3,1,'new'),(60180,3,1,'newest'),(18790,3,1,'non'),(52423,3,1,'north'),(18825,3,1,'number'),(18811,3,1,'offer'),(19337,3,1,'official'),(60427,3,1,'one'),(59248,3,1,'onto'),(36698,3,1,'orange'),(59457,3,1,'owl'),(59447,3,1,'paco'),(18878,3,1,'page'),(37471,3,1,'panel'),(18798,3,1,'panels'),(18889,3,1,'parents'),(34517,3,1,'park'),(59943,3,1,'parrot'),(35448,3,1,'parts'),(18885,3,1,'pastime'),(59246,3,1,'patented'),(18779,3,1,'pcs'),(59704,3,1,'penguin'),(51984,3,1,'pentagon'),(19031,3,1,'pentagonal'),(18796,3,1,'pentagons'),(36444,3,1,'perfect'),(59242,3,1,'pet'),(37467,3,1,'phosphorescent'),(37668,3,1,'piece'),(19335,3,1,'pieces'),(38095,3,1,'pink'),(19327,3,1,'plastic'),(52411,3,1,'plate'),(58443,3,1,'plates'),(19030,3,1,'platform'),(36463,3,1,'platforms'),(34526,3,1,'play'),(60181,3,1,'playful'),(59209,3,1,'playing'),(34515,3,1,'polar'),(19314,3,1,'polarity'),(59711,3,1,'pole'),(52422,3,1,'poles'),(36470,3,1,'possibilities'),(18840,3,1,'possible'),(59217,3,1,'possibly'),(18815,3,1,'potential'),(19292,3,1,'potentially'),(37202,3,1,'powerful'),(19312,3,1,'presence'),(60412,3,1,'primordial'),(35945,3,1,'princess'),(35949,3,1,'princesses'),(19281,3,1,'pro'),(18822,3,1,'produced'),(18852,3,1,'products'),(18785,3,1,'projects'),(36195,3,1,'proper'),(19318,3,1,'properties'),(60417,3,1,'proteon'),(36694,3,1,'provide'),(51982,3,1,'purple'),(34714,3,1,'push'),(60426,3,1,'put'),(61474,3,1,'puts'),(18858,3,1,'quality'),(58689,3,1,'range'),(19303,3,1,'real'),(59235,3,1,'realistic'),(38105,3,1,'really'),(18836,3,1,'reasoning'),(37461,3,1,'rebuild'),(36700,3,1,'red'),(60431,3,1,'reflective'),(34529,3,1,'relaxed'),(34504,3,1,'remain'),(18841,3,1,'renew'),(19320,3,1,'replicate'),(52430,3,1,'repulse'),(18888,3,1,'reuniting'),(36464,3,1,'rigidity'),(34513,3,1,'river'),(35703,3,1,'robots'),(60434,3,1,'rocky'),(52403,3,1,'rod'),(18789,3,1,'rods'),(59451,3,1,'rotating'),(61473,3,1,'round'),(35453,3,1,'rubber'),(59253,3,1,'rugby'),(34516,3,1,'safari'),(34523,3,1,'safe'),(18894,3,1,'safety'),(35195,3,1,'savanna'),(60416,3,1,'scrubland'),(61475,3,1,'see'),(19298,3,1,'series'),(18787,3,1,'set'),(19332,3,1,'sets'),(34488,3,1,'shape'),(18826,3,1,'shapes'),(59216,3,1,'shark'),(35447,3,1,'show'),(35707,3,1,'showing'),(59218,3,1,'shrimp'),(34502,3,1,'side'),(19295,3,1,'silver'),(18819,3,1,'simple'),(19819,3,1,'size'),(52427,3,1,'sizes'),(37465,3,1,'skills'),(34509,3,1,'small'),(37470,3,1,'snap'),(38103,3,1,'soft'),(52424,3,1,'south'),(38112,3,1,'sparkling'),(35452,3,1,'special'),(19324,3,1,'specialists'),(58697,3,1,'sphere'),(18793,3,1,'spheres'),(58699,3,1,'splash'),(36453,3,1,'square'),(19029,3,1,'squared'),(18795,3,1,'squares'),(59219,3,1,'squid'),(18812,3,1,'stability'),(18859,3,1,'standards'),(18865,3,1,'start'),(36443,3,1,'starter'),(18792,3,1,'steel'),(51985,3,1,'sticks'),(18863,3,1,'stimulate'),(18833,3,1,'stimulates'),(35455,3,1,'stimulating'),(18808,3,1,'stir'),(59224,3,1,'storm'),(18892,3,1,'strictest'),(18898,3,1,'stringent'),(19306,3,1,'stronger'),(36695,3,1,'structural'),(18842,3,1,'structures'),(59213,3,1,'suddenly'),(38100,3,1,'suggests'),(38109,3,1,'suitable'),(57939,3,1,'supports'),(38113,3,1,'surprise'),(36457,3,1,'surprises'),(34505,3,1,'suspended'),(37200,3,1,'suspension'),(60435,3,1,'swampy'),(59211,3,1,'sweet'),(18896,3,1,'swiss'),(18823,3,1,'switzerland'),(60935,3,1,'swomp'),(18818,3,1,'system'),(59453,3,1,'tail'),(18867,3,1,'take'),(34487,3,1,'takes'),(59240,3,1,'taking'),(59244,3,1,'target'),(60405,3,1,'taurex'),(59220,3,1,'tazoo'),(61470,3,1,'test'),(37469,3,1,'thet'),(37464,3,1,'thinking'),(58695,3,1,'time'),(34954,3,1,'tips'),(59939,3,1,'toco'),(19339,3,1,'together'),(60432,3,1,'tough'),(60422,3,1,'tougher'),(18881,3,1,'toy'),(18851,3,1,'toys'),(59260,3,1,'transform'),(18838,3,1,'transformations'),(19296,3,1,'transparent'),(51983,3,1,'triangle'),(18794,3,1,'triangles'),(19297,3,1,'triangular'),(19321,3,1,'tricks'),(58200,3,1,'tube'),(52404,3,1,'tubes'),(59256,3,1,'turned'),(59255,3,1,'twisted'),(37472,3,1,'two'),(18895,3,1,'typical'),(18847,3,1,'unique'),(59243,3,1,'unisex'),(58704,3,1,'uniting'),(59228,3,1,'universe'),(60440,3,1,'unlimited'),(19317,3,1,'use'),(19322,3,1,'used'),(59705,3,1,'uses'),(34520,3,1,'using'),(18837,3,1,'variety'),(36194,3,1,'various'),(18813,3,1,'versatility'),(18873,3,1,'video'),(19336,3,1,'videos'),(37205,3,1,'violet'),(19313,3,1,'visible'),(60436,3,1,'volcanic'),(61201,3,1,'vulkram'),(52405,3,1,'washers'),(19817,3,1,'watch'),(59710,3,1,'waters'),(19286,3,1,'way'),(60410,3,1,'weapon'),(60439,3,1,'weapons'),(18876,3,1,'website'),(59215,3,1,'whale'),(18778,3,1,'white'),(18886,3,1,'whole'),(18800,3,1,'will'),(59706,3,1,'wings'),(19319,3,1,'wonderful'),(58703,3,1,'wondrous'),(36446,3,1,'world'),(36699,3,1,'yellow'),(18879,3,1,'youtube'),(1049,4,1,'000806'),(1176,4,1,'000807'),(1309,4,1,'000808'),(1441,4,1,'000809'),(1574,4,1,'000810'),(1711,4,1,'000842'),(1852,4,1,'000846'),(1987,4,1,'000848'),(2121,4,1,'000849'),(2256,4,1,'000856'),(1045,4,1,'0806'),(1174,4,1,'0807'),(1308,4,1,'0808'),(1439,4,1,'0809'),(1573,4,1,'0810'),(1709,4,1,'0842'),(1850,4,1,'0846'),(1985,4,1,'0848'),(2119,4,1,'0849'),(2254,4,1,'0856'),(2120,4,1,'11400'),(1986,4,1,'11600'),(1444,4,1,'120'),(1440,4,1,'14800'),(1106,4,1,'1953'),(1710,4,1,'25200'),(1851,4,1,'5400'),(2255,4,1,'5600'),(1175,4,1,'6000'),(1046,4,1,'6600'),(1050,4,1,'8007905008065'),(1177,4,1,'8007905008072'),(1310,4,1,'8007905008089'),(1442,4,1,'8007905008096'),(1575,4,1,'8007905008102'),(1712,4,1,'8007905008423'),(1853,4,1,'8007905008461'),(1988,4,1,'8007905008485'),(2122,4,1,'8007905008492'),(2257,4,1,'8007905008560'),(1714,4,1,'able'),(1073,4,1,'activity'),(1056,4,1,'anna'),(1070,4,1,'anti'),(1076,4,1,'anxieties'),(1042,4,1,'art'),(1178,4,1,'beloved'),(1086,4,1,'blend'),(1064,4,1,'boards'),(1103,4,1,'born'),(1093,4,1,'century'),(1855,4,1,'character'),(1180,4,1,'characters'),(1067,4,1,'children'),(1047,4,1,'chiodini'),(1443,4,1,'choose'),(1101,4,1,'city'),(1578,4,1,'click'),(1063,4,1,'colors'),(1857,4,1,'colours'),(1102,4,1,'company'),(1078,4,1,'concentration'),(1061,4,1,'contains'),(1053,4,1,'create'),(1062,4,1,'different'),(1179,4,1,'disney'),(1081,4,1,'distance'),(1446,4,1,'downloadable'),(1055,4,1,'elsa'),(1097,4,1,'entirely'),(1054,4,1,'faces'),(1104,4,1,'famous'),(1105,4,1,'first'),(1580,4,1,'follow'),(1449,4,1,'frame'),(1074,4,1,'frees'),(1044,4,1,'frozen'),(1181,4,1,'guide'),(1854,4,1,'iconic'),(1080,4,1,'images'),(1057,4,1,'ingenious'),(1576,4,1,'innovative'),(1581,4,1,'instructions'),(1100,4,1,'italian'),(1091,4,1,'late'),(1082,4,1,'like'),(1066,4,1,'line'),(1579,4,1,'link'),(1079,4,1,'look'),(1085,4,1,'magically'),(1173,4,1,'mickey'),(1075,4,1,'mind'),(1089,4,1,'new'),(1092,4,1,'nineteenth'),(1095,4,1,'painting'),(1058,4,1,'pegs'),(1582,4,1,'personal'),(1043,4,1,'photo'),(1084,4,1,'photographs'),(1041,4,1,'pixel'),(1094,4,1,'pointillist'),(1307,4,1,'princess'),(1311,4,1,'princesses'),(1090,4,1,'principle'),(1583,4,1,'printable'),(1098,4,1,'produced'),(1065,4,1,'product'),(1077,4,1,'promotes'),(1048,4,1,'qrc'),(1059,4,1,'quercetti'),(1083,4,1,'real'),(1448,4,1,'recreate'),(1072,4,1,'regenerating'),(1577,4,1,'reproduce'),(1060,4,1,'set'),(1182,4,1,'sheets'),(1051,4,1,'smart'),(1847,4,1,'star'),(1584,4,1,'start'),(1071,4,1,'sterss'),(1849,4,1,'stormtrooper'),(1088,4,1,'thousands'),(1087,4,1,'together'),(1052,4,1,'toy'),(1096,4,1,'toys'),(1099,4,1,'turin'),(1069,4,1,'upwards'),(1856,4,1,'using'),(1848,4,1,'wars'),(1447,4,1,'website'),(1713,4,1,'will'),(1445,4,1,'works'),(1068,4,1,'years'),(2253,4,1,'yoda'),(10,5,1,'042736'),(138,5,1,'042836'),(287,5,1,'042837'),(437,5,1,'042838'),(587,5,1,'042839'),(738,5,1,'042861'),(892,5,1,'042889'),(1,5,1,'100'),(36,5,1,'1965'),(7,5,1,'42736'),(137,5,1,'42836'),(286,5,1,'42837'),(436,5,1,'42838'),(586,5,1,'42839'),(737,5,1,'42861'),(891,5,1,'42889'),(739,5,1,'45861'),(11,5,1,'8003511427368'),(139,5,1,'8003511428365'),(288,5,1,'8003511428372'),(438,5,1,'8003511428389'),(588,5,1,'8003511428396'),(893,5,1,'8003511428891'),(740,5,1,'8003511458614'),(61,5,1,'advanced'),(285,5,1,'adventures'),(4,5,1,'album'),(152,5,1,'also'),(29,5,1,'artists'),(14,5,1,'available'),(64,5,1,'best'),(163,5,1,'body'),(6,5,1,'box'),(12,5,1,'boxes'),(34,5,1,'brand'),(145,5,1,'cardboard'),(13,5,1,'carioca'),(50,5,1,'chemists'),(735,5,1,'city'),(2,5,1,'color'),(142,5,1,'colored'),(26,5,1,'coloring'),(67,5,1,'colors'),(143,5,1,'completely'),(18,5,1,'containing'),(155,5,1,'contains'),(51,5,1,'craftsmen'),(55,5,1,'create'),(47,5,1,'day'),(27,5,1,'dedicated'),(66,5,1,'design'),(49,5,1,'designers'),(17,5,1,'designs'),(16,5,1,'different'),(39,5,1,'drawing'),(164,5,1,'easy'),(63,5,1,'embody'),(136,5,1,'empire'),(46,5,1,'every'),(890,5,1,'farm'),(21,5,1,'felt'),(23,5,1,'fine'),(35,5,1,'founded'),(15,5,1,'four'),(165,5,1,'handling'),(889,5,1,'happy'),(151,5,1,'ideal'),(32,5,1,'ideas'),(57,5,1,'instruments'),(33,5,1,'international'),(65,5,1,'italian'),(43,5,1,'italy'),(158,5,1,'joy'),(161,5,1,'jumbo'),(736,5,1,'jungle'),(3,5,1,'kit'),(54,5,1,'lovingly'),(150,5,1,'make'),(40,5,1,'materials'),(19,5,1,'maxi'),(585,5,1,'monster'),(9,5,1,'oca'),(162,5,1,'octagonal'),(25,5,1,'one'),(154,5,1,'pack'),(8,5,1,'pcs'),(22,5,1,'pens'),(146,5,1,'perfect'),(149,5,1,'piece'),(435,5,1,'pirates'),(24,5,1,'plus'),(159,5,1,'precise'),(42,5,1,'produced'),(38,5,1,'production'),(41,5,1,'products'),(135,5,1,'puzzle'),(147,5,1,'shape'),(44,5,1,'shipped'),(31,5,1,'short'),(141,5,1,'sided'),(58,5,1,'simple'),(148,5,1,'single'),(37,5,1,'specialised'),(144,5,1,'strength'),(160,5,1,'strokes'),(156,5,1,'superwashable'),(48,5,1,'team'),(60,5,1,'technologically'),(5,5,1,'tin'),(20,5,1,'tip'),(153,5,1,'toddlers'),(53,5,1,'together'),(62,5,1,'truly'),(140,5,1,'two'),(157,5,1,'types'),(30,5,1,'want'),(52,5,1,'work'),(45,5,1,'worldwide'),(56,5,1,'writing'),(59,5,1,'yet'),(28,5,1,'young'),(2396,6,1,'000001'),(2558,6,1,'000005'),(2726,6,1,'000006'),(2882,6,1,'000009'),(3041,6,1,'000029'),(3203,6,1,'000030'),(3360,6,1,'000043'),(3515,6,1,'000052'),(15473,6,1,'000084'),(15636,6,1,'000085'),(15804,6,1,'000086'),(15974,6,1,'000087'),(16142,6,1,'000092'),(16310,6,1,'000093'),(16469,6,1,'000097'),(16649,6,1,'000098'),(16812,6,1,'000099'),(16975,6,1,'000101'),(17139,6,1,'000102'),(17308,6,1,'000104'),(17475,6,1,'000106'),(17642,6,1,'000113'),(17815,6,1,'000115'),(17981,6,1,'000116'),(18140,6,1,'000121'),(18297,6,1,'000133'),(2556,6,1,'005'),(2724,6,1,'006'),(2880,6,1,'009'),(3039,6,1,'029'),(3201,6,1,'030'),(18620,6,1,'031'),(3514,6,1,'052'),(15471,6,1,'084'),(15634,6,1,'085'),(15803,6,1,'086'),(15972,6,1,'087'),(16140,6,1,'092'),(16308,6,1,'093'),(16467,6,1,'097'),(16647,6,1,'098'),(16813,6,1,'101'),(17137,6,1,'102'),(17307,6,1,'104'),(17474,6,1,'106'),(17640,6,1,'113'),(17814,6,1,'115'),(17979,6,1,'116'),(18138,6,1,'121'),(18295,6,1,'133'),(18621,6,1,'1350'),(18461,6,1,'1635'),(2422,6,1,'18th'),(18462,6,1,'202982'),(16811,6,1,'2200'),(15472,6,1,'230'),(15635,6,1,'250'),(17138,6,1,'290'),(18296,6,1,'297'),(17641,6,1,'300'),(16468,6,1,'310'),(18139,6,1,'318'),(2881,6,1,'320'),(16141,6,1,'350'),(17980,6,1,'380'),(16648,6,1,'390'),(16309,6,1,'400'),(2725,6,1,'430'),(15973,6,1,'437'),(3040,6,1,'460'),(2884,6,1,'4972825139325'),(3043,6,1,'4972825142684'),(3205,6,1,'4972825142691'),(2398,6,1,'4972825143698'),(3361,6,1,'4972825144381'),(3517,6,1,'4972825145753'),(2728,6,1,'4972825146958'),(15475,6,1,'4972825149638'),(15638,6,1,'4972825149645'),(15806,6,1,'4972825149690'),(15976,6,1,'4972825149751'),(16471,6,1,'4972825149768'),(16144,6,1,'4972825201053'),(16312,6,1,'4972825201060'),(16814,6,1,'4972825201152'),(16651,6,1,'4972825201169'),(16977,6,1,'4972825201565'),(17141,6,1,'4972825201572'),(17310,6,1,'4972825201992'),(17477,6,1,'4972825202012'),(17644,6,1,'4972825202463'),(17817,6,1,'4972825202487'),(17983,6,1,'4972825202494'),(18142,6,1,'4972825202616'),(18299,6,1,'4972825202951'),(18463,6,1,'4972825202982'),(18622,6,1,'4972825206041'),(3202,6,1,'530'),(2557,6,1,'777'),(2393,6,1,'800'),(2560,6,1,'828988201284'),(2439,6,1,'according'),(2450,6,1,'across'),(2470,6,1,'advanced'),(2463,6,1,'ages'),(2573,6,1,'aircraft'),(2567,6,1,'allow'),(18465,6,1,'allowing'),(2436,6,1,'allows'),(2888,6,1,'architecture'),(16482,6,1,'area'),(2889,6,1,'around'),(15983,6,1,'aspect'),(2410,6,1,'average'),(2434,6,1,'backing'),(16476,6,1,'banks'),(16656,6,1,'barcelona'),(17478,6,1,'beautiful'),(2448,6,1,'become'),(15984,6,1,'bell'),(3038,6,1,'ben'),(3037,6,1,'big'),(2731,6,1,'bike'),(2427,6,1,'block'),(2411,6,1,'blocks'),(18294,6,1,'bonsai'),(16313,6,1,'box'),(18464,6,1,'boxes'),(16974,6,1,'bridge'),(17305,6,1,'buckingham'),(2468,6,1,'build'),(2418,6,1,'building'),(16819,6,1,'buildings'),(2407,6,1,'built'),(17639,6,1,'bus'),(15809,6,1,'capital'),(16479,6,1,'capture'),(16145,6,1,'captures'),(16817,6,1,'care'),(16810,6,1,'castle'),(17479,6,1,'castles'),(2461,6,1,'choose'),(15971,6,1,'church'),(2467,6,1,'collect'),(18137,6,1,'colosseum'),(2445,6,1,'company'),(2400,6,1,'complete'),(15813,6,1,'construction'),(2406,6,1,'constructions'),(16652,6,1,'contained'),(2413,6,1,'contains'),(16146,6,1,'corner'),(16306,6,1,'dame'),(17645,6,1,'decker'),(2561,6,1,'dedicated'),(18618,6,1,'deluxe'),(2419,6,1,'designed'),(2572,6,1,'detail'),(2405,6,1,'detailed'),(16314,6,1,'details'),(2420,6,1,'developed'),(2459,6,1,'different'),(2429,6,1,'dividing'),(2432,6,1,'double'),(3363,6,1,'dutch'),(2437,6,1,'easily'),(2877,6,1,'easter'),(18619,6,1,'edition'),(3359,6,1,'elshout'),(17144,6,1,'even'),(2571,6,1,'every'),(2732,6,1,'everywhere'),(16815,6,1,'expresses'),(2892,6,1,'extraordinary'),(2569,6,1,'extreme'),(16646,6,1,'familia'),(2729,6,1,'famous'),(2457,6,1,'fanbase'),(2404,6,1,'fans'),(2465,6,1,'find'),(2430,6,1,'flange'),(17985,6,1,'francisco'),(15808,6,1,'french'),(3046,6,1,'fun'),(17978,6,1,'gate'),(16653,6,1,'gaudi'),(17311,6,1,'get'),(2469,6,1,'gift'),(17977,6,1,'golden'),(15479,6,1,'great'),(17143,6,1,'green'),(16148,6,1,'guide'),(2883,6,1,'h009'),(17476,6,1,'h010'),(3042,6,1,'h029'),(3204,6,1,'h030'),(3516,6,1,'h052'),(15474,6,1,'h084'),(15637,6,1,'h085'),(15805,6,1,'h086'),(15975,6,1,'h087'),(16143,6,1,'h092'),(16311,6,1,'h093'),(16470,6,1,'h097'),(16650,6,1,'h098'),(16976,6,1,'h101'),(17140,6,1,'h102'),(17309,6,1,'h104'),(17643,6,1,'h113'),(17816,6,1,'h115'),(17982,6,1,'h116'),(18141,6,1,'h121'),(18298,6,1,'h133'),(16973,6,1,'harbour'),(2446,6,1,'headquarters'),(15978,6,1,'height'),(16478,6,1,'help'),(16809,6,1,'himeji'),(2563,6,1,'historical'),(2471,6,1,'hobby'),(3513,6,1,'house'),(2456,6,1,'huge'),(15639,6,1,'iconic'),(2887,6,1,'icons'),(2730,6,1,'ideal'),(15982,6,1,'instructions'),(2878,6,1,'island'),(2421,6,1,'japan'),(2444,6,1,'japanese'),(17813,6,1,'kaminarimon'),(2442,6,1,'kawada'),(3358,6,1,'kinderduk'),(2431,6,1,'known'),(15470,6,1,'landing'),(3206,6,1,'leaning'),(17142,6,1,'light'),(2392,6,1,'locomotive'),(3045,6,1,'london'),(15802,6,1,'louvre'),(16818,6,1,'love'),(2562,6,1,'lovers'),(2443,6,1,'ltd'),(15469,6,1,'lunar'),(2397,6,1,'m001'),(2559,6,1,'m005'),(2727,6,1,'m006'),(2458,6,1,'many'),(16654,6,1,'masterpiece'),(15977,6,1,'maximum'),(2564,6,1,'means'),(2426,6,1,'measures'),(17135,6,1,'melbourne'),(2416,6,1,'micro'),(3518,6,1,'mini'),(2875,6,1,'moai'),(3357,6,1,'molen'),(16472,6,1,'monument'),(15641,6,1,'moon'),(2723,6,1,'motorcycle'),(2408,6,1,'much'),(15801,6,1,'musee'),(15807,6,1,'museum'),(2554,6,1,'mustang'),(2395,6,1,'nan'),(2401,6,1,'nanoblock'),(2879,6,1,'nbh'),(2555,6,1,'nbm'),(15979,6,1,'need'),(2440,6,1,'needs'),(17473,6,1,'neuschwanstein'),(16305,6,1,'notre'),(2399,6,1,'one'),(3512,6,1,'opera'),(15985,6,1,'outside'),(16474,6,1,'overlooking'),(2553,6,1,'p51'),(18617,6,1,'pagoda'),(17306,6,1,'palace'),(16307,6,1,'paris'),(2394,6,1,'pcs'),(2403,6,1,'perfect'),(2890,6,1,'perfectly'),(16473,6,1,'pictured'),(2425,6,1,'piece'),(2414,6,1,'pieces'),(18293,6,1,'pine'),(3200,6,1,'pisa'),(2438,6,1,'place'),(2455,6,1,'points'),(2570,6,1,'precision'),(16820,6,1,'process'),(2441,6,1,'produced'),(15811,6,1,'put'),(15814,6,1,'pyramid'),(16816,6,1,'quintessentiall'),(2415,6,1,'range'),(2885,6,1,'recreate'),(2891,6,1,'recreates'),(2568,6,1,'replicate'),(15478,6,1,'reproduce'),(2433,6,1,'ridged'),(16475,6,1,'river'),(16465,6,1,'rives'),(18143,6,1,'rome'),(15633,6,1,'rover'),(16645,6,1,'sagrada'),(17984,6,1,'san'),(15980,6,1,'scale'),(16466,6,1,'seine'),(2454,6,1,'selling'),(2412,6,1,'set'),(2402,6,1,'sets'),(2886,6,1,'sights'),(2566,6,1,'size'),(2417,6,1,'sized'),(18466,6,1,'skyline'),(16477,6,1,'small'),(2409,6,1,'smaller'),(2424,6,1,'smallest'),(2466,6,1,'something'),(15476,6,1,'space'),(15477,6,1,'spacecrafts'),(15986,6,1,'spaces'),(2428,6,1,'special'),(2423,6,1,'standard'),(17312,6,1,'started'),(2876,6,1,'statues'),(2391,6,1,'steam'),(16149,6,1,'step'),(16480,6,1,'structure'),(16481,6,1,'surrounding'),(3511,6,1,'sydney'),(16655,6,1,'symbol'),(3044,6,1,'symbols'),(2435,6,1,'system'),(2462,6,1,'tastes'),(2452,6,1,'thanks'),(2460,6,1,'themes'),(15812,6,1,'together'),(2447,6,1,'tokyo'),(3199,6,1,'torre'),(3207,6,1,'tower'),(17818,6,1,'tradition'),(17136,6,1,'tram'),(2565,6,1,'transport'),(15640,6,1,'travelled'),(15810,6,1,'try'),(3362,6,1,'typical'),(2453,6,1,'unique'),(15981,6,1,'use'),(17145,6,1,'vehicle'),(16139,6,1,'venezia'),(16147,6,1,'venice'),(3519,6,1,'version'),(2449,6,1,'well'),(2464,6,1,'will'),(3364,6,1,'windmill'),(2451,6,1,'world'),(76193,7,1,'adult'),(76198,7,1,'create'),(76196,7,1,'custom'),(76205,7,1,'kids'),(76194,7,1,'shirt'),(76195,7,1,'tag'),(76197,7,1,'thsirt'),(77,8,1,'042736'),(213,8,1,'042836'),(362,8,1,'042837'),(512,8,1,'042838'),(662,8,1,'042839'),(815,8,1,'042861'),(968,8,1,'042889'),(68,8,1,'100'),(103,8,1,'1965'),(74,8,1,'42736'),(212,8,1,'42836'),(361,8,1,'42837'),(511,8,1,'42838'),(661,8,1,'42839'),(814,8,1,'42861'),(967,8,1,'42889'),(816,8,1,'45861'),(78,8,1,'8003511427368'),(214,8,1,'8003511428365'),(363,8,1,'8003511428372'),(513,8,1,'8003511428389'),(663,8,1,'8003511428396'),(969,8,1,'8003511428891'),(817,8,1,'8003511458614'),(128,8,1,'advanced'),(360,8,1,'adventures'),(71,8,1,'album'),(227,8,1,'also'),(96,8,1,'artists'),(81,8,1,'available'),(131,8,1,'best'),(238,8,1,'body'),(73,8,1,'box'),(79,8,1,'boxes'),(101,8,1,'brand'),(220,8,1,'cardboard'),(80,8,1,'carioca'),(117,8,1,'chemists'),(812,8,1,'city'),(69,8,1,'color'),(217,8,1,'colored'),(93,8,1,'coloring'),(134,8,1,'colors'),(218,8,1,'completely'),(85,8,1,'containing'),(230,8,1,'contains'),(118,8,1,'craftsmen'),(122,8,1,'create'),(114,8,1,'day'),(94,8,1,'dedicated'),(133,8,1,'design'),(116,8,1,'designers'),(84,8,1,'designs'),(83,8,1,'different'),(106,8,1,'drawing'),(239,8,1,'easy'),(130,8,1,'embody'),(211,8,1,'empire'),(113,8,1,'every'),(966,8,1,'farm'),(88,8,1,'felt'),(90,8,1,'fine'),(102,8,1,'founded'),(82,8,1,'four'),(240,8,1,'handling'),(965,8,1,'happy'),(226,8,1,'ideal'),(99,8,1,'ideas'),(124,8,1,'instruments'),(100,8,1,'international'),(132,8,1,'italian'),(110,8,1,'italy'),(233,8,1,'joy'),(236,8,1,'jumbo'),(813,8,1,'jungle'),(70,8,1,'kit'),(121,8,1,'lovingly'),(225,8,1,'make'),(107,8,1,'materials'),(86,8,1,'maxi'),(660,8,1,'monster'),(76,8,1,'oca'),(237,8,1,'octagonal'),(92,8,1,'one'),(229,8,1,'pack'),(75,8,1,'pcs'),(89,8,1,'pens'),(221,8,1,'perfect'),(224,8,1,'piece'),(510,8,1,'pirates'),(91,8,1,'plus'),(234,8,1,'precise'),(109,8,1,'produced'),(105,8,1,'production'),(108,8,1,'products'),(210,8,1,'puzzle'),(222,8,1,'shape'),(111,8,1,'shipped'),(98,8,1,'short'),(216,8,1,'sided'),(125,8,1,'simple'),(223,8,1,'single'),(104,8,1,'specialised'),(219,8,1,'strength'),(235,8,1,'strokes'),(231,8,1,'superwashable'),(115,8,1,'team'),(127,8,1,'technologically'),(72,8,1,'tin'),(87,8,1,'tip'),(228,8,1,'toddlers'),(120,8,1,'together'),(129,8,1,'truly'),(215,8,1,'two'),(232,8,1,'types'),(97,8,1,'want'),(119,8,1,'work'),(112,8,1,'worldwide'),(123,8,1,'writing'),(126,8,1,'yet'),(95,8,1,'young'),(18907,10,1,'0871772000129'),(19156,10,1,'0871772000136'),(19418,10,1,'0871772000235'),(19683,10,1,'0871772000242'),(19948,10,1,'0871772000259'),(35069,10,1,'0871772001348'),(35318,10,1,'0871772001355'),(35575,10,1,'0871772001416'),(35827,10,1,'0871772001423'),(36070,10,1,'0871772001430'),(36318,10,1,'0871772001447'),(36568,10,1,'0871772002611'),(36821,10,1,'0871772002628'),(37073,10,1,'0871772002635'),(37328,10,1,'0871772002642'),(37564,10,1,'0871772003304'),(37777,10,1,'0871772003366'),(37992,10,1,'0871772003373'),(38213,10,1,'0871772003427'),(38448,10,1,'0871772003434'),(38685,10,1,'0871772003441'),(51209,10,1,'0871772004615'),(51424,10,1,'0871772004622'),(51645,10,1,'0871772004639'),(51869,10,1,'0871772004646'),(52087,10,1,'0871772005322'),(52296,10,1,'0871772005339'),(58775,10,1,'0871772005834'),(58946,10,1,'0871772005841'),(59120,10,1,'0871772005865'),(59329,10,1,'0871772006015'),(59576,10,1,'0871772006022'),(59822,10,1,'0871772006039'),(60060,10,1,'0871772006046'),(60293,10,1,'0871772006053'),(60540,10,1,'0871772006213'),(60805,10,1,'0871772006312'),(61071,10,1,'0871772006329'),(61337,10,1,'0871772006336'),(61563,10,1,'0871772006718'),(61751,10,1,'0871772006725'),(75537,10,1,'0871772006732'),(75725,10,1,'0871772006749'),(75913,10,1,'0871772006756'),(76101,10,1,'0871772006763'),(52524,10,1,'0871772007210'),(57557,10,1,'0871772007227'),(57810,10,1,'0871772007234'),(58069,10,1,'0871772007241'),(58320,10,1,'0871772007258'),(58564,10,1,'0871772007265'),(34638,10,1,'100'),(58561,10,1,'103'),(19153,10,1,'104'),(19467,10,1,'110'),(51642,10,1,'114'),(36598,10,1,'127'),(38445,10,1,'142'),(57554,10,1,'146'),(58066,10,1,'164'),(19468,10,1,'174'),(51866,10,1,'192'),(18905,10,1,'200012'),(19154,10,1,'200013'),(19416,10,1,'200023'),(19681,10,1,'200024'),(19946,10,1,'200025'),(34597,10,1,'200128'),(34827,10,1,'200129'),(35067,10,1,'200134'),(35316,10,1,'200135'),(35573,10,1,'200141'),(35825,10,1,'200142'),(36068,10,1,'200143'),(36316,10,1,'200144'),(36566,10,1,'200261'),(36819,10,1,'200262'),(37071,10,1,'200263'),(37326,10,1,'200264'),(37562,10,1,'200330'),(37775,10,1,'200336'),(37990,10,1,'200337'),(38211,10,1,'200342'),(38446,10,1,'200343'),(38683,10,1,'200344'),(51207,10,1,'200461'),(51422,10,1,'200462'),(51643,10,1,'200463'),(51867,10,1,'200464'),(52085,10,1,'200532'),(52294,10,1,'200533'),(58773,10,1,'200583'),(58944,10,1,'200584'),(59118,10,1,'200586'),(59327,10,1,'200601'),(59574,10,1,'200602'),(59820,10,1,'200603'),(60058,10,1,'200604'),(60291,10,1,'200605'),(60538,10,1,'200621'),(60803,10,1,'200631'),(61069,10,1,'200632'),(61335,10,1,'200633'),(61561,10,1,'200671'),(61749,10,1,'200672'),(75535,10,1,'200673'),(75723,10,1,'200674'),(75911,10,1,'200675'),(76099,10,1,'200676'),(52522,10,1,'200721'),(57555,10,1,'200722'),(57808,10,1,'200723'),(58067,10,1,'200724'),(58318,10,1,'200725'),(58562,10,1,'200726'),(57807,10,1,'222'),(34598,10,1,'33112800'),(34828,10,1,'33112900'),(35068,10,1,'33113400'),(35317,10,1,'33113500'),(35574,10,1,'33114100'),(35826,10,1,'33114200'),(36069,10,1,'33114300'),(36317,10,1,'33114400'),(36567,10,1,'51026100'),(36820,10,1,'51026200'),(37072,10,1,'51026300'),(37327,10,1,'51026400'),(18906,10,1,'51101200'),(19155,10,1,'51101300'),(51208,10,1,'52046100'),(51423,10,1,'52046200'),(51644,10,1,'52046300'),(51868,10,1,'52046400'),(37563,10,1,'52333000'),(37776,10,1,'52333600'),(37991,10,1,'52333700'),(38212,10,1,'52434200'),(38447,10,1,'52434300'),(38684,10,1,'52434400'),(52086,10,1,'52753200'),(52295,10,1,'52753300'),(52523,10,1,'53072100'),(57556,10,1,'53072200'),(57809,10,1,'53072300'),(58068,10,1,'53072400'),(58563,10,1,'53072600'),(19417,10,1,'54002300'),(19682,10,1,'54002400'),(19947,10,1,'54002500'),(19433,10,1,'58mm'),(58319,10,1,'59072500'),(58774,10,1,'80058300'),(58945,10,1,'80058400'),(59119,10,1,'80058600'),(59328,10,1,'80060100'),(59575,10,1,'80060200'),(59821,10,1,'80060300'),(60059,10,1,'80060400'),(60292,10,1,'80060500'),(60539,10,1,'80062100'),(60804,10,1,'80063100'),(61070,10,1,'80063200'),(61336,10,1,'80063300'),(61562,10,1,'80067100'),(61750,10,1,'80067200'),(75536,10,1,'80067300'),(75724,10,1,'80067400'),(75912,10,1,'80067500'),(76100,10,1,'80067600'),(34599,10,1,'871772001287'),(34829,10,1,'871772001294'),(59380,10,1,'able'),(18934,10,1,'accent'),(58789,10,1,'accessories'),(18928,10,1,'accessory'),(52554,10,1,'activate'),(19014,10,1,'activity'),(18921,10,1,'add'),(59372,10,1,'adding'),(37076,10,1,'adults'),(18992,10,1,'advantage'),(60066,10,1,'africa'),(35080,10,1,'aged'),(35581,10,1,'ages'),(59828,10,1,'agility'),(37077,10,1,'alike'),(36573,10,1,'allow'),(36591,10,1,'allowing'),(19434,10,1,'allows'),(61572,10,1,'along'),(19006,10,1,'also'),(34606,10,1,'amazing'),(19024,10,1,'american'),(60064,10,1,'among'),(19008,10,1,'amusing'),(34627,10,1,'animal'),(34630,10,1,'animals'),(19443,10,1,'another'),(34640,10,1,'approved'),(61565,10,1,'around'),(60297,10,1,'arrival'),(37570,10,1,'assorted'),(59348,10,1,'asteroids'),(34617,10,1,'attached'),(59360,10,1,'attention'),(19465,10,1,'available'),(37566,10,1,'awesome'),(59375,10,1,'ball'),(52531,10,1,'bars'),(36595,10,1,'base'),(18990,10,1,'basic'),(60561,10,1,'battles'),(52532,10,1,'bearing'),(60545,10,1,'beast'),(60557,10,1,'beasts'),(38219,10,1,'beautiful'),(19007,10,1,'become'),(36594,10,1,'becoming'),(59343,10,1,'begins'),(36580,10,1,'best'),(59326,10,1,'beto'),(58779,10,1,'big'),(19442,10,1,'bigger'),(19949,10,1,'biggest'),(18901,10,1,'black'),(60802,10,1,'blatta'),(59368,10,1,'blocks'),(36576,10,1,'blue'),(19459,10,1,'box'),(36597,10,1,'boxes'),(18978,10,1,'brand'),(37332,10,1,'bridge'),(36585,10,1,'bright'),(18925,10,1,'bring'),(19472,10,1,'bringing'),(19435,10,1,'build'),(19422,10,1,'building'),(35070,10,1,'buildings'),(58771,10,1,'bundle'),(52533,10,1,'cage'),(57558,10,1,'cages'),(18930,10,1,'capture'),(37074,10,1,'captures'),(35075,10,1,'cards'),(59362,10,1,'care'),(36592,10,1,'carry'),(36321,10,1,'castle'),(36314,10,1,'castles'),(59359,10,1,'catches'),(38222,10,1,'catching'),(59346,10,1,'caused'),(58783,10,1,'central'),(37578,10,1,'change'),(60573,10,1,'changeable'),(19004,10,1,'channel'),(59382,10,1,'character'),(35587,10,1,'characters'),(18968,10,1,'child'),(18986,10,1,'children'),(59384,10,1,'chosen'),(18940,10,1,'classic'),(36593,10,1,'click'),(35577,10,1,'clips'),(35073,10,1,'cold'),(18923,10,1,'collection'),(36565,10,1,'color'),(52096,10,1,'colorful'),(36586,10,1,'colors'),(58787,10,1,'colour'),(35580,10,1,'colourful'),(19463,10,1,'colours'),(58778,10,1,'combinations'),(36588,10,1,'come'),(18912,10,1,'comes'),(34611,10,1,'company'),(34634,10,1,'compatible'),(61570,10,1,'complete'),(18996,10,1,'complex'),(19953,10,1,'complexity'),(19021,10,1,'compliance'),(52535,10,1,'cone'),(57811,10,1,'cones'),(19424,10,1,'connect'),(52548,10,1,'construct'),(18956,10,1,'constructed'),(18944,10,1,'construction'),(34607,10,1,'constructions'),(19439,10,1,'contain'),(19460,10,1,'contains'),(18967,10,1,'continuously'),(59371,10,1,'core'),(58785,10,1,'cover'),(59373,10,1,'covers'),(18970,10,1,'create'),(34609,10,1,'created'),(59352,10,1,'creating'),(38230,10,1,'creation'),(35071,10,1,'creations'),(19474,10,1,'creative'),(18958,10,1,'creativity'),(59580,10,1,'crests'),(19017,10,1,'criteria'),(58073,10,1,'crown'),(34596,10,1,'cubes'),(18988,10,1,'curiosity'),(59823,10,1,'cute'),(36577,10,1,'dark'),(58788,10,1,'deco'),(52094,10,1,'dedicated'),(58772,10,1,'deko'),(18938,10,1,'design'),(18984,10,1,'designed'),(37577,10,1,'designs'),(35079,10,1,'developed'),(34605,10,1,'develops'),(19462,10,1,'different'),(60569,10,1,'differentiated'),(60290,10,1,'dina'),(35572,10,1,'dinosaurs'),(58781,10,1,'draw'),(52543,10,1,'drive'),(36584,10,1,'dynamic'),(60550,10,1,'earth'),(19425,10,1,'easily'),(34622,10,1,'easy'),(52098,10,1,'effects'),(58777,10,1,'eggs'),(52541,10,1,'either'),(38229,10,1,'elegant'),(35588,10,1,'elements'),(60555,10,1,'enables'),(35321,10,1,'end'),(19427,10,1,'endless'),(61566,10,1,'engine'),(19464,10,1,'enhance'),(35582,10,1,'enhanced'),(52537,10,1,'enhances'),(37329,10,1,'enough'),(18985,10,1,'entertain'),(35074,10,1,'environment'),(59355,10,1,'environments'),(60560,10,1,'epic'),(19023,10,1,'european'),(34619,10,1,'even'),(18954,10,1,'every'),(34623,10,1,'everyone'),(60553,10,1,'evolution'),(18908,10,1,'expand'),(34646,10,1,'experience'),(19438,10,1,'experts'),(52538,10,1,'exploiting'),(52536,10,1,'extension'),(19015,10,1,'extraordinary'),(38221,10,1,'eye'),(58780,10,1,'eyes'),(19001,10,1,'facebook'),(19011,10,1,'family'),(37330,10,1,'fantastic'),(59351,10,1,'fantasy'),(36582,10,1,'fascinating'),(52092,10,1,'fashion'),(38216,10,1,'fashionable'),(60062,10,1,'feathers'),(34644,10,1,'feel'),(52529,10,1,'feet'),(60552,10,1,'fight'),(18952,10,1,'figures'),(34635,10,1,'finish'),(59331,10,1,'fins'),(36574,10,1,'first'),(59333,10,1,'fish'),(59378,10,1,'flipped'),(34601,10,1,'flow'),(60063,10,1,'fluttering'),(18980,10,1,'following'),(52551,10,1,'force'),(36587,10,1,'forces'),(60551,10,1,'forms'),(18999,10,1,'found'),(34600,10,1,'free'),(34602,10,1,'freely'),(35072,10,1,'freezing'),(60294,10,1,'friend'),(34628,10,1,'friends'),(59357,10,1,'frog'),(34626,10,1,'fruits'),(35076,10,1,'full'),(34615,10,1,'fun'),(52549,10,1,'functioning'),(59353,10,1,'funny'),(59358,10,1,'furthermore'),(38217,10,1,'fusion'),(34613,10,1,'game'),(58072,10,1,'gears'),(59379,10,1,'generate'),(18904,10,1,'geo'),(18910,10,1,'geomag'),(59344,10,1,'geomagnetic'),(38226,10,1,'geomags'),(18973,10,1,'geomagworld'),(18951,10,1,'geometric'),(37567,10,1,'geometry'),(52093,10,1,'glamorous'),(52084,10,1,'glitter'),(52097,10,1,'glittering'),(37561,10,1,'glow'),(36824,10,1,'goes'),(38449,10,1,'graphic'),(19457,10,1,'greatest'),(36578,10,1,'green'),(59366,10,1,'group'),(18929,10,1,'guaranteed'),(59582,10,1,'hedgehog'),(35319,10,1,'help'),(19449,10,1,'helps'),(60543,10,1,'hero'),(60556,10,1,'heroes'),(18981,10,1,'highest'),(59342,10,1,'history'),(52552,10,1,'hold'),(59370,10,1,'hollow'),(36315,10,1,'homes'),(60562,10,1,'hostile'),(18948,10,1,'huge'),(59829,10,1,'icy'),(35077,10,1,'ideas'),(52544,10,1,'identifying'),(61571,10,1,'illustrations'),(18933,10,1,'imagination'),(59383,10,1,'imagine'),(37580,10,1,'included'),(19428,10,1,'includes'),(34624,10,1,'including'),(19951,10,1,'increase'),(18995,10,1,'increasingly'),(18993,10,1,'incredible'),(52525,10,1,'indicator'),(36825,10,1,'infinity'),(19421,10,1,'ingenious'),(58071,10,1,'inner'),(19445,10,1,'innovation'),(34649,10,1,'innovative'),(38450,10,1,'inserts'),(61573,10,1,'inspiration'),(18931,10,1,'interest'),(37572,10,1,'intriguing'),(36581,10,1,'introduce'),(38225,10,1,'introducing'),(36571,10,1,'introduction'),(19450,10,1,'intuitively'),(61574,10,1,'invent'),(34612,10,1,'invented'),(18941,10,1,'inventive'),(59819,10,1,'jelo'),(37335,10,1,'jet'),(37334,10,1,'jumbo'),(37075,10,1,'kids'),(18955,10,1,'kind'),(19954,10,1,'kit'),(58770,10,1,'kor'),(59350,10,1,'land'),(60065,10,1,'landscapes'),(34610,10,1,'leading'),(19419,10,1,'leads'),(34647,10,1,'learning'),(18927,10,1,'life'),(36575,10,1,'light'),(37579,10,1,'lights'),(19436,10,1,'like'),(34608,10,1,'limits'),(18998,10,1,'line'),(52530,10,1,'linear'),(60547,10,1,'lives'),(59581,10,1,'lizard'),(18959,10,1,'logical'),(59578,10,1,'long'),(52095,10,1,'looking'),(38223,10,1,'lovers'),(18945,10,1,'made'),(38214,10,1,'magenta'),(35576,10,1,'magic'),(34616,10,1,'magical'),(34595,10,1,'magicube'),(18915,10,1,'magnetic'),(18994,10,1,'magnetism'),(19441,10,1,'magnets'),(19444,10,1,'major'),(18963,10,1,'make'),(34614,10,1,'making'),(34648,10,1,'managed'),(52542,10,1,'manual'),(18977,10,1,'manufactured'),(18974,10,1,'manufacturer'),(36072,10,1,'many'),(60541,10,1,'mask'),(60570,10,1,'masks'),(18972,10,1,'masterpiece'),(35585,10,1,'material'),(34637,10,1,'materials'),(34641,10,1,'may'),(52539,10,1,'mechanic'),(52521,10,1,'mechanics'),(19423,10,1,'metal'),(52297,10,1,'metallic'),(59347,10,1,'migration'),(18953,10,1,'models'),(60546,10,1,'monster'),(35081,10,1,'months'),(34643,10,1,'mothers'),(52555,10,1,'motion'),(60806,10,1,'mountains'),(59827,10,1,'move'),(52540,10,1,'moved'),(59335,10,1,'moves'),(18979,10,1,'name'),(59354,10,1,'native'),(60565,10,1,'natural'),(18969,10,1,'needed'),(18926,10,1,'new'),(60295,10,1,'newest'),(18914,10,1,'non'),(52546,10,1,'north'),(18949,10,1,'number'),(18935,10,1,'offer'),(19471,10,1,'official'),(60559,10,1,'one'),(59369,10,1,'onto'),(36826,10,1,'orange'),(59583,10,1,'owl'),(59573,10,1,'paco'),(19002,10,1,'page'),(37575,10,1,'panel'),(18922,10,1,'panels'),(19013,10,1,'parents'),(34633,10,1,'park'),(60061,10,1,'parrot'),(35579,10,1,'parts'),(19009,10,1,'pastime'),(59367,10,1,'patented'),(18903,10,1,'pcs'),(59824,10,1,'penguin'),(52090,10,1,'pentagon'),(19159,10,1,'pentagonal'),(18920,10,1,'pentagons'),(36570,10,1,'perfect'),(59363,10,1,'pet'),(37571,10,1,'phosphorescent'),(37778,10,1,'piece'),(19469,10,1,'pieces'),(38210,10,1,'pink'),(19461,10,1,'plastic'),(52534,10,1,'plate'),(58565,10,1,'plates'),(19158,10,1,'platform'),(36589,10,1,'platforms'),(34642,10,1,'play'),(60296,10,1,'playful'),(59330,10,1,'playing'),(34631,10,1,'polar'),(19448,10,1,'polarity'),(59831,10,1,'pole'),(52545,10,1,'poles'),(36596,10,1,'possibilities'),(18964,10,1,'possible'),(59338,10,1,'possibly'),(18939,10,1,'potential'),(19426,10,1,'potentially'),(37333,10,1,'powerful'),(19446,10,1,'presence'),(60544,10,1,'primordial'),(36067,10,1,'princess'),(36071,10,1,'princesses'),(19415,10,1,'pro'),(18946,10,1,'produced'),(18976,10,1,'products'),(18909,10,1,'projects'),(36320,10,1,'proper'),(19452,10,1,'properties'),(60549,10,1,'proteon'),(36822,10,1,'provide'),(52088,10,1,'purple'),(34830,10,1,'push'),(60558,10,1,'put'),(61568,10,1,'puts'),(18982,10,1,'quality'),(58776,10,1,'range'),(19437,10,1,'real'),(59356,10,1,'realistic'),(38220,10,1,'really'),(18960,10,1,'reasoning'),(37565,10,1,'rebuild'),(36828,10,1,'red'),(60563,10,1,'reflective'),(34645,10,1,'relaxed'),(34620,10,1,'remain'),(18965,10,1,'renew'),(19454,10,1,'replicate'),(52553,10,1,'repulse'),(19012,10,1,'reuniting'),(36590,10,1,'rigidity'),(34629,10,1,'river'),(35824,10,1,'robots'),(60566,10,1,'rocky'),(52526,10,1,'rod'),(18913,10,1,'rods'),(59577,10,1,'rotating'),(61567,10,1,'round'),(35584,10,1,'rubber'),(59374,10,1,'rugby'),(34632,10,1,'safari'),(34639,10,1,'safe'),(19018,10,1,'safety'),(35320,10,1,'savanna'),(60548,10,1,'scrubland'),(61569,10,1,'see'),(19432,10,1,'series'),(18911,10,1,'set'),(19466,10,1,'sets'),(34604,10,1,'shape'),(18950,10,1,'shapes'),(59337,10,1,'shark'),(35578,10,1,'show'),(35828,10,1,'showing'),(59339,10,1,'shrimp'),(34618,10,1,'side'),(19429,10,1,'silver'),(18943,10,1,'simple'),(19952,10,1,'size'),(52550,10,1,'sizes'),(37569,10,1,'skills'),(34625,10,1,'small'),(37574,10,1,'snap'),(38218,10,1,'soft'),(52547,10,1,'south'),(38227,10,1,'sparkling'),(35583,10,1,'special'),(19458,10,1,'specialists'),(58784,10,1,'sphere'),(18917,10,1,'spheres'),(58786,10,1,'splash'),(36579,10,1,'square'),(19157,10,1,'squared'),(18919,10,1,'squares'),(59340,10,1,'squid'),(18936,10,1,'stability'),(18983,10,1,'standards'),(18989,10,1,'start'),(36569,10,1,'starter'),(18916,10,1,'steel'),(52091,10,1,'sticks'),(18987,10,1,'stimulate'),(18957,10,1,'stimulates'),(35586,10,1,'stimulating'),(18932,10,1,'stir'),(59345,10,1,'storm'),(19016,10,1,'strictest'),(19022,10,1,'stringent'),(19440,10,1,'stronger'),(36823,10,1,'structural'),(18966,10,1,'structures'),(59334,10,1,'suddenly'),(38215,10,1,'suggests'),(38224,10,1,'suitable'),(58070,10,1,'supports'),(38228,10,1,'surprise'),(36583,10,1,'surprises'),(34621,10,1,'suspended'),(37331,10,1,'suspension'),(60567,10,1,'swampy'),(59332,10,1,'sweet'),(19020,10,1,'swiss'),(18947,10,1,'switzerland'),(61068,10,1,'swomp'),(18942,10,1,'system'),(59579,10,1,'tail'),(18991,10,1,'take'),(34603,10,1,'takes'),(59361,10,1,'taking'),(59365,10,1,'target'),(60537,10,1,'taurex'),(59341,10,1,'tazoo'),(61564,10,1,'test'),(37573,10,1,'thet'),(37568,10,1,'thinking'),(58782,10,1,'time'),(35078,10,1,'tips'),(60057,10,1,'toco'),(19473,10,1,'together'),(60564,10,1,'tough'),(60554,10,1,'tougher'),(19005,10,1,'toy'),(18975,10,1,'toys'),(59381,10,1,'transform'),(18962,10,1,'transformations'),(19430,10,1,'transparent'),(52089,10,1,'triangle'),(18918,10,1,'triangles'),(19431,10,1,'triangular'),(19455,10,1,'tricks'),(58321,10,1,'tube'),(52527,10,1,'tubes'),(59377,10,1,'turned'),(59376,10,1,'twisted'),(37576,10,1,'two'),(19019,10,1,'typical'),(18971,10,1,'unique'),(59364,10,1,'unisex'),(58791,10,1,'uniting'),(59349,10,1,'universe'),(60572,10,1,'unlimited'),(19451,10,1,'use'),(19456,10,1,'used'),(59825,10,1,'uses'),(34636,10,1,'using'),(18961,10,1,'variety'),(36319,10,1,'various'),(18937,10,1,'versatility'),(18997,10,1,'video'),(19470,10,1,'videos'),(37336,10,1,'violet'),(19447,10,1,'visible'),(60568,10,1,'volcanic'),(61334,10,1,'vulkram'),(52528,10,1,'washers'),(19950,10,1,'watch'),(59830,10,1,'waters'),(19420,10,1,'way'),(60542,10,1,'weapon'),(60571,10,1,'weapons'),(19000,10,1,'website'),(59336,10,1,'whale'),(18902,10,1,'white'),(19010,10,1,'whole'),(18924,10,1,'will'),(59826,10,1,'wings'),(19453,10,1,'wonderful'),(58790,10,1,'wondrous'),(36572,10,1,'world'),(36827,10,1,'yellow'),(19003,10,1,'youtube'),(2477,11,1,'000001'),(2643,11,1,'000005'),(2802,11,1,'000006'),(2963,11,1,'000009'),(3122,11,1,'000029'),(3282,11,1,'000030'),(3437,11,1,'000043'),(3593,11,1,'000052'),(15555,11,1,'000084'),(15720,11,1,'000085'),(15889,11,1,'000086'),(16058,11,1,'000087'),(16225,11,1,'000092'),(16390,11,1,'000093'),(16559,11,1,'000097'),(16731,11,1,'000098'),(16894,11,1,'000099'),(17056,11,1,'000101'),(17224,11,1,'000102'),(17392,11,1,'000104'),(17558,11,1,'000106'),(17729,11,1,'000113'),(17897,11,1,'000115'),(18061,11,1,'000116'),(18218,11,1,'000121'),(18381,11,1,'000133'),(2641,11,1,'005'),(2800,11,1,'006'),(2961,11,1,'009'),(3120,11,1,'029'),(3280,11,1,'030'),(18700,11,1,'031'),(3592,11,1,'052'),(15553,11,1,'084'),(15718,11,1,'085'),(15888,11,1,'086'),(16056,11,1,'087'),(16223,11,1,'092'),(16388,11,1,'093'),(16557,11,1,'097'),(16729,11,1,'098'),(16895,11,1,'101'),(17222,11,1,'102'),(17391,11,1,'104'),(17557,11,1,'106'),(17727,11,1,'113'),(17896,11,1,'115'),(18059,11,1,'116'),(18216,11,1,'121'),(18379,11,1,'133'),(18701,11,1,'1350'),(18539,11,1,'1635'),(2503,11,1,'18th'),(18540,11,1,'202982'),(16893,11,1,'2200'),(15554,11,1,'230'),(15719,11,1,'250'),(17223,11,1,'290'),(18380,11,1,'297'),(17728,11,1,'300'),(16558,11,1,'310'),(18217,11,1,'318'),(2962,11,1,'320'),(16224,11,1,'350'),(18060,11,1,'380'),(16730,11,1,'390'),(16389,11,1,'400'),(2801,11,1,'430'),(16057,11,1,'437'),(3121,11,1,'460'),(2965,11,1,'4972825139325'),(3124,11,1,'4972825142684'),(3284,11,1,'4972825142691'),(2479,11,1,'4972825143698'),(3438,11,1,'4972825144381'),(3595,11,1,'4972825145753'),(2804,11,1,'4972825146958'),(15557,11,1,'4972825149638'),(15722,11,1,'4972825149645'),(15891,11,1,'4972825149690'),(16060,11,1,'4972825149751'),(16561,11,1,'4972825149768'),(16227,11,1,'4972825201053'),(16392,11,1,'4972825201060'),(16896,11,1,'4972825201152'),(16733,11,1,'4972825201169'),(17058,11,1,'4972825201565'),(17226,11,1,'4972825201572'),(17394,11,1,'4972825201992'),(17560,11,1,'4972825202012'),(17731,11,1,'4972825202463'),(17899,11,1,'4972825202487'),(18063,11,1,'4972825202494'),(18220,11,1,'4972825202616'),(18383,11,1,'4972825202951'),(18541,11,1,'4972825202982'),(18702,11,1,'4972825206041'),(3281,11,1,'530'),(2642,11,1,'777'),(2474,11,1,'800'),(2645,11,1,'828988201284'),(2520,11,1,'according'),(2531,11,1,'across'),(2551,11,1,'advanced'),(2544,11,1,'ages'),(2658,11,1,'aircraft'),(2652,11,1,'allow'),(18543,11,1,'allowing'),(2517,11,1,'allows'),(2969,11,1,'architecture'),(16572,11,1,'area'),(2970,11,1,'around'),(16067,11,1,'aspect'),(2491,11,1,'average'),(2515,11,1,'backing'),(16566,11,1,'banks'),(16738,11,1,'barcelona'),(17561,11,1,'beautiful'),(2529,11,1,'become'),(16068,11,1,'bell'),(3119,11,1,'ben'),(3118,11,1,'big'),(2807,11,1,'bike'),(2508,11,1,'block'),(2492,11,1,'blocks'),(18378,11,1,'bonsai'),(16393,11,1,'box'),(18542,11,1,'boxes'),(17055,11,1,'bridge'),(17389,11,1,'buckingham'),(2549,11,1,'build'),(2499,11,1,'building'),(16901,11,1,'buildings'),(2488,11,1,'built'),(17726,11,1,'bus'),(15894,11,1,'capital'),(16569,11,1,'capture'),(16228,11,1,'captures'),(16899,11,1,'care'),(16892,11,1,'castle'),(17562,11,1,'castles'),(2542,11,1,'choose'),(16055,11,1,'church'),(2548,11,1,'collect'),(18215,11,1,'colosseum'),(2526,11,1,'company'),(2481,11,1,'complete'),(15898,11,1,'construction'),(2487,11,1,'constructions'),(16734,11,1,'contained'),(2494,11,1,'contains'),(16229,11,1,'corner'),(16386,11,1,'dame'),(17732,11,1,'decker'),(2646,11,1,'dedicated'),(18698,11,1,'deluxe'),(2500,11,1,'designed'),(2657,11,1,'detail'),(2486,11,1,'detailed'),(16394,11,1,'details'),(2501,11,1,'developed'),(2540,11,1,'different'),(2510,11,1,'dividing'),(2513,11,1,'double'),(3440,11,1,'dutch'),(2518,11,1,'easily'),(2958,11,1,'easter'),(18699,11,1,'edition'),(3436,11,1,'elshout'),(17229,11,1,'even'),(2656,11,1,'every'),(2808,11,1,'everywhere'),(16897,11,1,'expresses'),(2973,11,1,'extraordinary'),(2654,11,1,'extreme'),(16728,11,1,'familia'),(2805,11,1,'famous'),(2538,11,1,'fanbase'),(2485,11,1,'fans'),(2546,11,1,'find'),(2511,11,1,'flange'),(18065,11,1,'francisco'),(15893,11,1,'french'),(3127,11,1,'fun'),(18058,11,1,'gate'),(16735,11,1,'gaudi'),(17395,11,1,'get'),(2550,11,1,'gift'),(18057,11,1,'golden'),(15561,11,1,'great'),(17228,11,1,'green'),(16231,11,1,'guide'),(2964,11,1,'h009'),(17559,11,1,'h010'),(3123,11,1,'h029'),(3283,11,1,'h030'),(3594,11,1,'h052'),(15556,11,1,'h084'),(15721,11,1,'h085'),(15890,11,1,'h086'),(16059,11,1,'h087'),(16226,11,1,'h092'),(16391,11,1,'h093'),(16560,11,1,'h097'),(16732,11,1,'h098'),(17057,11,1,'h101'),(17225,11,1,'h102'),(17393,11,1,'h104'),(17730,11,1,'h113'),(17898,11,1,'h115'),(18062,11,1,'h116'),(18219,11,1,'h121'),(18382,11,1,'h133'),(17054,11,1,'harbour'),(2527,11,1,'headquarters'),(16062,11,1,'height'),(16568,11,1,'help'),(16891,11,1,'himeji'),(2648,11,1,'historical'),(2552,11,1,'hobby'),(3591,11,1,'house'),(2537,11,1,'huge'),(15723,11,1,'iconic'),(2968,11,1,'icons'),(2806,11,1,'ideal'),(16066,11,1,'instructions'),(2959,11,1,'island'),(2502,11,1,'japan'),(2525,11,1,'japanese'),(17895,11,1,'kaminarimon'),(2523,11,1,'kawada'),(3435,11,1,'kinderduk'),(2512,11,1,'known'),(15552,11,1,'landing'),(3285,11,1,'leaning'),(17227,11,1,'light'),(2473,11,1,'locomotive'),(3126,11,1,'london'),(15887,11,1,'louvre'),(16900,11,1,'love'),(2647,11,1,'lovers'),(2524,11,1,'ltd'),(15551,11,1,'lunar'),(2478,11,1,'m001'),(2644,11,1,'m005'),(2803,11,1,'m006'),(2539,11,1,'many'),(16736,11,1,'masterpiece'),(16061,11,1,'maximum'),(2649,11,1,'means'),(2507,11,1,'measures'),(17220,11,1,'melbourne'),(2497,11,1,'micro'),(3596,11,1,'mini'),(2956,11,1,'moai'),(3434,11,1,'molen'),(16562,11,1,'monument'),(15725,11,1,'moon'),(2799,11,1,'motorcycle'),(2489,11,1,'much'),(15886,11,1,'musee'),(15892,11,1,'museum'),(2639,11,1,'mustang'),(2476,11,1,'nan'),(2482,11,1,'nanoblock'),(2960,11,1,'nbh'),(2640,11,1,'nbm'),(16063,11,1,'need'),(2521,11,1,'needs'),(17556,11,1,'neuschwanstein'),(16385,11,1,'notre'),(2480,11,1,'one'),(3590,11,1,'opera'),(16069,11,1,'outside'),(16564,11,1,'overlooking'),(2638,11,1,'p51'),(18697,11,1,'pagoda'),(17390,11,1,'palace'),(16387,11,1,'paris'),(2475,11,1,'pcs'),(2484,11,1,'perfect'),(2971,11,1,'perfectly'),(16563,11,1,'pictured'),(2506,11,1,'piece'),(2495,11,1,'pieces'),(18377,11,1,'pine'),(3279,11,1,'pisa'),(2519,11,1,'place'),(2536,11,1,'points'),(2655,11,1,'precision'),(16902,11,1,'process'),(2522,11,1,'produced'),(15896,11,1,'put'),(15899,11,1,'pyramid'),(16898,11,1,'quintessentiall'),(2496,11,1,'range'),(2966,11,1,'recreate'),(2972,11,1,'recreates'),(2653,11,1,'replicate'),(15560,11,1,'reproduce'),(2514,11,1,'ridged'),(16565,11,1,'river'),(16555,11,1,'rives'),(18221,11,1,'rome'),(15717,11,1,'rover'),(16727,11,1,'sagrada'),(18064,11,1,'san'),(16064,11,1,'scale'),(16556,11,1,'seine'),(2535,11,1,'selling'),(2493,11,1,'set'),(2483,11,1,'sets'),(2967,11,1,'sights'),(2651,11,1,'size'),(2498,11,1,'sized'),(18544,11,1,'skyline'),(16567,11,1,'small'),(2490,11,1,'smaller'),(2505,11,1,'smallest'),(2547,11,1,'something'),(15558,11,1,'space'),(15559,11,1,'spacecrafts'),(16070,11,1,'spaces'),(2509,11,1,'special'),(2504,11,1,'standard'),(17396,11,1,'started'),(2957,11,1,'statues'),(2472,11,1,'steam'),(16232,11,1,'step'),(16570,11,1,'structure'),(16571,11,1,'surrounding'),(3589,11,1,'sydney'),(16737,11,1,'symbol'),(3125,11,1,'symbols'),(2516,11,1,'system'),(2543,11,1,'tastes'),(2533,11,1,'thanks'),(2541,11,1,'themes'),(15897,11,1,'together'),(2528,11,1,'tokyo'),(3278,11,1,'torre'),(3286,11,1,'tower'),(17900,11,1,'tradition'),(17221,11,1,'tram'),(2650,11,1,'transport'),(15724,11,1,'travelled'),(15895,11,1,'try'),(3439,11,1,'typical'),(2534,11,1,'unique'),(16065,11,1,'use'),(17230,11,1,'vehicle'),(16222,11,1,'venezia'),(16230,11,1,'venice'),(3597,11,1,'version'),(2530,11,1,'well'),(2545,11,1,'will'),(3441,11,1,'windmill'),(2532,11,1,'world'),(1115,12,1,'000806'),(1243,12,1,'000807'),(1375,12,1,'000808'),(1508,12,1,'000809'),(1642,12,1,'000810'),(1780,12,1,'000842'),(1921,12,1,'000846'),(2054,12,1,'000848'),(2188,12,1,'000849'),(2325,12,1,'000856'),(1111,12,1,'0806'),(1241,12,1,'0807'),(1374,12,1,'0808'),(1506,12,1,'0809'),(1641,12,1,'0810'),(1778,12,1,'0842'),(1919,12,1,'0846'),(2052,12,1,'0848'),(2186,12,1,'0849'),(2323,12,1,'0856'),(2187,12,1,'11400'),(2053,12,1,'11600'),(1511,12,1,'120'),(1507,12,1,'14800'),(1172,12,1,'1953'),(1779,12,1,'25200'),(1920,12,1,'5400'),(2324,12,1,'5600'),(1242,12,1,'6000'),(1112,12,1,'6600'),(1116,12,1,'8007905008065'),(1244,12,1,'8007905008072'),(1376,12,1,'8007905008089'),(1509,12,1,'8007905008096'),(1643,12,1,'8007905008102'),(1781,12,1,'8007905008423'),(1922,12,1,'8007905008461'),(2055,12,1,'8007905008485'),(2189,12,1,'8007905008492'),(2326,12,1,'8007905008560'),(1783,12,1,'able'),(1139,12,1,'activity'),(1122,12,1,'anna'),(1136,12,1,'anti'),(1142,12,1,'anxieties'),(1108,12,1,'art'),(1245,12,1,'beloved'),(1152,12,1,'blend'),(1130,12,1,'boards'),(1169,12,1,'born'),(1159,12,1,'century'),(1924,12,1,'character'),(1247,12,1,'characters'),(1133,12,1,'children'),(1113,12,1,'chiodini'),(1510,12,1,'choose'),(1167,12,1,'city'),(1646,12,1,'click'),(1129,12,1,'colors'),(1926,12,1,'colours'),(1168,12,1,'company'),(1144,12,1,'concentration'),(1127,12,1,'contains'),(1119,12,1,'create'),(1128,12,1,'different'),(1246,12,1,'disney'),(1147,12,1,'distance'),(1513,12,1,'downloadable'),(1121,12,1,'elsa'),(1163,12,1,'entirely'),(1120,12,1,'faces'),(1170,12,1,'famous'),(1171,12,1,'first'),(1648,12,1,'follow'),(1516,12,1,'frame'),(1140,12,1,'frees'),(1110,12,1,'frozen'),(1248,12,1,'guide'),(1923,12,1,'iconic'),(1146,12,1,'images'),(1123,12,1,'ingenious'),(1644,12,1,'innovative'),(1649,12,1,'instructions'),(1166,12,1,'italian'),(1157,12,1,'late'),(1148,12,1,'like'),(1132,12,1,'line'),(1647,12,1,'link'),(1145,12,1,'look'),(1151,12,1,'magically'),(1240,12,1,'mickey'),(1141,12,1,'mind'),(1155,12,1,'new'),(1158,12,1,'nineteenth'),(1161,12,1,'painting'),(1124,12,1,'pegs'),(1650,12,1,'personal'),(1109,12,1,'photo'),(1150,12,1,'photographs'),(1107,12,1,'pixel'),(1160,12,1,'pointillist'),(1373,12,1,'princess'),(1377,12,1,'princesses'),(1156,12,1,'principle'),(1651,12,1,'printable'),(1164,12,1,'produced'),(1131,12,1,'product'),(1143,12,1,'promotes'),(1114,12,1,'qrc'),(1125,12,1,'quercetti'),(1149,12,1,'real'),(1515,12,1,'recreate'),(1138,12,1,'regenerating'),(1645,12,1,'reproduce'),(1126,12,1,'set'),(1249,12,1,'sheets'),(1117,12,1,'smart'),(1916,12,1,'star'),(1652,12,1,'start'),(1137,12,1,'sterss'),(1918,12,1,'stormtrooper'),(1154,12,1,'thousands'),(1153,12,1,'together'),(1118,12,1,'toy'),(1162,12,1,'toys'),(1165,12,1,'turin'),(1135,12,1,'upwards'),(1925,12,1,'using'),(1917,12,1,'wars'),(1514,12,1,'website'),(1782,12,1,'will'),(1512,12,1,'works'),(1134,12,1,'years'),(2322,12,1,'yoda'),(76199,13,1,'adult'),(76204,13,1,'create'),(76202,13,1,'custom'),(76211,13,1,'kids'),(76200,13,1,'shirt'),(76201,13,1,'tag'),(76203,13,1,'thsirt'),(23890,3,2,'0871772000129'),(24128,3,2,'0871772000136'),(24378,3,2,'0871772000235'),(24627,3,2,'0871772000242'),(24873,3,2,'0871772000259'),(39235,3,2,'0871772001348'),(39453,3,2,'0871772001355'),(39670,3,2,'0871772001416'),(39833,3,2,'0871772001423'),(39997,3,2,'0871772001430'),(40163,3,2,'0871772001447'),(40330,3,2,'0871772002611'),(40591,3,2,'0871772002628'),(40845,3,2,'0871772002635'),(41093,3,2,'0871772002642'),(41348,3,2,'0871772003304'),(41605,3,2,'0871772003366'),(41865,3,2,'0871772003373'),(42124,3,2,'0871772003427'),(42309,3,2,'0871772003434'),(42495,3,2,'0871772003441'),(52646,3,2,'0871772004615'),(52834,3,2,'0871772004622'),(53027,3,2,'0871772004639'),(53225,3,2,'0871772004646'),(53427,3,2,'0871772005322'),(53638,3,2,'0871772005339'),(63049,3,2,'0871772005834'),(63238,3,2,'0871772005841'),(63431,3,2,'0871772005865'),(63622,3,2,'0871772006015'),(63866,3,2,'0871772006022'),(64108,3,2,'0871772006039'),(64332,3,2,'0871772006046'),(64552,3,2,'0871772006053'),(64772,3,2,'0871772006213'),(65026,3,2,'0871772006312'),(65280,3,2,'0871772006329'),(65536,3,2,'0871772006336'),(65783,3,2,'0871772006718'),(66035,3,2,'0871772006725'),(66287,3,2,'0871772006732'),(76345,3,2,'0871772006749'),(76597,3,2,'0871772006756'),(76849,3,2,'0871772006763'),(53855,3,2,'0871772007210'),(61940,3,2,'0871772007227'),(62162,3,2,'0871772007234'),(62388,3,2,'0871772007241'),(62617,3,2,'0871772007258'),(62832,3,2,'0871772007265'),(62829,3,2,'103'),(24125,3,2,'104'),(53641,3,2,'10x'),(24447,3,2,'110'),(53024,3,2,'114'),(40368,3,2,'127'),(53640,3,2,'12x'),(42141,3,2,'142'),(61937,3,2,'146'),(62385,3,2,'164'),(53430,3,2,'16x'),(24448,3,2,'174'),(53222,3,2,'192'),(23888,3,2,'200012'),(24126,3,2,'200013'),(24376,3,2,'200023'),(24625,3,2,'200024'),(24871,3,2,'200025'),(38803,3,2,'200128'),(39015,3,2,'200129'),(39233,3,2,'200134'),(39451,3,2,'200135'),(39668,3,2,'200141'),(39831,3,2,'200142'),(39995,3,2,'200143'),(40161,3,2,'200144'),(40328,3,2,'200261'),(40589,3,2,'200262'),(40843,3,2,'200263'),(41091,3,2,'200264'),(41346,3,2,'200330'),(41603,3,2,'200336'),(41863,3,2,'200337'),(42122,3,2,'200342'),(42307,3,2,'200343'),(42493,3,2,'200344'),(52644,3,2,'200461'),(52832,3,2,'200462'),(53025,3,2,'200463'),(53223,3,2,'200464'),(53425,3,2,'200532'),(53636,3,2,'200533'),(63047,3,2,'200583'),(63236,3,2,'200584'),(63429,3,2,'200586'),(63620,3,2,'200601'),(63864,3,2,'200602'),(64106,3,2,'200603'),(64330,3,2,'200604'),(64550,3,2,'200605'),(64770,3,2,'200621'),(65024,3,2,'200631'),(65278,3,2,'200632'),(65534,3,2,'200633'),(65781,3,2,'200671'),(66033,3,2,'200672'),(66285,3,2,'200673'),(76343,3,2,'200674'),(76595,3,2,'200675'),(76847,3,2,'200676'),(53853,3,2,'200721'),(61938,3,2,'200722'),(62160,3,2,'200723'),(62386,3,2,'200724'),(62615,3,2,'200725'),(62830,3,2,'200726'),(62159,3,2,'222'),(53639,3,2,'24x'),(38804,3,2,'33112800'),(39016,3,2,'33112900'),(39234,3,2,'33113400'),(39452,3,2,'33113500'),(39669,3,2,'33114100'),(39832,3,2,'33114200'),(39996,3,2,'33114300'),(40162,3,2,'33114400'),(40329,3,2,'51026100'),(40590,3,2,'51026200'),(40844,3,2,'51026300'),(41092,3,2,'51026400'),(23889,3,2,'51101200'),(24127,3,2,'51101300'),(52645,3,2,'52046100'),(52833,3,2,'52046200'),(53026,3,2,'52046300'),(53224,3,2,'52046400'),(41347,3,2,'52333000'),(41604,3,2,'52333600'),(41864,3,2,'52333700'),(42123,3,2,'52434200'),(42308,3,2,'52434300'),(42494,3,2,'52434400'),(53426,3,2,'52753200'),(53637,3,2,'52753300'),(53854,3,2,'53072100'),(61939,3,2,'53072200'),(62161,3,2,'53072300'),(62387,3,2,'53072400'),(62831,3,2,'53072600'),(24377,3,2,'54002300'),(24626,3,2,'54002400'),(24872,3,2,'54002500'),(40373,3,2,'58mm'),(62616,3,2,'59072500'),(63048,3,2,'80058300'),(63237,3,2,'80058400'),(63430,3,2,'80058600'),(63621,3,2,'80060100'),(63865,3,2,'80060200'),(64107,3,2,'80060300'),(64331,3,2,'80060400'),(64551,3,2,'80060500'),(64771,3,2,'80062100'),(65025,3,2,'80063100'),(65279,3,2,'80063200'),(65535,3,2,'80063300'),(65782,3,2,'80067100'),(66034,3,2,'80067200'),(66286,3,2,'80067300'),(76344,3,2,'80067400'),(76596,3,2,'80067500'),(76848,3,2,'80067600'),(38805,3,2,'871772001287'),(39017,3,2,'871772001294'),(63076,3,2,'abdeckung'),(63670,3,2,'abdeckungen'),(24423,3,2,'absolut'),(63079,3,2,'accessoires'),(65862,3,2,'accessori'),(64337,3,2,'afrikas'),(65840,3,2,'aggiungendo'),(65861,3,2,'aggiungere'),(64113,3,2,'agilitat'),(53888,3,2,'aktivieren'),(23991,3,2,'aktivitat'),(63655,3,2,'aktivitaten'),(65842,3,2,'alcune'),(65788,3,2,'alla'),(23964,3,2,'alle'),(53439,3,2,'allen'),(40375,3,2,'aller'),(53446,3,2,'alter'),(39248,3,2,'altersbereich'),(39679,3,2,'altersgruppe'),(65900,3,2,'americani'),(24003,3,2,'amerikanischen'),(23985,3,2,'amusanten'),(23884,3,2,'and'),(65856,3,2,'andando'),(63635,3,2,'andere'),(38839,3,2,'aneinander'),(40331,3,2,'anfangliches'),(39244,3,2,'angereichert'),(65834,3,2,'anima'),(38849,3,2,'animal'),(65821,3,2,'animale'),(38852,3,2,'animals'),(63074,3,2,'anordnen'),(23968,3,2,'anregen'),(23920,3,2,'anregt'),(24457,3,2,'anreiz'),(24396,3,2,'anspruchsvolle'),(23940,3,2,'anzahl'),(53857,3,2,'anzeige'),(62390,3,2,'anzeigestab'),(24456,3,2,'anzuregen'),(24425,3,2,'art'),(63645,3,2,'asteroiden'),(40846,3,2,'aufbau'),(53882,3,2,'aufbauen'),(42135,3,2,'auffallender'),(64792,3,2,'aufgewachsen'),(64791,3,2,'aufgrund'),(24421,3,2,'aufs'),(63057,3,2,'augen'),(63063,3,2,'augenblick'),(53866,3,2,'ausbreitung'),(39018,3,2,'ausfuhrung'),(23992,3,2,'aussergewohnlic'),(65870,3,2,'azienda'),(65886,3,2,'bambini'),(63059,3,2,'bann'),(39456,3,2,'bau'),(41608,3,2,'bauideen'),(42140,3,2,'baukasten'),(40371,3,2,'bauplattform'),(38840,3,2,'befestigen'),(23970,3,2,'beginnen'),(63641,3,2,'beginnt'),(53876,3,2,'beiden'),(24395,3,2,'beinhalten'),(53429,3,2,'beinhaltet'),(64785,3,2,'beispiel'),(40377,3,2,'belebt'),(41094,3,2,'beobachten'),(39685,3,2,'bereichern'),(65028,3,2,'bergen'),(53441,3,2,'besondere'),(63067,3,2,'besonderen'),(24403,3,2,'bestandigere'),(40343,3,2,'beste'),(24409,3,2,'besteht'),(63619,3,2,'beto'),(23923,3,2,'betonen'),(64117,3,2,'bewegen'),(53874,3,2,'bewegt'),(53887,3,2,'bewegung'),(63630,3,2,'bewegungen'),(64780,3,2,'biest'),(40360,3,2,'bieten'),(23924,3,2,'bietet'),(40383,3,2,'bilden'),(40352,3,2,'bildungen'),(23883,3,2,'black'),(65023,3,2,'blatta'),(40847,3,2,'blau'),(52837,3,2,'blaue'),(63069,3,2,'blauen'),(63045,3,2,'blue'),(64794,3,2,'boden'),(24389,3,2,'box'),(24428,3,2,'bringen'),(38807,3,2,'building'),(63044,3,2,'bundle'),(63050,3,2,'bunte'),(39691,3,2,'castles'),(65795,3,2,'centrale'),(64788,3,2,'charakter'),(63681,3,2,'charaktere'),(65829,3,2,'che'),(23930,3,2,'classic'),(63662,3,2,'clickt'),(39674,3,2,'clips'),(40327,3,2,'color'),(65815,3,2,'come'),(65811,3,2,'completare'),(65786,3,2,'con'),(65805,3,2,'confini'),(65863,3,2,'consente'),(65828,3,2,'costituito'),(65798,3,2,'covers'),(65837,3,2,'creando'),(65833,3,2,'creare'),(65808,3,2,'creativita'),(65859,3,2,'creazioni'),(65890,3,2,'criteri'),(38802,3,2,'cubes'),(65880,3,2,'curiosita'),(63678,3,2,'dank'),(23971,3,2,'dann'),(24410,3,2,'darin'),(39678,3,2,'darstellen'),(65872,3,2,'dei'),(38808,3,2,'deiner'),(63046,3,2,'deko'),(65835,3,2,'del'),(63878,3,2,'demnachst'),(53440,3,2,'denen'),(23950,3,2,'denken'),(23928,3,2,'design'),(42128,3,2,'designed'),(63677,3,2,'designs'),(63056,3,2,'dich'),(64775,3,2,'dicken'),(24453,3,2,'dienen'),(24429,3,2,'diese'),(65812,3,2,'differenti'),(64549,3,2,'dina'),(39677,3,2,'dinosaurier'),(39667,3,2,'dinosaurs'),(24400,3,2,'dir'),(65881,3,2,'diventare'),(40374,3,2,'diverse'),(65878,3,2,'divertire'),(63674,3,2,'drehen'),(23901,3,2,'dreiecke'),(62163,3,2,'dreiecken'),(42497,3,2,'dreieckige'),(65799,3,2,'due'),(40342,3,2,'dunkelgrun'),(24437,3,2,'durchsichtige'),(40351,3,2,'dynamischen'),(63875,3,2,'eidechse'),(63051,3,2,'eier'),(64777,3,2,'eigenen'),(24420,3,2,'eigenschaften'),(63682,3,2,'einander'),(52654,3,2,'einbringen'),(38842,3,2,'einfach'),(40595,3,2,'einfache'),(23969,3,2,'einfachen'),(23933,3,2,'einfacher'),(39671,3,2,'einfallsreicher'),(23931,3,2,'einfallsreiches'),(24443,3,2,'einfugen'),(24000,3,2,'einhaltung'),(23914,3,2,'einhauchen'),(63648,3,2,'einige'),(39455,3,2,'einordnen'),(40333,3,2,'einstieg'),(39675,3,2,'einzelteile'),(63078,3,2,'einzigartigen'),(23958,3,2,'einzigartiges'),(40347,3,2,'einzutreten'),(64114,3,2,'eisigen'),(40000,3,2,'elemente'),(39689,3,2,'elementen'),(65796,3,2,'elementi'),(23989,3,2,'eltern'),(24412,3,2,'enden'),(40367,3,2,'endlose'),(53028,3,2,'entahlt'),(41354,3,2,'entdecken'),(63675,3,2,'entfernen'),(24445,3,2,'entfesseln'),(53226,3,2,'enthahlt'),(23896,3,2,'enthalt'),(24466,3,2,'entspricht'),(38815,3,2,'entwickelt'),(24380,3,2,'entwicklung'),(39250,3,2,'entworfen'),(63650,3,2,'erde'),(38831,3,2,'erfunden'),(53447,3,2,'erhaltlich'),(41095,3,2,'erhohen'),(39238,3,2,'erlauben'),(24379,3,2,'erlaubt'),(23953,3,2,'ermoglichen'),(24399,3,2,'ermoglicht'),(23956,3,2,'erneuern'),(38818,3,2,'erschaffe'),(24405,3,2,'erschaffen'),(38841,3,2,'erstaunlich'),(24426,3,2,'erstaunliche'),(40337,3,2,'erste'),(40376,3,2,'erstellen'),(38844,3,2,'erwachsene'),(24458,3,2,'erwachsenen'),(23891,3,2,'erweitere'),(24877,3,2,'erweitern'),(65852,3,2,'essere'),(63879,3,2,'eule'),(24002,3,2,'europaischen'),(65899,3,2,'europei'),(64786,3,2,'evolution'),(24407,3,2,'exklusive'),(23980,3,2,'facebook'),(65884,3,2,'famiglia'),(23988,3,2,'familie'),(65823,3,2,'fantasia'),(23919,3,2,'fantasie'),(63868,3,2,'fantasietier'),(63659,3,2,'fantasietiere'),(63080,3,2,'fantasievoller'),(39019,3,2,'fantasievollste'),(38819,3,2,'fantastische'),(42130,3,2,'farbe'),(53445,3,2,'farbeffekten'),(24440,3,2,'farben'),(39834,3,2,'farbige'),(39676,3,2,'farbigen'),(42137,3,2,'farbtone'),(40345,3,2,'faszinierende'),(64334,3,2,'federn'),(64793,3,2,'felsigen'),(65539,3,2,'feuer'),(23943,3,2,'figuren'),(24450,3,2,'finden'),(63633,3,2,'fische'),(63627,3,2,'flossen'),(64111,3,2,'flugel'),(64338,3,2,'fluttert'),(38814,3,2,'form'),(65845,3,2,'forma'),(65843,3,2,'forme'),(23941,3,2,'formen'),(38806,3,2,'free'),(38809,3,2,'freien'),(64553,3,2,'freundin'),(38850,3,2,'friends'),(63874,3,2,'frosch'),(38848,3,2,'fruit'),(62164,3,2,'fufeckige'),(23905,3,2,'fugen'),(38827,3,2,'fuhrungsunterne'),(23904,3,2,'funfecke'),(24131,3,2,'funfeckige'),(53435,3,2,'funkelnde'),(53880,3,2,'funktionerende'),(63066,3,2,'ganz'),(23987,3,2,'ganze'),(23916,3,2,'garantiert'),(63637,3,2,'garnelen'),(65543,3,2,'geballten'),(40593,3,2,'gebauden'),(40380,3,2,'geben'),(38820,3,2,'gebilde'),(40594,3,2,'gebracht'),(39681,3,2,'geeignet'),(24415,3,2,'gefarbt'),(23984,3,2,'gefunden'),(42133,3,2,'gehaltene'),(41355,3,2,'geist'),(64782,3,2,'gelandet'),(40599,3,2,'gelb'),(52648,3,2,'gelbe'),(38816,3,2,'gemass'),(40592,3,2,'genialen'),(23887,3,2,'geo'),(23894,3,2,'geomag'),(63642,3,2,'geomagnetischen'),(40334,3,2,'geomags'),(23961,3,2,'geomagworld'),(41353,3,2,'geometrie'),(40363,3,2,'geometrische'),(23942,3,2,'geometrischen'),(64798,3,2,'gepragt'),(40350,3,2,'geschaffen'),(63639,3,2,'geschichte'),(65540,3,2,'geschmiedeten'),(38824,3,2,'gesetzt'),(63061,3,2,'gestalte'),(63081,3,2,'gestalten'),(40362,3,2,'gestaltung'),(62395,3,2,'getriebe'),(64115,3,2,'gewassern'),(24398,3,2,'gewidmet'),(53029,3,2,'gib'),(53227,3,2,'gibt'),(65784,3,2,'gioca'),(65873,3,2,'giocattoli'),(65825,3,2,'gioco'),(65855,3,2,'girati'),(40353,3,2,'glanzenden'),(65897,3,2,'gli'),(53424,3,2,'glitter'),(53431,3,2,'glittereffekt'),(53434,3,2,'glitzernde'),(53444,3,2,'glitzernden'),(41345,3,2,'glow'),(65866,3,2,'grado'),(65839,3,2,'grande'),(65800,3,2,'grandi'),(63428,3,2,'green'),(38823,3,2,'grenzen'),(23939,3,2,'grosse'),(53881,3,2,'grossen'),(63666,3,2,'grossere'),(24874,3,2,'grosseren'),(24433,3,2,'grossten'),(52836,3,2,'grun'),(63869,3,2,'grund'),(40366,3,2,'grundlage'),(41358,3,2,'grune'),(65809,3,2,'guarda'),(39683,3,2,'gummi'),(24416,3,2,'haben'),(63634,3,2,'hai'),(63877,3,2,'handgriffen'),(38829,3,2,'hat'),(53433,3,2,'hause'),(39684,3,2,'heften'),(65029,3,2,'held'),(40340,3,2,'hellblau'),(42136,3,2,'heller'),(40341,3,2,'hellgrun'),(23938,3,2,'hergestellt'),(63668,3,2,'herstellen'),(23962,3,2,'hersteller'),(63073,3,2,'herum'),(23910,3,2,'hinzu'),(63669,3,2,'hinzufugt'),(24422,3,2,'hochste'),(24460,3,2,'hochsten'),(39690,3,2,'homes'),(63628,3,2,'horner'),(39457,3,2,'ideen'),(53875,3,2,'identifizierung'),(63880,3,2,'igel'),(23911,3,2,'ihrem'),(23922,3,2,'ihren'),(23907,3,2,'ihrer'),(65813,3,2,'illustrazioni'),(65791,3,2,'immaginazione'),(23974,3,2,'immer'),(63665,3,2,'indem'),(63070,3,2,'ineinandergreif'),(65858,3,2,'infinito'),(65846,3,2,'iniziale'),(62394,3,2,'innere'),(24408,3,2,'innovation'),(41350,3,2,'innovativen'),(63077,3,2,'ins'),(63683,3,2,'interagieren'),(65867,3,2,'interagire'),(23917,3,2,'interesse'),(65793,3,2,'intorno'),(24424,3,2,'intuitiven'),(65785,3,2,'inventa'),(65820,3,2,'inventare'),(65816,3,2,'ispirazione'),(39249,3,2,'jahre'),(39680,3,2,'jahren'),(64105,3,2,'jelo'),(53863,3,2,'kafig'),(61943,3,2,'kafige'),(63873,3,2,'kamme'),(64787,3,2,'kampfen'),(23983,3,2,'kanal'),(39243,3,2,'karten'),(53865,3,2,'kegel'),(62165,3,2,'kegele'),(38822,3,2,'keine'),(23990,3,2,'kinder'),(23945,3,2,'kindes'),(23895,3,2,'kit'),(38845,3,2,'kleine'),(24381,3,2,'klugen'),(23908,3,2,'kollektion'),(40355,3,2,'kombination'),(24385,3,2,'kombiniert'),(38857,3,2,'kompatibel'),(24402,3,2,'komplexere'),(23975,3,2,'komplexeren'),(24876,3,2,'komplexitat'),(23946,3,2,'konstruiert'),(23934,3,2,'konstruktion'),(24382,3,2,'konstruktionen'),(39246,3,2,'konstruktionsid'),(23955,3,2,'kontinuierlich'),(63043,3,2,'kor'),(65538,3,2,'kraft'),(53871,3,2,'krafte'),(40354,3,2,'kraften'),(40167,3,2,'kreation'),(24404,3,2,'kreationen'),(23948,3,2,'kreativitat'),(24388,3,2,'kreieren'),(38826,3,2,'kreiert'),(65027,3,2,'krieger'),(62396,3,2,'krone'),(63667,3,2,'kugel'),(63072,3,2,'kugelform'),(23936,3,2,'kugeln'),(24438,3,2,'kunststoffplatt'),(63623,3,2,'kuscheltier'),(62392,3,2,'lagerkafig'),(63649,3,2,'landete'),(64336,3,2,'landschaften'),(63871,3,2,'lange'),(63055,3,2,'lass'),(38811,3,2,'lassen'),(38810,3,2,'lauf'),(23913,3,2,'leben'),(63058,3,2,'lebendigen'),(52653,3,2,'lebendiger'),(64784,3,2,'lebensformen'),(24384,3,2,'leicht'),(39245,3,2,'leitmotive'),(42138,3,2,'liebhaber'),(41096,3,2,'lila'),(65827,3,2,'limiti'),(61942,3,2,'linearstabe'),(23978,3,2,'linie'),(40378,3,2,'logische'),(23949,3,2,'logisches'),(65869,3,2,'loro'),(40346,3,2,'lustige'),(39688,3,2,'lustigen'),(38832,3,2,'macht'),(42129,3,2,'madchen'),(38801,3,2,'magicube'),(38836,3,2,'magie'),(53443,3,2,'magisch'),(40348,3,2,'magische'),(24394,3,2,'magnete'),(24411,3,2,'magneten'),(65797,3,2,'magnetici'),(40357,3,2,'magnetisch'),(40338,3,2,'magnetische'),(24392,3,2,'magnetischen'),(23973,3,2,'magnetismus'),(42126,3,2,'magnetkonstrukt'),(53886,3,2,'magnetkraft'),(23899,3,2,'magnetlose'),(41607,3,2,'magnetlosen'),(53877,3,2,'magnetpolen'),(38828,3,2,'magnetspielzeug'),(24383,3,2,'magnetstabe'),(40372,3,2,'magnetstaben'),(24441,3,2,'man'),(53872,3,2,'manuellen'),(23966,3,2,'markennamen'),(64800,3,2,'masken'),(53852,3,2,'mechanics'),(53870,3,2,'mechanischen'),(63625,3,2,'meer'),(52652,3,2,'mehr'),(40165,3,2,'mehrere'),(23959,3,2,'meisterwerk'),(23892,3,2,'meisterwerke'),(52835,3,2,'meisterwerkee'),(53856,3,2,'metall'),(65831,3,2,'metallica'),(63661,3,2,'metallkugel'),(23900,3,2,'metallkugeln'),(62389,3,2,'metallstabe'),(41352,3,2,'methode'),(65806,3,2,'mette'),(65787,3,2,'metti'),(63644,3,2,'migration'),(23893,3,2,'mit'),(38856,3,2,'miteinander'),(63660,3,2,'mittlere'),(23921,3,2,'mochte'),(53438,3,2,'modefarben'),(24427,3,2,'modelle'),(23944,3,2,'modellen'),(42132,3,2,'modischem'),(24431,3,2,'moglich'),(40381,3,2,'moglichkeit'),(63068,3,2,'moment'),(64779,3,2,'monster'),(65850,3,2,'muoversi'),(63052,3,2,'nahezu'),(64109,3,2,'netter'),(63867,3,2,'nettes'),(38830,3,2,'neu'),(23925,3,2,'neue'),(53437,3,2,'neuen'),(23912,3,2,'neues'),(23967,3,2,'neugier'),(53432,3,2,'neuheit'),(63632,3,2,'niedliche'),(38813,3,2,'nimmt'),(24401,3,2,'noch'),(65818,3,2,'non'),(53878,3,2,'nord'),(65857,3,2,'numero'),(39242,3,2,'nur'),(23976,3,2,'nutzen'),(53869,3,2,'nutzung'),(65801,3,2,'occhi'),(40598,3,2,'orange'),(63075,3,2,'orangefarbener'),(40382,3,2,'originelle'),(65847,3,2,'ovale'),(63672,3,2,'ovales'),(63629,3,2,'paar'),(40339,3,2,'packung'),(24446,3,2,'packungen'),(63863,3,2,'paco'),(23909,3,2,'panels'),(64333,3,2,'papagei'),(38855,3,2,'park'),(65882,3,2,'passatempo'),(23886,3,2,'pcs'),(65877,3,2,'per'),(65817,3,2,'perche'),(40332,3,2,'perfekt'),(65865,3,2,'personaggi'),(40166,3,2,'personlichkeite'),(24444,3,2,'phantasie'),(41357,3,2,'phosphoresziere'),(64110,3,2,'pinguin'),(42121,3,2,'pink'),(65838,3,2,'piu'),(42498,3,2,'plattchen'),(61941,3,2,'platte'),(52649,3,2,'platten'),(24130,3,2,'plattform'),(40359,3,2,'plattformen'),(65841,3,2,'poi'),(38853,3,2,'polar'),(39241,3,2,'polareis'),(24417,3,2,'polaritat'),(65860,3,2,'possibilita'),(65849,3,2,'possono'),(24386,3,2,'potentielle'),(23929,3,2,'potenzial'),(64554,3,2,'prasentiert'),(65844,3,2,'prende'),(39692,3,2,'princess'),(39998,3,2,'prinzessinnen'),(24375,3,2,'pro'),(65887,3,2,'prodotti'),(24459,3,2,'produckte'),(23965,3,2,'produkte'),(24464,3,2,'produkten'),(24467,3,2,'produktion'),(65871,3,2,'produttrice'),(23997,3,2,'produziert'),(65895,3,2,'produzione'),(65875,3,2,'progettati'),(24628,3,2,'projekte'),(65814,3,2,'proposte'),(64781,3,2,'proteon'),(65789,3,2,'prova'),(65819,3,2,'provare'),(53861,3,2,'quadrat'),(42499,3,2,'quadrate'),(42500,3,2,'quadratische'),(65891,3,2,'qualita'),(24461,3,2,'qualitatmasssst'),(23995,3,2,'qualitats'),(65824,3,2,'questo'),(38843,3,2,'realisieren'),(65807,3,2,'realmente'),(63427,3,2,'red'),(53862,3,2,'redlager'),(63656,3,2,'regt'),(23957,3,2,'reicht'),(39837,3,2,'reprasentieren'),(24435,3,2,'reproduzieren'),(53883,3,2,'richtige'),(65810,3,2,'riesci'),(65889,3,2,'rigorosi'),(65896,3,2,'rispetta'),(65888,3,2,'rispettando'),(38851,3,2,'river'),(39836,3,2,'robotern'),(39693,3,2,'robots'),(62618,3,2,'rohr'),(53858,3,2,'rohre'),(62619,3,2,'rorhe'),(42131,3,2,'rosa'),(63239,3,2,'rosafarbenen'),(40600,3,2,'rot'),(53030,3,2,'rote'),(63432,3,2,'roten'),(63870,3,2,'rotierenden'),(38854,3,2,'safari'),(52650,3,2,'sammlung'),(39454,3,2,'savanne'),(42496,3,2,'schachtel'),(23960,3,2,'schaffen'),(64783,3,2,'schafft'),(63657,3,2,'schaffung'),(40164,3,2,'schau'),(24875,3,2,'schaue'),(39236,3,2,'schauen'),(53860,3,2,'scheibefusse'),(53859,3,2,'scheiben'),(62391,3,2,'scheibenfusse'),(39247,3,2,'schenken'),(53873,3,2,'schieben'),(40168,3,2,'schlosses'),(40365,3,2,'schnell'),(64335,3,2,'schonen'),(63872,3,2,'schwanz'),(24414,3,2,'schwarz'),(23903,3,2,'schwarze'),(23937,3,2,'schweiz'),(23999,3,2,'schweizer'),(24463,3,2,'schweizerischen'),(65541,3,2,'schwertern'),(63663,3,2,'seele'),(40364,3,2,'sehr'),(63626,3,2,'seinen'),(65542,3,2,'seiner'),(23981,3,2,'seite'),(24391,3,2,'serie'),(24878,3,2,'set'),(38847,3,2,'sets'),(65794,3,2,'sfera'),(65822,3,2,'sfruttando'),(65876,3,2,'sia'),(24462,3,2,'sicherheit'),(23996,3,2,'sicherheitsstan'),(24469,3,2,'sicherheitssyst'),(24419,3,2,'sichtbar'),(65892,3,2,'sicurezza'),(23906,3,2,'sie'),(24390,3,2,'silber'),(24879,3,2,'silver'),(65836,3,2,'sistema'),(24418,3,2,'sofort'),(65803,3,2,'solo'),(65874,3,2,'sono'),(24454,3,2,'sowohl'),(41351,3,2,'spannende'),(38834,3,2,'spass'),(24434,3,2,'spezialisten'),(42127,3,2,'speziell'),(39682,3,2,'speziellem'),(38812,3,2,'spiel'),(53868,3,2,'spielaktivitat'),(24451,3,2,'spieleherstelle'),(24397,3,2,'spieler'),(63064,3,2,'spiels'),(24452,3,2,'spielwaren'),(23963,3,2,'spielzeug'),(65854,3,2,'spostati'),(24413,3,2,'stab'),(42134,3,2,'stabchen'),(23898,3,2,'stabe'),(23935,3,2,'staben'),(65804,3,2,'stabilira'),(65826,3,2,'stabilire'),(23926,3,2,'stabilitat'),(65853,3,2,'staccati'),(40356,3,2,'stahlkugeln'),(65898,3,2,'standard'),(24393,3,2,'starkere'),(65885,3,2,'stimolando'),(65879,3,2,'stimolare'),(39686,3,2,'stimulieren'),(23947,3,2,'stimuliert'),(24001,3,2,'strengen'),(23994,3,2,'strengsten'),(23954,3,2,'strukturen'),(40597,3,2,'strukturpotenzi'),(24449,3,2,'stucke'),(40369,3,2,'stucken'),(63643,3,2,'sturm'),(62393,3,2,'stutze'),(53442,3,2,'suchen'),(53879,3,2,'sud'),(64116,3,2,'sudpols'),(65851,3,2,'sulla'),(64796,3,2,'sumpf'),(65281,3,2,'sumpfigen'),(63631,3,2,'susse'),(65864,3,2,'svariati'),(65894,3,2,'svizzeri'),(65277,3,2,'swomp'),(39687,3,2,'sympathischen'),(23932,3,2,'system'),(63664,3,2,'systems'),(39672,3,2,'szenarien'),(38837,3,2,'tat'),(64769,3,2,'taurex'),(63640,3,2,'tazoo'),(39835,3,2,'teile'),(42142,3,2,'teilen'),(42125,3,2,'teilig'),(53428,3,2,'teiliges'),(53864,3,2,'teller'),(39240,3,2,'thema'),(64774,3,2,'tier'),(63652,3,2,'tiere'),(63638,3,2,'tintenfisch'),(65893,3,2,'tipici'),(64329,3,2,'toco'),(63658,3,2,'tolle'),(65802,3,2,'tondi'),(65868,3,2,'tra'),(41356,3,2,'trainieren'),(23952,3,2,'transformatione'),(24432,3,2,'tricks'),(65790,3,2,'tua'),(65883,3,2,'tutta'),(23998,3,2,'typisch'),(40349,3,2,'uberraschende'),(38846,3,2,'umfasst'),(63653,3,2,'umgebung'),(64797,3,2,'umgebungen'),(53884,3,2,'umgekehrten'),(65830,3,2,'una'),(63053,3,2,'unbegrenzte'),(24387,3,2,'unendliche'),(40596,3,2,'unendlicher'),(23972,3,2,'unglaubliche'),(38833,3,2,'unglaublichen'),(65792,3,2,'uniti'),(39694,3,2,'untereinander'),(24455,3,2,'unterhalten'),(63654,3,2,'unterscheiden'),(64790,3,2,'unterschiedlich'),(63065,3,2,'unverwechselbar'),(63671,3,2,'ursprungliche'),(65832,3,2,'vanno'),(65848,3,2,'vari'),(63054,3,2,'variationen'),(40379,3,2,'veranderungen'),(53867,3,2,'verbessert'),(38835,3,2,'verbreitet'),(65537,3,2,'verdankt'),(23993,3,2,'vereinen'),(40370,3,2,'verfugbar'),(64789,3,2,'verfugt'),(52647,3,2,'vergrossen'),(39239,3,2,'verschiedene'),(24439,3,2,'verschiedenen'),(63676,3,2,'verschoben'),(63647,3,2,'verursacht'),(63636,3,2,'verwandelt'),(63062,3,2,'verwandle'),(65544,3,2,'verwandlungsfah'),(64112,3,2,'verwendet'),(53885,3,2,'verwendung'),(23977,3,2,'video'),(39999,3,2,'viele'),(40358,3,2,'vielen'),(23951,3,2,'vielfalt'),(23927,3,2,'vielseitigkeit'),(23902,3,2,'vierecke'),(24129,3,2,'viereckige'),(38825,3,2,'vollig'),(24468,3,2,'vorschriften'),(40384,3,2,'vorstellung'),(38817,3,2,'vorstellungskra'),(64795,3,2,'vulkan'),(65533,3,2,'vulkram'),(39237,3,2,'wachsen'),(64778,3,2,'waffen'),(64776,3,2,'wald'),(23979,3,2,'website'),(23918,3,2,'weckt'),(40344,3,2,'weg'),(24430,3,2,'weise'),(23897,3,2,'weisse'),(24465,3,2,'weiterhin'),(40335,3,2,'welt'),(63646,3,2,'weltall'),(40336,3,2,'wenige'),(63876,3,2,'wenigen'),(52651,3,2,'werke'),(23885,3,2,'white'),(24406,3,2,'wichtige'),(41349,3,2,'wiederaufbau'),(64773,3,2,'wildes'),(63881,3,2,'wirt'),(40361,3,2,'womit'),(39251,3,2,'worden'),(63624,3,2,'wuchs'),(63651,3,2,'wurde'),(38838,3,2,'wurfel'),(38821,3,2,'wurfeln'),(63235,3,2,'yellow'),(23982,3,2,'youtube'),(39673,3,2,'zauber'),(53436,3,2,'zauberhaften'),(64799,3,2,'zeichnet'),(23986,3,2,'zeitvertreib'),(63071,3,2,'zentrale'),(63673,3,2,'zentralen'),(63060,3,2,'ziehen'),(23915,3,2,'zubehor'),(63680,3,2,'zubehorteilen'),(63679,3,2,'zugabe'),(41606,3,2,'zusammen'),(24436,3,2,'zusatzlich'),(42139,3,2,'zwei'),(24442,3,2,'zwischen'),(4715,4,2,'000806'),(4874,4,2,'000807'),(5035,4,2,'000808'),(5193,4,2,'000809'),(5352,4,2,'000810'),(5527,4,2,'000842'),(5704,4,2,'000846'),(5865,4,2,'000848'),(6027,4,2,'000849'),(6190,4,2,'000856'),(4711,4,2,'0806'),(4872,4,2,'0807'),(5034,4,2,'0808'),(5191,4,2,'0809'),(5351,4,2,'0810'),(5525,4,2,'0842'),(5702,4,2,'0846'),(5863,4,2,'0848'),(6025,4,2,'0849'),(6188,4,2,'0856'),(6026,4,2,'11400'),(5864,4,2,'11600'),(5192,4,2,'14800'),(4787,4,2,'1953'),(5526,4,2,'25200'),(5703,4,2,'5400'),(6189,4,2,'5600'),(4873,4,2,'6000'),(4712,4,2,'6600'),(4716,4,2,'8007905008065'),(4875,4,2,'8007905008072'),(5036,4,2,'8007905008089'),(5194,4,2,'8007905008096'),(5353,4,2,'8007905008102'),(5528,4,2,'8007905008423'),(5705,4,2,'8007905008461'),(5866,4,2,'8007905008485'),(6028,4,2,'8007905008492'),(6191,4,2,'8007905008560'),(4743,4,2,'aktivitat'),(4774,4,2,'angewendet'),(4745,4,2,'angstgefuhlen'),(4724,4,2,'anna'),(5361,4,2,'anweisungen'),(4708,4,2,'art'),(4777,4,2,'ausschliesslich'),(5197,4,2,'auswahl'),(4746,4,2,'befreit'),(5367,4,2,'beginnen'),(5709,4,2,'beinhaltet'),(4876,4,2,'beliebtesten'),(4783,4,2,'beruhmten'),(4756,4,2,'betrachtet'),(4753,4,2,'bilder'),(4740,4,2,'bzw'),(4713,4,2,'chiodini'),(4758,4,2,'diese'),(4718,4,2,'diesem'),(4877,4,2,'disneyfiguren'),(5037,4,2,'disneyprinzessi'),(5362,4,2,'druckversion'),(4759,4,2,'echte'),(5355,4,2,'eigenes'),(4723,4,2,'elsa'),(4755,4,2,'entfernung'),(4731,4,2,'enthalt'),(5366,4,2,'erstellen'),(4785,4,2,'erstmalig'),(4734,4,2,'farben'),(4765,4,2,'farbtonen'),(5707,4,2,'figur'),(5867,4,2,'figuren'),(4782,4,2,'firma'),(5360,4,2,'folgen'),(4748,4,2,'fordert'),(5356,4,2,'foto'),(4760,4,2,'fotografien'),(4710,4,2,'frozen'),(4781,4,2,'geburtsstadt'),(4722,4,2,'gesichter'),(4754,4,2,'gewissen'),(4749,4,2,'gibt'),(4769,4,2,'gleiche'),(4767,4,2,'handelt'),(4788,4,2,'hergestellt'),(4768,4,2,'hierbei'),(5363,4,2,'ihrer'),(5354,4,2,'innovativen'),(4736,4,2,'intelligente'),(5529,4,2,'intelligenten'),(4719,4,2,'intelligenzford'),(4778,4,2,'italien'),(4786,4,2,'jahr'),(4739,4,2,'jahren'),(4773,4,2,'jahrhundert'),(4738,4,2,'kinder'),(5357,4,2,'klicken'),(4747,4,2,'konzentration'),(4744,4,2,'kopf'),(5195,4,2,'kreativen'),(4725,4,2,'kreieren'),(5198,4,2,'kunstwerken'),(4721,4,2,'lassen'),(5706,4,2,'lasst'),(5359,4,2,'link'),(4772,4,2,'malerei'),(4752,4,2,'man'),(4871,4,2,'mickey'),(4717,4,2,'mit'),(4726,4,2,'mithilfe'),(5199,4,2,'nachbilden'),(4764,4,2,'neuen'),(4751,4,2,'nur'),(5364,4,2,'personalisierte'),(4709,4,2,'photo'),(4707,4,2,'pixel'),(4771,4,2,'pointillistisch'),(5033,4,2,'princess'),(4770,4,2,'prinzip'),(4737,4,2,'produktlinie'),(4779,4,2,'produziert'),(4714,4,2,'qrc'),(4729,4,2,'quercetti'),(4727,4,2,'raffinierten'),(5200,4,2,'rahmen'),(4741,4,2,'regenerierende'),(5365,4,2,'schablone'),(4878,4,2,'schablonen'),(4730,4,2,'set'),(5196,4,2,'sie'),(4720,4,2,'spiel'),(4776,4,2,'spiele'),(5699,4,2,'star'),(4728,4,2,'stecker'),(4732,4,2,'steckpins'),(4735,4,2,'steckplatten'),(5701,4,2,'stormtrooper'),(4742,4,2,'stressmindernde'),(4763,4,2,'tausenden'),(4780,4,2,'turin'),(5708,4,2,'universums'),(5358,4,2,'untenstehenden'),(4733,4,2,'verschiedenen'),(4766,4,2,'verschmelzen'),(5700,4,2,'wars'),(4761,4,2,'weil'),(4757,4,2,'wirken'),(4775,4,2,'wurde'),(4784,4,2,'wurden'),(6187,4,2,'yoda'),(4762,4,2,'zauberhand'),(4750,4,2,'zwar'),(3676,5,2,'042736'),(3791,5,2,'042836'),(3941,5,2,'042837'),(4093,5,2,'042838'),(4245,5,2,'042839'),(4399,5,2,'042861'),(4556,5,2,'042889'),(3667,5,2,'100'),(3694,5,2,'1965'),(3673,5,2,'42736'),(3790,5,2,'42836'),(3940,5,2,'42837'),(4092,5,2,'42838'),(4244,5,2,'42839'),(4398,5,2,'42861'),(4555,5,2,'42889'),(4400,5,2,'45861'),(3677,5,2,'8003511427368'),(3792,5,2,'8003511428365'),(3942,5,2,'8003511428372'),(4094,5,2,'8003511428389'),(4246,5,2,'8003511428396'),(4557,5,2,'8003511428891'),(4401,5,2,'8003511458614'),(3821,5,2,'achteckigen'),(3939,5,2,'adventures'),(3670,5,2,'album'),(4396,5,2,'and'),(3709,5,2,'arbeitet'),(3799,5,2,'aufgrund'),(3722,5,2,'ausdruck'),(3685,5,2,'ausmalbuch'),(3798,5,2,'ausmalen'),(3816,5,2,'bearbeitung'),(3723,5,2,'besten'),(3678,5,2,'blechbehalter'),(3672,5,2,'box'),(3698,5,2,'brand'),(3679,5,2,'carioca'),(3712,5,2,'chemikern'),(4395,5,2,'city'),(3668,5,2,'color'),(3692,5,2,'darf'),(3688,5,2,'denen'),(3725,5,2,'designs'),(3817,5,2,'details'),(3682,5,2,'dicke'),(3717,5,2,'einfache'),(3789,5,2,'empire'),(3810,5,2,'enthalt'),(3721,5,2,'entwerfen'),(3726,5,2,'farben'),(4554,5,2,'farm'),(3815,5,2,'feine'),(3812,5,2,'filzstifte'),(3681,5,2,'filzstiften'),(3684,5,2,'finelinern'),(3822,5,2,'form'),(3719,5,2,'fortschrittlich'),(3705,5,2,'ganzen'),(3695,5,2,'gegrundete'),(3714,5,2,'gemein'),(3823,5,2,'griffigkeit'),(4553,5,2,'happy'),(3701,5,2,'hat'),(3704,5,2,'hergestellt'),(3690,5,2,'ideen'),(3819,5,2,'ihrer'),(3803,5,2,'ineinandergreif'),(3696,5,2,'internationale'),(3703,5,2,'italien'),(3724,5,2,'italienischen'),(3693,5,2,'jahr'),(3814,5,2,'joy'),(3818,5,2,'jumbo'),(4397,5,2,'jungle'),(3808,5,2,'kinderspiel'),(3669,5,2,'kit'),(3686,5,2,'kleine'),(3806,5,2,'kleinsten'),(3687,5,2,'kunstler'),(3713,5,2,'kunstlern'),(3796,5,2,'lasst'),(3715,5,2,'leidenschaft'),(3697,5,2,'love'),(3699,5,2,'malwerkzeug'),(3691,5,2,'mangeln'),(3787,5,2,'maxi'),(3680,5,2,'mit'),(3813,5,2,'modell'),(4243,5,2,'monster'),(3689,5,2,'niemals'),(3675,5,2,'oca'),(3809,5,2,'packung'),(3801,5,2,'pappmaterials'),(3674,5,2,'pcs'),(4091,5,2,'pirates'),(3802,5,2,'prazision'),(3702,5,2,'produkte'),(3716,5,2,'produktionsstat'),(3711,5,2,'projektingenieu'),(3788,5,2,'puzzle'),(3805,5,2,'puzzles'),(3807,5,2,'reinste'),(3793,5,2,'riesengross'),(3800,5,2,'robusten'),(3820,5,2,'sorgen'),(3700,5,2,'spezialisiert'),(3683,5,2,'spitze'),(3811,5,2,'superwaschbare'),(3708,5,2,'taglich'),(3710,5,2,'team'),(3718,5,2,'technisch'),(3794,5,2,'teile'),(3671,5,2,'tin'),(3707,5,2,'verkauft'),(3797,5,2,'vollstandig'),(3706,5,2,'welt'),(3720,5,2,'zeichengerate'),(3804,5,2,'zusammensetzen'),(3795,5,2,'zweiseitig'),(6354,6,2,'000001'),(6528,6,2,'000005'),(6710,6,2,'000006'),(6886,6,2,'000009'),(7073,6,2,'000029'),(7259,6,2,'000030'),(7436,6,2,'000043'),(7611,6,2,'000052'),(20083,6,2,'000084'),(20268,6,2,'000085'),(20462,6,2,'000086'),(20662,6,2,'000087'),(20848,6,2,'000092'),(21040,6,2,'000093'),(21220,6,2,'000097'),(21421,6,2,'000098'),(21610,6,2,'000099'),(21803,6,2,'000101'),(21989,6,2,'000102'),(22188,6,2,'000104'),(22375,6,2,'000106'),(22562,6,2,'000113'),(22755,6,2,'000115'),(22949,6,2,'000116'),(23140,6,2,'000121'),(23331,6,2,'000133'),(6526,6,2,'005'),(6708,6,2,'006'),(6884,6,2,'009'),(7071,6,2,'029'),(7257,6,2,'030'),(23700,6,2,'031'),(7610,6,2,'052'),(20081,6,2,'084'),(20266,6,2,'085'),(20461,6,2,'086'),(20660,6,2,'087'),(20846,6,2,'092'),(21038,6,2,'093'),(21218,6,2,'097'),(21419,6,2,'098'),(21611,6,2,'101'),(21987,6,2,'102'),(22187,6,2,'104'),(22374,6,2,'106'),(22560,6,2,'113'),(22754,6,2,'115'),(22947,6,2,'116'),(23138,6,2,'121'),(23329,6,2,'133'),(23701,6,2,'1350'),(23521,6,2,'1635'),(23522,6,2,'202982'),(21609,6,2,'2200'),(20082,6,2,'230'),(20267,6,2,'250'),(21988,6,2,'290'),(23330,6,2,'297'),(22561,6,2,'300'),(21219,6,2,'310'),(23139,6,2,'318'),(6885,6,2,'320'),(20847,6,2,'350'),(22948,6,2,'380'),(21420,6,2,'390'),(21039,6,2,'400'),(6709,6,2,'430'),(20661,6,2,'437'),(7072,6,2,'460'),(6888,6,2,'4972825139325'),(7075,6,2,'4972825142684'),(7261,6,2,'4972825142691'),(6356,6,2,'4972825143698'),(7437,6,2,'4972825144381'),(7613,6,2,'4972825145753'),(6712,6,2,'4972825146958'),(20085,6,2,'4972825149638'),(20270,6,2,'4972825149645'),(20464,6,2,'4972825149690'),(20664,6,2,'4972825149751'),(21222,6,2,'4972825149768'),(20850,6,2,'4972825201053'),(21042,6,2,'4972825201060'),(21612,6,2,'4972825201152'),(21423,6,2,'4972825201169'),(21805,6,2,'4972825201565'),(21991,6,2,'4972825201572'),(22190,6,2,'4972825201992'),(22377,6,2,'4972825202012'),(22564,6,2,'4972825202463'),(22757,6,2,'4972825202487'),(22951,6,2,'4972825202494'),(23142,6,2,'4972825202616'),(23333,6,2,'4972825202951'),(23523,6,2,'4972825202982'),(23702,6,2,'4972825206041'),(7258,6,2,'530'),(6527,6,2,'777'),(6351,6,2,'800'),(6530,6,2,'828988201284'),(6399,6,2,'abstand'),(6435,6,2,'advanced'),(6434,6,2,'alter'),(21232,6,2,'angrenzenden'),(20470,6,2,'anleitung'),(20670,6,2,'anleitungen'),(21999,6,2,'ans'),(20851,6,2,'ansicht'),(6893,6,2,'architektonisch'),(6412,6,2,'aufgrund'),(21998,6,2,'ausfuhrliche'),(21619,6,2,'ausfuhrlichen'),(6422,6,2,'ausgelost'),(21428,6,2,'barcelona'),(6889,6,2,'bauen'),(6531,6,2,'bausatz'),(20086,6,2,'bausatze'),(6378,6,2,'baustein'),(6410,6,2,'bausteine'),(6365,6,2,'bausteinen'),(21231,6,2,'baustruktur'),(21617,6,2,'bauwerke'),(20274,6,2,'befahren'),(7070,6,2,'ben'),(7616,6,2,'beruhmte'),(6713,6,2,'beruhmten'),(20465,6,2,'beruhmteste'),(6891,6,2,'beruhmtesten'),(6387,6,2,'besonderheit'),(21613,6,2,'beweis'),(7069,6,2,'big'),(23328,6,2,'bonsai'),(6423,6,2,'breit'),(21802,6,2,'bridge'),(22185,6,2,'buckingham'),(22559,6,2,'bus'),(22566,6,2,'busse'),(21608,6,2,'castle'),(20659,6,2,'church'),(23137,6,2,'colosseum'),(21036,6,2,'dame'),(6391,6,2,'dank'),(23698,6,2,'deluxe'),(6541,6,2,'detail'),(21995,6,2,'detailgetreue'),(20854,6,2,'detaillierte'),(6362,6,2,'detaillierten'),(21230,6,2,'details'),(21616,6,2,'detailtreue'),(20472,6,2,'diese'),(21424,6,2,'diesem'),(6392,6,2,'doppelten'),(6881,6,2,'easter'),(6360,6,2,'echte'),(23699,6,2,'edition'),(6415,6,2,'eigenschaften'),(6426,6,2,'eignen'),(6716,6,2,'eignet'),(6386,6,2,'einmal'),(6394,6,2,'einzelnen'),(7435,6,2,'elshout'),(6369,6,2,'enthalt'),(21425,6,2,'enthaltenen'),(6405,6,2,'entwickelt'),(6375,6,2,'entworfen'),(6396,6,2,'erfordernissen'),(6535,6,2,'erlaubt'),(21227,6,2,'ermoglichen'),(6418,6,2,'etablieren'),(20672,6,2,'exakt'),(20272,6,2,'fahrzeugs'),(21418,6,2,'familia'),(6361,6,2,'fans'),(6407,6,2,'firma'),(20669,6,2,'folgen'),(22953,6,2,'francisco'),(20467,6,2,'franzosischen'),(22001,6,2,'fuhren'),(6416,6,2,'ganzen'),(22946,6,2,'gate'),(21427,6,2,'gaudi'),(21224,6,2,'gebaude'),(6424,6,2,'gefacherten'),(21228,6,2,'genaue'),(20469,6,2,'genauen'),(6385,6,2,'gerade'),(6533,6,2,'geschichtstrach'),(6433,6,2,'geschmack'),(20471,6,2,'getrost'),(7264,6,2,'gewidmet'),(22945,6,2,'golden'),(6381,6,2,'grosse'),(21992,6,2,'grune'),(6887,6,2,'h009'),(22376,6,2,'h010'),(7074,6,2,'h029'),(7260,6,2,'h030'),(7612,6,2,'h052'),(20084,6,2,'h084'),(20269,6,2,'h085'),(20463,6,2,'h086'),(20663,6,2,'h087'),(20849,6,2,'h092'),(21041,6,2,'h093'),(21221,6,2,'h097'),(21422,6,2,'h098'),(21804,6,2,'h101'),(21990,6,2,'h102'),(22189,6,2,'h104'),(22563,6,2,'h113'),(22756,6,2,'h115'),(22950,6,2,'h116'),(23141,6,2,'h121'),(23332,6,2,'h133'),(6419,6,2,'haben'),(21801,6,2,'harbour'),(20275,6,2,'hat'),(20468,6,2,'hauptstadt'),(20473,6,2,'heranwagen'),(21607,6,2,'himeji'),(6432,6,2,'hobby'),(6536,6,2,'hoch'),(20666,6,2,'hohe'),(7439,6,2,'hollandische'),(7609,6,2,'house'),(6421,6,2,'hype'),(6714,6,2,'ideal'),(6413,6,2,'ihrer'),(20474,6,2,'inklusive'),(6540,6,2,'ins'),(6882,6,2,'island'),(6373,6,2,'japan'),(21615,6,2,'japanische'),(6406,6,2,'japanischen'),(22758,6,2,'japanischer'),(21618,6,2,'japans'),(22753,6,2,'kaminarimon'),(6403,6,2,'kawada'),(7434,6,2,'kinderduk'),(20668,6,2,'kirche'),(20671,6,2,'kirchturms'),(21226,6,2,'kleinen'),(6366,6,2,'kleiner'),(6383,6,2,'kleinste'),(23527,6,2,'kleinsten'),(23145,6,2,'kolosseum'),(6411,6,2,'konnten'),(6397,6,2,'konstruktion'),(6374,6,2,'konzipiert'),(20080,6,2,'landing'),(21620,6,2,'lasst'),(6380,6,2,'lediglich'),(6395,6,2,'leichtigkeit'),(6431,6,2,'leidenschaft'),(6532,6,2,'liebhaber'),(20087,6,2,'liebhabern'),(6350,6,2,'locomotive'),(7077,6,2,'london'),(23524,6,2,'londoner'),(20460,6,2,'louvre'),(6404,6,2,'ltd'),(20079,6,2,'lunar'),(6355,6,2,'m001'),(6529,6,2,'m005'),(6711,6,2,'m006'),(6390,6,2,'man'),(7615,6,2,'massstabgetreu'),(20667,6,2,'massstabgetreue'),(20665,6,2,'maximalen'),(6718,6,2,'mehr'),(21426,6,2,'meisterwerk'),(6894,6,2,'meisterwerke'),(21985,6,2,'melbourne'),(6372,6,2,'mikro'),(21994,6,2,'mikrobausteine'),(6377,6,2,'miniatur'),(6379,6,2,'misst'),(6364,6,2,'mit'),(6879,6,2,'moai'),(6384,6,2,'modell'),(6363,6,2,'modellbaus'),(7433,6,2,'molen'),(20273,6,2,'mond'),(6707,6,2,'motorcycle'),(20459,6,2,'musee'),(20466,6,2,'museum'),(6524,6,2,'mustang'),(22191,6,2,'nachbau'),(23526,6,2,'nachbauen'),(6538,6,2,'nachbildung'),(6353,6,2,'nan'),(6358,6,2,'nanoblock'),(6883,6,2,'nbh'),(6525,6,2,'nbm'),(22373,6,2,'neuschwanstein'),(21035,6,2,'notre'),(7608,6,2,'opera'),(6892,6,2,'orte'),(6898,6,2,'osterinsel'),(6523,6,2,'p51'),(23697,6,2,'pagoda'),(23703,6,2,'pagode'),(22186,6,2,'palace'),(21037,6,2,'paris'),(6352,6,2,'pcs'),(6896,6,2,'perfektion'),(23327,6,2,'pine'),(7256,6,2,'pisa'),(6401,6,2,'positionieren'),(6537,6,2,'prazise'),(6371,6,2,'produktlinie'),(6539,6,2,'propellerflugze'),(20475,6,2,'pyramide'),(20089,6,2,'rakete'),(20088,6,2,'raumfahrzeugen'),(6420,6,2,'regelrechten'),(7614,6,2,'rekonstruieren'),(21229,6,2,'rekonstruktion'),(20673,6,2,'replizieren'),(6895,6,2,'repliziert'),(21996,6,2,'reproduktion'),(6398,6,2,'richtigen'),(21217,6,2,'rives'),(23144,6,2,'rom'),(22565,6,2,'roten'),(20265,6,2,'rover'),(6389,6,2,'ruckseite'),(21417,6,2,'sagrada'),(6427,6,2,'sammeln'),(22952,6,2,'san'),(6899,6,2,'schachtel'),(7262,6,2,'schiefen'),(22379,6,2,'schlosser'),(22378,6,2,'schonsten'),(20855,6,2,'schritt'),(6717,6,2,'set'),(6359,6,2,'sets'),(6890,6,2,'sie'),(6900,6,2,'sights'),(6408,6,2,'sitz'),(23525,6,2,'skyline'),(20852,6,2,'stadt'),(6367,6,2,'standardbaukast'),(6382,6,2,'standardbaustei'),(6897,6,2,'statuen'),(6880,6,2,'statues'),(6349,6,2,'steam'),(21993,6,2,'strassenbahn'),(21997,6,2,'strassenbahnwag'),(7607,6,2,'sydney'),(6430,6,2,'symbole'),(21223,6,2,'symboltrachtige'),(6370,6,2,'teile'),(7079,6,2,'teilen'),(6425,6,2,'themenangebots'),(6409,6,2,'tokio'),(7255,6,2,'torre'),(22759,6,2,'tradition'),(21986,6,2,'tram'),(6534,6,2,'transportmittel'),(6429,6,2,'tufteln'),(7263,6,2,'turm'),(21614,6,2,'typisch'),(7438,6,2,'typische'),(21225,6,2,'ufer'),(21233,6,2,'umgebung'),(21621,6,2,'umsetzen'),(6414,6,2,'unverwechselbar'),(20853,6,2,'venedig'),(20845,6,2,'venezia'),(6388,6,2,'verbindungssyst'),(7078,6,2,'vergnugen'),(6368,6,2,'verpackung'),(6428,6,2,'verschenken'),(6393,6,2,'vertiefung'),(20271,6,2,'vierradrigen'),(6357,6,2,'vollstandigsten'),(7076,6,2,'wahrzeichen'),(6417,6,2,'welt'),(23143,6,2,'weltberuhmteste'),(20090,6,2,'weltraum'),(7440,6,2,'windmuhle'),(6402,6,2,'wurde'),(6376,6,2,'wurden'),(22000,6,2,'ziel'),(6400,6,2,'zueinander'),(6715,6,2,'zweiradliebhabe'),(77099,7,2,'adult'),(77102,7,2,'custom'),(77104,7,2,'erstellen'),(77113,7,2,'kids'),(77100,7,2,'shirt'),(77105,7,2,'sie'),(77101,7,2,'tag'),(77103,7,2,'thsirt'),(3736,8,2,'042736'),(3867,8,2,'042836'),(4017,8,2,'042837'),(4169,8,2,'042838'),(4321,8,2,'042839'),(4478,8,2,'042861'),(4633,8,2,'042889'),(3727,8,2,'100'),(3754,8,2,'1965'),(3733,8,2,'42736'),(3866,8,2,'42836'),(4016,8,2,'42837'),(4168,8,2,'42838'),(4320,8,2,'42839'),(4477,8,2,'42861'),(4632,8,2,'42889'),(4479,8,2,'45861'),(3737,8,2,'8003511427368'),(3868,8,2,'8003511428365'),(4018,8,2,'8003511428372'),(4170,8,2,'8003511428389'),(4322,8,2,'8003511428396'),(4634,8,2,'8003511428891'),(4480,8,2,'8003511458614'),(3897,8,2,'achteckigen'),(4015,8,2,'adventures'),(3730,8,2,'album'),(4475,8,2,'and'),(3769,8,2,'arbeitet'),(3875,8,2,'aufgrund'),(3782,8,2,'ausdruck'),(3745,8,2,'ausmalbuch'),(3874,8,2,'ausmalen'),(3892,8,2,'bearbeitung'),(3783,8,2,'besten'),(3738,8,2,'blechbehalter'),(3732,8,2,'box'),(3758,8,2,'brand'),(3739,8,2,'carioca'),(3772,8,2,'chemikern'),(4474,8,2,'city'),(3728,8,2,'color'),(3752,8,2,'darf'),(3748,8,2,'denen'),(3785,8,2,'designs'),(3893,8,2,'details'),(3742,8,2,'dicke'),(3777,8,2,'einfache'),(3865,8,2,'empire'),(3886,8,2,'enthalt'),(3781,8,2,'entwerfen'),(3786,8,2,'farben'),(4631,8,2,'farm'),(3891,8,2,'feine'),(3888,8,2,'filzstifte'),(3741,8,2,'filzstiften'),(3744,8,2,'finelinern'),(3898,8,2,'form'),(3779,8,2,'fortschrittlich'),(3765,8,2,'ganzen'),(3755,8,2,'gegrundete'),(3774,8,2,'gemein'),(3899,8,2,'griffigkeit'),(4630,8,2,'happy'),(3761,8,2,'hat'),(3764,8,2,'hergestellt'),(3750,8,2,'ideen'),(3895,8,2,'ihrer'),(3879,8,2,'ineinandergreif'),(3756,8,2,'internationale'),(3763,8,2,'italien'),(3784,8,2,'italienischen'),(3753,8,2,'jahr'),(3890,8,2,'joy'),(3894,8,2,'jumbo'),(4476,8,2,'jungle'),(3884,8,2,'kinderspiel'),(3729,8,2,'kit'),(3746,8,2,'kleine'),(3882,8,2,'kleinsten'),(3747,8,2,'kunstler'),(3773,8,2,'kunstlern'),(3872,8,2,'lasst'),(3775,8,2,'leidenschaft'),(3757,8,2,'love'),(3759,8,2,'malwerkzeug'),(3751,8,2,'mangeln'),(3863,8,2,'maxi'),(3740,8,2,'mit'),(3889,8,2,'modell'),(4319,8,2,'monster'),(3749,8,2,'niemals'),(3735,8,2,'oca'),(3885,8,2,'packung'),(3877,8,2,'pappmaterials'),(3734,8,2,'pcs'),(4167,8,2,'pirates'),(3878,8,2,'prazision'),(3762,8,2,'produkte'),(3776,8,2,'produktionsstat'),(3771,8,2,'projektingenieu'),(3864,8,2,'puzzle'),(3881,8,2,'puzzles'),(3883,8,2,'reinste'),(3869,8,2,'riesengross'),(3876,8,2,'robusten'),(3896,8,2,'sorgen'),(3760,8,2,'spezialisiert'),(3743,8,2,'spitze'),(3887,8,2,'superwaschbare'),(3768,8,2,'taglich'),(3770,8,2,'team'),(3778,8,2,'technisch'),(3870,8,2,'teile'),(3731,8,2,'tin'),(3767,8,2,'verkauft'),(3873,8,2,'vollstandig'),(3766,8,2,'welt'),(3780,8,2,'zeichengerate'),(3880,8,2,'zusammensetzen'),(3871,8,2,'zweiseitig'),(24011,10,2,'0871772000129'),(24253,10,2,'0871772000136'),(24503,10,2,'0871772000235'),(24750,10,2,'0871772000242'),(24997,10,2,'0871772000259'),(39344,10,2,'0871772001348'),(39561,10,2,'0871772001355'),(39752,10,2,'0871772001416'),(39915,10,2,'0871772001423'),(40080,10,2,'0871772001430'),(40246,10,2,'0871772001447'),(40461,10,2,'0871772002611'),(40718,10,2,'0871772002628'),(40969,10,2,'0871772002635'),(41220,10,2,'0871772002642'),(41477,10,2,'0871772003304'),(41735,10,2,'0871772003366'),(41994,10,2,'0871772003373'),(42217,10,2,'0871772003427'),(42402,10,2,'0871772003434'),(42592,10,2,'0871772003441'),(52740,10,2,'0871772004615'),(52930,10,2,'0871772004622'),(53126,10,2,'0871772004639'),(53326,10,2,'0871772004646'),(53533,10,2,'0871772005322'),(53746,10,2,'0871772005339'),(63145,10,2,'0871772005834'),(63334,10,2,'0871772005841'),(63527,10,2,'0871772005865'),(63744,10,2,'0871772006015'),(63987,10,2,'0871772006022'),(64220,10,2,'0871772006039'),(64442,10,2,'0871772006046'),(64662,10,2,'0871772006053'),(64899,10,2,'0871772006213'),(65153,10,2,'0871772006312'),(65408,10,2,'0871772006329'),(65660,10,2,'0871772006336'),(65909,10,2,'0871772006718'),(66161,10,2,'0871772006725'),(76219,10,2,'0871772006732'),(76471,10,2,'0871772006749'),(76723,10,2,'0871772006756'),(76975,10,2,'0871772006763'),(53964,10,2,'0871772007210'),(62051,10,2,'0871772007227'),(62275,10,2,'0871772007234'),(62503,10,2,'0871772007241'),(62724,10,2,'0871772007258'),(62939,10,2,'0871772007265'),(62936,10,2,'103'),(24250,10,2,'104'),(53749,10,2,'10x'),(24572,10,2,'110'),(53123,10,2,'114'),(40499,10,2,'127'),(53748,10,2,'12x'),(42234,10,2,'142'),(62048,10,2,'146'),(62500,10,2,'164'),(53536,10,2,'16x'),(24573,10,2,'174'),(53323,10,2,'192'),(24009,10,2,'200012'),(24251,10,2,'200013'),(24501,10,2,'200023'),(24748,10,2,'200024'),(24995,10,2,'200025'),(38910,10,2,'200128'),(39124,10,2,'200129'),(39342,10,2,'200134'),(39559,10,2,'200135'),(39750,10,2,'200141'),(39913,10,2,'200142'),(40078,10,2,'200143'),(40244,10,2,'200144'),(40459,10,2,'200261'),(40716,10,2,'200262'),(40967,10,2,'200263'),(41218,10,2,'200264'),(41475,10,2,'200330'),(41733,10,2,'200336'),(41992,10,2,'200337'),(42215,10,2,'200342'),(42400,10,2,'200343'),(42590,10,2,'200344'),(52738,10,2,'200461'),(52928,10,2,'200462'),(53124,10,2,'200463'),(53324,10,2,'200464'),(53531,10,2,'200532'),(53744,10,2,'200533'),(63143,10,2,'200583'),(63332,10,2,'200584'),(63525,10,2,'200586'),(63742,10,2,'200601'),(63985,10,2,'200602'),(64218,10,2,'200603'),(64440,10,2,'200604'),(64660,10,2,'200605'),(64897,10,2,'200621'),(65151,10,2,'200631'),(65406,10,2,'200632'),(65658,10,2,'200633'),(65907,10,2,'200671'),(66159,10,2,'200672'),(76217,10,2,'200673'),(76469,10,2,'200674'),(76721,10,2,'200675'),(76973,10,2,'200676'),(53962,10,2,'200721'),(62049,10,2,'200722'),(62273,10,2,'200723'),(62501,10,2,'200724'),(62722,10,2,'200725'),(62937,10,2,'200726'),(62272,10,2,'222'),(53747,10,2,'24x'),(38911,10,2,'33112800'),(39125,10,2,'33112900'),(39343,10,2,'33113400'),(39560,10,2,'33113500'),(39751,10,2,'33114100'),(39914,10,2,'33114200'),(40079,10,2,'33114300'),(40245,10,2,'33114400'),(40460,10,2,'51026100'),(40717,10,2,'51026200'),(40968,10,2,'51026300'),(41219,10,2,'51026400'),(24010,10,2,'51101200'),(24252,10,2,'51101300'),(52739,10,2,'52046100'),(52929,10,2,'52046200'),(53125,10,2,'52046300'),(53325,10,2,'52046400'),(41476,10,2,'52333000'),(41734,10,2,'52333600'),(41993,10,2,'52333700'),(42216,10,2,'52434200'),(42401,10,2,'52434300'),(42591,10,2,'52434400'),(53532,10,2,'52753200'),(53745,10,2,'52753300'),(53963,10,2,'53072100'),(62050,10,2,'53072200'),(62274,10,2,'53072300'),(62502,10,2,'53072400'),(62938,10,2,'53072600'),(24502,10,2,'54002300'),(24749,10,2,'54002400'),(24996,10,2,'54002500'),(40504,10,2,'58mm'),(62723,10,2,'59072500'),(63144,10,2,'80058300'),(63333,10,2,'80058400'),(63526,10,2,'80058600'),(63743,10,2,'80060100'),(63986,10,2,'80060200'),(64219,10,2,'80060300'),(64441,10,2,'80060400'),(64661,10,2,'80060500'),(64898,10,2,'80062100'),(65152,10,2,'80063100'),(65407,10,2,'80063200'),(65659,10,2,'80063300'),(65908,10,2,'80067100'),(66160,10,2,'80067200'),(76218,10,2,'80067300'),(76470,10,2,'80067400'),(76722,10,2,'80067500'),(76974,10,2,'80067600'),(38912,10,2,'871772001287'),(39126,10,2,'871772001294'),(63172,10,2,'abdeckung'),(63792,10,2,'abdeckungen'),(24548,10,2,'absolut'),(63175,10,2,'accessoires'),(65988,10,2,'accessori'),(64447,10,2,'afrikas'),(65966,10,2,'aggiungendo'),(65987,10,2,'aggiungere'),(64225,10,2,'agilitat'),(53997,10,2,'aktivieren'),(24112,10,2,'aktivitat'),(63777,10,2,'aktivitaten'),(65968,10,2,'alcune'),(65914,10,2,'alla'),(24085,10,2,'alle'),(53545,10,2,'allen'),(40506,10,2,'aller'),(53552,10,2,'alter'),(39357,10,2,'altersbereich'),(39761,10,2,'altersgruppe'),(66026,10,2,'americani'),(24124,10,2,'amerikanischen'),(24106,10,2,'amusanten'),(24005,10,2,'and'),(65982,10,2,'andando'),(63757,10,2,'andere'),(38946,10,2,'aneinander'),(40462,10,2,'anfangliches'),(39353,10,2,'angereichert'),(65960,10,2,'anima'),(38956,10,2,'animal'),(65947,10,2,'animale'),(38959,10,2,'animals'),(63170,10,2,'anordnen'),(24089,10,2,'anregen'),(24041,10,2,'anregt'),(24582,10,2,'anreiz'),(24521,10,2,'anspruchsvolle'),(24061,10,2,'anzahl'),(53966,10,2,'anzeige'),(62505,10,2,'anzeigestab'),(24581,10,2,'anzuregen'),(24550,10,2,'art'),(63767,10,2,'asteroiden'),(40970,10,2,'aufbau'),(53991,10,2,'aufbauen'),(42228,10,2,'auffallender'),(64919,10,2,'aufgewachsen'),(64918,10,2,'aufgrund'),(24546,10,2,'aufs'),(63153,10,2,'augen'),(63159,10,2,'augenblick'),(53975,10,2,'ausbreitung'),(39127,10,2,'ausfuhrung'),(24113,10,2,'aussergewohnlic'),(65996,10,2,'azienda'),(66012,10,2,'bambini'),(63155,10,2,'bann'),(39564,10,2,'bau'),(41738,10,2,'bauideen'),(42233,10,2,'baukasten'),(40502,10,2,'bauplattform'),(38947,10,2,'befestigen'),(24091,10,2,'beginnen'),(63763,10,2,'beginnt'),(53985,10,2,'beiden'),(24520,10,2,'beinhalten'),(53535,10,2,'beinhaltet'),(64912,10,2,'beispiel'),(40508,10,2,'belebt'),(41221,10,2,'beobachten'),(39767,10,2,'bereichern'),(65155,10,2,'bergen'),(53547,10,2,'besondere'),(63163,10,2,'besonderen'),(24528,10,2,'bestandigere'),(40474,10,2,'beste'),(24534,10,2,'besteht'),(63741,10,2,'beto'),(24044,10,2,'betonen'),(64229,10,2,'bewegen'),(53983,10,2,'bewegt'),(53996,10,2,'bewegung'),(63752,10,2,'bewegungen'),(64907,10,2,'biest'),(40491,10,2,'bieten'),(24045,10,2,'bietet'),(40514,10,2,'bilden'),(40483,10,2,'bildungen'),(24004,10,2,'black'),(65150,10,2,'blatta'),(40971,10,2,'blau'),(52933,10,2,'blaue'),(63165,10,2,'blauen'),(63141,10,2,'blue'),(64921,10,2,'boden'),(24514,10,2,'box'),(24553,10,2,'bringen'),(38914,10,2,'building'),(63140,10,2,'bundle'),(63146,10,2,'bunte'),(39773,10,2,'castles'),(65921,10,2,'centrale'),(64915,10,2,'charakter'),(63803,10,2,'charaktere'),(65955,10,2,'che'),(24051,10,2,'classic'),(63784,10,2,'clickt'),(39756,10,2,'clips'),(40458,10,2,'color'),(65941,10,2,'come'),(65937,10,2,'completare'),(65912,10,2,'con'),(65931,10,2,'confini'),(65989,10,2,'consente'),(65954,10,2,'costituito'),(65924,10,2,'covers'),(65963,10,2,'creando'),(65959,10,2,'creare'),(65934,10,2,'creativita'),(65985,10,2,'creazioni'),(66016,10,2,'criteri'),(38909,10,2,'cubes'),(66006,10,2,'curiosita'),(63800,10,2,'dank'),(24092,10,2,'dann'),(24535,10,2,'darin'),(39760,10,2,'darstellen'),(65998,10,2,'dei'),(38915,10,2,'deiner'),(63142,10,2,'deko'),(65961,10,2,'del'),(63999,10,2,'demnachst'),(53546,10,2,'denen'),(24071,10,2,'denken'),(24049,10,2,'design'),(42221,10,2,'designed'),(63799,10,2,'designs'),(63152,10,2,'dich'),(64902,10,2,'dicken'),(24578,10,2,'dienen'),(24554,10,2,'diese'),(65938,10,2,'differenti'),(64659,10,2,'dina'),(39759,10,2,'dinosaurier'),(39749,10,2,'dinosaurs'),(24525,10,2,'dir'),(66007,10,2,'diventare'),(40505,10,2,'diverse'),(66004,10,2,'divertire'),(63796,10,2,'drehen'),(24022,10,2,'dreiecke'),(62276,10,2,'dreiecken'),(42594,10,2,'dreieckige'),(65925,10,2,'due'),(40473,10,2,'dunkelgrun'),(24562,10,2,'durchsichtige'),(40482,10,2,'dynamischen'),(63996,10,2,'eidechse'),(63147,10,2,'eier'),(64904,10,2,'eigenen'),(24545,10,2,'eigenschaften'),(63804,10,2,'einander'),(52748,10,2,'einbringen'),(38949,10,2,'einfach'),(40722,10,2,'einfache'),(24090,10,2,'einfachen'),(24054,10,2,'einfacher'),(39753,10,2,'einfallsreicher'),(24052,10,2,'einfallsreiches'),(24568,10,2,'einfugen'),(24121,10,2,'einhaltung'),(24035,10,2,'einhauchen'),(63770,10,2,'einige'),(39563,10,2,'einordnen'),(40464,10,2,'einstieg'),(39757,10,2,'einzelteile'),(63174,10,2,'einzigartigen'),(24079,10,2,'einzigartiges'),(40478,10,2,'einzutreten'),(64226,10,2,'eisigen'),(40083,10,2,'elemente'),(39771,10,2,'elementen'),(65922,10,2,'elementi'),(24110,10,2,'eltern'),(24537,10,2,'enden'),(40498,10,2,'endlose'),(53127,10,2,'entahlt'),(41483,10,2,'entdecken'),(63797,10,2,'entfernen'),(24570,10,2,'entfesseln'),(53327,10,2,'enthahlt'),(24017,10,2,'enthalt'),(24591,10,2,'entspricht'),(38922,10,2,'entwickelt'),(24505,10,2,'entwicklung'),(39359,10,2,'entworfen'),(63772,10,2,'erde'),(38938,10,2,'erfunden'),(53553,10,2,'erhaltlich'),(41222,10,2,'erhohen'),(39347,10,2,'erlauben'),(24504,10,2,'erlaubt'),(24074,10,2,'ermoglichen'),(24524,10,2,'ermoglicht'),(24077,10,2,'erneuern'),(38925,10,2,'erschaffe'),(24530,10,2,'erschaffen'),(38948,10,2,'erstaunlich'),(24551,10,2,'erstaunliche'),(40468,10,2,'erste'),(40507,10,2,'erstellen'),(38951,10,2,'erwachsene'),(24583,10,2,'erwachsenen'),(24012,10,2,'erweitere'),(25001,10,2,'erweitern'),(65978,10,2,'essere'),(64000,10,2,'eule'),(24123,10,2,'europaischen'),(66025,10,2,'europei'),(64913,10,2,'evolution'),(24532,10,2,'exklusive'),(24101,10,2,'facebook'),(66010,10,2,'famiglia'),(24109,10,2,'familie'),(65949,10,2,'fantasia'),(24040,10,2,'fantasie'),(63989,10,2,'fantasietier'),(63781,10,2,'fantasietiere'),(63176,10,2,'fantasievoller'),(39128,10,2,'fantasievollste'),(38926,10,2,'fantastische'),(42223,10,2,'farbe'),(53551,10,2,'farbeffekten'),(24565,10,2,'farben'),(39916,10,2,'farbige'),(39758,10,2,'farbigen'),(42230,10,2,'farbtone'),(40476,10,2,'faszinierende'),(64444,10,2,'federn'),(64920,10,2,'felsigen'),(65663,10,2,'feuer'),(24064,10,2,'figuren'),(24575,10,2,'finden'),(63755,10,2,'fische'),(63749,10,2,'flossen'),(64223,10,2,'flugel'),(64448,10,2,'fluttert'),(38921,10,2,'form'),(65971,10,2,'forma'),(65969,10,2,'forme'),(24062,10,2,'formen'),(38913,10,2,'free'),(38916,10,2,'freien'),(64663,10,2,'freundin'),(38957,10,2,'friends'),(63995,10,2,'frosch'),(38955,10,2,'fruit'),(62277,10,2,'fufeckige'),(24026,10,2,'fugen'),(38934,10,2,'fuhrungsunterne'),(24025,10,2,'funfecke'),(24256,10,2,'funfeckige'),(53541,10,2,'funkelnde'),(53989,10,2,'funktionerende'),(63162,10,2,'ganz'),(24108,10,2,'ganze'),(24037,10,2,'garantiert'),(63759,10,2,'garnelen'),(65667,10,2,'geballten'),(40720,10,2,'gebauden'),(40511,10,2,'geben'),(38927,10,2,'gebilde'),(40721,10,2,'gebracht'),(39763,10,2,'geeignet'),(24540,10,2,'gefarbt'),(24105,10,2,'gefunden'),(42226,10,2,'gehaltene'),(41484,10,2,'geist'),(64909,10,2,'gelandet'),(40726,10,2,'gelb'),(52742,10,2,'gelbe'),(38923,10,2,'gemass'),(40719,10,2,'genialen'),(24008,10,2,'geo'),(24015,10,2,'geomag'),(63764,10,2,'geomagnetischen'),(40465,10,2,'geomags'),(24082,10,2,'geomagworld'),(41482,10,2,'geometrie'),(40494,10,2,'geometrische'),(24063,10,2,'geometrischen'),(64925,10,2,'gepragt'),(40481,10,2,'geschaffen'),(63761,10,2,'geschichte'),(65664,10,2,'geschmiedeten'),(38931,10,2,'gesetzt'),(63157,10,2,'gestalte'),(63177,10,2,'gestalten'),(40493,10,2,'gestaltung'),(62510,10,2,'getriebe'),(64227,10,2,'gewassern'),(24523,10,2,'gewidmet'),(53128,10,2,'gib'),(53328,10,2,'gibt'),(65910,10,2,'gioca'),(65999,10,2,'giocattoli'),(65951,10,2,'gioco'),(65981,10,2,'girati'),(40484,10,2,'glanzenden'),(66023,10,2,'gli'),(53530,10,2,'glitter'),(53537,10,2,'glittereffekt'),(53540,10,2,'glitzernde'),(53550,10,2,'glitzernden'),(41474,10,2,'glow'),(65992,10,2,'grado'),(65965,10,2,'grande'),(65926,10,2,'grandi'),(63524,10,2,'green'),(38930,10,2,'grenzen'),(24060,10,2,'grosse'),(53990,10,2,'grossen'),(63788,10,2,'grossere'),(24998,10,2,'grosseren'),(24558,10,2,'grossten'),(52932,10,2,'grun'),(63990,10,2,'grund'),(40497,10,2,'grundlage'),(41487,10,2,'grune'),(65935,10,2,'guarda'),(39765,10,2,'gummi'),(24541,10,2,'haben'),(63756,10,2,'hai'),(63998,10,2,'handgriffen'),(38936,10,2,'hat'),(53539,10,2,'hause'),(39766,10,2,'heften'),(65156,10,2,'held'),(40471,10,2,'hellblau'),(42229,10,2,'heller'),(40472,10,2,'hellgrun'),(24059,10,2,'hergestellt'),(63790,10,2,'herstellen'),(24083,10,2,'hersteller'),(63169,10,2,'herum'),(24031,10,2,'hinzu'),(63791,10,2,'hinzufugt'),(24547,10,2,'hochste'),(24585,10,2,'hochsten'),(39772,10,2,'homes'),(63750,10,2,'horner'),(39565,10,2,'ideen'),(53984,10,2,'identifizierung'),(64001,10,2,'igel'),(24032,10,2,'ihrem'),(24043,10,2,'ihren'),(24028,10,2,'ihrer'),(65939,10,2,'illustrazioni'),(65917,10,2,'immaginazione'),(24095,10,2,'immer'),(63787,10,2,'indem'),(63166,10,2,'ineinandergreif'),(65984,10,2,'infinito'),(65972,10,2,'iniziale'),(62509,10,2,'innere'),(24533,10,2,'innovation'),(41479,10,2,'innovativen'),(63173,10,2,'ins'),(63805,10,2,'interagieren'),(65993,10,2,'interagire'),(24038,10,2,'interesse'),(65919,10,2,'intorno'),(24549,10,2,'intuitiven'),(65911,10,2,'inventa'),(65946,10,2,'inventare'),(65942,10,2,'ispirazione'),(39358,10,2,'jahre'),(39762,10,2,'jahren'),(64217,10,2,'jelo'),(53972,10,2,'kafig'),(62054,10,2,'kafige'),(63994,10,2,'kamme'),(64914,10,2,'kampfen'),(24104,10,2,'kanal'),(39352,10,2,'karten'),(53974,10,2,'kegel'),(62278,10,2,'kegele'),(38929,10,2,'keine'),(24111,10,2,'kinder'),(24066,10,2,'kindes'),(24016,10,2,'kit'),(38952,10,2,'kleine'),(24506,10,2,'klugen'),(24029,10,2,'kollektion'),(40486,10,2,'kombination'),(24510,10,2,'kombiniert'),(38964,10,2,'kompatibel'),(24527,10,2,'komplexere'),(24096,10,2,'komplexeren'),(25000,10,2,'komplexitat'),(24067,10,2,'konstruiert'),(24055,10,2,'konstruktion'),(24507,10,2,'konstruktionen'),(39355,10,2,'konstruktionsid'),(24076,10,2,'kontinuierlich'),(63139,10,2,'kor'),(65662,10,2,'kraft'),(53980,10,2,'krafte'),(40485,10,2,'kraften'),(40250,10,2,'kreation'),(24529,10,2,'kreationen'),(24069,10,2,'kreativitat'),(24513,10,2,'kreieren'),(38933,10,2,'kreiert'),(65154,10,2,'krieger'),(62511,10,2,'krone'),(63789,10,2,'kugel'),(63168,10,2,'kugelform'),(24057,10,2,'kugeln'),(24563,10,2,'kunststoffplatt'),(63745,10,2,'kuscheltier'),(62507,10,2,'lagerkafig'),(63771,10,2,'landete'),(64446,10,2,'landschaften'),(63992,10,2,'lange'),(63151,10,2,'lass'),(38918,10,2,'lassen'),(38917,10,2,'lauf'),(24034,10,2,'leben'),(63154,10,2,'lebendigen'),(52747,10,2,'lebendiger'),(64911,10,2,'lebensformen'),(24509,10,2,'leicht'),(39354,10,2,'leitmotive'),(42231,10,2,'liebhaber'),(41223,10,2,'lila'),(65953,10,2,'limiti'),(62053,10,2,'linearstabe'),(24099,10,2,'linie'),(40509,10,2,'logische'),(24070,10,2,'logisches'),(65995,10,2,'loro'),(40477,10,2,'lustige'),(39770,10,2,'lustigen'),(38939,10,2,'macht'),(42222,10,2,'madchen'),(38908,10,2,'magicube'),(38943,10,2,'magie'),(53549,10,2,'magisch'),(40479,10,2,'magische'),(24519,10,2,'magnete'),(24536,10,2,'magneten'),(65923,10,2,'magnetici'),(40488,10,2,'magnetisch'),(40469,10,2,'magnetische'),(24517,10,2,'magnetischen'),(24094,10,2,'magnetismus'),(42219,10,2,'magnetkonstrukt'),(53995,10,2,'magnetkraft'),(24020,10,2,'magnetlose'),(41737,10,2,'magnetlosen'),(53986,10,2,'magnetpolen'),(38935,10,2,'magnetspielzeug'),(24508,10,2,'magnetstabe'),(40503,10,2,'magnetstaben'),(24566,10,2,'man'),(53981,10,2,'manuellen'),(24087,10,2,'markennamen'),(64927,10,2,'masken'),(53961,10,2,'mechanics'),(53979,10,2,'mechanischen'),(63747,10,2,'meer'),(52746,10,2,'mehr'),(40248,10,2,'mehrere'),(24080,10,2,'meisterwerk'),(24013,10,2,'meisterwerke'),(52931,10,2,'meisterwerkee'),(53965,10,2,'metall'),(65957,10,2,'metallica'),(63783,10,2,'metallkugel'),(24021,10,2,'metallkugeln'),(62504,10,2,'metallstabe'),(41481,10,2,'methode'),(65932,10,2,'mette'),(65913,10,2,'metti'),(63766,10,2,'migration'),(24014,10,2,'mit'),(38963,10,2,'miteinander'),(63782,10,2,'mittlere'),(24042,10,2,'mochte'),(53544,10,2,'modefarben'),(24552,10,2,'modelle'),(24065,10,2,'modellen'),(42225,10,2,'modischem'),(24556,10,2,'moglich'),(40512,10,2,'moglichkeit'),(63164,10,2,'moment'),(64906,10,2,'monster'),(65976,10,2,'muoversi'),(63148,10,2,'nahezu'),(64221,10,2,'netter'),(63988,10,2,'nettes'),(38937,10,2,'neu'),(24046,10,2,'neue'),(53543,10,2,'neuen'),(24033,10,2,'neues'),(24088,10,2,'neugier'),(53538,10,2,'neuheit'),(63754,10,2,'niedliche'),(38920,10,2,'nimmt'),(24526,10,2,'noch'),(65944,10,2,'non'),(53987,10,2,'nord'),(65983,10,2,'numero'),(39351,10,2,'nur'),(24097,10,2,'nutzen'),(53978,10,2,'nutzung'),(65927,10,2,'occhi'),(40725,10,2,'orange'),(63171,10,2,'orangefarbener'),(40513,10,2,'originelle'),(65973,10,2,'ovale'),(63794,10,2,'ovales'),(63751,10,2,'paar'),(40470,10,2,'packung'),(24571,10,2,'packungen'),(63984,10,2,'paco'),(24030,10,2,'panels'),(64443,10,2,'papagei'),(38962,10,2,'park'),(66008,10,2,'passatempo'),(24007,10,2,'pcs'),(66003,10,2,'per'),(65943,10,2,'perche'),(40463,10,2,'perfekt'),(65991,10,2,'personaggi'),(40249,10,2,'personlichkeite'),(24569,10,2,'phantasie'),(41486,10,2,'phosphoresziere'),(64222,10,2,'pinguin'),(42214,10,2,'pink'),(65964,10,2,'piu'),(42595,10,2,'plattchen'),(62052,10,2,'platte'),(52743,10,2,'platten'),(24255,10,2,'plattform'),(40490,10,2,'plattformen'),(65967,10,2,'poi'),(38960,10,2,'polar'),(39350,10,2,'polareis'),(24542,10,2,'polaritat'),(65986,10,2,'possibilita'),(65975,10,2,'possono'),(24511,10,2,'potentielle'),(24050,10,2,'potenzial'),(64664,10,2,'prasentiert'),(65970,10,2,'prende'),(39774,10,2,'princess'),(40081,10,2,'prinzessinnen'),(24500,10,2,'pro'),(66013,10,2,'prodotti'),(24584,10,2,'produckte'),(24086,10,2,'produkte'),(24589,10,2,'produkten'),(24592,10,2,'produktion'),(65997,10,2,'produttrice'),(24118,10,2,'produziert'),(66021,10,2,'produzione'),(66001,10,2,'progettati'),(24751,10,2,'projekte'),(65940,10,2,'proposte'),(64908,10,2,'proteon'),(65915,10,2,'prova'),(65945,10,2,'provare'),(53970,10,2,'quadrat'),(42596,10,2,'quadrate'),(42597,10,2,'quadratische'),(66017,10,2,'qualita'),(24586,10,2,'qualitatmasssst'),(24116,10,2,'qualitats'),(65950,10,2,'questo'),(38950,10,2,'realisieren'),(65933,10,2,'realmente'),(63523,10,2,'red'),(53971,10,2,'redlager'),(63778,10,2,'regt'),(24078,10,2,'reicht'),(39919,10,2,'reprasentieren'),(24560,10,2,'reproduzieren'),(53992,10,2,'richtige'),(65936,10,2,'riesci'),(66015,10,2,'rigorosi'),(66022,10,2,'rispetta'),(66014,10,2,'rispettando'),(38958,10,2,'river'),(39918,10,2,'robotern'),(39775,10,2,'robots'),(62725,10,2,'rohr'),(53967,10,2,'rohre'),(62726,10,2,'rorhe'),(42224,10,2,'rosa'),(63335,10,2,'rosafarbenen'),(40727,10,2,'rot'),(53129,10,2,'rote'),(63528,10,2,'roten'),(63991,10,2,'rotierenden'),(38961,10,2,'safari'),(52744,10,2,'sammlung'),(39562,10,2,'savanne'),(42593,10,2,'schachtel'),(24081,10,2,'schaffen'),(64910,10,2,'schafft'),(63779,10,2,'schaffung'),(40247,10,2,'schau'),(24999,10,2,'schaue'),(39345,10,2,'schauen'),(53969,10,2,'scheibefusse'),(53968,10,2,'scheiben'),(62506,10,2,'scheibenfusse'),(39356,10,2,'schenken'),(53982,10,2,'schieben'),(40251,10,2,'schlosses'),(40496,10,2,'schnell'),(64445,10,2,'schonen'),(63993,10,2,'schwanz'),(24539,10,2,'schwarz'),(24024,10,2,'schwarze'),(24058,10,2,'schweiz'),(24120,10,2,'schweizer'),(24588,10,2,'schweizerischen'),(65665,10,2,'schwertern'),(63785,10,2,'seele'),(40495,10,2,'sehr'),(63748,10,2,'seinen'),(65666,10,2,'seiner'),(24102,10,2,'seite'),(24516,10,2,'serie'),(25002,10,2,'set'),(38954,10,2,'sets'),(65920,10,2,'sfera'),(65948,10,2,'sfruttando'),(66002,10,2,'sia'),(24587,10,2,'sicherheit'),(24117,10,2,'sicherheitsstan'),(24594,10,2,'sicherheitssyst'),(24544,10,2,'sichtbar'),(66018,10,2,'sicurezza'),(24027,10,2,'sie'),(24515,10,2,'silber'),(25003,10,2,'silver'),(65962,10,2,'sistema'),(24543,10,2,'sofort'),(65929,10,2,'solo'),(66000,10,2,'sono'),(24579,10,2,'sowohl'),(41480,10,2,'spannende'),(38941,10,2,'spass'),(24559,10,2,'spezialisten'),(42220,10,2,'speziell'),(39764,10,2,'speziellem'),(38919,10,2,'spiel'),(53977,10,2,'spielaktivitat'),(24576,10,2,'spieleherstelle'),(24522,10,2,'spieler'),(63160,10,2,'spiels'),(24577,10,2,'spielwaren'),(24084,10,2,'spielzeug'),(65980,10,2,'spostati'),(24538,10,2,'stab'),(42227,10,2,'stabchen'),(24019,10,2,'stabe'),(24056,10,2,'staben'),(65930,10,2,'stabilira'),(65952,10,2,'stabilire'),(24047,10,2,'stabilitat'),(65979,10,2,'staccati'),(40487,10,2,'stahlkugeln'),(66024,10,2,'standard'),(24518,10,2,'starkere'),(66011,10,2,'stimolando'),(66005,10,2,'stimolare'),(39768,10,2,'stimulieren'),(24068,10,2,'stimuliert'),(24122,10,2,'strengen'),(24115,10,2,'strengsten'),(24075,10,2,'strukturen'),(40724,10,2,'strukturpotenzi'),(24574,10,2,'stucke'),(40500,10,2,'stucken'),(63765,10,2,'sturm'),(62508,10,2,'stutze'),(53548,10,2,'suchen'),(53988,10,2,'sud'),(64228,10,2,'sudpols'),(65977,10,2,'sulla'),(64923,10,2,'sumpf'),(65409,10,2,'sumpfigen'),(63753,10,2,'susse'),(65990,10,2,'svariati'),(66020,10,2,'svizzeri'),(65405,10,2,'swomp'),(39769,10,2,'sympathischen'),(24053,10,2,'system'),(63786,10,2,'systems'),(39754,10,2,'szenarien'),(38944,10,2,'tat'),(64896,10,2,'taurex'),(63762,10,2,'tazoo'),(39917,10,2,'teile'),(42235,10,2,'teilen'),(42218,10,2,'teilig'),(53534,10,2,'teiliges'),(53973,10,2,'teller'),(39349,10,2,'thema'),(64901,10,2,'tier'),(63774,10,2,'tiere'),(63760,10,2,'tintenfisch'),(66019,10,2,'tipici'),(64439,10,2,'toco'),(63780,10,2,'tolle'),(65928,10,2,'tondi'),(65994,10,2,'tra'),(41485,10,2,'trainieren'),(24073,10,2,'transformatione'),(24557,10,2,'tricks'),(65916,10,2,'tua'),(66009,10,2,'tutta'),(24119,10,2,'typisch'),(40480,10,2,'uberraschende'),(38953,10,2,'umfasst'),(63775,10,2,'umgebung'),(64924,10,2,'umgebungen'),(53993,10,2,'umgekehrten'),(65956,10,2,'una'),(63149,10,2,'unbegrenzte'),(24512,10,2,'unendliche'),(40723,10,2,'unendlicher'),(24093,10,2,'unglaubliche'),(38940,10,2,'unglaublichen'),(65918,10,2,'uniti'),(39776,10,2,'untereinander'),(24580,10,2,'unterhalten'),(63776,10,2,'unterscheiden'),(64917,10,2,'unterschiedlich'),(63161,10,2,'unverwechselbar'),(63793,10,2,'ursprungliche'),(65958,10,2,'vanno'),(65974,10,2,'vari'),(63150,10,2,'variationen'),(40510,10,2,'veranderungen'),(53976,10,2,'verbessert'),(38942,10,2,'verbreitet'),(65661,10,2,'verdankt'),(24114,10,2,'vereinen'),(40501,10,2,'verfugbar'),(64916,10,2,'verfugt'),(52741,10,2,'vergrossen'),(39348,10,2,'verschiedene'),(24564,10,2,'verschiedenen'),(63798,10,2,'verschoben'),(63769,10,2,'verursacht'),(63758,10,2,'verwandelt'),(63158,10,2,'verwandle'),(65668,10,2,'verwandlungsfah'),(64224,10,2,'verwendet'),(53994,10,2,'verwendung'),(24098,10,2,'video'),(40082,10,2,'viele'),(40489,10,2,'vielen'),(24072,10,2,'vielfalt'),(24048,10,2,'vielseitigkeit'),(24023,10,2,'vierecke'),(24254,10,2,'viereckige'),(38932,10,2,'vollig'),(24593,10,2,'vorschriften'),(40515,10,2,'vorstellung'),(38924,10,2,'vorstellungskra'),(64922,10,2,'vulkan'),(65657,10,2,'vulkram'),(39346,10,2,'wachsen'),(64905,10,2,'waffen'),(64903,10,2,'wald'),(24100,10,2,'website'),(24039,10,2,'weckt'),(40475,10,2,'weg'),(24555,10,2,'weise'),(24018,10,2,'weisse'),(24590,10,2,'weiterhin'),(40466,10,2,'welt'),(63768,10,2,'weltall'),(40467,10,2,'wenige'),(63997,10,2,'wenigen'),(52745,10,2,'werke'),(24006,10,2,'white'),(24531,10,2,'wichtige'),(41478,10,2,'wiederaufbau'),(64900,10,2,'wildes'),(64002,10,2,'wirt'),(40492,10,2,'womit'),(39360,10,2,'worden'),(63746,10,2,'wuchs'),(63773,10,2,'wurde'),(38945,10,2,'wurfel'),(38928,10,2,'wurfeln'),(63331,10,2,'yellow'),(24103,10,2,'youtube'),(39755,10,2,'zauber'),(53542,10,2,'zauberhaften'),(64926,10,2,'zeichnet'),(24107,10,2,'zeitvertreib'),(63167,10,2,'zentrale'),(63795,10,2,'zentralen'),(63156,10,2,'ziehen'),(24036,10,2,'zubehor'),(63802,10,2,'zubehorteilen'),(63801,10,2,'zugabe'),(41736,10,2,'zusammen'),(24561,10,2,'zusatzlich'),(42232,10,2,'zwei'),(24567,10,2,'zwischen'),(6441,11,2,'000001'),(6620,11,2,'000005'),(6796,11,2,'000006'),(6981,11,2,'000009'),(7166,11,2,'000029'),(7348,11,2,'000030'),(7523,11,2,'000043'),(7702,11,2,'000052'),(20176,11,2,'000084'),(20365,11,2,'000085'),(20562,11,2,'000086'),(20755,11,2,'000087'),(20943,11,2,'000092'),(21131,11,2,'000093'),(21320,11,2,'000097'),(21516,11,2,'000098'),(21707,11,2,'000099'),(21895,11,2,'000101'),(22089,11,2,'000102'),(22282,11,2,'000104'),(22468,11,2,'000106'),(22659,11,2,'000113'),(22851,11,2,'000115'),(23045,11,2,'000116'),(23235,11,2,'000121'),(23428,11,2,'000133'),(6618,11,2,'005'),(6794,11,2,'006'),(6979,11,2,'009'),(7164,11,2,'029'),(7346,11,2,'030'),(23793,11,2,'031'),(7701,11,2,'052'),(20174,11,2,'084'),(20363,11,2,'085'),(20561,11,2,'086'),(20753,11,2,'087'),(20941,11,2,'092'),(21129,11,2,'093'),(21318,11,2,'097'),(21514,11,2,'098'),(21708,11,2,'101'),(22087,11,2,'102'),(22281,11,2,'104'),(22467,11,2,'106'),(22657,11,2,'113'),(22850,11,2,'115'),(23043,11,2,'116'),(23233,11,2,'121'),(23426,11,2,'133'),(23794,11,2,'1350'),(23609,11,2,'1635'),(23610,11,2,'202982'),(21706,11,2,'2200'),(20175,11,2,'230'),(20364,11,2,'250'),(22088,11,2,'290'),(23427,11,2,'297'),(22658,11,2,'300'),(21319,11,2,'310'),(23234,11,2,'318'),(6980,11,2,'320'),(20942,11,2,'350'),(23044,11,2,'380'),(21515,11,2,'390'),(21130,11,2,'400'),(6795,11,2,'430'),(20754,11,2,'437'),(7165,11,2,'460'),(6983,11,2,'4972825139325'),(7168,11,2,'4972825142684'),(7350,11,2,'4972825142691'),(6443,11,2,'4972825143698'),(7524,11,2,'4972825144381'),(7704,11,2,'4972825145753'),(6798,11,2,'4972825146958'),(20178,11,2,'4972825149638'),(20367,11,2,'4972825149645'),(20564,11,2,'4972825149690'),(20757,11,2,'4972825149751'),(21322,11,2,'4972825149768'),(20945,11,2,'4972825201053'),(21133,11,2,'4972825201060'),(21709,11,2,'4972825201152'),(21518,11,2,'4972825201169'),(21897,11,2,'4972825201565'),(22091,11,2,'4972825201572'),(22284,11,2,'4972825201992'),(22470,11,2,'4972825202012'),(22661,11,2,'4972825202463'),(22853,11,2,'4972825202487'),(23047,11,2,'4972825202494'),(23237,11,2,'4972825202616'),(23430,11,2,'4972825202951'),(23611,11,2,'4972825202982'),(23795,11,2,'4972825206041'),(7347,11,2,'530'),(6619,11,2,'777'),(6438,11,2,'800'),(6622,11,2,'828988201284'),(6486,11,2,'abstand'),(6522,11,2,'advanced'),(6521,11,2,'alter'),(21332,11,2,'angrenzenden'),(20570,11,2,'anleitung'),(20763,11,2,'anleitungen'),(22099,11,2,'ans'),(20946,11,2,'ansicht'),(6988,11,2,'architektonisch'),(6499,11,2,'aufgrund'),(22098,11,2,'ausfuhrliche'),(21716,11,2,'ausfuhrlichen'),(6509,11,2,'ausgelost'),(21523,11,2,'barcelona'),(6984,11,2,'bauen'),(6623,11,2,'bausatz'),(20179,11,2,'bausatze'),(6465,11,2,'baustein'),(6497,11,2,'bausteine'),(6452,11,2,'bausteinen'),(21331,11,2,'baustruktur'),(21714,11,2,'bauwerke'),(20371,11,2,'befahren'),(7163,11,2,'ben'),(7707,11,2,'beruhmte'),(6799,11,2,'beruhmten'),(20565,11,2,'beruhmteste'),(6986,11,2,'beruhmtesten'),(6474,11,2,'besonderheit'),(21710,11,2,'beweis'),(7162,11,2,'big'),(23425,11,2,'bonsai'),(6510,11,2,'breit'),(21894,11,2,'bridge'),(22279,11,2,'buckingham'),(22656,11,2,'bus'),(22663,11,2,'busse'),(21705,11,2,'castle'),(20752,11,2,'church'),(23232,11,2,'colosseum'),(21127,11,2,'dame'),(6478,11,2,'dank'),(23791,11,2,'deluxe'),(6633,11,2,'detail'),(22095,11,2,'detailgetreue'),(20949,11,2,'detaillierte'),(6449,11,2,'detaillierten'),(21330,11,2,'details'),(21713,11,2,'detailtreue'),(20572,11,2,'diese'),(21519,11,2,'diesem'),(6479,11,2,'doppelten'),(6976,11,2,'easter'),(6447,11,2,'echte'),(23792,11,2,'edition'),(6502,11,2,'eigenschaften'),(6513,11,2,'eignen'),(6802,11,2,'eignet'),(6473,11,2,'einmal'),(6481,11,2,'einzelnen'),(7522,11,2,'elshout'),(6456,11,2,'enthalt'),(21520,11,2,'enthaltenen'),(6492,11,2,'entwickelt'),(6462,11,2,'entworfen'),(6483,11,2,'erfordernissen'),(6627,11,2,'erlaubt'),(21327,11,2,'ermoglichen'),(6505,11,2,'etablieren'),(20765,11,2,'exakt'),(20369,11,2,'fahrzeugs'),(21513,11,2,'familia'),(6448,11,2,'fans'),(6494,11,2,'firma'),(20762,11,2,'folgen'),(23049,11,2,'francisco'),(20567,11,2,'franzosischen'),(22101,11,2,'fuhren'),(6503,11,2,'ganzen'),(23042,11,2,'gate'),(21522,11,2,'gaudi'),(21324,11,2,'gebaude'),(6511,11,2,'gefacherten'),(21328,11,2,'genaue'),(20569,11,2,'genauen'),(6472,11,2,'gerade'),(6625,11,2,'geschichtstrach'),(6520,11,2,'geschmack'),(20571,11,2,'getrost'),(7353,11,2,'gewidmet'),(23041,11,2,'golden'),(6468,11,2,'grosse'),(22092,11,2,'grune'),(6982,11,2,'h009'),(22469,11,2,'h010'),(7167,11,2,'h029'),(7349,11,2,'h030'),(7703,11,2,'h052'),(20177,11,2,'h084'),(20366,11,2,'h085'),(20563,11,2,'h086'),(20756,11,2,'h087'),(20944,11,2,'h092'),(21132,11,2,'h093'),(21321,11,2,'h097'),(21517,11,2,'h098'),(21896,11,2,'h101'),(22090,11,2,'h102'),(22283,11,2,'h104'),(22660,11,2,'h113'),(22852,11,2,'h115'),(23046,11,2,'h116'),(23236,11,2,'h121'),(23429,11,2,'h133'),(6506,11,2,'haben'),(21893,11,2,'harbour'),(20372,11,2,'hat'),(20568,11,2,'hauptstadt'),(20573,11,2,'heranwagen'),(21704,11,2,'himeji'),(6519,11,2,'hobby'),(6628,11,2,'hoch'),(20759,11,2,'hohe'),(7526,11,2,'hollandische'),(7700,11,2,'house'),(6508,11,2,'hype'),(6800,11,2,'ideal'),(6500,11,2,'ihrer'),(20574,11,2,'inklusive'),(6632,11,2,'ins'),(6977,11,2,'island'),(6460,11,2,'japan'),(21712,11,2,'japanische'),(6493,11,2,'japanischen'),(22854,11,2,'japanischer'),(21715,11,2,'japans'),(22849,11,2,'kaminarimon'),(6490,11,2,'kawada'),(7521,11,2,'kinderduk'),(20761,11,2,'kirche'),(20764,11,2,'kirchturms'),(21326,11,2,'kleinen'),(6453,11,2,'kleiner'),(6470,11,2,'kleinste'),(23615,11,2,'kleinsten'),(23240,11,2,'kolosseum'),(6498,11,2,'konnten'),(6484,11,2,'konstruktion'),(6461,11,2,'konzipiert'),(20173,11,2,'landing'),(21717,11,2,'lasst'),(6467,11,2,'lediglich'),(6482,11,2,'leichtigkeit'),(6518,11,2,'leidenschaft'),(6624,11,2,'liebhaber'),(20180,11,2,'liebhabern'),(6437,11,2,'locomotive'),(7170,11,2,'london'),(23612,11,2,'londoner'),(20560,11,2,'louvre'),(6491,11,2,'ltd'),(20172,11,2,'lunar'),(6442,11,2,'m001'),(6621,11,2,'m005'),(6797,11,2,'m006'),(6477,11,2,'man'),(7706,11,2,'massstabgetreu'),(20760,11,2,'massstabgetreue'),(20758,11,2,'maximalen'),(6804,11,2,'mehr'),(21521,11,2,'meisterwerk'),(6989,11,2,'meisterwerke'),(22085,11,2,'melbourne'),(6459,11,2,'mikro'),(22094,11,2,'mikrobausteine'),(6464,11,2,'miniatur'),(6466,11,2,'misst'),(6451,11,2,'mit'),(6974,11,2,'moai'),(6471,11,2,'modell'),(6450,11,2,'modellbaus'),(7520,11,2,'molen'),(20370,11,2,'mond'),(6793,11,2,'motorcycle'),(20559,11,2,'musee'),(20566,11,2,'museum'),(6616,11,2,'mustang'),(22285,11,2,'nachbau'),(23614,11,2,'nachbauen'),(6630,11,2,'nachbildung'),(6440,11,2,'nan'),(6445,11,2,'nanoblock'),(6978,11,2,'nbh'),(6617,11,2,'nbm'),(22466,11,2,'neuschwanstein'),(21126,11,2,'notre'),(7699,11,2,'opera'),(6987,11,2,'orte'),(6993,11,2,'osterinsel'),(6615,11,2,'p51'),(23790,11,2,'pagoda'),(23796,11,2,'pagode'),(22280,11,2,'palace'),(21128,11,2,'paris'),(6439,11,2,'pcs'),(6991,11,2,'perfektion'),(23424,11,2,'pine'),(7345,11,2,'pisa'),(6488,11,2,'positionieren'),(6629,11,2,'prazise'),(6458,11,2,'produktlinie'),(6631,11,2,'propellerflugze'),(20575,11,2,'pyramide'),(20182,11,2,'rakete'),(20181,11,2,'raumfahrzeugen'),(6507,11,2,'regelrechten'),(7705,11,2,'rekonstruieren'),(21329,11,2,'rekonstruktion'),(20766,11,2,'replizieren'),(6990,11,2,'repliziert'),(22096,11,2,'reproduktion'),(6485,11,2,'richtigen'),(21317,11,2,'rives'),(23239,11,2,'rom'),(22662,11,2,'roten'),(20362,11,2,'rover'),(6476,11,2,'ruckseite'),(21512,11,2,'sagrada'),(6514,11,2,'sammeln'),(23048,11,2,'san'),(6994,11,2,'schachtel'),(7351,11,2,'schiefen'),(22472,11,2,'schlosser'),(22471,11,2,'schonsten'),(20950,11,2,'schritt'),(6803,11,2,'set'),(6446,11,2,'sets'),(6985,11,2,'sie'),(6995,11,2,'sights'),(6495,11,2,'sitz'),(23613,11,2,'skyline'),(20947,11,2,'stadt'),(6454,11,2,'standardbaukast'),(6469,11,2,'standardbaustei'),(6992,11,2,'statuen'),(6975,11,2,'statues'),(6436,11,2,'steam'),(22093,11,2,'strassenbahn'),(22097,11,2,'strassenbahnwag'),(7698,11,2,'sydney'),(6517,11,2,'symbole'),(21323,11,2,'symboltrachtige'),(6457,11,2,'teile'),(7172,11,2,'teilen'),(6512,11,2,'themenangebots'),(6496,11,2,'tokio'),(7344,11,2,'torre'),(22855,11,2,'tradition'),(22086,11,2,'tram'),(6626,11,2,'transportmittel'),(6516,11,2,'tufteln'),(7352,11,2,'turm'),(21711,11,2,'typisch'),(7525,11,2,'typische'),(21325,11,2,'ufer'),(21333,11,2,'umgebung'),(21718,11,2,'umsetzen'),(6501,11,2,'unverwechselbar'),(20948,11,2,'venedig'),(20940,11,2,'venezia'),(6475,11,2,'verbindungssyst'),(7171,11,2,'vergnugen'),(6455,11,2,'verpackung'),(6515,11,2,'verschenken'),(6480,11,2,'vertiefung'),(20368,11,2,'vierradrigen'),(6444,11,2,'vollstandigsten'),(7169,11,2,'wahrzeichen'),(6504,11,2,'welt'),(23238,11,2,'weltberuhmteste'),(20183,11,2,'weltraum'),(7527,11,2,'windmuhle'),(6489,11,2,'wurde'),(6463,11,2,'wurden'),(22100,11,2,'ziel'),(6487,11,2,'zueinander'),(6801,11,2,'zweiradliebhabe'),(4797,12,2,'000806'),(4955,12,2,'000807'),(5114,12,2,'000808'),(5273,12,2,'000809'),(5439,12,2,'000810'),(5614,12,2,'000842'),(5786,12,2,'000846'),(5946,12,2,'000848'),(6108,12,2,'000849'),(6271,12,2,'000856'),(4793,12,2,'0806'),(4953,12,2,'0807'),(5113,12,2,'0808'),(5271,12,2,'0809'),(5438,12,2,'0810'),(5612,12,2,'0842'),(5784,12,2,'0846'),(5944,12,2,'0848'),(6106,12,2,'0849'),(6269,12,2,'0856'),(6107,12,2,'11400'),(5945,12,2,'11600'),(5272,12,2,'14800'),(4869,12,2,'1953'),(5613,12,2,'25200'),(5785,12,2,'5400'),(6270,12,2,'5600'),(4954,12,2,'6000'),(4794,12,2,'6600'),(4798,12,2,'8007905008065'),(4956,12,2,'8007905008072'),(5115,12,2,'8007905008089'),(5274,12,2,'8007905008096'),(5440,12,2,'8007905008102'),(5615,12,2,'8007905008423'),(5787,12,2,'8007905008461'),(5947,12,2,'8007905008485'),(6109,12,2,'8007905008492'),(6272,12,2,'8007905008560'),(4825,12,2,'aktivitat'),(4856,12,2,'angewendet'),(4827,12,2,'angstgefuhlen'),(4806,12,2,'anna'),(5448,12,2,'anweisungen'),(4790,12,2,'art'),(4859,12,2,'ausschliesslich'),(5277,12,2,'auswahl'),(4828,12,2,'befreit'),(5454,12,2,'beginnen'),(5791,12,2,'beinhaltet'),(4957,12,2,'beliebtesten'),(4865,12,2,'beruhmten'),(4838,12,2,'betrachtet'),(4835,12,2,'bilder'),(4822,12,2,'bzw'),(4795,12,2,'chiodini'),(4840,12,2,'diese'),(4800,12,2,'diesem'),(4958,12,2,'disneyfiguren'),(5116,12,2,'disneyprinzessi'),(5449,12,2,'druckversion'),(4841,12,2,'echte'),(5442,12,2,'eigenes'),(4805,12,2,'elsa'),(4837,12,2,'entfernung'),(4813,12,2,'enthalt'),(5453,12,2,'erstellen'),(4867,12,2,'erstmalig'),(4816,12,2,'farben'),(4847,12,2,'farbtonen'),(5789,12,2,'figur'),(5948,12,2,'figuren'),(4864,12,2,'firma'),(5447,12,2,'folgen'),(4830,12,2,'fordert'),(5443,12,2,'foto'),(4842,12,2,'fotografien'),(4792,12,2,'frozen'),(4863,12,2,'geburtsstadt'),(4804,12,2,'gesichter'),(4836,12,2,'gewissen'),(4831,12,2,'gibt'),(4851,12,2,'gleiche'),(4849,12,2,'handelt'),(4870,12,2,'hergestellt'),(4850,12,2,'hierbei'),(5450,12,2,'ihrer'),(5441,12,2,'innovativen'),(4818,12,2,'intelligente'),(5616,12,2,'intelligenten'),(4801,12,2,'intelligenzford'),(4860,12,2,'italien'),(4868,12,2,'jahr'),(4821,12,2,'jahren'),(4855,12,2,'jahrhundert'),(4820,12,2,'kinder'),(5444,12,2,'klicken'),(4829,12,2,'konzentration'),(4826,12,2,'kopf'),(5275,12,2,'kreativen'),(4807,12,2,'kreieren'),(5278,12,2,'kunstwerken'),(4803,12,2,'lassen'),(5788,12,2,'lasst'),(5446,12,2,'link'),(4854,12,2,'malerei'),(4834,12,2,'man'),(4952,12,2,'mickey'),(4799,12,2,'mit'),(4808,12,2,'mithilfe'),(5279,12,2,'nachbilden'),(4846,12,2,'neuen'),(4833,12,2,'nur'),(5451,12,2,'personalisierte'),(4791,12,2,'photo'),(4789,12,2,'pixel'),(4853,12,2,'pointillistisch'),(5112,12,2,'princess'),(4852,12,2,'prinzip'),(4819,12,2,'produktlinie'),(4861,12,2,'produziert'),(4796,12,2,'qrc'),(4811,12,2,'quercetti'),(4809,12,2,'raffinierten'),(5280,12,2,'rahmen'),(4823,12,2,'regenerierende'),(5452,12,2,'schablone'),(4959,12,2,'schablonen'),(4812,12,2,'set'),(5276,12,2,'sie'),(4802,12,2,'spiel'),(4858,12,2,'spiele'),(5781,12,2,'star'),(4810,12,2,'stecker'),(4814,12,2,'steckpins'),(4817,12,2,'steckplatten'),(5783,12,2,'stormtrooper'),(4824,12,2,'stressmindernde'),(4845,12,2,'tausenden'),(4862,12,2,'turin'),(5790,12,2,'universums'),(5445,12,2,'untenstehenden'),(4815,12,2,'verschiedenen'),(4848,12,2,'verschmelzen'),(5782,12,2,'wars'),(4843,12,2,'weil'),(4839,12,2,'wirken'),(4857,12,2,'wurde'),(4866,12,2,'wurden'),(6268,12,2,'yoda'),(4844,12,2,'zauberhand'),(4832,12,2,'zwar'),(77106,13,2,'adult'),(77109,13,2,'custom'),(77111,13,2,'erstellen'),(77120,13,2,'kids'),(77107,13,2,'shirt'),(77112,13,2,'sie'),(77108,13,2,'tag'),(77110,13,2,'thsirt'),(28554,3,3,'0871772000129'),(28766,3,3,'0871772000136'),(28988,3,3,'0871772000235'),(29203,3,3,'0871772000242'),(29415,3,3,'0871772000259'),(43171,3,3,'0871772001348'),(43425,3,3,'0871772001355'),(43676,3,3,'0871772001416'),(43933,3,3,'0871772001423'),(44181,3,3,'0871772001430'),(44433,3,3,'0871772001447'),(44694,3,3,'0871772002611'),(44941,3,3,'0871772002628'),(45193,3,3,'0871772002635'),(45443,3,3,'0871772002642'),(45696,3,3,'0871772003304'),(45895,3,3,'0871772003366'),(46107,3,3,'0871772003373'),(46314,3,3,'0871772003427'),(46544,3,3,'0871772003434'),(46779,3,3,'0871772003441'),(54192,3,3,'0871772004615'),(54396,3,3,'0871772004622'),(54605,3,3,'0871772004639'),(54817,3,3,'0871772004646'),(55031,3,3,'0871772005322'),(55260,3,3,'0871772005339'),(67585,3,3,'0871772005834'),(67762,3,3,'0871772005841'),(67945,3,3,'0871772005865'),(68126,3,3,'0871772006015'),(68364,3,3,'0871772006022'),(68598,3,3,'0871772006039'),(68820,3,3,'0871772006046'),(69040,3,3,'0871772006053'),(69258,3,3,'0871772006213'),(69492,3,3,'0871772006312'),(69730,3,3,'0871772006329'),(69964,3,3,'0871772006336'),(70197,3,3,'0871772006718'),(70407,3,3,'0871772006725'),(77129,3,3,'0871772006732'),(77339,3,3,'0871772006749'),(77549,3,3,'0871772006756'),(77759,3,3,'0871772006763'),(55481,3,3,'0871772007210'),(66414,3,3,'0871772007227'),(66648,3,3,'0871772007234'),(66884,3,3,'0871772007241'),(67125,3,3,'0871772007258'),(67352,3,3,'0871772007265'),(42740,3,3,'100'),(67349,3,3,'103'),(28763,3,3,'104'),(29033,3,3,'110'),(54602,3,3,'114'),(44723,3,3,'127'),(46541,3,3,'142'),(66411,3,3,'146'),(66881,3,3,'164'),(29034,3,3,'174'),(54814,3,3,'192'),(28552,3,3,'200012'),(28764,3,3,'200013'),(28986,3,3,'200023'),(29201,3,3,'200024'),(29413,3,3,'200025'),(42690,3,3,'200128'),(42929,3,3,'200129'),(43169,3,3,'200134'),(43423,3,3,'200135'),(43674,3,3,'200141'),(43931,3,3,'200142'),(44179,3,3,'200143'),(44431,3,3,'200144'),(44692,3,3,'200261'),(44939,3,3,'200262'),(45191,3,3,'200263'),(45441,3,3,'200264'),(45694,3,3,'200330'),(45893,3,3,'200336'),(46105,3,3,'200337'),(46312,3,3,'200342'),(46542,3,3,'200343'),(46777,3,3,'200344'),(54190,3,3,'200461'),(54394,3,3,'200462'),(54603,3,3,'200463'),(54815,3,3,'200464'),(55029,3,3,'200532'),(55258,3,3,'200533'),(67583,3,3,'200583'),(67760,3,3,'200584'),(67943,3,3,'200586'),(68124,3,3,'200601'),(68362,3,3,'200602'),(68596,3,3,'200603'),(68818,3,3,'200604'),(69038,3,3,'200605'),(69256,3,3,'200621'),(69490,3,3,'200631'),(69728,3,3,'200632'),(69962,3,3,'200633'),(70195,3,3,'200671'),(70405,3,3,'200672'),(77127,3,3,'200673'),(77337,3,3,'200674'),(77547,3,3,'200675'),(77757,3,3,'200676'),(55479,3,3,'200721'),(66412,3,3,'200722'),(66646,3,3,'200723'),(66882,3,3,'200724'),(67123,3,3,'200725'),(67350,3,3,'200726'),(66645,3,3,'222'),(42691,3,3,'33112800'),(42930,3,3,'33112900'),(43170,3,3,'33113400'),(43424,3,3,'33113500'),(43675,3,3,'33114100'),(43932,3,3,'33114200'),(44180,3,3,'33114300'),(44432,3,3,'33114400'),(44693,3,3,'51026100'),(44940,3,3,'51026200'),(45192,3,3,'51026300'),(45442,3,3,'51026400'),(28553,3,3,'51101200'),(28765,3,3,'51101300'),(54191,3,3,'52046100'),(54395,3,3,'52046200'),(54604,3,3,'52046300'),(54816,3,3,'52046400'),(45695,3,3,'52333000'),(45894,3,3,'52333600'),(46106,3,3,'52333700'),(46313,3,3,'52434200'),(46543,3,3,'52434300'),(46778,3,3,'52434400'),(55030,3,3,'52753200'),(55259,3,3,'52753300'),(55480,3,3,'53072100'),(66413,3,3,'53072200'),(66647,3,3,'53072300'),(66883,3,3,'53072400'),(67351,3,3,'53072600'),(28987,3,3,'54002300'),(29202,3,3,'54002400'),(29414,3,3,'54002500'),(29002,3,3,'58mm'),(67124,3,3,'59072500'),(67584,3,3,'80058300'),(67761,3,3,'80058400'),(67944,3,3,'80058600'),(68125,3,3,'80060100'),(68363,3,3,'80060200'),(68597,3,3,'80060300'),(68819,3,3,'80060400'),(69039,3,3,'80060500'),(69257,3,3,'80062100'),(69491,3,3,'80063100'),(69729,3,3,'80063200'),(69963,3,3,'80063300'),(70196,3,3,'80067100'),(70406,3,3,'80067200'),(77128,3,3,'80067300'),(77338,3,3,'80067400'),(77548,3,3,'80067500'),(77758,3,3,'80067600'),(42692,3,3,'871772001287'),(42931,3,3,'871772001294'),(28575,3,3,'accesoire'),(54194,3,3,'accessoire'),(67610,3,3,'accessoires'),(28994,3,3,'acier'),(55495,3,3,'activite'),(68164,3,3,'activites'),(28584,3,3,'adaptabilite'),(55045,3,3,'adapte'),(46324,3,3,'adaptee'),(45194,3,3,'adultes'),(68826,3,3,'afrique'),(68601,3,3,'agilite'),(68600,3,3,'ailes'),(29004,3,3,'aimants'),(28569,3,3,'ajoute'),(67607,3,3,'ajouter'),(46321,3,3,'amateurs'),(68169,3,3,'ame'),(28654,3,3,'americains'),(69041,3,3,'amie'),(44709,3,3,'amusant'),(45697,3,3,'amusante'),(42710,3,3,'amusants'),(28629,3,3,'amuser'),(28548,3,3,'and'),(42725,3,3,'animal'),(42728,3,3,'animals'),(68158,3,3,'animaux'),(43686,3,3,'ans'),(28571,3,3,'apporte'),(42749,3,3,'apprendre'),(42742,3,3,'approuves'),(46545,3,3,'argent'),(69262,3,3,'armes'),(69042,3,3,'arrivee'),(46316,3,3,'assortis'),(44718,3,3,'assurent'),(68152,3,3,'asteroides'),(43177,3,3,'atmosphere'),(70202,3,3,'attache'),(43690,3,3,'attachees'),(42713,3,3,'attaches'),(68155,3,3,'atterris'),(55506,3,3,'attraction'),(67603,3,3,'autour'),(68140,3,3,'autres'),(28651,3,3,'aux'),(55482,3,3,'barre'),(28560,3,3,'barres'),(28991,3,3,'barrettes'),(28767,3,3,'base'),(54818,3,3,'bases'),(69271,3,3,'battent'),(55504,3,3,'beaucoup'),(67586,3,3,'beaux'),(45704,3,3,'belle'),(44942,3,3,'besoin'),(69265,3,3,'bete'),(68123,3,3,'beto'),(70214,3,3,'bien'),(28592,3,3,'billes'),(28547,3,3,'black'),(28561,3,3,'blanches'),(46318,3,3,'blancs'),(69489,3,3,'blatta'),(55034,3,3,'bleu'),(44700,3,3,'bleues'),(67581,3,3,'blue'),(28997,3,3,'boite'),(42723,3,3,'boites'),(68173,3,3,'bouger'),(55497,3,3,'bouges'),(68168,3,3,'boule'),(44712,3,3,'brillantes'),(55261,3,3,'brillants'),(45702,3,3,'brillent'),(42694,3,3,'building'),(67580,3,3,'bundle'),(55490,3,3,'cage'),(66415,3,3,'cages'),(68144,3,3,'calmar'),(43688,3,3,'caoutchouc'),(44943,3,3,'capacites'),(28576,3,3,'capturer'),(69280,3,3,'caracterisent'),(68160,3,3,'caracteristique'),(54398,3,3,'carre'),(28768,3,3,'carree'),(29418,3,3,'carrees'),(28566,3,3,'carres'),(43180,3,3,'cartes'),(43698,3,3,'castles'),(67605,3,3,'centrale'),(68154,3,3,'certains'),(67599,3,3,'cet'),(29022,3,3,'cette'),(68141,3,3,'changements'),(44437,3,3,'chateau'),(28622,3,3,'chef'),(55042,3,3,'chose'),(55035,3,3,'clair'),(44702,3,3,'claires'),(28587,3,3,'classic'),(43681,3,3,'clips'),(28558,3,3,'coffret'),(28570,3,3,'collection'),(29031,3,3,'collections'),(44691,3,3,'color'),(46325,3,3,'coloree'),(43934,3,3,'colorees'),(43684,3,3,'colores'),(67589,3,3,'combinaisons'),(44715,3,3,'combinees'),(68147,3,3,'commence'),(42748,3,3,'commencent'),(46327,3,3,'commencer'),(42734,3,3,'compatibles'),(70209,3,3,'completer'),(29007,3,3,'complexes'),(44434,3,3,'complexite'),(28590,3,3,'compose'),(67595,3,3,'composer'),(29416,3,3,'comprend'),(28628,3,3,'concus'),(55492,3,3,'cone'),(44722,3,3,'confections'),(28650,3,3,'conformes'),(67592,3,3,'conquerir'),(70218,3,3,'consent'),(28589,3,3,'construction'),(28989,3,3,'constructions'),(28595,3,3,'construire'),(42732,3,3,'contiennent'),(28559,3,3,'contient'),(42932,3,3,'contructions'),(68132,3,3,'cornes'),(42714,3,3,'cote'),(67608,3,3,'couleur'),(29026,3,3,'couleurs'),(66889,3,3,'couronne'),(42697,3,3,'cours'),(67606,3,3,'couverture'),(68171,3,3,'couvertures'),(69270,3,3,'creant'),(43679,3,3,'creatifs'),(44435,3,3,'creation'),(43176,3,3,'creations'),(28605,3,3,'creativite'),(42706,3,3,'cree'),(28614,3,3,'creer'),(70199,3,3,'creez'),(68370,3,3,'cretes'),(68143,3,3,'crevette'),(28643,3,3,'criteres'),(43174,3,3,'croitre'),(42689,3,3,'cubes'),(28630,3,3,'curiosite'),(69268,3,3,'debarque'),(67609,3,3,'deco'),(44696,3,3,'decouvrir'),(55039,3,3,'dedie'),(67582,3,3,'deko'),(68175,3,3,'deplace'),(44719,3,3,'deplacer'),(28586,3,3,'design'),(46320,3,3,'destinee'),(28555,3,3,'developpe'),(43685,3,3,'developpee'),(43677,3,3,'developpement'),(45195,3,3,'developper'),(28632,3,3,'devenir'),(42718,3,3,'deviennent'),(68138,3,3,'devient'),(67598,3,3,'different'),(28617,3,3,'differentes'),(29032,3,3,'differents'),(43175,3,3,'dimensions'),(69037,3,3,'dina'),(43683,3,3,'dinosaures'),(43673,3,3,'dinosaurs'),(29029,3,3,'disponible'),(45706,3,3,'diverses'),(54193,3,3,'donne'),(43181,3,3,'donnent'),(67588,3,3,'donner'),(29027,3,3,'donneront'),(68136,3,3,'doux'),(46330,3,3,'dynamiques'),(68602,3,3,'eaux'),(55043,3,3,'effets'),(43694,3,3,'elements'),(42721,3,3,'enfants'),(66887,3,3,'engrenages'),(68174,3,3,'enleve'),(43687,3,3,'enrichies'),(55494,3,3,'enrichit'),(67600,3,3,'ensemble'),(42736,3,3,'entierement'),(68824,3,3,'entre'),(28625,3,3,'entreprise'),(44707,3,3,'entrer'),(68162,3,3,'environnement'),(69279,3,3,'environnements'),(70201,3,3,'epreuve'),(28606,3,3,'esprit'),(42719,3,3,'etonnantes'),(28653,3,3,'europeens'),(68130,3,3,'evolue'),(69272,3,3,'evolution'),(28581,3,3,'exalter'),(68156,3,3,'excellentement'),(29017,3,3,'exceptionnels'),(42753,3,3,'experience'),(29003,3,3,'experts'),(55493,3,3,'extension'),(28641,3,3,'fabriques'),(28993,3,3,'facilement'),(42720,3,3,'faciles'),(42717,3,3,'facon'),(45700,3,3,'faite'),(28636,3,3,'famille'),(42933,3,3,'fantasieuses'),(42702,3,3,'fantastiques'),(44708,3,3,'fascinant'),(28599,3,3,'figures'),(69043,3,3,'filles'),(70217,3,3,'fixe'),(70204,3,3,'fixer'),(44703,3,3,'foncees'),(68161,3,3,'fonction'),(44714,3,3,'forces'),(69261,3,3,'foret'),(55038,3,3,'formats'),(42700,3,3,'forme'),(44720,3,3,'forment'),(28598,3,3,'formes'),(44713,3,3,'formidables'),(29006,3,3,'fortes'),(42693,3,3,'free'),(42726,3,3,'friends'),(43178,3,3,'froid'),(42724,3,3,'fruits'),(29001,3,3,'gamme'),(28551,3,3,'geo'),(28557,3,3,'geomag'),(68149,3,3,'geomagnetique'),(28624,3,3,'geomagworld'),(45698,3,3,'geometrie'),(28600,3,3,'geometriques'),(68603,3,3,'glacees'),(55033,3,3,'glietter'),(55028,3,3,'glitter'),(45693,3,3,'glow'),(28608,3,3,'grande'),(45445,3,3,'grandes'),(69260,3,3,'grandi'),(68128,3,3,'grandis'),(28638,3,3,'grands'),(46546,3,3,'graphiques'),(67942,3,3,'green'),(68372,3,3,'grenouille'),(28998,3,3,'gris'),(69259,3,3,'guerrier'),(68375,3,3,'herisson'),(69263,3,3,'heros'),(68374,3,3,'hibou'),(68145,3,3,'histoire'),(43699,3,3,'homes'),(43182,3,3,'idees'),(55500,3,3,'identication'),(70210,3,3,'illustrations'),(28579,3,3,'imagination'),(67613,3,3,'imaginatives'),(67601,3,3,'imbriques'),(29009,3,3,'importante'),(28597,3,3,'incroyable'),(42709,3,3,'incroyablement'),(46332,3,3,'incroyables'),(55483,3,3,'indicateur'),(46326,3,3,'inegalee'),(68177,3,3,'infini'),(28996,3,3,'infinies'),(28990,3,3,'ingenieuses'),(44716,3,3,'innombrables'),(42757,3,3,'innovatif'),(29008,3,3,'innovation'),(29036,3,3,'inspirant'),(70213,3,3,'inspiration'),(43183,3,3,'inspirations'),(43691,3,3,'inspirer'),(28577,3,3,'interet'),(66888,3,3,'internes'),(29015,3,3,'intuitif'),(42750,3,3,'invente'),(70215,3,3,'inventez'),(44948,3,3,'jaune'),(44947,3,3,'jaunes'),(68595,3,3,'jelo'),(42698,3,3,'jeu'),(42743,3,3,'jouer'),(42756,3,3,'jouet'),(28627,3,3,'jouets'),(70198,3,3,'jouez'),(42733,3,3,'jusqu'),(45444,3,3,'kit'),(67579,3,3,'kor'),(67590,3,3,'laisse'),(42695,3,3,'laisser'),(42707,3,3,'leader'),(28611,3,3,'leurs'),(68373,3,3,'lezard'),(42696,3,3,'libre'),(42744,3,3,'librement'),(68165,3,3,'ligne'),(42703,3,3,'limites'),(42722,3,3,'line'),(55488,3,3,'lineaires'),(66885,3,3,'lineares'),(28607,3,3,'logique'),(28591,3,3,'long'),(68367,3,3,'longue'),(69274,3,3,'lou'),(45705,3,3,'lueur'),(45701,3,3,'lumineux'),(46317,3,3,'magenta'),(43680,3,3,'magic'),(42687,3,3,'magicube'),(46328,3,3,'magie'),(44710,3,3,'magique'),(42712,3,3,'magiques'),(42705,3,3,'magnetique'),(28564,3,3,'magnetiques'),(42755,3,3,'magnetisme'),(55499,3,3,'manuelle'),(69278,3,3,'marais'),(69281,3,3,'masques'),(42739,3,3,'materiaux'),(55496,3,3,'mecaniques'),(55478,3,3,'mechanics'),(44706,3,3,'meilleure'),(68129,3,3,'mer'),(42745,3,3,'meres'),(70205,3,3,'met'),(28593,3,3,'metal'),(29000,3,3,'metalliques'),(28999,3,3,'metallisees'),(70200,3,3,'mettre'),(68137,3,3,'mignon'),(68159,3,3,'mignons'),(68151,3,3,'migration'),(28601,3,3,'modeles'),(43185,3,3,'mois'),(67597,3,3,'moment'),(44697,3,3,'monde'),(69264,3,3,'monstre'),(69493,3,3,'montagnes'),(43682,3,3,'montrent'),(68134,3,3,'mouvements'),(68131,3,3,'nageoires'),(45703,3,3,'noir'),(28567,3,3,'noirs'),(28596,3,3,'nombre'),(28563,3,3,'non'),(55502,3,3,'nord'),(42704,3,3,'nouveau'),(28573,3,3,'nouvelle'),(44721,3,3,'nouvelles'),(67587,3,3,'oeufs'),(28623,3,3,'oeuvre'),(28582,3,3,'offrir'),(68157,3,3,'ont'),(44949,3,3,'orange'),(44946,3,3,'oranges'),(28618,3,3,'originales'),(68172,3,3,'ovale'),(68361,3,3,'paco'),(68133,3,3,'paire'),(45196,3,3,'pales'),(28580,3,3,'panels'),(55484,3,3,'panneau'),(29023,3,3,'panneaux'),(44695,3,3,'parfaite'),(42731,3,3,'park'),(44944,3,3,'particulieres'),(43184,3,3,'partir'),(28633,3,3,'passe'),(46323,3,3,'pastel'),(68825,3,3,'paysages'),(28550,3,3,'pcs'),(42747,3,3,'pendant'),(28769,3,3,'pentagonale'),(44951,3,3,'pentagonales'),(29419,3,3,'pentagonaux'),(55036,3,3,'pentagone'),(28568,3,3,'pentagones'),(28594,3,3,'permet'),(28613,3,3,'permettent'),(68179,3,3,'permite'),(68821,3,3,'perroquet'),(43692,3,3,'personnages'),(68127,3,3,'petit'),(68369,3,3,'petites'),(28639,3,3,'petits'),(28631,3,3,'peuvent'),(45699,3,3,'phosphorescente'),(29035,3,3,'pieces'),(55487,3,3,'pieds'),(68599,3,3,'pingouin'),(46311,3,3,'pink'),(44704,3,3,'plaque'),(44717,3,3,'plaques'),(29024,3,3,'plastiques'),(55491,3,3,'plat'),(46780,3,3,'plate'),(67353,3,3,'plates'),(68822,3,3,'plumes'),(28646,3,3,'plus'),(44183,3,3,'plusieurs'),(68135,3,3,'poisson'),(43179,3,3,'polaire'),(42729,3,3,'polar'),(29012,3,3,'polarite'),(68604,3,3,'pole'),(55501,3,3,'poles'),(29013,3,3,'porte'),(68178,3,3,'possibilite'),(28585,3,3,'potentiel'),(28995,3,3,'potentiellement'),(28619,3,3,'pourra'),(67594,3,3,'pourras'),(55498,3,3,'poussee'),(70208,3,3,'pouvez'),(44699,3,3,'premieres'),(42699,3,3,'prend'),(29010,3,3,'presence'),(69044,3,3,'presente'),(69266,3,3,'primordiale'),(43697,3,3,'princess'),(44182,3,3,'princesses'),(28985,3,3,'pro'),(28626,3,3,'produit'),(28640,3,3,'produits'),(28556,3,3,'projets'),(70211,3,3,'proposees'),(70216,3,3,'propres'),(29016,3,3,'proprietes'),(69267,3,3,'proteon'),(68150,3,3,'provoquee'),(68170,3,3,'puis'),(29005,3,3,'puissants'),(28644,3,3,'qualite'),(55041,3,3,'quelque'),(44698,3,3,'quelques'),(68368,3,3,'queue'),(28610,3,3,'realisables'),(42701,3,3,'realise'),(42735,3,3,'realisees'),(28620,3,3,'realiser'),(68167,3,3,'realistes'),(55040,3,3,'recherchent'),(67941,3,3,'red'),(43172,3,3,'regardez'),(67602,3,3,'rejoignent'),(28992,3,3,'relient'),(67596,3,3,'rendre'),(29018,3,3,'reproduisez'),(55507,3,3,'repulsion'),(68139,3,3,'requin'),(28642,3,3,'respect'),(42715,3,3,'rester'),(42751,3,3,'reussi'),(42708,3,3,'revolutionne'),(46319,3,3,'riche'),(28647,3,3,'rigoureux'),(42727,3,3,'river'),(43696,3,3,'robots'),(69494,3,3,'rocheuses'),(69276,3,3,'rocheux'),(55486,3,3,'rondelles'),(70203,3,3,'ronds'),(46322,3,3,'rose'),(46315,3,3,'roses'),(67946,3,3,'rouge'),(44945,3,3,'rouges'),(55489,3,3,'roulement'),(42730,3,3,'safari'),(43426,3,3,'savane'),(43678,3,3,'scenarios'),(55044,3,3,'scintillants'),(28645,3,3,'securite'),(44705,3,3,'serie'),(42688,3,3,'set'),(28637,3,3,'sollicitant'),(28603,3,3,'sortes'),(70212,3,3,'source'),(43689,3,3,'special'),(67612,3,3,'speciales'),(29021,3,3,'specialistes'),(67604,3,3,'sphere'),(28562,3,3,'spheres'),(28583,3,3,'stabilite'),(28652,3,3,'standards'),(28604,3,3,'stimule'),(68166,3,3,'stimulent'),(28578,3,3,'stimuler'),(28615,3,3,'structures'),(55503,3,3,'sud'),(42737,3,3,'suisse'),(28649,3,3,'suisses'),(66886,3,3,'supports'),(44711,3,3,'surprenant'),(46329,3,3,'surprises'),(42741,3,3,'surs'),(42711,3,3,'surtout'),(42716,3,3,'suspendus'),(69727,3,3,'swomp'),(68365,3,3,'sympa'),(43693,3,3,'sympas'),(28588,3,3,'systeme'),(55505,3,3,'tailles'),(69255,3,3,'taurex'),(68146,3,3,'tazoo'),(29019,3,3,'techniques'),(68148,3,3,'tempete'),(28634,3,3,'temps'),(69275,3,3,'terrain'),(69269,3,3,'terre'),(43695,3,3,'themes'),(55037,3,3,'tiges'),(68817,3,3,'toco'),(67591,3,3,'toi'),(28616,3,3,'toujours'),(68366,3,3,'tournantes'),(68176,3,3,'tourne'),(28635,3,3,'toute'),(28602,3,3,'toutes'),(42746,3,3,'tranquilles'),(28612,3,3,'transformations'),(68142,3,3,'transforme'),(68371,3,3,'transformer'),(44950,3,3,'transparentes'),(29025,3,3,'transparents'),(28565,3,3,'triangles'),(29417,3,3,'triangulaires'),(29030,3,3,'trois'),(67126,3,3,'tube'),(55485,3,3,'tubes'),(69273,3,3,'type'),(28648,3,3,'typiques'),(28572,3,3,'une'),(42754,3,3,'unique'),(67611,3,3,'uniques'),(68153,3,3,'univers'),(29014,3,3,'usage'),(42738,3,3,'utilise'),(29020,3,3,'utilisees'),(42752,3,3,'utiliser'),(28609,3,3,'variete'),(28621,3,3,'veritable'),(29028,3,3,'versatilite'),(67947,3,3,'verte'),(44701,3,3,'vertes'),(54397,3,3,'verts'),(28574,3,3,'vie'),(55032,3,3,'violetes'),(45446,3,3,'violettes'),(29011,3,3,'visible'),(68163,3,3,'vivent'),(46331,3,3,'vives'),(69277,3,3,'volcan'),(68823,3,3,'vole'),(43173,3,3,'vos'),(70207,3,3,'voyez'),(44436,3,3,'vrai'),(70206,3,3,'vraiment'),(69961,3,3,'vulkram'),(28549,3,3,'white'),(67759,3,3,'yellow'),(67593,3,3,'yeux'),(8795,4,3,'000806'),(8928,4,3,'000807'),(9067,4,3,'000808'),(9203,4,3,'000809'),(9344,4,3,'000810'),(9497,4,3,'000842'),(9650,4,3,'000846'),(9783,4,3,'000848'),(9915,4,3,'000849'),(10048,4,3,'000856'),(8791,4,3,'0806'),(8926,4,3,'0807'),(9066,4,3,'0808'),(9201,4,3,'0809'),(9343,4,3,'0810'),(9495,4,3,'0842'),(9648,4,3,'0846'),(9781,4,3,'0848'),(9913,4,3,'0849'),(10046,4,3,'0856'),(9914,4,3,'11400'),(9782,4,3,'11600'),(9208,4,3,'120'),(9202,4,3,'14800'),(8855,4,3,'1953'),(9496,4,3,'25200'),(9649,4,3,'5400'),(10047,4,3,'5600'),(8927,4,3,'6000'),(8792,4,3,'6600'),(8796,4,3,'8007905008065'),(8929,4,3,'8007905008072'),(9068,4,3,'8007905008089'),(9204,4,3,'8007905008096'),(9345,4,3,'8007905008102'),(9498,4,3,'8007905008423'),(9651,4,3,'8007905008461'),(9784,4,3,'8007905008485'),(9916,4,3,'8007905008492'),(10049,4,3,'8007905008560'),(8820,4,3,'activite'),(8934,4,3,'aimes'),(8825,4,3,'angoisses'),(8803,4,3,'anna'),(8819,4,3,'ans'),(8788,4,3,'art'),(8808,4,3,'boite'),(9213,4,3,'cadre'),(8831,4,3,'certaine'),(8807,4,3,'cette'),(9352,4,3,'charger'),(8793,4,3,'chiodini'),(9353,4,3,'choisie'),(9206,4,3,'choisir'),(8805,4,3,'clous'),(8827,4,3,'concentration'),(9349,4,3,'connecter'),(8809,4,3,'contient'),(8811,4,3,'couleurs'),(9205,4,3,'creatif'),(9652,4,3,'creer'),(8821,4,3,'destressante'),(8810,4,3,'differentes'),(8932,4,3,'disney'),(8832,4,3,'distance'),(9348,4,3,'dois'),(8802,4,3,'elsa'),(8817,4,3,'enfants'),(9360,4,3,'enfin'),(8846,4,3,'entierement'),(9207,4,3,'entre'),(8849,4,3,'entreprise'),(8824,4,3,'esprit'),(8852,4,3,'fameux'),(8826,4,3,'favorise'),(9655,4,3,'fiches'),(8842,4,3,'fin'),(8790,4,3,'frozen'),(9656,4,3,'guide'),(9347,4,3,'ignegnieux'),(9357,4,3,'image'),(8830,4,3,'images'),(9356,4,3,'imprimer'),(8804,4,3,'ingenieux'),(9346,4,3,'innovante'),(9361,4,3,'inserer'),(9355,4,3,'instructions'),(8798,4,3,'intelligent'),(8816,4,3,'intelligents'),(8847,4,3,'italie'),(8797,4,3,'jeu'),(8845,4,3,'jeux'),(8814,4,3,'ligne'),(8837,4,3,'magie'),(8836,4,3,'melangent'),(8925,4,3,'mickey'),(8838,4,3,'miliers'),(8850,4,3,'nee'),(8839,4,3,'nouvelles'),(8853,4,3,'ont'),(8818,4,3,'partir'),(9654,4,3,'personnage'),(8931,4,3,'personnages'),(8828,4,3,'petits'),(8789,4,3,'photo'),(8835,4,3,'photos'),(8787,4,3,'pixel'),(8933,4,3,'plus'),(8841,4,3,'pointillisme'),(9358,4,3,'positionnant'),(8799,4,3,'pourras'),(8854,4,3,'premiere'),(9065,4,3,'princess'),(9069,4,3,'princesses'),(8840,4,3,'principe'),(8815,4,3,'produits'),(8794,4,3,'qrc'),(8806,4,3,'quercetti'),(9351,4,3,'quercettiart'),(9212,4,3,'recreer'),(8829,4,3,'regarde'),(8822,4,3,'regeneratrice'),(8800,4,3,'reproduire'),(8833,4,3,'semblent'),(8844,4,3,'siecle'),(9211,4,3,'site'),(9645,4,3,'star'),(9653,4,3,'stoormtrooper'),(9647,4,3,'stormtrooper'),(9354,4,3,'suivre'),(9359,4,3,'tableau'),(8812,4,3,'tableaux'),(9210,4,3,'telechargeable'),(9209,4,3,'travaux'),(8851,4,3,'turin'),(8813,4,3,'une'),(8834,4,3,'veritables'),(8823,4,3,'vide'),(8848,4,3,'ville'),(8801,4,3,'visage'),(8930,4,3,'visages'),(9646,4,3,'wars'),(9350,4,3,'www'),(8843,4,3,'xixeme'),(10045,4,3,'yoda'),(7798,5,3,'042736'),(7919,5,3,'042836'),(8061,5,3,'042837'),(8205,5,3,'042838'),(8349,5,3,'042839'),(8495,5,3,'042861'),(8644,5,3,'042889'),(7789,5,3,'100'),(7822,5,3,'1965'),(7795,5,3,'42736'),(7918,5,3,'42836'),(8060,5,3,'42837'),(8204,5,3,'42838'),(8348,5,3,'42839'),(8494,5,3,'42861'),(8643,5,3,'42889'),(8496,5,3,'45861'),(7799,5,3,'8003511427368'),(7920,5,3,'8003511428365'),(8062,5,3,'8003511428372'),(8206,5,3,'8003511428389'),(8350,5,3,'8003511428396'),(8645,5,3,'8003511428891'),(8497,5,3,'8003511458614'),(8059,5,3,'adventures'),(7792,5,3,'album'),(8492,5,3,'and'),(7838,5,3,'artisans'),(7813,5,3,'artistes'),(7811,5,3,'aux'),(7846,5,3,'avances'),(7924,5,3,'biface'),(7800,5,3,'boite'),(7794,5,3,'box'),(7802,5,3,'carioca'),(7927,5,3,'carton'),(7837,5,3,'chimistes'),(8491,5,3,'city'),(7790,5,3,'color'),(7809,5,3,'coloriage'),(7826,5,3,'colorier'),(7931,5,3,'composition'),(7836,5,3,'concepteurs'),(7933,5,3,'confection'),(7803,5,3,'contenante'),(7934,5,3,'contient'),(7941,5,3,'corps'),(7851,5,3,'couleurs'),(7816,5,3,'court'),(7842,5,3,'creer'),(7810,5,3,'dediee'),(7849,5,3,'design'),(7922,5,3,'dimensions'),(7830,5,3,'distribue'),(7843,5,3,'ecriture'),(7917,5,3,'empire'),(7929,5,3,'encastrements'),(7840,5,3,'ensemble'),(7832,5,3,'entier'),(7925,5,3,'entierement'),(7835,5,3,'equipe'),(7847,5,3,'expression'),(7944,5,3,'facile'),(7930,5,3,'facilitent'),(8642,5,3,'farm'),(7801,5,3,'fer'),(7807,5,3,'fine'),(7806,5,3,'grande'),(7921,5,3,'grandes'),(8641,5,3,'happy'),(7817,5,3,'idees'),(7825,5,3,'instruments'),(7820,5,3,'internationale'),(7829,5,3,'italie'),(7850,5,3,'italien'),(7815,5,3,'jamais'),(7833,5,3,'jour'),(7937,5,3,'joy'),(7940,5,3,'jumbo'),(8493,5,3,'jungle'),(7791,5,3,'kit'),(7935,5,3,'lavables'),(7808,5,3,'livre'),(7819,5,3,'marque'),(7804,5,3,'marqueurs'),(7915,5,3,'maxi'),(7848,5,3,'meilleur'),(7831,5,3,'monde'),(8347,5,3,'monster'),(7821,5,3,'nee'),(7797,5,3,'oca'),(7942,5,3,'octogonal'),(7841,5,3,'passion'),(7796,5,3,'pcs'),(7812,5,3,'petits'),(7923,5,3,'pieces'),(8203,5,3,'pirates'),(7932,5,3,'plus'),(7943,5,3,'poignee'),(7805,5,3,'pointe'),(7939,5,3,'precis'),(7928,5,3,'precision'),(7824,5,3,'production'),(7827,5,3,'produits'),(7916,5,3,'puzzle'),(7828,5,3,'realise'),(7926,5,3,'robustesse'),(7844,5,3,'simples'),(7834,5,3,'sites'),(7823,5,3,'specialisee'),(7845,5,3,'technologiqueme'),(7793,5,3,'tin'),(7938,5,3,'trait'),(7839,5,3,'travaille'),(7936,5,3,'typologies'),(7818,5,3,'une'),(7814,5,3,'veulent'),(10184,6,3,'000001'),(10344,6,3,'000005'),(10502,6,3,'000006'),(10664,6,3,'000009'),(10829,6,3,'000029'),(10995,6,3,'000030'),(11158,6,3,'000043'),(11319,6,3,'000052'),(25123,6,3,'000084'),(25298,6,3,'000085'),(25472,6,3,'000086'),(25656,6,3,'000087'),(25820,6,3,'000092'),(25989,6,3,'000093'),(26151,6,3,'000097'),(26321,6,3,'000098'),(26496,6,3,'000099'),(26667,6,3,'000101'),(26841,6,3,'000102'),(27014,6,3,'000104'),(27189,6,3,'000106'),(27367,6,3,'000113'),(27543,6,3,'000115'),(27717,6,3,'000116'),(27886,6,3,'000121'),(28055,6,3,'000133'),(10342,6,3,'005'),(10500,6,3,'006'),(10662,6,3,'009'),(10827,6,3,'029'),(10993,6,3,'030'),(28382,6,3,'031'),(11318,6,3,'052'),(25121,6,3,'084'),(25296,6,3,'085'),(25471,6,3,'086'),(25654,6,3,'087'),(25818,6,3,'092'),(25987,6,3,'093'),(26149,6,3,'097'),(26319,6,3,'098'),(26497,6,3,'101'),(26839,6,3,'102'),(27013,6,3,'104'),(27188,6,3,'106'),(27365,6,3,'113'),(27542,6,3,'115'),(27715,6,3,'116'),(27884,6,3,'121'),(28053,6,3,'133'),(28383,6,3,'1350'),(28227,6,3,'1635'),(28228,6,3,'202982'),(26495,6,3,'2200'),(25122,6,3,'230'),(25297,6,3,'250'),(26840,6,3,'290'),(28054,6,3,'297'),(27366,6,3,'300'),(26150,6,3,'310'),(27885,6,3,'318'),(10663,6,3,'320'),(25819,6,3,'350'),(27716,6,3,'380'),(26320,6,3,'390'),(25988,6,3,'400'),(10501,6,3,'430'),(25655,6,3,'437'),(10828,6,3,'460'),(10666,6,3,'4972825139325'),(10831,6,3,'4972825142684'),(10997,6,3,'4972825142691'),(10186,6,3,'4972825143698'),(11159,6,3,'4972825144381'),(11321,6,3,'4972825145753'),(10504,6,3,'4972825146958'),(25125,6,3,'4972825149638'),(25300,6,3,'4972825149645'),(25474,6,3,'4972825149690'),(25658,6,3,'4972825149751'),(26153,6,3,'4972825149768'),(25822,6,3,'4972825201053'),(25991,6,3,'4972825201060'),(26498,6,3,'4972825201152'),(26323,6,3,'4972825201169'),(26669,6,3,'4972825201565'),(26843,6,3,'4972825201572'),(27016,6,3,'4972825201992'),(27191,6,3,'4972825202012'),(27369,6,3,'4972825202463'),(27545,6,3,'4972825202487'),(27719,6,3,'4972825202494'),(27888,6,3,'4972825202616'),(28057,6,3,'4972825202951'),(28229,6,3,'4972825202982'),(28384,6,3,'4972825206041'),(10994,6,3,'530'),(10343,6,3,'777'),(10181,6,3,'800'),(10346,6,3,'828988201284'),(26325,6,3,'admirable'),(10257,6,3,'advanced'),(10234,6,3,'affirmes'),(10256,6,3,'ages'),(10507,6,3,'aime'),(10350,6,3,'amants'),(10192,6,3,'amateurs'),(10834,6,3,'amuse'),(25133,6,3,'appareil'),(10254,6,3,'appropries'),(10670,6,3,'architecturales'),(26327,6,3,'art'),(10216,6,3,'attelage'),(26500,6,3,'attention'),(10349,6,3,'aux'),(26329,6,3,'barcelone'),(10224,6,3,'base'),(10232,6,3,'basee'),(27192,6,3,'beaux'),(10826,6,3,'ben'),(10836,6,3,'bien'),(10825,6,3,'big'),(10347,6,3,'boite'),(25126,6,3,'boites'),(28052,6,3,'bonsai'),(26666,6,3,'bridge'),(10205,6,3,'briques'),(27011,6,3,'buckingham'),(27364,6,3,'bus'),(25477,6,3,'capital'),(10238,6,3,'caracteristique'),(26494,6,3,'castle'),(11323,6,3,'celebre'),(10672,6,3,'celebres'),(10509,6,3,'cet'),(10998,6,3,'cette'),(27193,6,3,'chateaux'),(25653,6,3,'church'),(25664,6,3,'clocher'),(25823,6,3,'coin'),(27890,6,3,'colisee'),(10249,6,3,'collectionner'),(27883,6,3,'colosseum'),(10210,6,3,'communs'),(28230,6,3,'completes'),(10190,6,3,'complets'),(10199,6,3,'confection'),(25476,6,3,'connu'),(26504,6,3,'connues'),(10999,6,3,'consacre'),(25127,6,3,'consacree'),(10226,6,3,'construction'),(10193,6,3,'constructions'),(10211,6,3,'construire'),(25475,6,3,'construis'),(26324,6,3,'contenues'),(10200,6,3,'contient'),(27373,6,3,'continent'),(10206,6,3,'costruire'),(25985,6,3,'dame'),(10348,6,3,'dediee'),(28380,6,3,'deluxe'),(10217,6,3,'derriere'),(10207,6,3,'dessinee'),(25663,6,3,'detail'),(10194,6,3,'detaillees'),(25132,6,3,'details'),(10209,6,3,'dimension'),(25129,6,3,'dimensions'),(10222,6,3,'distancer'),(10240,6,3,'donnant'),(26156,6,3,'donne'),(10219,6,3,'double'),(10659,6,3,'easter'),(26845,6,3,'eau'),(11324,6,3,'echelle'),(28381,6,3,'edition'),(25661,6,3,'eglise'),(11157,6,3,'elshout'),(10668,6,3,'endroits'),(10510,6,3,'ensamble'),(10236,6,3,'entier'),(10230,6,3,'entreprise'),(26158,6,3,'environnement'),(25136,6,3,'espace'),(25482,6,3,'essayer'),(10225,6,3,'exigences'),(26499,6,3,'expression'),(25665,6,3,'exterieur'),(10223,6,3,'facilite'),(10505,6,3,'fameux'),(26318,6,3,'familia'),(10241,6,3,'feu'),(26501,6,3,'formidable'),(25478,6,3,'francais'),(27721,6,3,'francisco'),(10246,6,3,'gamme'),(27714,6,3,'gate'),(26328,6,3,'gaudi'),(27713,6,3,'golden'),(10255,6,3,'gouts'),(10218,6,3,'grace'),(25134,6,3,'grande'),(25825,6,3,'guideront'),(10665,6,3,'h009'),(27190,6,3,'h010'),(10830,6,3,'h029'),(10996,6,3,'h030'),(11320,6,3,'h052'),(25124,6,3,'h084'),(25299,6,3,'h085'),(25473,6,3,'h086'),(25657,6,3,'h087'),(25821,6,3,'h092'),(25990,6,3,'h093'),(26152,6,3,'h097'),(26322,6,3,'h098'),(26668,6,3,'h101'),(26842,6,3,'h102'),(27015,6,3,'h104'),(27368,6,3,'h113'),(27544,6,3,'h115'),(27718,6,3,'h116'),(27887,6,3,'h121'),(28056,6,3,'h133'),(26665,6,3,'harbour'),(25659,6,3,'hauteur'),(26493,6,3,'himeji'),(10355,6,3,'histoire'),(10258,6,3,'hobby'),(28231,6,3,'horizon'),(11317,6,3,'house'),(26846,6,3,'icone'),(10669,6,3,'icones'),(10673,6,3,'ile'),(25487,6,3,'inclue'),(25479,6,3,'instructions'),(10660,6,3,'island'),(10208,6,3,'japon'),(10506,6,3,'japonais'),(10231,6,3,'japonaise'),(27541,6,3,'kaminarimon'),(10228,6,3,'kawada'),(11156,6,3,'kinderduk'),(25120,6,3,'landing'),(10245,6,3,'large'),(10237,6,3,'leurs'),(10203,6,3,'ligne'),(10180,6,3,'locomotive'),(10253,6,3,'loisirs'),(27363,6,3,'london'),(10833,6,3,'londres'),(25470,6,3,'louvre'),(10229,6,3,'ltd'),(25119,6,3,'lunar'),(25304,6,3,'lune'),(10185,6,3,'m001'),(10345,6,3,'m005'),(10503,6,3,'m006'),(10244,6,3,'manie'),(10354,6,3,'marque'),(10197,6,3,'maton'),(25660,6,3,'maximale'),(26837,6,3,'melbourne'),(10212,6,3,'mesure'),(25992,6,3,'micro'),(10657,6,3,'moai'),(25484,6,3,'modele'),(10187,6,3,'modeles'),(11155,6,3,'molen'),(10235,6,3,'monde'),(26154,6,3,'monument'),(10499,6,3,'motorcycle'),(11161,6,3,'moulin'),(10351,6,3,'moyens'),(25469,6,3,'musee'),(10340,6,3,'mustang'),(10183,6,3,'nan'),(10188,6,3,'nanoblock'),(10661,6,3,'nbh'),(10341,6,3,'nbm'),(11163,6,3,'neerlandais'),(27187,6,3,'neuschwanstein'),(27371,6,3,'niveaux'),(26326,6,3,'oeuvre'),(10250,6,3,'offrir'),(10353,6,3,'ont'),(11316,6,3,'opera'),(10242,6,3,'ouvert'),(10339,6,3,'p51'),(28379,6,3,'pagoda'),(27012,6,3,'palace'),(10674,6,3,'paques'),(10671,6,3,'parfaitement'),(25986,6,3,'paris'),(10213,6,3,'particularite'),(10252,6,3,'passions'),(10182,6,3,'pcs'),(10221,6,3,'permet'),(25130,6,3,'permettent'),(26157,6,3,'permetteront'),(10196,6,3,'petit'),(10195,6,3,'petites'),(10204,6,3,'petits'),(11322,6,3,'peux'),(10201,6,3,'pieces'),(28051,6,3,'pine'),(10992,6,3,'pisa'),(11001,6,3,'pise'),(10189,6,3,'plus'),(26670,6,3,'pont'),(26671,6,3,'port'),(25481,6,3,'pourras'),(25480,6,3,'precises'),(25135,6,3,'precision'),(26502,6,3,'pretee'),(10248,6,3,'proposes'),(27372,6,3,'publique'),(25486,6,3,'pyramide'),(25302,6,3,'quatre'),(10220,6,3,'rainure'),(26505,6,3,'realisation'),(10227,6,3,'realises'),(10667,6,3,'recree'),(25485,6,3,'reduit'),(27017,6,3,'represent'),(25131,6,3,'reproduire'),(26147,6,3,'rives'),(27889,6,3,'rome'),(10508,6,3,'roues'),(27370,6,3,'rouge'),(25295,6,3,'rover'),(26317,6,3,'sagrada'),(27720,6,3,'san'),(26148,6,3,'seine'),(26672,6,3,'sidney'),(10675,6,3,'sights'),(25128,6,3,'spatiaux'),(25483,6,3,'speciale'),(10198,6,3,'standard'),(10658,6,3,'statues'),(10179,6,3,'steam'),(26503,6,3,'structures'),(10247,6,3,'sujets'),(11315,6,3,'sydney'),(10251,6,3,'symbole'),(10832,6,3,'symboles'),(10215,6,3,'systeme'),(10835,6,3,'toi'),(10233,6,3,'tokyo'),(10991,6,3,'torre'),(11000,6,3,'tour'),(27546,6,3,'tradition'),(26838,6,3,'tram'),(10352,6,3,'transport'),(25303,6,3,'traverse'),(10214,6,3,'trouve'),(11160,6,3,'typique'),(10202,6,3,'une'),(10239,6,3,'uniques'),(25662,6,3,'utilise'),(25301,6,3,'vehicule'),(25817,6,3,'venezia'),(25824,6,3,'venise'),(11162,6,3,'vent'),(26844,6,3,'vert'),(26155,6,3,'ville'),(10243,6,3,'vraie'),(10191,6,3,'vrais'),(77967,7,3,'adult'),(77972,7,3,'creez'),(77970,7,3,'custom'),(77979,7,3,'kids'),(77968,7,3,'shirt'),(77969,7,3,'tag'),(77971,7,3,'thsirt'),(7861,8,3,'042736'),(7991,8,3,'042836'),(8133,8,3,'042837'),(8277,8,3,'042838'),(8421,8,3,'042839'),(8570,8,3,'042861'),(8717,8,3,'042889'),(7852,8,3,'100'),(7885,8,3,'1965'),(7858,8,3,'42736'),(7990,8,3,'42836'),(8132,8,3,'42837'),(8276,8,3,'42838'),(8420,8,3,'42839'),(8569,8,3,'42861'),(8716,8,3,'42889'),(8571,8,3,'45861'),(7862,8,3,'8003511427368'),(7992,8,3,'8003511428365'),(8134,8,3,'8003511428372'),(8278,8,3,'8003511428389'),(8422,8,3,'8003511428396'),(8718,8,3,'8003511428891'),(8572,8,3,'8003511458614'),(8131,8,3,'adventures'),(7855,8,3,'album'),(8567,8,3,'and'),(7901,8,3,'artisans'),(7876,8,3,'artistes'),(7874,8,3,'aux'),(7909,8,3,'avances'),(7996,8,3,'biface'),(7863,8,3,'boite'),(7857,8,3,'box'),(7865,8,3,'carioca'),(7999,8,3,'carton'),(7900,8,3,'chimistes'),(8566,8,3,'city'),(7853,8,3,'color'),(7872,8,3,'coloriage'),(7889,8,3,'colorier'),(8003,8,3,'composition'),(7899,8,3,'concepteurs'),(8005,8,3,'confection'),(7866,8,3,'contenante'),(8006,8,3,'contient'),(8013,8,3,'corps'),(7914,8,3,'couleurs'),(7879,8,3,'court'),(7905,8,3,'creer'),(7873,8,3,'dediee'),(7912,8,3,'design'),(7994,8,3,'dimensions'),(7893,8,3,'distribue'),(7906,8,3,'ecriture'),(7989,8,3,'empire'),(8001,8,3,'encastrements'),(7903,8,3,'ensemble'),(7895,8,3,'entier'),(7997,8,3,'entierement'),(7898,8,3,'equipe'),(7910,8,3,'expression'),(8016,8,3,'facile'),(8002,8,3,'facilitent'),(8715,8,3,'farm'),(7864,8,3,'fer'),(7870,8,3,'fine'),(7869,8,3,'grande'),(7993,8,3,'grandes'),(8714,8,3,'happy'),(7880,8,3,'idees'),(7888,8,3,'instruments'),(7883,8,3,'internationale'),(7892,8,3,'italie'),(7913,8,3,'italien'),(7878,8,3,'jamais'),(7896,8,3,'jour'),(8009,8,3,'joy'),(8012,8,3,'jumbo'),(8568,8,3,'jungle'),(7854,8,3,'kit'),(8007,8,3,'lavables'),(7871,8,3,'livre'),(7882,8,3,'marque'),(7867,8,3,'marqueurs'),(7987,8,3,'maxi'),(7911,8,3,'meilleur'),(7894,8,3,'monde'),(8419,8,3,'monster'),(7884,8,3,'nee'),(7860,8,3,'oca'),(8014,8,3,'octogonal'),(7904,8,3,'passion'),(7859,8,3,'pcs'),(7875,8,3,'petits'),(7995,8,3,'pieces'),(8275,8,3,'pirates'),(8004,8,3,'plus'),(8015,8,3,'poignee'),(7868,8,3,'pointe'),(8011,8,3,'precis'),(8000,8,3,'precision'),(7887,8,3,'production'),(7890,8,3,'produits'),(7988,8,3,'puzzle'),(7891,8,3,'realise'),(7998,8,3,'robustesse'),(7907,8,3,'simples'),(7897,8,3,'sites'),(7886,8,3,'specialisee'),(7908,8,3,'technologiqueme'),(7856,8,3,'tin'),(8010,8,3,'trait'),(7902,8,3,'travaille'),(8008,8,3,'typologies'),(7881,8,3,'une'),(7877,8,3,'veulent'),(28662,10,3,'0871772000129'),(28877,10,3,'0871772000136'),(29096,10,3,'0871772000235'),(29309,10,3,'0871772000242'),(34259,10,3,'0871772000259'),(43298,10,3,'0871772001348'),(43550,10,3,'0871772001355'),(43805,10,3,'0871772001416'),(44057,10,3,'0871772001423'),(44307,10,3,'0871772001430'),(44563,10,3,'0871772001447'),(44818,10,3,'0871772002611'),(45067,10,3,'0871772002628'),(45318,10,3,'0871772002635'),(45569,10,3,'0871772002642'),(45796,10,3,'0871772003304'),(46001,10,3,'0871772003366'),(46210,10,3,'0871772003373'),(46429,10,3,'0871772003427'),(46662,10,3,'0871772003434'),(54072,10,3,'0871772003441'),(54294,10,3,'0871772004615'),(54500,10,3,'0871772004622'),(54711,10,3,'0871772004639'),(54924,10,3,'0871772004646'),(55146,10,3,'0871772005322'),(55370,10,3,'0871772005339'),(67675,10,3,'0871772005834'),(67853,10,3,'0871772005841'),(68036,10,3,'0871772005865'),(68245,10,3,'0871772006015'),(68481,10,3,'0871772006022'),(68709,10,3,'0871772006039'),(68930,10,3,'0871772006046'),(69149,10,3,'0871772006053'),(69375,10,3,'0871772006213'),(69611,10,3,'0871772006312'),(69847,10,3,'0871772006329'),(70081,10,3,'0871772006336'),(70302,10,3,'0871772006718'),(70512,10,3,'0871772006725'),(77234,10,3,'0871772006732'),(77444,10,3,'0871772006749'),(77654,10,3,'0871772006756'),(77864,10,3,'0871772006763'),(55595,10,3,'0871772007210'),(66531,10,3,'0871772007227'),(66766,10,3,'0871772007234'),(67005,10,3,'0871772007241'),(67238,10,3,'0871772007258'),(67467,10,3,'0871772007265'),(42861,10,3,'100'),(67464,10,3,'103'),(28874,10,3,'104'),(29141,10,3,'110'),(54708,10,3,'114'),(44847,10,3,'127'),(46659,10,3,'142'),(66528,10,3,'146'),(67002,10,3,'164'),(29142,10,3,'174'),(54921,10,3,'192'),(28660,10,3,'200012'),(28875,10,3,'200013'),(29094,10,3,'200023'),(29307,10,3,'200024'),(34257,10,3,'200025'),(42811,10,3,'200128'),(43049,10,3,'200129'),(43296,10,3,'200134'),(43548,10,3,'200135'),(43803,10,3,'200141'),(44055,10,3,'200142'),(44305,10,3,'200143'),(44561,10,3,'200144'),(44816,10,3,'200261'),(45065,10,3,'200262'),(45316,10,3,'200263'),(45567,10,3,'200264'),(45794,10,3,'200330'),(45999,10,3,'200336'),(46208,10,3,'200337'),(46427,10,3,'200342'),(46660,10,3,'200343'),(54070,10,3,'200344'),(54292,10,3,'200461'),(54498,10,3,'200462'),(54709,10,3,'200463'),(54922,10,3,'200464'),(55144,10,3,'200532'),(55368,10,3,'200533'),(67673,10,3,'200583'),(67851,10,3,'200584'),(68034,10,3,'200586'),(68243,10,3,'200601'),(68479,10,3,'200602'),(68707,10,3,'200603'),(68928,10,3,'200604'),(69147,10,3,'200605'),(69373,10,3,'200621'),(69609,10,3,'200631'),(69845,10,3,'200632'),(70079,10,3,'200633'),(70300,10,3,'200671'),(70510,10,3,'200672'),(77232,10,3,'200673'),(77442,10,3,'200674'),(77652,10,3,'200675'),(77862,10,3,'200676'),(55593,10,3,'200721'),(66529,10,3,'200722'),(66764,10,3,'200723'),(67003,10,3,'200724'),(67236,10,3,'200725'),(67465,10,3,'200726'),(66763,10,3,'222'),(42812,10,3,'33112800'),(43050,10,3,'33112900'),(43297,10,3,'33113400'),(43549,10,3,'33113500'),(43804,10,3,'33114100'),(44056,10,3,'33114200'),(44306,10,3,'33114300'),(44562,10,3,'33114400'),(44817,10,3,'51026100'),(45066,10,3,'51026200'),(45317,10,3,'51026300'),(45568,10,3,'51026400'),(28661,10,3,'51101200'),(28876,10,3,'51101300'),(54293,10,3,'52046100'),(54499,10,3,'52046200'),(54710,10,3,'52046300'),(54923,10,3,'52046400'),(45795,10,3,'52333000'),(46000,10,3,'52333600'),(46209,10,3,'52333700'),(46428,10,3,'52434200'),(46661,10,3,'52434300'),(54071,10,3,'52434400'),(55145,10,3,'52753200'),(55369,10,3,'52753300'),(55594,10,3,'53072100'),(66530,10,3,'53072200'),(66765,10,3,'53072300'),(67004,10,3,'53072400'),(67466,10,3,'53072600'),(29095,10,3,'54002300'),(29308,10,3,'54002400'),(34258,10,3,'54002500'),(29110,10,3,'58mm'),(67237,10,3,'59072500'),(67674,10,3,'80058300'),(67852,10,3,'80058400'),(68035,10,3,'80058600'),(68244,10,3,'80060100'),(68480,10,3,'80060200'),(68708,10,3,'80060300'),(68929,10,3,'80060400'),(69148,10,3,'80060500'),(69374,10,3,'80062100'),(69610,10,3,'80063100'),(69846,10,3,'80063200'),(70080,10,3,'80063300'),(70301,10,3,'80067100'),(70511,10,3,'80067200'),(77233,10,3,'80067300'),(77443,10,3,'80067400'),(77653,10,3,'80067500'),(77863,10,3,'80067600'),(42813,10,3,'871772001287'),(43051,10,3,'871772001294'),(28683,10,3,'accesoire'),(54296,10,3,'accessoire'),(67700,10,3,'accessoires'),(29102,10,3,'acier'),(55609,10,3,'activite'),(68283,10,3,'activites'),(28692,10,3,'adaptabilite'),(55160,10,3,'adapte'),(46439,10,3,'adaptee'),(45319,10,3,'adultes'),(68936,10,3,'afrique'),(68712,10,3,'agilite'),(68711,10,3,'ailes'),(29112,10,3,'aimants'),(28677,10,3,'ajoute'),(67697,10,3,'ajouter'),(46436,10,3,'amateurs'),(68288,10,3,'ame'),(28762,10,3,'americains'),(69150,10,3,'amie'),(44833,10,3,'amusant'),(45797,10,3,'amusante'),(42831,10,3,'amusants'),(28737,10,3,'amuser'),(28656,10,3,'and'),(42846,10,3,'animal'),(42849,10,3,'animals'),(68277,10,3,'animaux'),(43815,10,3,'ans'),(28679,10,3,'apporte'),(42870,10,3,'apprendre'),(42863,10,3,'approuves'),(46663,10,3,'argent'),(69379,10,3,'armes'),(69151,10,3,'arrivee'),(46431,10,3,'assortis'),(44842,10,3,'assurent'),(68271,10,3,'asteroides'),(43304,10,3,'atmosphere'),(70307,10,3,'attache'),(43819,10,3,'attachees'),(42834,10,3,'attaches'),(68274,10,3,'atterris'),(55620,10,3,'attraction'),(67693,10,3,'autour'),(68259,10,3,'autres'),(28759,10,3,'aux'),(55596,10,3,'barre'),(28668,10,3,'barres'),(29099,10,3,'barrettes'),(28878,10,3,'base'),(54925,10,3,'bases'),(69388,10,3,'battent'),(55618,10,3,'beaucoup'),(67676,10,3,'beaux'),(45804,10,3,'belle'),(45068,10,3,'besoin'),(69382,10,3,'bete'),(68242,10,3,'beto'),(70319,10,3,'bien'),(28700,10,3,'billes'),(28655,10,3,'black'),(28669,10,3,'blanches'),(46433,10,3,'blancs'),(69608,10,3,'blatta'),(55149,10,3,'bleu'),(44824,10,3,'bleues'),(67671,10,3,'blue'),(29105,10,3,'boite'),(42844,10,3,'boites'),(68292,10,3,'bouger'),(55611,10,3,'bouges'),(68287,10,3,'boule'),(44836,10,3,'brillantes'),(55371,10,3,'brillants'),(45802,10,3,'brillent'),(42815,10,3,'building'),(67670,10,3,'bundle'),(55604,10,3,'cage'),(66532,10,3,'cages'),(68263,10,3,'calmar'),(43817,10,3,'caoutchouc'),(45069,10,3,'capacites'),(28684,10,3,'capturer'),(69397,10,3,'caracterisent'),(68279,10,3,'caracteristique'),(54502,10,3,'carre'),(28879,10,3,'carree'),(34262,10,3,'carrees'),(28674,10,3,'carres'),(43307,10,3,'cartes'),(43827,10,3,'castles'),(67695,10,3,'centrale'),(68273,10,3,'certains'),(67689,10,3,'cet'),(29130,10,3,'cette'),(68260,10,3,'changements'),(44567,10,3,'chateau'),(28730,10,3,'chef'),(55157,10,3,'chose'),(55150,10,3,'clair'),(44826,10,3,'claires'),(28695,10,3,'classic'),(43810,10,3,'clips'),(28666,10,3,'coffret'),(28678,10,3,'collection'),(29139,10,3,'collections'),(44815,10,3,'color'),(46440,10,3,'coloree'),(44058,10,3,'colorees'),(43813,10,3,'colores'),(67679,10,3,'combinaisons'),(44839,10,3,'combinees'),(68266,10,3,'commence'),(42869,10,3,'commencent'),(46442,10,3,'commencer'),(42855,10,3,'compatibles'),(70314,10,3,'completer'),(29115,10,3,'complexes'),(44564,10,3,'complexite'),(28698,10,3,'compose'),(67685,10,3,'composer'),(34260,10,3,'comprend'),(28736,10,3,'concus'),(55606,10,3,'cone'),(44846,10,3,'confections'),(28758,10,3,'conformes'),(67682,10,3,'conquerir'),(70323,10,3,'consent'),(28697,10,3,'construction'),(29097,10,3,'constructions'),(28703,10,3,'construire'),(42853,10,3,'contiennent'),(28667,10,3,'contient'),(43052,10,3,'contructions'),(68251,10,3,'cornes'),(42835,10,3,'cote'),(67698,10,3,'couleur'),(29134,10,3,'couleurs'),(67010,10,3,'couronne'),(42818,10,3,'cours'),(67696,10,3,'couverture'),(68290,10,3,'couvertures'),(69387,10,3,'creant'),(43808,10,3,'creatifs'),(44565,10,3,'creation'),(43303,10,3,'creations'),(28713,10,3,'creativite'),(42827,10,3,'cree'),(28722,10,3,'creer'),(70304,10,3,'creez'),(68487,10,3,'cretes'),(68262,10,3,'crevette'),(28751,10,3,'criteres'),(43301,10,3,'croitre'),(42810,10,3,'cubes'),(28738,10,3,'curiosite'),(69385,10,3,'debarque'),(67699,10,3,'deco'),(44820,10,3,'decouvrir'),(55154,10,3,'dedie'),(67672,10,3,'deko'),(68294,10,3,'deplace'),(44843,10,3,'deplacer'),(28694,10,3,'design'),(46435,10,3,'destinee'),(28663,10,3,'developpe'),(43814,10,3,'developpee'),(43806,10,3,'developpement'),(45320,10,3,'developper'),(28740,10,3,'devenir'),(42839,10,3,'deviennent'),(68257,10,3,'devient'),(67688,10,3,'different'),(28725,10,3,'differentes'),(29140,10,3,'differents'),(43302,10,3,'dimensions'),(69146,10,3,'dina'),(43812,10,3,'dinosaures'),(43802,10,3,'dinosaurs'),(29137,10,3,'disponible'),(45806,10,3,'diverses'),(54295,10,3,'donne'),(43308,10,3,'donnent'),(67678,10,3,'donner'),(29135,10,3,'donneront'),(68255,10,3,'doux'),(46445,10,3,'dynamiques'),(68713,10,3,'eaux'),(55158,10,3,'effets'),(43823,10,3,'elements'),(42842,10,3,'enfants'),(67008,10,3,'engrenages'),(68293,10,3,'enleve'),(43816,10,3,'enrichies'),(55608,10,3,'enrichit'),(67690,10,3,'ensemble'),(42857,10,3,'entierement'),(68934,10,3,'entre'),(28733,10,3,'entreprise'),(44831,10,3,'entrer'),(68281,10,3,'environnement'),(69396,10,3,'environnements'),(70306,10,3,'epreuve'),(28714,10,3,'esprit'),(42840,10,3,'etonnantes'),(28761,10,3,'europeens'),(68249,10,3,'evolue'),(69389,10,3,'evolution'),(28689,10,3,'exalter'),(68275,10,3,'excellentement'),(29125,10,3,'exceptionnels'),(42874,10,3,'experience'),(29111,10,3,'experts'),(55607,10,3,'extension'),(28749,10,3,'fabriques'),(29101,10,3,'facilement'),(42841,10,3,'faciles'),(42838,10,3,'facon'),(45800,10,3,'faite'),(28744,10,3,'famille'),(43053,10,3,'fantasieuses'),(42823,10,3,'fantastiques'),(44832,10,3,'fascinant'),(28707,10,3,'figures'),(69152,10,3,'filles'),(70322,10,3,'fixe'),(70309,10,3,'fixer'),(44827,10,3,'foncees'),(68280,10,3,'fonction'),(44838,10,3,'forces'),(69378,10,3,'foret'),(55153,10,3,'formats'),(42821,10,3,'forme'),(44844,10,3,'forment'),(28706,10,3,'formes'),(44837,10,3,'formidables'),(29114,10,3,'fortes'),(42814,10,3,'free'),(42847,10,3,'friends'),(43305,10,3,'froid'),(42845,10,3,'fruits'),(29109,10,3,'gamme'),(28659,10,3,'geo'),(28665,10,3,'geomag'),(68268,10,3,'geomagnetique'),(28732,10,3,'geomagworld'),(45798,10,3,'geometrie'),(28708,10,3,'geometriques'),(68714,10,3,'glacees'),(55148,10,3,'glietter'),(55143,10,3,'glitter'),(45793,10,3,'glow'),(28716,10,3,'grande'),(45571,10,3,'grandes'),(69377,10,3,'grandi'),(68247,10,3,'grandis'),(28746,10,3,'grands'),(46664,10,3,'graphiques'),(68033,10,3,'green'),(68489,10,3,'grenouille'),(29106,10,3,'gris'),(69376,10,3,'guerrier'),(68492,10,3,'herisson'),(69380,10,3,'heros'),(68491,10,3,'hibou'),(68264,10,3,'histoire'),(43828,10,3,'homes'),(43309,10,3,'idees'),(55614,10,3,'identication'),(70315,10,3,'illustrations'),(28687,10,3,'imagination'),(67703,10,3,'imaginatives'),(67691,10,3,'imbriques'),(29117,10,3,'importante'),(28705,10,3,'incroyable'),(42830,10,3,'incroyablement'),(46447,10,3,'incroyables'),(55597,10,3,'indicateur'),(46441,10,3,'inegalee'),(68296,10,3,'infini'),(29104,10,3,'infinies'),(29098,10,3,'ingenieuses'),(44840,10,3,'innombrables'),(42878,10,3,'innovatif'),(29116,10,3,'innovation'),(29144,10,3,'inspirant'),(70318,10,3,'inspiration'),(43310,10,3,'inspirations'),(43820,10,3,'inspirer'),(28685,10,3,'interet'),(67009,10,3,'internes'),(29123,10,3,'intuitif'),(42871,10,3,'invente'),(70320,10,3,'inventez'),(45074,10,3,'jaune'),(45073,10,3,'jaunes'),(68706,10,3,'jelo'),(42819,10,3,'jeu'),(42864,10,3,'jouer'),(42877,10,3,'jouet'),(28735,10,3,'jouets'),(70303,10,3,'jouez'),(42854,10,3,'jusqu'),(45570,10,3,'kit'),(67669,10,3,'kor'),(67680,10,3,'laisse'),(42816,10,3,'laisser'),(42828,10,3,'leader'),(28719,10,3,'leurs'),(68490,10,3,'lezard'),(42817,10,3,'libre'),(42865,10,3,'librement'),(68284,10,3,'ligne'),(42824,10,3,'limites'),(42843,10,3,'line'),(55602,10,3,'lineaires'),(67006,10,3,'lineares'),(28715,10,3,'logique'),(28699,10,3,'long'),(68484,10,3,'longue'),(69391,10,3,'lou'),(45805,10,3,'lueur'),(45801,10,3,'lumineux'),(46432,10,3,'magenta'),(43809,10,3,'magic'),(42808,10,3,'magicube'),(46443,10,3,'magie'),(44834,10,3,'magique'),(42833,10,3,'magiques'),(42826,10,3,'magnetique'),(28672,10,3,'magnetiques'),(42876,10,3,'magnetisme'),(55613,10,3,'manuelle'),(69395,10,3,'marais'),(69398,10,3,'masques'),(42860,10,3,'materiaux'),(55610,10,3,'mecaniques'),(55592,10,3,'mechanics'),(44830,10,3,'meilleure'),(68248,10,3,'mer'),(42866,10,3,'meres'),(70310,10,3,'met'),(28701,10,3,'metal'),(29108,10,3,'metalliques'),(29107,10,3,'metallisees'),(70305,10,3,'mettre'),(68256,10,3,'mignon'),(68278,10,3,'mignons'),(68270,10,3,'migration'),(28709,10,3,'modeles'),(43312,10,3,'mois'),(67687,10,3,'moment'),(44821,10,3,'monde'),(69381,10,3,'monstre'),(69612,10,3,'montagnes'),(43811,10,3,'montrent'),(68253,10,3,'mouvements'),(68250,10,3,'nageoires'),(45803,10,3,'noir'),(28675,10,3,'noirs'),(28704,10,3,'nombre'),(28671,10,3,'non'),(55616,10,3,'nord'),(42825,10,3,'nouveau'),(28681,10,3,'nouvelle'),(44845,10,3,'nouvelles'),(67677,10,3,'oeufs'),(28731,10,3,'oeuvre'),(28690,10,3,'offrir'),(68276,10,3,'ont'),(45075,10,3,'orange'),(45072,10,3,'oranges'),(28726,10,3,'originales'),(68291,10,3,'ovale'),(68478,10,3,'paco'),(68252,10,3,'paire'),(45321,10,3,'pales'),(28688,10,3,'panels'),(55598,10,3,'panneau'),(29131,10,3,'panneaux'),(44819,10,3,'parfaite'),(42852,10,3,'park'),(45070,10,3,'particulieres'),(43311,10,3,'partir'),(28741,10,3,'passe'),(46438,10,3,'pastel'),(68935,10,3,'paysages'),(28658,10,3,'pcs'),(42868,10,3,'pendant'),(28880,10,3,'pentagonale'),(45077,10,3,'pentagonales'),(34263,10,3,'pentagonaux'),(55151,10,3,'pentagone'),(28676,10,3,'pentagones'),(28702,10,3,'permet'),(28721,10,3,'permettent'),(68298,10,3,'permite'),(68931,10,3,'perroquet'),(43821,10,3,'personnages'),(68246,10,3,'petit'),(68486,10,3,'petites'),(28747,10,3,'petits'),(28739,10,3,'peuvent'),(45799,10,3,'phosphorescente'),(29143,10,3,'pieces'),(55601,10,3,'pieds'),(68710,10,3,'pingouin'),(46426,10,3,'pink'),(44828,10,3,'plaque'),(44841,10,3,'plaques'),(29132,10,3,'plastiques'),(55605,10,3,'plat'),(54073,10,3,'plate'),(67468,10,3,'plates'),(68932,10,3,'plumes'),(28754,10,3,'plus'),(44309,10,3,'plusieurs'),(68254,10,3,'poisson'),(43306,10,3,'polaire'),(42850,10,3,'polar'),(29120,10,3,'polarite'),(68715,10,3,'pole'),(55615,10,3,'poles'),(29121,10,3,'porte'),(68297,10,3,'possibilite'),(28693,10,3,'potentiel'),(29103,10,3,'potentiellement'),(28727,10,3,'pourra'),(67684,10,3,'pourras'),(55612,10,3,'poussee'),(70313,10,3,'pouvez'),(44823,10,3,'premieres'),(42820,10,3,'prend'),(29118,10,3,'presence'),(69153,10,3,'presente'),(69383,10,3,'primordiale'),(43826,10,3,'princess'),(44308,10,3,'princesses'),(29093,10,3,'pro'),(28734,10,3,'produit'),(28748,10,3,'produits'),(28664,10,3,'projets'),(70316,10,3,'proposees'),(70321,10,3,'propres'),(29124,10,3,'proprietes'),(69384,10,3,'proteon'),(68269,10,3,'provoquee'),(68289,10,3,'puis'),(29113,10,3,'puissants'),(28752,10,3,'qualite'),(55156,10,3,'quelque'),(44822,10,3,'quelques'),(68485,10,3,'queue'),(28718,10,3,'realisables'),(42822,10,3,'realise'),(42856,10,3,'realisees'),(28728,10,3,'realiser'),(68286,10,3,'realistes'),(55155,10,3,'recherchent'),(68032,10,3,'red'),(43299,10,3,'regardez'),(67692,10,3,'rejoignent'),(29100,10,3,'relient'),(67686,10,3,'rendre'),(29126,10,3,'reproduisez'),(55621,10,3,'repulsion'),(68258,10,3,'requin'),(28750,10,3,'respect'),(42836,10,3,'rester'),(42872,10,3,'reussi'),(42829,10,3,'revolutionne'),(46434,10,3,'riche'),(28755,10,3,'rigoureux'),(42848,10,3,'river'),(43825,10,3,'robots'),(69613,10,3,'rocheuses'),(69393,10,3,'rocheux'),(55600,10,3,'rondelles'),(70308,10,3,'ronds'),(46437,10,3,'rose'),(46430,10,3,'roses'),(68037,10,3,'rouge'),(45071,10,3,'rouges'),(55603,10,3,'roulement'),(42851,10,3,'safari'),(43551,10,3,'savane'),(43807,10,3,'scenarios'),(55159,10,3,'scintillants'),(28753,10,3,'securite'),(44829,10,3,'serie'),(42809,10,3,'set'),(28745,10,3,'sollicitant'),(28711,10,3,'sortes'),(70317,10,3,'source'),(43818,10,3,'special'),(67702,10,3,'speciales'),(29129,10,3,'specialistes'),(67694,10,3,'sphere'),(28670,10,3,'spheres'),(28691,10,3,'stabilite'),(28760,10,3,'standards'),(28712,10,3,'stimule'),(68285,10,3,'stimulent'),(28686,10,3,'stimuler'),(28723,10,3,'structures'),(55617,10,3,'sud'),(42858,10,3,'suisse'),(28757,10,3,'suisses'),(67007,10,3,'supports'),(44835,10,3,'surprenant'),(46444,10,3,'surprises'),(42862,10,3,'surs'),(42832,10,3,'surtout'),(42837,10,3,'suspendus'),(69844,10,3,'swomp'),(68482,10,3,'sympa'),(43822,10,3,'sympas'),(28696,10,3,'systeme'),(55619,10,3,'tailles'),(69372,10,3,'taurex'),(68265,10,3,'tazoo'),(29127,10,3,'techniques'),(68267,10,3,'tempete'),(28742,10,3,'temps'),(69392,10,3,'terrain'),(69386,10,3,'terre'),(43824,10,3,'themes'),(55152,10,3,'tiges'),(68927,10,3,'toco'),(67681,10,3,'toi'),(28724,10,3,'toujours'),(68483,10,3,'tournantes'),(68295,10,3,'tourne'),(28743,10,3,'toute'),(28710,10,3,'toutes'),(42867,10,3,'tranquilles'),(28720,10,3,'transformations'),(68261,10,3,'transforme'),(68488,10,3,'transformer'),(45076,10,3,'transparentes'),(29133,10,3,'transparents'),(28673,10,3,'triangles'),(34261,10,3,'triangulaires'),(29138,10,3,'trois'),(67239,10,3,'tube'),(55599,10,3,'tubes'),(69390,10,3,'type'),(28756,10,3,'typiques'),(28680,10,3,'une'),(42875,10,3,'unique'),(67701,10,3,'uniques'),(68272,10,3,'univers'),(29122,10,3,'usage'),(42859,10,3,'utilise'),(29128,10,3,'utilisees'),(42873,10,3,'utiliser'),(28717,10,3,'variete'),(28729,10,3,'veritable'),(29136,10,3,'versatilite'),(68038,10,3,'verte'),(44825,10,3,'vertes'),(54501,10,3,'verts'),(28682,10,3,'vie'),(55147,10,3,'violetes'),(45572,10,3,'violettes'),(29119,10,3,'visible'),(68282,10,3,'vivent'),(46446,10,3,'vives'),(69394,10,3,'volcan'),(68933,10,3,'vole'),(43300,10,3,'vos'),(70312,10,3,'voyez'),(44566,10,3,'vrai'),(70311,10,3,'vraiment'),(70078,10,3,'vulkram'),(28657,10,3,'white'),(67850,10,3,'yellow'),(67683,10,3,'yeux'),(10264,11,3,'000001'),(10424,11,3,'000005'),(10581,11,3,'000006'),(10748,11,3,'000009'),(10912,11,3,'000029'),(11077,11,3,'000030'),(11238,11,3,'000043'),(11401,11,3,'000052'),(25211,11,3,'000084'),(25385,11,3,'000085'),(25564,11,3,'000086'),(25738,11,3,'000087'),(25904,11,3,'000092'),(26070,11,3,'000093'),(26236,11,3,'000097'),(26409,11,3,'000098'),(26582,11,3,'000099'),(26753,11,3,'000101'),(26928,11,3,'000102'),(27102,11,3,'000104'),(27277,11,3,'000106'),(27456,11,3,'000113'),(27629,11,3,'000115'),(27802,11,3,'000116'),(27970,11,3,'000121'),(28143,11,3,'000133'),(10422,11,3,'005'),(10579,11,3,'006'),(10746,11,3,'009'),(10910,11,3,'029'),(11075,11,3,'030'),(28466,11,3,'031'),(11400,11,3,'052'),(25209,11,3,'084'),(25383,11,3,'085'),(25563,11,3,'086'),(25736,11,3,'087'),(25902,11,3,'092'),(26068,11,3,'093'),(26234,11,3,'097'),(26407,11,3,'098'),(26583,11,3,'101'),(26926,11,3,'102'),(27101,11,3,'104'),(27276,11,3,'106'),(27454,11,3,'113'),(27628,11,3,'115'),(27800,11,3,'116'),(27968,11,3,'121'),(28141,11,3,'133'),(28467,11,3,'1350'),(28303,11,3,'1635'),(28304,11,3,'202982'),(26581,11,3,'2200'),(25210,11,3,'230'),(25384,11,3,'250'),(26927,11,3,'290'),(28142,11,3,'297'),(27455,11,3,'300'),(26235,11,3,'310'),(27969,11,3,'318'),(10747,11,3,'320'),(25903,11,3,'350'),(27801,11,3,'380'),(26408,11,3,'390'),(26069,11,3,'400'),(10580,11,3,'430'),(25737,11,3,'437'),(10911,11,3,'460'),(10750,11,3,'4972825139325'),(10914,11,3,'4972825142684'),(11079,11,3,'4972825142691'),(10266,11,3,'4972825143698'),(11239,11,3,'4972825144381'),(11403,11,3,'4972825145753'),(10583,11,3,'4972825146958'),(25213,11,3,'4972825149638'),(25387,11,3,'4972825149645'),(25566,11,3,'4972825149690'),(25740,11,3,'4972825149751'),(26238,11,3,'4972825149768'),(25906,11,3,'4972825201053'),(26072,11,3,'4972825201060'),(26584,11,3,'4972825201152'),(26411,11,3,'4972825201169'),(26755,11,3,'4972825201565'),(26930,11,3,'4972825201572'),(27104,11,3,'4972825201992'),(27279,11,3,'4972825202012'),(27458,11,3,'4972825202463'),(27631,11,3,'4972825202487'),(27804,11,3,'4972825202494'),(27972,11,3,'4972825202616'),(28145,11,3,'4972825202951'),(28305,11,3,'4972825202982'),(28468,11,3,'4972825206041'),(11076,11,3,'530'),(10423,11,3,'777'),(10261,11,3,'800'),(10426,11,3,'828988201284'),(26413,11,3,'admirable'),(10337,11,3,'advanced'),(10314,11,3,'affirmes'),(10336,11,3,'ages'),(10586,11,3,'aime'),(10430,11,3,'amants'),(10272,11,3,'amateurs'),(10917,11,3,'amuse'),(25221,11,3,'appareil'),(10334,11,3,'appropries'),(10754,11,3,'architecturales'),(26415,11,3,'art'),(10296,11,3,'attelage'),(26586,11,3,'attention'),(10429,11,3,'aux'),(26417,11,3,'barcelone'),(10304,11,3,'base'),(10312,11,3,'basee'),(27280,11,3,'beaux'),(10909,11,3,'ben'),(10919,11,3,'bien'),(10908,11,3,'big'),(10427,11,3,'boite'),(25214,11,3,'boites'),(28140,11,3,'bonsai'),(26752,11,3,'bridge'),(10285,11,3,'briques'),(27099,11,3,'buckingham'),(27453,11,3,'bus'),(25569,11,3,'capital'),(10318,11,3,'caracteristique'),(26580,11,3,'castle'),(11405,11,3,'celebre'),(10756,11,3,'celebres'),(10588,11,3,'cet'),(11080,11,3,'cette'),(27281,11,3,'chateaux'),(25735,11,3,'church'),(25746,11,3,'clocher'),(25907,11,3,'coin'),(27974,11,3,'colisee'),(10329,11,3,'collectionner'),(27967,11,3,'colosseum'),(10290,11,3,'communs'),(28306,11,3,'completes'),(10270,11,3,'complets'),(10279,11,3,'confection'),(25568,11,3,'connu'),(26590,11,3,'connues'),(11081,11,3,'consacre'),(25215,11,3,'consacree'),(10306,11,3,'construction'),(10273,11,3,'constructions'),(10291,11,3,'construire'),(25567,11,3,'construis'),(26412,11,3,'contenues'),(10280,11,3,'contient'),(27462,11,3,'continent'),(10286,11,3,'costruire'),(26066,11,3,'dame'),(10428,11,3,'dediee'),(28464,11,3,'deluxe'),(10297,11,3,'derriere'),(10287,11,3,'dessinee'),(25745,11,3,'detail'),(10274,11,3,'detaillees'),(25220,11,3,'details'),(10289,11,3,'dimension'),(25217,11,3,'dimensions'),(10302,11,3,'distancer'),(10320,11,3,'donnant'),(26241,11,3,'donne'),(10299,11,3,'double'),(10743,11,3,'easter'),(26932,11,3,'eau'),(11406,11,3,'echelle'),(28465,11,3,'edition'),(25743,11,3,'eglise'),(11237,11,3,'elshout'),(10752,11,3,'endroits'),(10589,11,3,'ensamble'),(10316,11,3,'entier'),(10310,11,3,'entreprise'),(26243,11,3,'environnement'),(25224,11,3,'espace'),(25574,11,3,'essayer'),(10305,11,3,'exigences'),(26585,11,3,'expression'),(25747,11,3,'exterieur'),(10303,11,3,'facilite'),(10584,11,3,'fameux'),(26406,11,3,'familia'),(10321,11,3,'feu'),(26587,11,3,'formidable'),(25570,11,3,'francais'),(27806,11,3,'francisco'),(10326,11,3,'gamme'),(27799,11,3,'gate'),(26416,11,3,'gaudi'),(27798,11,3,'golden'),(10335,11,3,'gouts'),(10298,11,3,'grace'),(25222,11,3,'grande'),(25909,11,3,'guideront'),(10749,11,3,'h009'),(27278,11,3,'h010'),(10913,11,3,'h029'),(11078,11,3,'h030'),(11402,11,3,'h052'),(25212,11,3,'h084'),(25386,11,3,'h085'),(25565,11,3,'h086'),(25739,11,3,'h087'),(25905,11,3,'h092'),(26071,11,3,'h093'),(26237,11,3,'h097'),(26410,11,3,'h098'),(26754,11,3,'h101'),(26929,11,3,'h102'),(27103,11,3,'h104'),(27457,11,3,'h113'),(27630,11,3,'h115'),(27803,11,3,'h116'),(27971,11,3,'h121'),(28144,11,3,'h133'),(26751,11,3,'harbour'),(25741,11,3,'hauteur'),(26579,11,3,'himeji'),(10435,11,3,'histoire'),(10338,11,3,'hobby'),(28307,11,3,'horizon'),(11399,11,3,'house'),(26933,11,3,'icone'),(10753,11,3,'icones'),(10757,11,3,'ile'),(25579,11,3,'inclue'),(25571,11,3,'instructions'),(10744,11,3,'island'),(10288,11,3,'japon'),(10585,11,3,'japonais'),(10311,11,3,'japonaise'),(27627,11,3,'kaminarimon'),(10308,11,3,'kawada'),(11236,11,3,'kinderduk'),(25208,11,3,'landing'),(10325,11,3,'large'),(10317,11,3,'leurs'),(10283,11,3,'ligne'),(10260,11,3,'locomotive'),(10333,11,3,'loisirs'),(27452,11,3,'london'),(10916,11,3,'londres'),(25562,11,3,'louvre'),(10309,11,3,'ltd'),(25207,11,3,'lunar'),(25391,11,3,'lune'),(10265,11,3,'m001'),(10425,11,3,'m005'),(10582,11,3,'m006'),(10324,11,3,'manie'),(10434,11,3,'marque'),(10277,11,3,'maton'),(25742,11,3,'maximale'),(26924,11,3,'melbourne'),(10292,11,3,'mesure'),(26073,11,3,'micro'),(10741,11,3,'moai'),(25576,11,3,'modele'),(10267,11,3,'modeles'),(11235,11,3,'molen'),(10315,11,3,'monde'),(26239,11,3,'monument'),(10578,11,3,'motorcycle'),(11241,11,3,'moulin'),(10431,11,3,'moyens'),(25561,11,3,'musee'),(10420,11,3,'mustang'),(10263,11,3,'nan'),(10268,11,3,'nanoblock'),(10745,11,3,'nbh'),(10421,11,3,'nbm'),(11243,11,3,'neerlandais'),(27275,11,3,'neuschwanstein'),(27460,11,3,'niveaux'),(26414,11,3,'oeuvre'),(10330,11,3,'offrir'),(10433,11,3,'ont'),(11398,11,3,'opera'),(10322,11,3,'ouvert'),(10419,11,3,'p51'),(28463,11,3,'pagoda'),(27100,11,3,'palace'),(10758,11,3,'paques'),(10755,11,3,'parfaitement'),(26067,11,3,'paris'),(10293,11,3,'particularite'),(10332,11,3,'passions'),(10262,11,3,'pcs'),(10301,11,3,'permet'),(25218,11,3,'permettent'),(26242,11,3,'permetteront'),(10276,11,3,'petit'),(10275,11,3,'petites'),(10284,11,3,'petits'),(11404,11,3,'peux'),(10281,11,3,'pieces'),(28139,11,3,'pine'),(11074,11,3,'pisa'),(11083,11,3,'pise'),(10269,11,3,'plus'),(26756,11,3,'pont'),(26757,11,3,'port'),(25573,11,3,'pourras'),(25572,11,3,'precises'),(25223,11,3,'precision'),(26588,11,3,'pretee'),(10328,11,3,'proposes'),(27461,11,3,'publique'),(25578,11,3,'pyramide'),(25389,11,3,'quatre'),(10300,11,3,'rainure'),(26591,11,3,'realisation'),(10307,11,3,'realises'),(10751,11,3,'recree'),(25577,11,3,'reduit'),(27105,11,3,'represent'),(25219,11,3,'reproduire'),(26232,11,3,'rives'),(27973,11,3,'rome'),(10587,11,3,'roues'),(27459,11,3,'rouge'),(25382,11,3,'rover'),(26405,11,3,'sagrada'),(27805,11,3,'san'),(26233,11,3,'seine'),(26758,11,3,'sidney'),(10759,11,3,'sights'),(25216,11,3,'spatiaux'),(25575,11,3,'speciale'),(10278,11,3,'standard'),(10742,11,3,'statues'),(10259,11,3,'steam'),(26589,11,3,'structures'),(10327,11,3,'sujets'),(11397,11,3,'sydney'),(10331,11,3,'symbole'),(10915,11,3,'symboles'),(10295,11,3,'systeme'),(10918,11,3,'toi'),(10313,11,3,'tokyo'),(11073,11,3,'torre'),(11082,11,3,'tour'),(27632,11,3,'tradition'),(26925,11,3,'tram'),(10432,11,3,'transport'),(25390,11,3,'traverse'),(10294,11,3,'trouve'),(11240,11,3,'typique'),(10282,11,3,'une'),(10319,11,3,'uniques'),(25744,11,3,'utilise'),(25388,11,3,'vehicule'),(25901,11,3,'venezia'),(25908,11,3,'venise'),(11242,11,3,'vent'),(26931,11,3,'vert'),(26240,11,3,'ville'),(10323,11,3,'vraie'),(10271,11,3,'vrais'),(8864,12,3,'000806'),(8998,12,3,'000807'),(9135,12,3,'000808'),(9274,12,3,'000809'),(9420,12,3,'000810'),(9572,12,3,'000842'),(9718,12,3,'000846'),(9849,12,3,'000848'),(9981,12,3,'000849'),(10115,12,3,'000856'),(8860,12,3,'0806'),(8996,12,3,'0807'),(9134,12,3,'0808'),(9272,12,3,'0809'),(9419,12,3,'0810'),(9570,12,3,'0842'),(9716,12,3,'0846'),(9847,12,3,'0848'),(9979,12,3,'0849'),(10113,12,3,'0856'),(9980,12,3,'11400'),(9848,12,3,'11600'),(9279,12,3,'120'),(9273,12,3,'14800'),(8924,12,3,'1953'),(9571,12,3,'25200'),(9717,12,3,'5400'),(10114,12,3,'5600'),(8997,12,3,'6000'),(8861,12,3,'6600'),(8865,12,3,'8007905008065'),(8999,12,3,'8007905008072'),(9136,12,3,'8007905008089'),(9275,12,3,'8007905008096'),(9421,12,3,'8007905008102'),(9573,12,3,'8007905008423'),(9719,12,3,'8007905008461'),(9850,12,3,'8007905008485'),(9982,12,3,'8007905008492'),(10116,12,3,'8007905008560'),(8889,12,3,'activite'),(9004,12,3,'aimes'),(8894,12,3,'angoisses'),(8872,12,3,'anna'),(8888,12,3,'ans'),(8857,12,3,'art'),(8877,12,3,'boite'),(9284,12,3,'cadre'),(8900,12,3,'certaine'),(8876,12,3,'cette'),(9428,12,3,'charger'),(8862,12,3,'chiodini'),(9429,12,3,'choisie'),(9277,12,3,'choisir'),(8874,12,3,'clous'),(8896,12,3,'concentration'),(9425,12,3,'connecter'),(8878,12,3,'contient'),(8880,12,3,'couleurs'),(9276,12,3,'creatif'),(9720,12,3,'creer'),(8890,12,3,'destressante'),(8879,12,3,'differentes'),(9002,12,3,'disney'),(8901,12,3,'distance'),(9424,12,3,'dois'),(8871,12,3,'elsa'),(8886,12,3,'enfants'),(9436,12,3,'enfin'),(8915,12,3,'entierement'),(9278,12,3,'entre'),(8918,12,3,'entreprise'),(8893,12,3,'esprit'),(8921,12,3,'fameux'),(8895,12,3,'favorise'),(9723,12,3,'fiches'),(8911,12,3,'fin'),(8859,12,3,'frozen'),(9724,12,3,'guide'),(9423,12,3,'ignegnieux'),(9433,12,3,'image'),(8899,12,3,'images'),(9432,12,3,'imprimer'),(8873,12,3,'ingenieux'),(9422,12,3,'innovante'),(9437,12,3,'inserer'),(9431,12,3,'instructions'),(8867,12,3,'intelligent'),(8885,12,3,'intelligents'),(8916,12,3,'italie'),(8866,12,3,'jeu'),(8914,12,3,'jeux'),(8883,12,3,'ligne'),(8906,12,3,'magie'),(8905,12,3,'melangent'),(8995,12,3,'mickey'),(8907,12,3,'miliers'),(8919,12,3,'nee'),(8908,12,3,'nouvelles'),(8922,12,3,'ont'),(8887,12,3,'partir'),(9722,12,3,'personnage'),(9001,12,3,'personnages'),(8897,12,3,'petits'),(8858,12,3,'photo'),(8904,12,3,'photos'),(8856,12,3,'pixel'),(9003,12,3,'plus'),(8910,12,3,'pointillisme'),(9434,12,3,'positionnant'),(8868,12,3,'pourras'),(8923,12,3,'premiere'),(9133,12,3,'princess'),(9137,12,3,'princesses'),(8909,12,3,'principe'),(8884,12,3,'produits'),(8863,12,3,'qrc'),(8875,12,3,'quercetti'),(9427,12,3,'quercettiart'),(9283,12,3,'recreer'),(8898,12,3,'regarde'),(8891,12,3,'regeneratrice'),(8869,12,3,'reproduire'),(8902,12,3,'semblent'),(8913,12,3,'siecle'),(9282,12,3,'site'),(9713,12,3,'star'),(9721,12,3,'stoormtrooper'),(9715,12,3,'stormtrooper'),(9430,12,3,'suivre'),(9435,12,3,'tableau'),(8881,12,3,'tableaux'),(9281,12,3,'telechargeable'),(9280,12,3,'travaux'),(8920,12,3,'turin'),(8882,12,3,'une'),(8903,12,3,'veritables'),(8892,12,3,'vide'),(8917,12,3,'ville'),(8870,12,3,'visage'),(9000,12,3,'visages'),(9714,12,3,'wars'),(9426,12,3,'www'),(8912,12,3,'xixeme'),(10112,12,3,'yoda'),(77973,13,3,'adult'),(77978,13,3,'creez'),(77976,13,3,'custom'),(77985,13,3,'kids'),(77974,13,3,'shirt'),(77975,13,3,'tag'),(77977,13,3,'thsirt'),(33222,3,4,'0871772000129'),(33430,3,4,'0871772000136'),(33650,3,4,'0871772000235'),(33891,3,4,'0871772000242'),(34135,3,4,'0871772000259'),(47353,3,4,'0871772001348'),(47597,3,4,'0871772001355'),(47840,3,4,'0871772001416'),(48085,3,4,'0871772001423'),(48311,3,4,'0871772001430'),(48541,3,4,'0871772001447'),(48773,3,4,'0871772002611'),(49035,3,4,'0871772002628'),(49297,3,4,'0871772002635'),(49559,3,4,'0871772002642'),(49824,3,4,'0871772003304'),(50053,3,4,'0871772003366'),(50289,3,4,'0871772003373'),(50524,3,4,'0871772003427'),(50756,3,4,'0871772003434'),(50985,3,4,'0871772003441'),(55825,3,4,'0871772004615'),(56037,3,4,'0871772004622'),(56252,3,4,'0871772004639'),(56478,3,4,'0871772004646'),(56710,3,4,'0871772005322'),(56919,3,4,'0871772005339'),(72166,3,4,'0871772005834'),(72346,3,4,'0871772005841'),(72531,3,4,'0871772005865'),(72714,3,4,'0871772006015'),(72984,3,4,'0871772006022'),(73250,3,4,'0871772006039'),(73502,3,4,'0871772006046'),(73746,3,4,'0871772006053'),(73986,3,4,'0871772006213'),(74260,3,4,'0871772006312'),(74538,3,4,'0871772006329'),(74812,3,4,'0871772006336'),(75085,3,4,'0871772006718'),(75311,3,4,'0871772006725'),(77993,3,4,'0871772006732'),(78219,3,4,'0871772006749'),(78445,3,4,'0871772006756'),(78671,3,4,'0871772006763'),(57130,3,4,'0871772007210'),(70618,3,4,'0871772007227'),(70926,3,4,'0871772007234'),(71240,3,4,'0871772007241'),(71559,3,4,'0871772007258'),(71858,3,4,'0871772007265'),(46961,3,4,'100'),(71855,3,4,'103'),(33427,3,4,'104'),(33713,3,4,'110'),(56249,3,4,'114'),(48804,3,4,'127'),(50753,3,4,'142'),(70615,3,4,'146'),(71237,3,4,'164'),(33714,3,4,'174'),(56475,3,4,'192'),(33220,3,4,'200012'),(33428,3,4,'200013'),(33648,3,4,'200023'),(33889,3,4,'200024'),(34133,3,4,'200025'),(46899,3,4,'200128'),(47127,3,4,'200129'),(47351,3,4,'200134'),(47595,3,4,'200135'),(47838,3,4,'200141'),(48083,3,4,'200142'),(48309,3,4,'200143'),(48539,3,4,'200144'),(48771,3,4,'200261'),(49033,3,4,'200262'),(49295,3,4,'200263'),(49557,3,4,'200264'),(49822,3,4,'200330'),(50051,3,4,'200336'),(50287,3,4,'200337'),(50522,3,4,'200342'),(50754,3,4,'200343'),(50983,3,4,'200344'),(55823,3,4,'200461'),(56035,3,4,'200462'),(56250,3,4,'200463'),(56476,3,4,'200464'),(56708,3,4,'200532'),(56917,3,4,'200533'),(72164,3,4,'200583'),(72344,3,4,'200584'),(72529,3,4,'200586'),(72712,3,4,'200601'),(72982,3,4,'200602'),(73248,3,4,'200603'),(73500,3,4,'200604'),(73744,3,4,'200605'),(73984,3,4,'200621'),(74258,3,4,'200631'),(74536,3,4,'200632'),(74810,3,4,'200633'),(75083,3,4,'200671'),(75309,3,4,'200672'),(77991,3,4,'200673'),(78217,3,4,'200674'),(78443,3,4,'200675'),(78669,3,4,'200676'),(57128,3,4,'200721'),(70616,3,4,'200722'),(70924,3,4,'200723'),(71238,3,4,'200724'),(71557,3,4,'200725'),(71856,3,4,'200726'),(70923,3,4,'222'),(46900,3,4,'33112800'),(47128,3,4,'33112900'),(47352,3,4,'33113400'),(47596,3,4,'33113500'),(47839,3,4,'33114100'),(48084,3,4,'33114200'),(48310,3,4,'33114300'),(48540,3,4,'33114400'),(48772,3,4,'51026100'),(49034,3,4,'51026200'),(49296,3,4,'51026300'),(49558,3,4,'51026400'),(33221,3,4,'51101200'),(33429,3,4,'51101300'),(55824,3,4,'52046100'),(56036,3,4,'52046200'),(56251,3,4,'52046300'),(56477,3,4,'52046400'),(49823,3,4,'52333000'),(50052,3,4,'52333600'),(50288,3,4,'52333700'),(50523,3,4,'52434200'),(50755,3,4,'52434300'),(50984,3,4,'52434400'),(56709,3,4,'52753200'),(56918,3,4,'52753300'),(57129,3,4,'53072100'),(70617,3,4,'53072200'),(70925,3,4,'53072300'),(71239,3,4,'53072400'),(71857,3,4,'53072600'),(33649,3,4,'54002300'),(33890,3,4,'54002400'),(34134,3,4,'54002500'),(33667,3,4,'58mm'),(71558,3,4,'59072500'),(72165,3,4,'80058300'),(72345,3,4,'80058400'),(72530,3,4,'80058600'),(72713,3,4,'80060100'),(72983,3,4,'80060200'),(73249,3,4,'80060300'),(73501,3,4,'80060400'),(73745,3,4,'80060500'),(73985,3,4,'80062100'),(74259,3,4,'80063100'),(74537,3,4,'80063200'),(74811,3,4,'80063300'),(75084,3,4,'80067100'),(75310,3,4,'80067200'),(77992,3,4,'80067300'),(78218,3,4,'80067400'),(78444,3,4,'80067500'),(78670,3,4,'80067600'),(46901,3,4,'871772001287'),(47129,3,4,'871772001294'),(72188,3,4,'accessori'),(48794,3,4,'acciaio'),(73256,3,4,'acque'),(50532,3,4,'adatta'),(56721,3,4,'adatto'),(46935,3,4,'addirittura'),(49300,3,4,'adulti'),(48786,3,4,'affascinante'),(73511,3,4,'africa'),(72761,3,4,'aggiungendo'),(72186,3,4,'aggiungere'),(33239,3,4,'aggiungi'),(57176,3,4,'aggiungono'),(73255,3,4,'agilita'),(49299,3,4,'agli'),(57182,3,4,'aiuto'),(72763,3,4,'alcune'),(72745,3,4,'alcuni'),(73253,3,4,'ali'),(72752,3,4,'all'),(33246,3,4,'alle'),(49827,3,4,'allenare'),(33676,3,4,'altra'),(50530,3,4,'amanti'),(47356,3,4,'ambientate'),(72753,3,4,'ambiente'),(74006,3,4,'ambienti'),(33320,3,4,'americani'),(73748,3,4,'amica'),(49841,3,4,'amici'),(33216,3,4,'and'),(72773,3,4,'andando'),(72759,3,4,'anima'),(46946,3,4,'animal'),(73987,3,4,'animale'),(72750,3,4,'animaletti'),(72716,3,4,'animaletto'),(46949,3,4,'animals'),(47849,3,4,'anni'),(47369,3,4,'anno'),(46971,3,4,'apprendimento'),(49036,3,4,'arancione'),(55827,3,4,'arancioni'),(73991,3,4,'armi'),(47854,3,4,'arricchiscono'),(47359,3,4,'arricchita'),(33693,3,4,'assolutamente'),(72743,3,4,'asteroidi'),(47853,3,4,'attaccano'),(46930,3,4,'attaccarsi'),(72747,3,4,'atterrati'),(57165,3,4,'attivita'),(72182,3,4,'attorno'),(57178,3,4,'attraverso'),(57190,3,4,'attrazione'),(34139,3,4,'aumentano'),(33682,3,4,'aver'),(33289,3,4,'azienda'),(73506,3,4,'azzurre'),(56038,3,4,'azzurri'),(48780,3,4,'azzurro'),(73747,3,4,'bambine'),(33305,3,4,'bambini'),(47856,3,4,'bambino'),(57139,3,4,'barre'),(57132,3,4,'barretta'),(33229,3,4,'barrette'),(48803,3,4,'base'),(72725,3,4,'bastano'),(73993,3,4,'bestia'),(72711,3,4,'beto'),(33230,3,4,'bianche'),(33433,3,4,'bianchi'),(33215,3,4,'black'),(74257,3,4,'blatta'),(49302,3,4,'blu'),(72161,3,4,'blue'),(73989,3,4,'boscaglia'),(48790,3,4,'brillanti'),(56712,3,4,'brillantinati'),(46903,3,4,'building'),(49838,3,4,'buio'),(72160,3,4,'bundle'),(57183,3,4,'bussola'),(72735,3,4,'calamaro'),(46981,3,4,'campo'),(33287,3,4,'capolavoro'),(73999,3,4,'caratteristiche'),(74007,3,4,'caratterizzato'),(72730,3,4,'carino'),(47360,3,4,'carte'),(48543,3,4,'castello'),(48537,3,4,'castles'),(57187,3,4,'catena'),(33249,3,4,'cattureranno'),(72741,3,4,'causata'),(72184,3,4,'centrale'),(56716,3,4,'cerca'),(48782,3,4,'chiaro'),(57169,3,4,'cilindri'),(33689,3,4,'cio'),(33258,3,4,'classic'),(57154,3,4,'classica'),(47844,3,4,'clips'),(72989,3,4,'coda'),(33242,3,4,'collezione'),(33661,3,4,'color'),(50534,3,4,'colorata'),(47848,3,4,'colorati'),(33683,3,4,'colorato'),(50054,3,4,'colore'),(33708,3,4,'colori'),(57156,3,4,'combaciano'),(73997,3,4,'combattono'),(72169,3,4,'combinazioni'),(34138,3,4,'come'),(46953,3,4,'compatibili'),(33674,3,4,'complesse'),(34141,3,4,'complessita'),(46917,3,4,'completamente'),(75097,3,4,'completare'),(72174,3,4,'comporre'),(57160,3,4,'composto'),(46944,3,4,'comprende'),(50525,3,4,'confezione'),(33712,3,4,'confezioni'),(75093,3,4,'confini'),(70927,3,4,'coni'),(57144,3,4,'cono'),(72171,3,4,'conquistare'),(49298,3,4,'consente'),(33680,3,4,'consiste'),(33668,3,4,'contenenti'),(33228,3,4,'contiene'),(72724,3,4,'cornini'),(71245,3,4,'corona'),(46933,3,4,'cosi'),(33261,3,4,'costituita'),(48788,3,4,'costituito'),(33263,3,4,'costruire'),(33260,3,4,'costruzione'),(33255,3,4,'costruzioni'),(72185,3,4,'cover'),(72764,3,4,'covers'),(72760,3,4,'creando'),(33286,3,4,'creare'),(46918,3,4,'creata'),(33273,3,4,'creativita'),(33280,3,4,'creazione'),(33248,3,4,'creazioni'),(74000,3,4,'cresciuti'),(72717,3,4,'cresciuto'),(72990,3,4,'creste'),(33310,3,4,'criteri'),(46898,3,4,'cubes'),(46914,3,4,'cubetti'),(46923,3,4,'cubi'),(33297,3,4,'curiosita'),(49825,3,4,'curioso'),(57174,3,4,'cuscinetti'),(57141,3,4,'cuscinetto'),(50533,3,4,'dai'),(50528,3,4,'dalle'),(72749,3,4,'dando'),(47361,3,4,'danno'),(72168,3,4,'dar'),(33243,3,4,'darai'),(33697,3,4,'dare'),(46978,3,4,'davvero'),(72187,3,4,'deco'),(33671,3,4,'dedicata'),(56715,3,4,'dedicati'),(74005,3,4,'degli'),(33291,3,4,'dei'),(72163,3,4,'deko'),(73510,3,4,'dell'),(49833,3,4,'delle'),(50529,3,4,'destinata'),(47355,3,4,'differenti'),(72751,3,4,'differenziano'),(34140,3,4,'dimensione'),(49832,3,4,'dimensioni'),(73743,3,4,'dina'),(50540,3,4,'dinamiche'),(47847,3,4,'dinosauri'),(47837,3,4,'dinosaurs'),(33711,3,4,'disponibile'),(74008,3,4,'distinguibili'),(72731,3,4,'diventa'),(46937,3,4,'diventano'),(33299,3,4,'diventare'),(50757,3,4,'diverse'),(57167,3,4,'diversi'),(72177,3,4,'diverso'),(46926,3,4,'divertente'),(47860,3,4,'divertenti'),(73750,3,4,'divertentissima'),(46970,3,4,'divertimento'),(33295,3,4,'divertire'),(49831,3,4,'divertirti'),(72729,3,4,'dolce'),(72719,3,4,'dove'),(57188,3,4,'dovute'),(50535,3,4,'eccezionale'),(56718,3,4,'effetti'),(47859,3,4,'elementi'),(48785,3,4,'entrare'),(74265,3,4,'eroe'),(33678,3,4,'esclusiva'),(33673,3,4,'esigenti'),(33223,3,4,'espandi'),(57153,3,4,'espansione'),(46977,3,4,'esperienza'),(72769,3,4,'essere'),(57145,3,4,'estensione'),(47367,3,4,'eta'),(33319,3,4,'europei'),(72720,3,4,'evoluto'),(73998,3,4,'evoluzione'),(57150,3,4,'expand'),(46939,3,4,'facili'),(33656,3,4,'facilmente'),(33302,3,4,'famiglia'),(46916,3,4,'fantasia'),(47130,3,4,'fantasiose'),(47842,3,4,'fantasiosi'),(46912,3,4,'fantastiche'),(72175,3,4,'fantastici'),(72748,3,4,'fantastico'),(49834,3,4,'far'),(47366,3,4,'fascia'),(49843,3,4,'fascino'),(50537,3,4,'fatto'),(33267,3,4,'figure'),(46908,3,4,'forma'),(56714,3,4,'formati'),(46913,3,4,'formato'),(33266,3,4,'forme'),(33670,3,4,'forti'),(49844,3,4,'forza'),(48792,3,4,'forze'),(49829,3,4,'fosforescenti'),(46902,3,4,'free'),(46947,3,4,'friends'),(46945,3,4,'fruits'),(57142,3,4,'gabbia'),(70619,3,4,'gabbie'),(72734,3,4,'gambero'),(48798,3,4,'garantiscono'),(46960,3,4,'garantiti'),(73257,3,4,'gelide'),(47357,3,4,'gelo'),(33219,3,4,'geo'),(33226,3,4,'geomag'),(72740,3,4,'geomagnetica'),(33288,3,4,'geomagworld'),(49826,3,4,'geometria'),(33268,3,4,'geometriche'),(57180,3,4,'gesto'),(56255,3,4,'gialla'),(55826,3,4,'gialle'),(49037,3,4,'giallo'),(75086,3,4,'gioca'),(46963,3,4,'giocare'),(33672,3,4,'giocatori'),(33292,3,4,'giocattoli'),(46920,3,4,'giocattolo'),(46906,3,4,'gioco'),(72772,3,4,'girati'),(33317,3,4,'gli'),(56707,3,4,'glitter'),(49821,3,4,'glow'),(47851,3,4,'gomma'),(46929,3,4,'grado'),(50758,3,4,'grafiche'),(34136,3,4,'grande'),(33304,3,4,'grandi'),(49842,3,4,'grazie'),(72528,3,4,'green'),(34137,3,4,'guarda'),(74261,3,4,'guerriero'),(72997,3,4,'gufo'),(48538,3,4,'homes'),(47363,3,4,'idee'),(49837,3,4,'illuminano'),(75098,3,4,'illustrazioni'),(33253,3,4,'immaginazione'),(33687,3,4,'immediatamente'),(33677,3,4,'importante'),(33709,3,4,'incastrare'),(72181,3,4,'incastro'),(33660,3,4,'include'),(33265,3,4,'incredibile'),(48791,3,4,'incredibili'),(46925,3,4,'incredibilmente'),(57133,3,4,'indicatore'),(46928,3,4,'infatti'),(56254,3,4,'infine'),(33658,3,4,'infinite'),(72774,3,4,'infinito'),(33653,3,4,'ingegnose'),(71243,3,4,'ingranaggi'),(72738,3,4,'inizia'),(72765,3,4,'iniziale'),(50536,3,4,'iniziare'),(57185,3,4,'innescando'),(57168,3,4,'innovativi'),(46982,3,4,'innovativo'),(33679,3,4,'innovazione'),(33703,3,4,'inoltre'),(46910,3,4,'insieme'),(72777,3,4,'interagire'),(46955,3,4,'interamente'),(33251,3,4,'interesse'),(71244,3,4,'interni'),(75090,3,4,'intorno'),(57146,3,4,'introduce'),(33694,3,4,'intuitivo'),(75087,3,4,'inventa'),(75103,3,4,'inventare'),(46922,3,4,'inventato'),(75100,3,4,'ispirazione'),(73247,3,4,'jelo'),(33227,3,4,'kit'),(72159,3,4,'kor'),(72170,3,4,'lasciati'),(46932,3,4,'lato'),(46919,3,4,'leader'),(46904,3,4,'libero'),(46964,3,4,'liberta'),(46915,3,4,'limiti'),(33665,3,4,'linea'),(57140,3,4,'lineari'),(33275,3,4,'logico'),(56720,3,4,'luccicanti'),(72994,3,4,'lucertola'),(72988,3,4,'lunga'),(48799,3,4,'maggiore'),(50538,3,4,'magia'),(47843,3,4,'magic'),(56719,3,4,'magici'),(46927,3,4,'magico'),(46897,3,4,'magicube'),(33669,3,4,'magneti'),(57151,3,4,'magnetic'),(46972,3,4,'magnetica'),(33234,3,4,'magnetiche'),(33701,3,4,'magnetici'),(46921,3,4,'magnetico'),(33696,3,4,'magnetismo'),(46965,3,4,'mamme'),(57181,3,4,'manuale'),(72718,3,4,'mare'),(74009,3,4,'maschere'),(33691,3,4,'massimo'),(46958,3,4,'materiali'),(57149,3,4,'meccanica'),(57155,3,4,'meccanici'),(57127,3,4,'mechanics'),(49828,3,4,'mente'),(73508,3,4,'meravigliosi'),(57131,3,4,'metal'),(72757,3,4,'metallica'),(33232,3,4,'metalliche'),(33654,3,4,'metallo'),(75094,3,4,'mette'),(57184,3,4,'metteranno'),(75088,3,4,'metti'),(47370,3,4,'mezzo'),(48784,3,4,'miglior'),(72742,3,4,'migrazione'),(57166,3,4,'minor'),(33269,3,4,'modelli'),(57175,3,4,'modello'),(33692,3,4,'modo'),(57170,3,4,'modulari'),(48796,3,4,'moltissime'),(46969,3,4,'momenti'),(72180,3,4,'momento'),(48776,3,4,'mondo'),(74263,3,4,'montagne'),(72996,3,4,'mosse'),(73992,3,4,'mostro'),(72727,3,4,'movimenti'),(48789,3,4,'movimento'),(72768,3,4,'muoversi'),(46980,3,4,'nel'),(33681,3,4,'nell'),(48802,3,4,'nelle'),(50290,3,4,'nera'),(33432,3,4,'nere'),(33238,3,4,'neri'),(33684,3,4,'nero'),(33233,3,4,'non'),(33264,3,4,'numero'),(48542,3,4,'numerosi'),(33244,3,4,'nuova'),(33283,3,4,'nuove'),(49835,3,4,'nuovissime'),(72986,3,4,'occhi'),(72172,3,4,'occhioni'),(33254,3,4,'offrendo'),(72179,3,4,'ogni'),(72162,3,4,'orange'),(57159,3,4,'originale'),(33284,3,4,'originali'),(57172,3,4,'orizzontale'),(72766,3,4,'ovale'),(72167,3,4,'ovetti'),(72981,3,4,'paco'),(73509,3,4,'paesaggi'),(72726,3,4,'paio'),(74004,3,4,'palude'),(74539,3,4,'paludoso'),(33431,3,4,'panels'),(33240,3,4,'pannelli'),(57134,3,4,'pannello'),(73503,3,4,'pappagallo'),(46952,3,4,'park'),(47846,3,4,'parti'),(72178,3,4,'particolare'),(47368,3,4,'partire'),(33300,3,4,'passatempo'),(50531,3,4,'pastello'),(33218,3,4,'pcs'),(47861,3,4,'pensata'),(47365,3,4,'pensato'),(33435,3,4,'pentagonale'),(33664,3,4,'pentagonali'),(33237,3,4,'pentagoni'),(56711,3,4,'pentagono'),(33294,3,4,'per'),(75101,3,4,'perche'),(48774,3,4,'perfetta'),(57157,3,4,'perfettamente'),(33651,3,4,'permette'),(33285,3,4,'permettera'),(46962,3,4,'permettere'),(48795,3,4,'permetto'),(47354,3,4,'permettono'),(46942,3,4,'persino'),(47858,3,4,'personaggi'),(72728,3,4,'pesciolino'),(33715,3,4,'pezzi'),(33259,3,4,'piattaforma'),(48797,3,4,'piattaforme'),(71859,3,4,'piatti'),(57143,3,4,'piatto'),(46943,3,4,'piccoli'),(57138,3,4,'piedi'),(73251,3,4,'pinguino'),(50521,3,4,'pink'),(73254,3,4,'pinne'),(72723,3,4,'pinnette'),(33308,3,4,'piu'),(73504,3,4,'piume'),(33705,3,4,'plastica'),(72995,3,4,'poche'),(48777,3,4,'pochi'),(72762,3,4,'poi'),(46950,3,4,'polar'),(47358,3,4,'polare'),(33686,3,4,'polarita'),(73258,3,4,'polo'),(71242,3,4,'portanti'),(33279,3,4,'possibile'),(72775,3,4,'possibilita'),(33298,3,4,'possono'),(33657,3,4,'potenzialmente'),(48778,3,4,'poter'),(49839,3,4,'potrai'),(46907,3,4,'prende'),(73749,3,4,'presenta'),(48779,3,4,'prime'),(46968,3,4,'primi'),(73994,3,4,'primordiale'),(47863,3,4,'princess'),(48312,3,4,'principesse'),(33647,3,4,'pro'),(48801,3,4,'prodotte'),(33306,3,4,'prodotti'),(33290,3,4,'produttrice'),(33315,3,4,'produzione'),(57162,3,4,'progettare'),(33716,3,4,'progettati'),(33293,3,4,'progettatti'),(33225,3,4,'progetti'),(75099,3,4,'proposte'),(46976,3,4,'propria'),(73990,3,4,'proprie'),(33695,3,4,'proprieta'),(46941,3,4,'proprio'),(73995,3,4,'proteon'),(75089,3,4,'prova'),(75102,3,4,'provare'),(72991,3,4,'puo'),(33262,3,4,'puoi'),(33434,3,4,'quadrata'),(49039,3,4,'quadrate'),(33236,3,4,'quadrati'),(57135,3,4,'quadrato'),(56717,3,4,'qualcosa'),(33311,3,4,'qualita'),(46931,3,4,'qualunque'),(33704,3,4,'questa'),(72746,3,4,'questi'),(47845,3,4,'raffiguranti'),(33274,3,4,'ragionamento'),(72993,3,4,'rana'),(72755,3,4,'realistici'),(46911,3,4,'realizza'),(46940,3,4,'realizzare'),(75095,3,4,'realmente'),(57186,3,4,'reazioni'),(72527,3,4,'red'),(33685,3,4,'rendendo'),(46924,3,4,'rendendolo'),(57161,3,4,'rendera'),(72176,3,4,'rendere'),(33278,3,4,'rendono'),(57189,3,4,'repulsione'),(33675,3,4,'resistenti'),(46934,3,4,'restare'),(50527,3,4,'ricca'),(72998,3,4,'riccio'),(75096,3,4,'riesci'),(33309,3,4,'rigorosi'),(33699,3,4,'riprodurre'),(33316,3,4,'rispetta'),(33307,3,4,'rispettando'),(46973,3,4,'riuscita'),(46948,3,4,'river'),(47862,3,4,'robots'),(74264,3,4,'rocciose'),(74002,3,4,'roccioso'),(57137,3,4,'rondelle'),(50526,3,4,'rosa'),(56256,3,4,'rossa'),(73505,3,4,'rosse'),(55828,3,4,'rossi'),(49038,3,4,'rosso'),(72987,3,4,'rotanti'),(46951,3,4,'safari'),(47850,3,4,'sagome'),(47598,3,4,'savana'),(33710,3,4,'sbizzarrire'),(33659,3,4,'scatola'),(49836,3,4,'scatole'),(47841,3,4,'scenari'),(56713,3,4,'scintillanti'),(48775,3,4,'scoprire'),(48783,3,4,'scuro'),(73988,3,4,'selvatico'),(57179,3,4,'semplice'),(57164,3,4,'semplificando'),(33282,3,4,'sempre'),(46967,3,4,'serenita'),(33666,3,4,'serie'),(34142,3,4,'set'),(72183,3,4,'sfera'),(33231,3,4,'sfere'),(46905,3,4,'sfogo'),(75104,3,4,'sfruttando'),(33690,3,4,'sfruttare'),(33312,3,4,'sicurezza'),(46959,3,4,'sicuri'),(33662,3,4,'silver'),(47857,3,4,'simpatici'),(72985,3,4,'simpatico'),(57158,3,4,'sistema'),(57163,3,4,'solide'),(48787,3,4,'sorprendente'),(46938,3,4,'sorprendenti'),(49840,3,4,'sorprendere'),(50539,3,4,'sorprese'),(46936,3,4,'sospesi'),(47852,3,4,'speciale'),(72190,3,4,'speciali'),(33702,3,4,'specialisti'),(48800,3,4,'spostare'),(72771,3,4,'spostati'),(47364,3,4,'spunti'),(72732,3,4,'squalo'),(75092,3,4,'stabilira'),(75105,3,4,'stabilire'),(33256,3,4,'stabilita'),(72770,3,4,'staccati'),(33318,3,4,'standard'),(33272,3,4,'stimola'),(33303,3,4,'stimolando'),(33296,3,4,'stimolare'),(33252,3,4,'stimoleranno'),(57177,3,4,'stimoli'),(72736,3,4,'storia'),(33698,3,4,'strabilianti'),(57173,3,4,'struttura'),(33281,3,4,'strutture'),(73259,3,4,'sud'),(72722,3,4,'sue'),(74262,3,4,'sulle'),(72721,3,4,'suoi'),(71241,3,4,'supporti'),(72776,3,4,'svariati'),(46909,3,4,'sviluppa'),(49301,3,4,'sviluppare'),(33652,3,4,'sviluppo'),(46956,3,4,'svizzera'),(33314,3,4,'svizzeri'),(73507,3,4,'svolazza'),(74535,3,4,'swomp'),(57152,3,4,'system'),(73983,3,4,'taurex'),(72737,3,4,'tazoo'),(72739,3,4,'tempesta'),(72715,3,4,'tenero'),(73996,3,4,'terra'),(74001,3,4,'terreno'),(33271,3,4,'tipi'),(33313,3,4,'tipici'),(57147,3,4,'tipo'),(73499,3,4,'toco'),(75091,3,4,'tondi'),(72733,3,4,'trasforma'),(72992,3,4,'trasformarsi'),(33277,3,4,'trasformazioni'),(33706,3,4,'trasparente'),(56253,3,4,'triangolare'),(33663,3,4,'triangolari'),(33235,3,4,'triangoli'),(33700,3,4,'trucchi'),(33241,3,4,'tua'),(57136,3,4,'tubi'),(71560,3,4,'tubo'),(33247,3,4,'tue'),(33250,3,4,'tuo'),(33224,3,4,'tuoi'),(33301,3,4,'tutta'),(33270,3,4,'tutti'),(47362,3,4,'ulteriori'),(47855,3,4,'ulteriormente'),(46979,3,4,'unica'),(72189,3,4,'unici'),(33655,3,4,'uniscono'),(48793,3,4,'unite'),(72756,3,4,'uniti'),(72744,3,4,'universo'),(73252,3,4,'utilizza'),(46957,3,4,'utilizzando'),(46975,3,4,'utilizzare'),(57148,3,4,'utilizzo'),(72758,3,4,'vanno'),(72767,3,4,'vari'),(33707,3,4,'varie'),(33276,3,4,'varieta'),(46954,3,4,'vengono'),(48781,3,4,'verde'),(49830,3,4,'verdi'),(33257,3,4,'versatilita'),(57171,3,4,'verticale'),(49560,3,4,'viola'),(33688,3,4,'visibile'),(33245,3,4,'vita'),(72173,3,4,'vivaci'),(46966,3,4,'vivere'),(72754,3,4,'vivono'),(46974,3,4,'volta'),(74813,3,4,'vulcanico'),(74003,3,4,'vulcano'),(74809,3,4,'vulkram'),(33217,3,4,'white'),(72343,3,4,'yellow'),(12555,4,4,'000806'),(12698,4,4,'000807'),(12851,4,4,'000808'),(12999,4,4,'000809'),(13144,4,4,'000810'),(13313,4,4,'000842'),(13482,4,4,'000846'),(13629,4,4,'000848'),(13775,4,4,'000849'),(13922,4,4,'000856'),(12551,4,4,'0806'),(12696,4,4,'0807'),(12850,4,4,'0808'),(12997,4,4,'0809'),(13143,4,4,'0810'),(13311,4,4,'0842'),(13480,4,4,'0846'),(13627,4,4,'0848'),(13773,4,4,'0849'),(13920,4,4,'0856'),(13774,4,4,'11400'),(13628,4,4,'11600'),(12998,4,4,'14800'),(12620,4,4,'1953'),(13312,4,4,'25200'),(13481,4,4,'5400'),(13921,4,4,'5600'),(12697,4,4,'6000'),(12552,4,4,'6600'),(12556,4,4,'8007905008065'),(12699,4,4,'8007905008072'),(12852,4,4,'8007905008089'),(13000,4,4,'8007905008096'),(13145,4,4,'8007905008102'),(13314,4,4,'8007905008423'),(13483,4,4,'8007905008461'),(13630,4,4,'8007905008485'),(13776,4,4,'8007905008492'),(13923,4,4,'8007905008560'),(12704,4,4,'amati'),(12563,4,4,'anna'),(12578,4,4,'anni'),(12587,4,4,'ansie'),(12581,4,4,'anti'),(12548,4,4,'art'),(12580,4,4,'attivita'),(12564,4,4,'attraverso'),(12614,4,4,'azienda'),(12576,4,4,'bambini'),(13155,4,4,'caricare'),(12592,4,4,'certa'),(12553,4,4,'chiodini'),(12612,4,4,'citta'),(13151,4,4,'collegarti'),(12571,4,4,'colori'),(12601,4,4,'come'),(12589,4,4,'concentrazione'),(12569,4,4,'contiene'),(13006,4,4,'cornice'),(12560,4,4,'creare'),(13001,4,4,'creativo'),(12586,4,4,'dalle'),(12700,4,4,'dei'),(12595,4,4,'delle'),(13150,4,4,'devi'),(12702,4,4,'disney'),(12593,4,4,'distanza'),(12570,4,4,'diversi'),(12562,4,4,'elsa'),(12616,4,4,'famosi'),(12588,4,4,'favorisce'),(13149,4,4,'foto'),(12598,4,4,'fotografie'),(12550,4,4,'frozen'),(12608,4,4,'giochi'),(12557,4,4,'gioco'),(12565,4,4,'gli'),(12590,4,4,'guardano'),(12706,4,4,'guida'),(12591,4,4,'immagini'),(13162,4,4,'infine'),(12566,4,4,'ingegnosi'),(13146,4,4,'innovativo'),(13163,4,4,'inserire'),(12558,4,4,'intelligente'),(12610,4,4,'interamente'),(13158,4,4,'istruzioni'),(12611,4,4,'italia'),(12584,4,4,'libera'),(12573,4,4,'linea'),(12602,4,4,'magia'),(12585,4,4,'mente'),(12695,4,4,'mickey'),(12603,4,4,'migliaia'),(12600,4,4,'miscelano'),(12613,4,4,'nata'),(12619,4,4,'nel'),(13003,4,4,'opere'),(12579,4,4,'oppure'),(12607,4,4,'ottocento'),(12577,4,4,'partire'),(12575,4,4,'per'),(12599,4,4,'perche'),(12701,4,4,'personaggi'),(13485,4,4,'personaggio'),(12549,4,4,'photo'),(12605,4,4,'pittura'),(12703,4,4,'piu'),(12547,4,4,'pixel'),(13160,4,4,'posizionandole'),(12559,4,4,'potrai'),(12617,4,4,'prima'),(12849,4,4,'princess'),(12853,4,4,'principesse'),(12604,4,4,'principio'),(12574,4,4,'prodotti'),(12597,4,4,'proprie'),(12606,4,4,'puntinista'),(12554,4,4,'qrc'),(13004,4,4,'quale'),(12567,4,4,'quercetti'),(13154,4,4,'quercettiart'),(13005,4,4,'ricreare'),(12583,4,4,'rigenerante'),(13147,4,4,'riprodurre'),(13002,4,4,'scegliere'),(13156,4,4,'scelta'),(12705,4,4,'schede'),(13157,4,4,'seguire'),(12594,4,4,'sembrano'),(12568,4,4,'set'),(13152,4,4,'sito'),(13159,4,4,'stampare'),(13477,4,4,'star'),(13484,4,4,'stoormtrooper'),(13479,4,4,'stormtrooper'),(12582,4,4,'stress'),(13161,4,4,'tavoletta'),(12572,4,4,'tavolette'),(12615,4,4,'torino'),(13148,4,4,'tua'),(12609,4,4,'vengono'),(12596,4,4,'vere'),(12618,4,4,'volta'),(12561,4,4,'volti'),(13478,4,4,'wars'),(13153,4,4,'www'),(13919,4,4,'yoda'),(11488,5,4,'042736'),(11619,5,4,'042836'),(11771,5,4,'042837'),(11925,5,4,'042838'),(12079,5,4,'042839'),(12235,5,4,'042861'),(12394,5,4,'042889'),(11479,5,4,'100'),(11512,5,4,'1965'),(11485,5,4,'42736'),(11618,5,4,'42836'),(11770,5,4,'42837'),(11924,5,4,'42838'),(12078,5,4,'42839'),(12234,5,4,'42861'),(12393,5,4,'42889'),(12236,5,4,'45861'),(11489,5,4,'8003511427368'),(11620,5,4,'8003511428365'),(11772,5,4,'8003511428372'),(11926,5,4,'8003511428389'),(12080,5,4,'8003511428396'),(12395,5,4,'8003511428891'),(12237,5,4,'8003511458614'),(11769,5,4,'adventures'),(11482,5,4,'album'),(12232,5,4,'and'),(11533,5,4,'artigiani'),(11500,5,4,'artisti'),(11541,5,4,'avanzati'),(11623,5,4,'bifacciale'),(11484,5,4,'box'),(11508,5,4,'brand'),(11492,5,4,'carioca'),(11626,5,4,'cartone'),(11532,5,4,'chimici'),(12231,5,4,'city'),(11480,5,4,'color'),(11497,5,4,'colorare'),(11546,5,4,'colori'),(11631,5,4,'composizione'),(11633,5,4,'confezione'),(11493,5,4,'contenenti'),(11634,5,4,'contiene'),(11641,5,4,'corpo'),(11505,5,4,'corto'),(11537,5,4,'creare'),(11498,5,4,'dedicate'),(11628,5,4,'degli'),(11517,5,4,'dei'),(11544,5,4,'design'),(11622,5,4,'dimensioni'),(11522,5,4,'distribuito'),(11617,5,4,'empire'),(11542,5,4,'espressione'),(11643,5,4,'facile'),(11630,5,4,'facilitano'),(12392,5,4,'farm'),(11526,5,4,'giorno'),(11496,5,4,'grande'),(11621,5,4,'grandi'),(12391,5,4,'happy'),(11506,5,4,'idee'),(11644,5,4,'impugnatura'),(11629,5,4,'incastri'),(11535,5,4,'insieme'),(11624,5,4,'interamente'),(11509,5,4,'internazionale'),(11521,5,4,'italia'),(11545,5,4,'italiano'),(11637,5,4,'joy'),(11640,5,4,'jumbo'),(12233,5,4,'jungle'),(11481,5,4,'kit'),(11491,5,4,'latta'),(11534,5,4,'lavora'),(11507,5,4,'love'),(11503,5,4,'mai'),(11615,5,4,'maxi'),(11543,5,4,'migliore'),(11524,5,4,'mondo'),(12077,5,4,'monster'),(11510,5,4,'nato'),(11527,5,4,'negli'),(11511,5,4,'nel'),(11501,5,4,'non'),(11487,5,4,'oca'),(11525,5,4,'ogni'),(11642,5,4,'ottagonale'),(11536,5,4,'passione'),(11486,5,4,'pcs'),(11494,5,4,'pennarelli'),(11516,5,4,'per'),(11499,5,4,'piccoli'),(11923,5,4,'pirates'),(11632,5,4,'piu'),(11627,5,4,'precisione'),(11639,5,4,'preciso'),(11518,5,4,'prodotti'),(11529,5,4,'produttivi'),(11514,5,4,'produzione'),(11531,5,4,'progettisti'),(11495,5,4,'punta'),(11616,5,4,'puzzle'),(11520,5,4,'realizzato'),(11504,5,4,'rimanere'),(11625,5,4,'robustezza'),(11490,5,4,'scatola'),(11538,5,4,'scrittura'),(11539,5,4,'semplici'),(11513,5,4,'specializzato'),(11528,5,4,'stabilimenti'),(11515,5,4,'strumenti'),(11635,5,4,'superlavabili'),(11530,5,4,'team'),(11540,5,4,'tecnologicament'),(11483,5,4,'tin'),(11636,5,4,'tipologie'),(11638,5,4,'tratto'),(11523,5,4,'tutto'),(11519,5,4,'viene'),(11502,5,4,'vogliono'),(14072,6,4,'000001'),(14244,6,4,'000005'),(14428,6,4,'000006'),(14602,6,4,'000009'),(14786,6,4,'000029'),(14961,6,4,'000030'),(15128,6,4,'000043'),(15297,6,4,'000052'),(29515,6,4,'000084'),(29702,6,4,'000085'),(29892,6,4,'000086'),(30086,6,4,'000087'),(30268,6,4,'000092'),(30452,6,4,'000093'),(30629,6,4,'000097'),(30829,6,4,'000098'),(31012,6,4,'000099'),(31193,6,4,'000101'),(31383,6,4,'000102'),(31574,6,4,'000104'),(31757,6,4,'000106'),(31941,6,4,'000113'),(32133,6,4,'000115'),(32319,6,4,'000116'),(32500,6,4,'000121'),(32681,6,4,'000133'),(14242,6,4,'005'),(14426,6,4,'006'),(14600,6,4,'009'),(14784,6,4,'029'),(14959,6,4,'030'),(33038,6,4,'031'),(15296,6,4,'052'),(29513,6,4,'084'),(29700,6,4,'085'),(29891,6,4,'086'),(30084,6,4,'087'),(30266,6,4,'092'),(30450,6,4,'093'),(30627,6,4,'097'),(30827,6,4,'098'),(31013,6,4,'101'),(31381,6,4,'102'),(31573,6,4,'104'),(31756,6,4,'106'),(31939,6,4,'113'),(32132,6,4,'115'),(32317,6,4,'116'),(32498,6,4,'121'),(32679,6,4,'133'),(33039,6,4,'1350'),(32863,6,4,'1635'),(32864,6,4,'202982'),(31011,6,4,'2200'),(29514,6,4,'230'),(29701,6,4,'250'),(31382,6,4,'290'),(32680,6,4,'297'),(31940,6,4,'300'),(30628,6,4,'310'),(32499,6,4,'318'),(14601,6,4,'320'),(30267,6,4,'350'),(32318,6,4,'380'),(30828,6,4,'390'),(30451,6,4,'400'),(14427,6,4,'430'),(30085,6,4,'437'),(14785,6,4,'460'),(14604,6,4,'4972825139325'),(14788,6,4,'4972825142684'),(14963,6,4,'4972825142691'),(14074,6,4,'4972825143698'),(15129,6,4,'4972825144381'),(15299,6,4,'4972825145753'),(14430,6,4,'4972825146958'),(29517,6,4,'4972825149638'),(29704,6,4,'4972825149645'),(29894,6,4,'4972825149690'),(30088,6,4,'4972825149751'),(30631,6,4,'4972825149768'),(30270,6,4,'4972825201053'),(30454,6,4,'4972825201060'),(31014,6,4,'4972825201152'),(30831,6,4,'4972825201169'),(31195,6,4,'4972825201565'),(31385,6,4,'4972825201572'),(31576,6,4,'4972825201992'),(31759,6,4,'4972825202012'),(31943,6,4,'4972825202463'),(32135,6,4,'4972825202487'),(32321,6,4,'4972825202494'),(32502,6,4,'4972825202616'),(32683,6,4,'4972825202951'),(32865,6,4,'4972825202982'),(33040,6,4,'4972825206041'),(14960,6,4,'530'),(14243,6,4,'777'),(14069,6,4,'800'),(14246,6,4,'828988201284'),(31387,6,4,'acqua'),(14148,6,4,'adatti'),(14152,6,4,'advanced'),(30635,6,4,'affaccia'),(14128,6,4,'affermati'),(14107,6,4,'aggancio'),(14249,6,4,'agli'),(14119,6,4,'alle'),(30089,6,4,'altezza'),(31389,6,4,'alti'),(14434,6,4,'ama'),(14250,6,4,'amanti'),(30640,6,4,'ambiente'),(30271,6,4,'angolo'),(14082,6,4,'appassionati'),(14608,6,4,'architettoniche'),(14124,6,4,'azienda'),(30836,6,4,'barcellona'),(14118,6,4,'base'),(31761,6,4,'belli'),(14783,6,4,'big'),(32678,6,4,'bonsai'),(31192,6,4,'bridge'),(31571,6,4,'buckingham'),(31938,6,4,'bus'),(30095,6,4,'campanile'),(29898,6,4,'capitale'),(30834,6,4,'capolavoro'),(14131,6,4,'caratteristiche'),(31760,6,4,'castelli'),(31010,6,4,'castle'),(30091,6,4,'chiesa'),(30083,6,4,'church'),(29903,6,4,'cimentarti'),(30641,6,4,'circostante'),(30633,6,4,'citta'),(14142,6,4,'collezionare'),(32504,6,4,'colosseo'),(32497,6,4,'colosseum'),(32866,6,4,'complete'),(14079,6,4,'completi'),(14089,6,4,'confezione'),(30832,6,4,'contenuti'),(14090,6,4,'contiene'),(14095,6,4,'costruire'),(29895,6,4,'costruisci'),(14100,6,4,'costruzione'),(14084,6,4,'costruzioni'),(31016,6,4,'cura'),(30094,6,4,'dal'),(30448,6,4,'dame'),(14133,6,4,'dando'),(14248,6,4,'dedicata'),(14964,6,4,'dedicato'),(14075,6,4,'dei'),(14612,6,4,'dell'),(14083,6,4,'delle'),(33036,6,4,'deluxe'),(14256,6,4,'dettagli'),(14085,6,4,'dettagliate'),(30093,6,4,'dettaglio'),(14098,6,4,'dimensioni'),(14096,6,4,'disegnata'),(14113,6,4,'distanziare'),(14791,6,4,'divertiti'),(14110,6,4,'doppia'),(14597,6,4,'easter'),(33037,6,4,'edition'),(15127,6,4,'elshout'),(14120,6,4,'esigenze'),(31015,6,4,'espressione'),(30096,6,4,'esterni'),(14151,6,4,'eta'),(14114,6,4,'facilita'),(30826,6,4,'familia'),(15301,6,4,'famosa'),(14610,6,4,'famose'),(14431,6,4,'famosi'),(29896,6,4,'famoso'),(14252,6,4,'fatto'),(29899,6,4,'francese'),(32323,6,4,'francisco'),(14139,6,4,'gamma'),(32316,6,4,'gate'),(30835,6,4,'gaudi'),(14097,6,4,'giappone'),(14125,6,4,'giapponese'),(14432,6,4,'giapponesi'),(32315,6,4,'golden'),(14258,6,4,'grande'),(14109,6,4,'grazie'),(30272,6,4,'guideranno'),(14150,6,4,'gusti'),(14603,6,4,'h009'),(31758,6,4,'h010'),(14787,6,4,'h029'),(14962,6,4,'h030'),(15298,6,4,'h052'),(29516,6,4,'h084'),(29703,6,4,'h085'),(29893,6,4,'h086'),(30087,6,4,'h087'),(30269,6,4,'h092'),(30453,6,4,'h093'),(30630,6,4,'h097'),(30830,6,4,'h098'),(31194,6,4,'h101'),(31384,6,4,'h102'),(31575,6,4,'h104'),(31942,6,4,'h113'),(32134,6,4,'h115'),(32320,6,4,'h116'),(32501,6,4,'h121'),(32682,6,4,'h133'),(31191,6,4,'harbour'),(31009,6,4,'himeji'),(14147,6,4,'hobby'),(15295,6,4,'house'),(31388,6,4,'icona'),(14607,6,4,'icone'),(14433,6,4,'ideale'),(29906,6,4,'inclusa'),(14598,6,4,'island'),(14613,6,4,'isola'),(29901,6,4,'istruzioni'),(32131,6,4,'kaminarimon'),(14122,6,4,'kawada'),(15126,6,4,'kinderduk'),(29512,6,4,'landing'),(14092,6,4,'linea'),(14068,6,4,'locomotive'),(31937,6,4,'london'),(14790,6,4,'londra'),(29890,6,4,'louvre'),(14123,6,4,'ltd'),(29707,6,4,'luna'),(29511,6,4,'lunar'),(14606,6,4,'luoghi'),(14073,6,4,'m001'),(14245,6,4,'m005'),(14429,6,4,'m006'),(14137,6,4,'mania'),(30090,6,4,'massima'),(31390,6,4,'massimo'),(14094,6,4,'mattoncini'),(14087,6,4,'mattoncino'),(14099,6,4,'mattoni'),(31379,6,4,'melbourne'),(14251,6,4,'mezzi'),(14093,6,4,'micro'),(31392,6,4,'minimi'),(14102,6,4,'misura'),(14595,6,4,'moai'),(15125,6,4,'molen'),(14130,6,4,'mondo'),(30632,6,4,'monumento'),(14425,6,4,'motorcycle'),(15131,6,4,'mulino'),(29889,6,4,'musee'),(29897,6,4,'museo'),(14240,6,4,'mustang'),(14071,6,4,'nan'),(14077,6,4,'nanoblock'),(14599,6,4,'nbh'),(14241,6,4,'nbm'),(14105,6,4,'nel'),(31755,6,4,'neuschwanstein'),(32137,6,4,'nipponica'),(30447,6,4,'notre'),(14115,6,4,'ogni'),(15133,6,4,'olandese'),(15294,6,4,'opera'),(14239,6,4,'p51'),(33035,6,4,'pagoda'),(31572,6,4,'palace'),(30634,6,4,'parigi'),(30449,6,4,'paris'),(14103,6,4,'particolarita'),(14614,6,4,'pasqua'),(14146,6,4,'passioni'),(30273,6,4,'passo'),(14070,6,4,'pcs'),(14080,6,4,'per'),(14609,6,4,'perfezione'),(14112,6,4,'permette'),(30638,6,4,'permetteranno'),(14254,6,4,'permettono'),(14091,6,4,'pezzi'),(14117,6,4,'pezzo'),(14086,6,4,'piccole'),(30637,6,4,'piccoli'),(14101,6,4,'piccolo'),(32677,6,4,'pine'),(29905,6,4,'piramide'),(14958,6,4,'pisa'),(14078,6,4,'piu'),(31196,6,4,'ponte'),(31197,6,4,'porto'),(29902,6,4,'potrai'),(29900,6,4,'precise'),(14259,6,4,'precisione'),(14141,6,4,'proposti'),(14136,6,4,'propria'),(15300,6,4,'puoi'),(29904,6,4,'questa'),(30833,6,4,'realizzare'),(14121,6,4,'realizzati'),(31021,6,4,'realizzazione'),(14143,6,4,'regalare'),(14255,6,4,'replicare'),(14108,6,4,'retro'),(14605,6,4,'ricrea'),(32867,6,4,'ricreare'),(31018,6,4,'riproduci'),(31391,6,4,'riprodurre'),(14104,6,4,'risiede'),(30625,6,4,'rives'),(32503,6,4,'roma'),(29699,6,4,'rover'),(14435,6,4,'ruote'),(30825,6,4,'sagrada'),(32322,6,4,'san'),(15302,6,4,'scala'),(14111,6,4,'scanalatura'),(14247,6,4,'scatola'),(29518,6,4,'scatole'),(14126,6,4,'sede'),(30626,6,4,'seine'),(30636,6,4,'senna'),(14076,6,4,'set'),(31198,6,4,'sidney'),(14615,6,4,'sights'),(14789,6,4,'simboli'),(14145,6,4,'simbolo'),(14116,6,4,'singolo'),(14106,6,4,'sistema'),(32868,6,4,'skyline'),(14144,6,4,'soggetti'),(29519,6,4,'spaziali'),(29520,6,4,'spazio'),(14088,6,4,'standard'),(14611,6,4,'statue'),(14596,6,4,'statues'),(14067,6,4,'steam'),(14253,6,4,'storia'),(30639,6,4,'struttura'),(31019,6,4,'strutture'),(31020,6,4,'sua'),(15293,6,4,'sydney'),(14140,6,4,'temi'),(31017,6,4,'tipica'),(15130,6,4,'tipico'),(14127,6,4,'tokyo'),(14957,6,4,'torre'),(32136,6,4,'tradizione'),(31380,6,4,'tram'),(14149,6,4,'tutti'),(14129,6,4,'tutto'),(14132,6,4,'uniche'),(30092,6,4,'usa'),(14138,6,4,'vasta'),(29705,6,4,'veicolo'),(14257,6,4,'velivolo'),(30265,6,4,'venezia'),(15132,6,4,'vento'),(14135,6,4,'vera'),(31386,6,4,'verde'),(14081,6,4,'veri'),(31393,6,4,'vettura'),(14134,6,4,'via'),(29706,6,4,'viaggiato'),(78895,7,4,'adult'),(78900,7,4,'crea'),(78898,7,4,'custom'),(78909,7,4,'kids'),(78896,7,4,'shirt'),(78897,7,4,'tag'),(78899,7,4,'thsirt'),(78901,7,4,'tua'),(11556,8,4,'042736'),(11696,8,4,'042836'),(11848,8,4,'042837'),(12002,8,4,'042838'),(12156,8,4,'042839'),(12315,8,4,'042861'),(12472,8,4,'042889'),(11547,8,4,'100'),(11580,8,4,'1965'),(11553,8,4,'42736'),(11695,8,4,'42836'),(11847,8,4,'42837'),(12001,8,4,'42838'),(12155,8,4,'42839'),(12314,8,4,'42861'),(12471,8,4,'42889'),(12316,8,4,'45861'),(11557,8,4,'8003511427368'),(11697,8,4,'8003511428365'),(11849,8,4,'8003511428372'),(12003,8,4,'8003511428389'),(12157,8,4,'8003511428396'),(12473,8,4,'8003511428891'),(12317,8,4,'8003511458614'),(11846,8,4,'adventures'),(11550,8,4,'album'),(12312,8,4,'and'),(11601,8,4,'artigiani'),(11568,8,4,'artisti'),(11609,8,4,'avanzati'),(11700,8,4,'bifacciale'),(11552,8,4,'box'),(11576,8,4,'brand'),(11560,8,4,'carioca'),(11703,8,4,'cartone'),(11600,8,4,'chimici'),(12311,8,4,'city'),(11548,8,4,'color'),(11565,8,4,'colorare'),(11614,8,4,'colori'),(11708,8,4,'composizione'),(11710,8,4,'confezione'),(11561,8,4,'contenenti'),(11711,8,4,'contiene'),(11718,8,4,'corpo'),(11573,8,4,'corto'),(11605,8,4,'creare'),(11566,8,4,'dedicate'),(11705,8,4,'degli'),(11585,8,4,'dei'),(11612,8,4,'design'),(11699,8,4,'dimensioni'),(11590,8,4,'distribuito'),(11694,8,4,'empire'),(11610,8,4,'espressione'),(11720,8,4,'facile'),(11707,8,4,'facilitano'),(12470,8,4,'farm'),(11594,8,4,'giorno'),(11564,8,4,'grande'),(11698,8,4,'grandi'),(12469,8,4,'happy'),(11574,8,4,'idee'),(11721,8,4,'impugnatura'),(11706,8,4,'incastri'),(11603,8,4,'insieme'),(11701,8,4,'interamente'),(11577,8,4,'internazionale'),(11589,8,4,'italia'),(11613,8,4,'italiano'),(11714,8,4,'joy'),(11717,8,4,'jumbo'),(12313,8,4,'jungle'),(11549,8,4,'kit'),(11559,8,4,'latta'),(11602,8,4,'lavora'),(11575,8,4,'love'),(11571,8,4,'mai'),(11692,8,4,'maxi'),(11611,8,4,'migliore'),(11592,8,4,'mondo'),(12154,8,4,'monster'),(11578,8,4,'nato'),(11595,8,4,'negli'),(11579,8,4,'nel'),(11569,8,4,'non'),(11555,8,4,'oca'),(11593,8,4,'ogni'),(11719,8,4,'ottagonale'),(11604,8,4,'passione'),(11554,8,4,'pcs'),(11562,8,4,'pennarelli'),(11584,8,4,'per'),(11567,8,4,'piccoli'),(12000,8,4,'pirates'),(11709,8,4,'piu'),(11704,8,4,'precisione'),(11716,8,4,'preciso'),(11586,8,4,'prodotti'),(11597,8,4,'produttivi'),(11582,8,4,'produzione'),(11599,8,4,'progettisti'),(11563,8,4,'punta'),(11693,8,4,'puzzle'),(11588,8,4,'realizzato'),(11572,8,4,'rimanere'),(11702,8,4,'robustezza'),(11558,8,4,'scatola'),(11606,8,4,'scrittura'),(11607,8,4,'semplici'),(11581,8,4,'specializzato'),(11596,8,4,'stabilimenti'),(11583,8,4,'strumenti'),(11712,8,4,'superlavabili'),(11598,8,4,'team'),(11608,8,4,'tecnologicament'),(11551,8,4,'tin'),(11713,8,4,'tipologie'),(11715,8,4,'tratto'),(11591,8,4,'tutto'),(11587,8,4,'viene'),(11570,8,4,'vogliono'),(33328,10,4,'0871772000129'),(33540,10,4,'0871772000136'),(33771,10,4,'0871772000235'),(34013,10,4,'0871772000242'),(34357,10,4,'0871772000259'),(47475,10,4,'0871772001348'),(47718,10,4,'0871772001355'),(47963,10,4,'0871772001416'),(48198,10,4,'0871772001423'),(48425,10,4,'0871772001430'),(48658,10,4,'0871772001447'),(48904,10,4,'0871772002611'),(49166,10,4,'0871772002628'),(49428,10,4,'0871772002635'),(49691,10,4,'0871772002642'),(49939,10,4,'0871772003304'),(50171,10,4,'0871772003366'),(50406,10,4,'0871772003373'),(50640,10,4,'0871772003427'),(50871,10,4,'0871772003434'),(55708,10,4,'0871772003441'),(55931,10,4,'0871772004615'),(56144,10,4,'0871772004622'),(56365,10,4,'0871772004639'),(56594,10,4,'0871772004646'),(56815,10,4,'0871772005322'),(57024,10,4,'0871772005339'),(72258,10,4,'0871772005834'),(72438,10,4,'0871772005841'),(72623,10,4,'0871772005865'),(72849,10,4,'0871772006015'),(73117,10,4,'0871772006022'),(73376,10,4,'0871772006039'),(73624,10,4,'0871772006046'),(73866,10,4,'0871772006053'),(74123,10,4,'0871772006213'),(74399,10,4,'0871772006312'),(74675,10,4,'0871772006329'),(74949,10,4,'0871772006336'),(75198,10,4,'0871772006718'),(75424,10,4,'0871772006725'),(78106,10,4,'0871772006732'),(78332,10,4,'0871772006749'),(78558,10,4,'0871772006756'),(78784,10,4,'0871772006763'),(57281,10,4,'0871772007210'),(70772,10,4,'0871772007227'),(71083,10,4,'0871772007234'),(71400,10,4,'0871772007241'),(71708,10,4,'0871772007258'),(72010,10,4,'0871772007265'),(47076,10,4,'100'),(72007,10,4,'103'),(33537,10,4,'104'),(33834,10,4,'110'),(56362,10,4,'114'),(48935,10,4,'127'),(50868,10,4,'142'),(70769,10,4,'146'),(71397,10,4,'164'),(33835,10,4,'174'),(56591,10,4,'192'),(33326,10,4,'200012'),(33538,10,4,'200013'),(33769,10,4,'200023'),(34011,10,4,'200024'),(34355,10,4,'200025'),(47014,10,4,'200128'),(47239,10,4,'200129'),(47473,10,4,'200134'),(47716,10,4,'200135'),(47961,10,4,'200141'),(48196,10,4,'200142'),(48423,10,4,'200143'),(48656,10,4,'200144'),(48902,10,4,'200261'),(49164,10,4,'200262'),(49426,10,4,'200263'),(49689,10,4,'200264'),(49937,10,4,'200330'),(50169,10,4,'200336'),(50404,10,4,'200337'),(50638,10,4,'200342'),(50869,10,4,'200343'),(55706,10,4,'200344'),(55929,10,4,'200461'),(56142,10,4,'200462'),(56363,10,4,'200463'),(56592,10,4,'200464'),(56813,10,4,'200532'),(57022,10,4,'200533'),(72256,10,4,'200583'),(72436,10,4,'200584'),(72621,10,4,'200586'),(72847,10,4,'200601'),(73115,10,4,'200602'),(73374,10,4,'200603'),(73622,10,4,'200604'),(73864,10,4,'200605'),(74121,10,4,'200621'),(74397,10,4,'200631'),(74673,10,4,'200632'),(74947,10,4,'200633'),(75196,10,4,'200671'),(75422,10,4,'200672'),(78104,10,4,'200673'),(78330,10,4,'200674'),(78556,10,4,'200675'),(78782,10,4,'200676'),(57279,10,4,'200721'),(70770,10,4,'200722'),(71081,10,4,'200723'),(71398,10,4,'200724'),(71706,10,4,'200725'),(72008,10,4,'200726'),(71080,10,4,'222'),(47015,10,4,'33112800'),(47240,10,4,'33112900'),(47474,10,4,'33113400'),(47717,10,4,'33113500'),(47962,10,4,'33114100'),(48197,10,4,'33114200'),(48424,10,4,'33114300'),(48657,10,4,'33114400'),(48903,10,4,'51026100'),(49165,10,4,'51026200'),(49427,10,4,'51026300'),(49690,10,4,'51026400'),(33327,10,4,'51101200'),(33539,10,4,'51101300'),(55930,10,4,'52046100'),(56143,10,4,'52046200'),(56364,10,4,'52046300'),(56593,10,4,'52046400'),(49938,10,4,'52333000'),(50170,10,4,'52333600'),(50405,10,4,'52333700'),(50639,10,4,'52434200'),(50870,10,4,'52434300'),(55707,10,4,'52434400'),(56814,10,4,'52753200'),(57023,10,4,'52753300'),(57280,10,4,'53072100'),(70771,10,4,'53072200'),(71082,10,4,'53072300'),(71399,10,4,'53072400'),(72009,10,4,'53072600'),(33770,10,4,'54002300'),(34012,10,4,'54002400'),(34356,10,4,'54002500'),(33788,10,4,'58mm'),(71707,10,4,'59072500'),(72257,10,4,'80058300'),(72437,10,4,'80058400'),(72622,10,4,'80058600'),(72848,10,4,'80060100'),(73116,10,4,'80060200'),(73375,10,4,'80060300'),(73623,10,4,'80060400'),(73865,10,4,'80060500'),(74122,10,4,'80062100'),(74398,10,4,'80063100'),(74674,10,4,'80063200'),(74948,10,4,'80063300'),(75197,10,4,'80067100'),(75423,10,4,'80067200'),(78105,10,4,'80067300'),(78331,10,4,'80067400'),(78557,10,4,'80067500'),(78783,10,4,'80067600'),(47016,10,4,'871772001287'),(47241,10,4,'871772001294'),(72280,10,4,'accessori'),(48925,10,4,'acciaio'),(73382,10,4,'acque'),(50648,10,4,'adatta'),(56826,10,4,'adatto'),(47050,10,4,'addirittura'),(49431,10,4,'adulti'),(48917,10,4,'affascinante'),(73633,10,4,'africa'),(72896,10,4,'aggiungendo'),(72278,10,4,'aggiungere'),(33345,10,4,'aggiungi'),(57327,10,4,'aggiungono'),(73381,10,4,'agilita'),(49430,10,4,'agli'),(57333,10,4,'aiuto'),(72898,10,4,'alcune'),(72880,10,4,'alcuni'),(73379,10,4,'ali'),(72887,10,4,'all'),(33352,10,4,'alle'),(49942,10,4,'allenare'),(33797,10,4,'altra'),(50646,10,4,'amanti'),(47478,10,4,'ambientate'),(72888,10,4,'ambiente'),(74143,10,4,'ambienti'),(33426,10,4,'americani'),(73868,10,4,'amica'),(49956,10,4,'amici'),(33322,10,4,'and'),(72908,10,4,'andando'),(72894,10,4,'anima'),(47061,10,4,'animal'),(74124,10,4,'animale'),(72885,10,4,'animaletti'),(72851,10,4,'animaletto'),(47064,10,4,'animals'),(47972,10,4,'anni'),(47491,10,4,'anno'),(47086,10,4,'apprendimento'),(49167,10,4,'arancione'),(55933,10,4,'arancioni'),(74128,10,4,'armi'),(47977,10,4,'arricchiscono'),(47481,10,4,'arricchita'),(33814,10,4,'assolutamente'),(72878,10,4,'asteroidi'),(47976,10,4,'attaccano'),(47045,10,4,'attaccarsi'),(72882,10,4,'atterrati'),(57316,10,4,'attivita'),(72274,10,4,'attorno'),(57329,10,4,'attraverso'),(57341,10,4,'attrazione'),(34361,10,4,'aumentano'),(33803,10,4,'aver'),(33395,10,4,'azienda'),(73628,10,4,'azzurre'),(56145,10,4,'azzurri'),(48911,10,4,'azzurro'),(73867,10,4,'bambine'),(33411,10,4,'bambini'),(47979,10,4,'bambino'),(57290,10,4,'barre'),(57283,10,4,'barretta'),(33335,10,4,'barrette'),(48934,10,4,'base'),(72860,10,4,'bastano'),(74130,10,4,'bestia'),(72846,10,4,'beto'),(33336,10,4,'bianche'),(33543,10,4,'bianchi'),(33321,10,4,'black'),(74396,10,4,'blatta'),(49433,10,4,'blu'),(72253,10,4,'blue'),(74126,10,4,'boscaglia'),(48921,10,4,'brillanti'),(56817,10,4,'brillantinati'),(47018,10,4,'building'),(49953,10,4,'buio'),(72252,10,4,'bundle'),(57334,10,4,'bussola'),(72870,10,4,'calamaro'),(47096,10,4,'campo'),(33393,10,4,'capolavoro'),(74136,10,4,'caratteristiche'),(74144,10,4,'caratterizzato'),(72865,10,4,'carino'),(47482,10,4,'carte'),(48660,10,4,'castello'),(48654,10,4,'castles'),(57338,10,4,'catena'),(33355,10,4,'cattureranno'),(72876,10,4,'causata'),(72276,10,4,'centrale'),(56821,10,4,'cerca'),(48913,10,4,'chiaro'),(57320,10,4,'cilindri'),(33810,10,4,'cio'),(33364,10,4,'classic'),(57305,10,4,'classica'),(47967,10,4,'clips'),(73122,10,4,'coda'),(33348,10,4,'collezione'),(33782,10,4,'color'),(50650,10,4,'colorata'),(47971,10,4,'colorati'),(33804,10,4,'colorato'),(50172,10,4,'colore'),(33829,10,4,'colori'),(57307,10,4,'combaciano'),(74134,10,4,'combattono'),(72261,10,4,'combinazioni'),(34360,10,4,'come'),(47068,10,4,'compatibili'),(33795,10,4,'complesse'),(34363,10,4,'complessita'),(47032,10,4,'completamente'),(75210,10,4,'completare'),(72266,10,4,'comporre'),(57311,10,4,'composto'),(47059,10,4,'comprende'),(50641,10,4,'confezione'),(33833,10,4,'confezioni'),(75206,10,4,'confini'),(71084,10,4,'coni'),(57295,10,4,'cono'),(72263,10,4,'conquistare'),(49429,10,4,'consente'),(33801,10,4,'consiste'),(33789,10,4,'contenenti'),(33334,10,4,'contiene'),(72859,10,4,'cornini'),(71405,10,4,'corona'),(47048,10,4,'cosi'),(33367,10,4,'costituita'),(48919,10,4,'costituito'),(33369,10,4,'costruire'),(33366,10,4,'costruzione'),(33361,10,4,'costruzioni'),(72277,10,4,'cover'),(72899,10,4,'covers'),(72895,10,4,'creando'),(33392,10,4,'creare'),(47033,10,4,'creata'),(33379,10,4,'creativita'),(33386,10,4,'creazione'),(33354,10,4,'creazioni'),(74137,10,4,'cresciuti'),(72852,10,4,'cresciuto'),(73123,10,4,'creste'),(33416,10,4,'criteri'),(47013,10,4,'cubes'),(47029,10,4,'cubetti'),(47038,10,4,'cubi'),(33403,10,4,'curiosita'),(49940,10,4,'curioso'),(57325,10,4,'cuscinetti'),(57292,10,4,'cuscinetto'),(50649,10,4,'dai'),(50644,10,4,'dalle'),(72884,10,4,'dando'),(47483,10,4,'danno'),(72260,10,4,'dar'),(33349,10,4,'darai'),(33818,10,4,'dare'),(47093,10,4,'davvero'),(72279,10,4,'deco'),(33792,10,4,'dedicata'),(56820,10,4,'dedicati'),(74142,10,4,'degli'),(33397,10,4,'dei'),(72255,10,4,'deko'),(73632,10,4,'dell'),(49948,10,4,'delle'),(50645,10,4,'destinata'),(47477,10,4,'differenti'),(72886,10,4,'differenziano'),(34362,10,4,'dimensione'),(49947,10,4,'dimensioni'),(73863,10,4,'dina'),(50656,10,4,'dinamiche'),(47970,10,4,'dinosauri'),(47960,10,4,'dinosaurs'),(33832,10,4,'disponibile'),(74145,10,4,'distinguibili'),(72866,10,4,'diventa'),(47052,10,4,'diventano'),(33405,10,4,'diventare'),(50872,10,4,'diverse'),(57318,10,4,'diversi'),(72269,10,4,'diverso'),(47041,10,4,'divertente'),(47983,10,4,'divertenti'),(73870,10,4,'divertentissima'),(47085,10,4,'divertimento'),(33401,10,4,'divertire'),(49946,10,4,'divertirti'),(72864,10,4,'dolce'),(72854,10,4,'dove'),(57339,10,4,'dovute'),(50651,10,4,'eccezionale'),(56823,10,4,'effetti'),(47982,10,4,'elementi'),(48916,10,4,'entrare'),(74404,10,4,'eroe'),(33799,10,4,'esclusiva'),(33794,10,4,'esigenti'),(33329,10,4,'espandi'),(57304,10,4,'espansione'),(47092,10,4,'esperienza'),(72904,10,4,'essere'),(57296,10,4,'estensione'),(47489,10,4,'eta'),(33425,10,4,'europei'),(72855,10,4,'evoluto'),(74135,10,4,'evoluzione'),(57301,10,4,'expand'),(47054,10,4,'facili'),(33777,10,4,'facilmente'),(33408,10,4,'famiglia'),(47031,10,4,'fantasia'),(47242,10,4,'fantasiose'),(47965,10,4,'fantasiosi'),(47027,10,4,'fantastiche'),(72267,10,4,'fantastici'),(72883,10,4,'fantastico'),(49949,10,4,'far'),(47488,10,4,'fascia'),(49958,10,4,'fascino'),(50653,10,4,'fatto'),(33373,10,4,'figure'),(47023,10,4,'forma'),(56819,10,4,'formati'),(47028,10,4,'formato'),(33372,10,4,'forme'),(33791,10,4,'forti'),(49959,10,4,'forza'),(48923,10,4,'forze'),(49944,10,4,'fosforescenti'),(47017,10,4,'free'),(47062,10,4,'friends'),(47060,10,4,'fruits'),(57293,10,4,'gabbia'),(70773,10,4,'gabbie'),(72869,10,4,'gambero'),(48929,10,4,'garantiscono'),(47075,10,4,'garantiti'),(73383,10,4,'gelide'),(47479,10,4,'gelo'),(33325,10,4,'geo'),(33332,10,4,'geomag'),(72875,10,4,'geomagnetica'),(33394,10,4,'geomagworld'),(49941,10,4,'geometria'),(33374,10,4,'geometriche'),(57331,10,4,'gesto'),(56368,10,4,'gialla'),(55932,10,4,'gialle'),(49168,10,4,'giallo'),(75199,10,4,'gioca'),(47078,10,4,'giocare'),(33793,10,4,'giocatori'),(33398,10,4,'giocattoli'),(47035,10,4,'giocattolo'),(47021,10,4,'gioco'),(72907,10,4,'girati'),(33423,10,4,'gli'),(56812,10,4,'glitter'),(49936,10,4,'glow'),(47974,10,4,'gomma'),(47044,10,4,'grado'),(50873,10,4,'grafiche'),(34358,10,4,'grande'),(33410,10,4,'grandi'),(49957,10,4,'grazie'),(72620,10,4,'green'),(34359,10,4,'guarda'),(74400,10,4,'guerriero'),(73130,10,4,'gufo'),(48655,10,4,'homes'),(47485,10,4,'idee'),(49952,10,4,'illuminano'),(75211,10,4,'illustrazioni'),(33359,10,4,'immaginazione'),(33808,10,4,'immediatamente'),(33798,10,4,'importante'),(33830,10,4,'incastrare'),(72273,10,4,'incastro'),(33781,10,4,'include'),(33371,10,4,'incredibile'),(48922,10,4,'incredibili'),(47040,10,4,'incredibilmente'),(57284,10,4,'indicatore'),(47043,10,4,'infatti'),(56367,10,4,'infine'),(33779,10,4,'infinite'),(72909,10,4,'infinito'),(33774,10,4,'ingegnose'),(71403,10,4,'ingranaggi'),(72873,10,4,'inizia'),(72900,10,4,'iniziale'),(50652,10,4,'iniziare'),(57336,10,4,'innescando'),(57319,10,4,'innovativi'),(47097,10,4,'innovativo'),(33800,10,4,'innovazione'),(33824,10,4,'inoltre'),(47025,10,4,'insieme'),(72912,10,4,'interagire'),(47070,10,4,'interamente'),(33357,10,4,'interesse'),(71404,10,4,'interni'),(75203,10,4,'intorno'),(57297,10,4,'introduce'),(33815,10,4,'intuitivo'),(75200,10,4,'inventa'),(75216,10,4,'inventare'),(47037,10,4,'inventato'),(75213,10,4,'ispirazione'),(73373,10,4,'jelo'),(33333,10,4,'kit'),(72251,10,4,'kor'),(72262,10,4,'lasciati'),(47047,10,4,'lato'),(47034,10,4,'leader'),(47019,10,4,'libero'),(47079,10,4,'liberta'),(47030,10,4,'limiti'),(33786,10,4,'linea'),(57291,10,4,'lineari'),(33381,10,4,'logico'),(56825,10,4,'luccicanti'),(73127,10,4,'lucertola'),(73121,10,4,'lunga'),(48930,10,4,'maggiore'),(50654,10,4,'magia'),(47966,10,4,'magic'),(56824,10,4,'magici'),(47042,10,4,'magico'),(47012,10,4,'magicube'),(33790,10,4,'magneti'),(57302,10,4,'magnetic'),(47087,10,4,'magnetica'),(33340,10,4,'magnetiche'),(33822,10,4,'magnetici'),(47036,10,4,'magnetico'),(33817,10,4,'magnetismo'),(47080,10,4,'mamme'),(57332,10,4,'manuale'),(72853,10,4,'mare'),(74146,10,4,'maschere'),(33812,10,4,'massimo'),(47073,10,4,'materiali'),(57300,10,4,'meccanica'),(57306,10,4,'meccanici'),(57278,10,4,'mechanics'),(49943,10,4,'mente'),(73630,10,4,'meravigliosi'),(57282,10,4,'metal'),(72892,10,4,'metallica'),(33338,10,4,'metalliche'),(33775,10,4,'metallo'),(75207,10,4,'mette'),(57335,10,4,'metteranno'),(75201,10,4,'metti'),(47492,10,4,'mezzo'),(48915,10,4,'miglior'),(72877,10,4,'migrazione'),(57317,10,4,'minor'),(33375,10,4,'modelli'),(57326,10,4,'modello'),(33813,10,4,'modo'),(57321,10,4,'modulari'),(48927,10,4,'moltissime'),(47084,10,4,'momenti'),(72272,10,4,'momento'),(48907,10,4,'mondo'),(74402,10,4,'montagne'),(73129,10,4,'mosse'),(74129,10,4,'mostro'),(72862,10,4,'movimenti'),(48920,10,4,'movimento'),(72903,10,4,'muoversi'),(47095,10,4,'nel'),(33802,10,4,'nell'),(48933,10,4,'nelle'),(50407,10,4,'nera'),(33542,10,4,'nere'),(33344,10,4,'neri'),(33805,10,4,'nero'),(33339,10,4,'non'),(33370,10,4,'numero'),(48659,10,4,'numerosi'),(33350,10,4,'nuova'),(33389,10,4,'nuove'),(49950,10,4,'nuovissime'),(73119,10,4,'occhi'),(72264,10,4,'occhioni'),(33360,10,4,'offrendo'),(72271,10,4,'ogni'),(72254,10,4,'orange'),(57310,10,4,'originale'),(33390,10,4,'originali'),(57323,10,4,'orizzontale'),(72901,10,4,'ovale'),(72259,10,4,'ovetti'),(73114,10,4,'paco'),(73631,10,4,'paesaggi'),(72861,10,4,'paio'),(74141,10,4,'palude'),(74676,10,4,'paludoso'),(33541,10,4,'panels'),(33346,10,4,'pannelli'),(57285,10,4,'pannello'),(73625,10,4,'pappagallo'),(47067,10,4,'park'),(47969,10,4,'parti'),(72270,10,4,'particolare'),(47490,10,4,'partire'),(33406,10,4,'passatempo'),(50647,10,4,'pastello'),(33324,10,4,'pcs'),(47984,10,4,'pensata'),(47487,10,4,'pensato'),(33545,10,4,'pentagonale'),(33785,10,4,'pentagonali'),(33343,10,4,'pentagoni'),(56816,10,4,'pentagono'),(33400,10,4,'per'),(75214,10,4,'perche'),(48905,10,4,'perfetta'),(57308,10,4,'perfettamente'),(33772,10,4,'permette'),(33391,10,4,'permettera'),(47077,10,4,'permettere'),(48926,10,4,'permetto'),(47476,10,4,'permettono'),(47057,10,4,'persino'),(47981,10,4,'personaggi'),(72863,10,4,'pesciolino'),(33836,10,4,'pezzi'),(33365,10,4,'piattaforma'),(48928,10,4,'piattaforme'),(72011,10,4,'piatti'),(57294,10,4,'piatto'),(47058,10,4,'piccoli'),(57289,10,4,'piedi'),(73377,10,4,'pinguino'),(50637,10,4,'pink'),(73380,10,4,'pinne'),(72858,10,4,'pinnette'),(33414,10,4,'piu'),(73626,10,4,'piume'),(33826,10,4,'plastica'),(73128,10,4,'poche'),(48908,10,4,'pochi'),(72897,10,4,'poi'),(47065,10,4,'polar'),(47480,10,4,'polare'),(33807,10,4,'polarita'),(73384,10,4,'polo'),(71402,10,4,'portanti'),(33385,10,4,'possibile'),(72910,10,4,'possibilita'),(33404,10,4,'possono'),(33778,10,4,'potenzialmente'),(48909,10,4,'poter'),(49954,10,4,'potrai'),(47022,10,4,'prende'),(73869,10,4,'presenta'),(48910,10,4,'prime'),(47083,10,4,'primi'),(74131,10,4,'primordiale'),(47986,10,4,'princess'),(48426,10,4,'principesse'),(33768,10,4,'pro'),(48932,10,4,'prodotte'),(33412,10,4,'prodotti'),(33396,10,4,'produttrice'),(33421,10,4,'produzione'),(57313,10,4,'progettare'),(33837,10,4,'progettati'),(33399,10,4,'progettatti'),(33331,10,4,'progetti'),(75212,10,4,'proposte'),(47091,10,4,'propria'),(74127,10,4,'proprie'),(33816,10,4,'proprieta'),(47056,10,4,'proprio'),(74132,10,4,'proteon'),(75202,10,4,'prova'),(75215,10,4,'provare'),(73124,10,4,'puo'),(33368,10,4,'puoi'),(33544,10,4,'quadrata'),(49170,10,4,'quadrate'),(33342,10,4,'quadrati'),(57286,10,4,'quadrato'),(56822,10,4,'qualcosa'),(33417,10,4,'qualita'),(47046,10,4,'qualunque'),(33825,10,4,'questa'),(72881,10,4,'questi'),(47968,10,4,'raffiguranti'),(33380,10,4,'ragionamento'),(73126,10,4,'rana'),(72890,10,4,'realistici'),(47026,10,4,'realizza'),(47055,10,4,'realizzare'),(75208,10,4,'realmente'),(57337,10,4,'reazioni'),(72619,10,4,'red'),(33806,10,4,'rendendo'),(47039,10,4,'rendendolo'),(57312,10,4,'rendera'),(72268,10,4,'rendere'),(33384,10,4,'rendono'),(57340,10,4,'repulsione'),(33796,10,4,'resistenti'),(47049,10,4,'restare'),(50643,10,4,'ricca'),(73131,10,4,'riccio'),(75209,10,4,'riesci'),(33415,10,4,'rigorosi'),(33820,10,4,'riprodurre'),(33422,10,4,'rispetta'),(33413,10,4,'rispettando'),(47088,10,4,'riuscita'),(47063,10,4,'river'),(47985,10,4,'robots'),(74403,10,4,'rocciose'),(74139,10,4,'roccioso'),(57288,10,4,'rondelle'),(50642,10,4,'rosa'),(56369,10,4,'rossa'),(73627,10,4,'rosse'),(55934,10,4,'rossi'),(49169,10,4,'rosso'),(73120,10,4,'rotanti'),(47066,10,4,'safari'),(47973,10,4,'sagome'),(47719,10,4,'savana'),(33831,10,4,'sbizzarrire'),(33780,10,4,'scatola'),(49951,10,4,'scatole'),(47964,10,4,'scenari'),(56818,10,4,'scintillanti'),(48906,10,4,'scoprire'),(48914,10,4,'scuro'),(74125,10,4,'selvatico'),(57330,10,4,'semplice'),(57315,10,4,'semplificando'),(33388,10,4,'sempre'),(47082,10,4,'serenita'),(33787,10,4,'serie'),(34364,10,4,'set'),(72275,10,4,'sfera'),(33337,10,4,'sfere'),(47020,10,4,'sfogo'),(75217,10,4,'sfruttando'),(33811,10,4,'sfruttare'),(33418,10,4,'sicurezza'),(47074,10,4,'sicuri'),(33783,10,4,'silver'),(47980,10,4,'simpatici'),(73118,10,4,'simpatico'),(57309,10,4,'sistema'),(57314,10,4,'solide'),(48918,10,4,'sorprendente'),(47053,10,4,'sorprendenti'),(49955,10,4,'sorprendere'),(50655,10,4,'sorprese'),(47051,10,4,'sospesi'),(47975,10,4,'speciale'),(72282,10,4,'speciali'),(33823,10,4,'specialisti'),(48931,10,4,'spostare'),(72906,10,4,'spostati'),(47486,10,4,'spunti'),(72867,10,4,'squalo'),(75205,10,4,'stabilira'),(75218,10,4,'stabilire'),(33362,10,4,'stabilita'),(72905,10,4,'staccati'),(33424,10,4,'standard'),(33378,10,4,'stimola'),(33409,10,4,'stimolando'),(33402,10,4,'stimolare'),(33358,10,4,'stimoleranno'),(57328,10,4,'stimoli'),(72871,10,4,'storia'),(33819,10,4,'strabilianti'),(57324,10,4,'struttura'),(33387,10,4,'strutture'),(73385,10,4,'sud'),(72857,10,4,'sue'),(74401,10,4,'sulle'),(72856,10,4,'suoi'),(71401,10,4,'supporti'),(72911,10,4,'svariati'),(47024,10,4,'sviluppa'),(49432,10,4,'sviluppare'),(33773,10,4,'sviluppo'),(47071,10,4,'svizzera'),(33420,10,4,'svizzeri'),(73629,10,4,'svolazza'),(74672,10,4,'swomp'),(57303,10,4,'system'),(74120,10,4,'taurex'),(72872,10,4,'tazoo'),(72874,10,4,'tempesta'),(72850,10,4,'tenero'),(74133,10,4,'terra'),(74138,10,4,'terreno'),(33377,10,4,'tipi'),(33419,10,4,'tipici'),(57298,10,4,'tipo'),(73621,10,4,'toco'),(75204,10,4,'tondi'),(72868,10,4,'trasforma'),(73125,10,4,'trasformarsi'),(33383,10,4,'trasformazioni'),(33827,10,4,'trasparente'),(56366,10,4,'triangolare'),(33784,10,4,'triangolari'),(33341,10,4,'triangoli'),(33821,10,4,'trucchi'),(33347,10,4,'tua'),(57287,10,4,'tubi'),(71709,10,4,'tubo'),(33353,10,4,'tue'),(33356,10,4,'tuo'),(33330,10,4,'tuoi'),(33407,10,4,'tutta'),(33376,10,4,'tutti'),(47484,10,4,'ulteriori'),(47978,10,4,'ulteriormente'),(47094,10,4,'unica'),(72281,10,4,'unici'),(33776,10,4,'uniscono'),(48924,10,4,'unite'),(72891,10,4,'uniti'),(72879,10,4,'universo'),(73378,10,4,'utilizza'),(47072,10,4,'utilizzando'),(47090,10,4,'utilizzare'),(57299,10,4,'utilizzo'),(72893,10,4,'vanno'),(72902,10,4,'vari'),(33828,10,4,'varie'),(33382,10,4,'varieta'),(47069,10,4,'vengono'),(48912,10,4,'verde'),(49945,10,4,'verdi'),(33363,10,4,'versatilita'),(57322,10,4,'verticale'),(49692,10,4,'viola'),(33809,10,4,'visibile'),(33351,10,4,'vita'),(72265,10,4,'vivaci'),(47081,10,4,'vivere'),(72889,10,4,'vivono'),(47089,10,4,'volta'),(74950,10,4,'vulcanico'),(74140,10,4,'vulcano'),(74946,10,4,'vulkram'),(33323,10,4,'white'),(72435,10,4,'yellow'),(14158,11,4,'000001'),(14337,11,4,'000005'),(14513,11,4,'000006'),(14696,11,4,'000009'),(14873,11,4,'000029'),(15045,11,4,'000030'),(15212,11,4,'000043'),(15385,11,4,'000052'),(29609,11,4,'000084'),(29797,11,4,'000085'),(29989,11,4,'000086'),(30177,11,4,'000087'),(30359,11,4,'000092'),(30541,11,4,'000093'),(30729,11,4,'000097'),(30921,11,4,'000098'),(31103,11,4,'000099'),(31287,11,4,'000101'),(31479,11,4,'000102'),(31666,11,4,'000104'),(31848,11,4,'000106'),(32038,11,4,'000113'),(32225,11,4,'000115'),(32410,11,4,'000116'),(32590,11,4,'000121'),(32774,11,4,'000133'),(14335,11,4,'005'),(14511,11,4,'006'),(14694,11,4,'009'),(14871,11,4,'029'),(15043,11,4,'030'),(33128,11,4,'031'),(15384,11,4,'052'),(29607,11,4,'084'),(29795,11,4,'085'),(29988,11,4,'086'),(30175,11,4,'087'),(30357,11,4,'092'),(30539,11,4,'093'),(30727,11,4,'097'),(30919,11,4,'098'),(31104,11,4,'101'),(31477,11,4,'102'),(31665,11,4,'104'),(31847,11,4,'106'),(32036,11,4,'113'),(32224,11,4,'115'),(32408,11,4,'116'),(32588,11,4,'121'),(32772,11,4,'133'),(33129,11,4,'1350'),(32949,11,4,'1635'),(32950,11,4,'202982'),(31102,11,4,'2200'),(29608,11,4,'230'),(29796,11,4,'250'),(31478,11,4,'290'),(32773,11,4,'297'),(32037,11,4,'300'),(30728,11,4,'310'),(32589,11,4,'318'),(14695,11,4,'320'),(30358,11,4,'350'),(32409,11,4,'380'),(30920,11,4,'390'),(30540,11,4,'400'),(14512,11,4,'430'),(30176,11,4,'437'),(14872,11,4,'460'),(14698,11,4,'4972825139325'),(14875,11,4,'4972825142684'),(15047,11,4,'4972825142691'),(14160,11,4,'4972825143698'),(15213,11,4,'4972825144381'),(15387,11,4,'4972825145753'),(14515,11,4,'4972825146958'),(29611,11,4,'4972825149638'),(29799,11,4,'4972825149645'),(29991,11,4,'4972825149690'),(30179,11,4,'4972825149751'),(30731,11,4,'4972825149768'),(30361,11,4,'4972825201053'),(30543,11,4,'4972825201060'),(31105,11,4,'4972825201152'),(30923,11,4,'4972825201169'),(31289,11,4,'4972825201565'),(31481,11,4,'4972825201572'),(31668,11,4,'4972825201992'),(31850,11,4,'4972825202012'),(32040,11,4,'4972825202463'),(32227,11,4,'4972825202487'),(32412,11,4,'4972825202494'),(32592,11,4,'4972825202616'),(32776,11,4,'4972825202951'),(32951,11,4,'4972825202982'),(33130,11,4,'4972825206041'),(15044,11,4,'530'),(14336,11,4,'777'),(14155,11,4,'800'),(14339,11,4,'828988201284'),(31483,11,4,'acqua'),(14234,11,4,'adatti'),(14238,11,4,'advanced'),(30735,11,4,'affaccia'),(14214,11,4,'affermati'),(14193,11,4,'aggancio'),(14342,11,4,'agli'),(14205,11,4,'alle'),(30180,11,4,'altezza'),(31485,11,4,'alti'),(14519,11,4,'ama'),(14343,11,4,'amanti'),(30740,11,4,'ambiente'),(30362,11,4,'angolo'),(14168,11,4,'appassionati'),(14702,11,4,'architettoniche'),(14210,11,4,'azienda'),(30928,11,4,'barcellona'),(14204,11,4,'base'),(31852,11,4,'belli'),(14870,11,4,'big'),(32771,11,4,'bonsai'),(31286,11,4,'bridge'),(31663,11,4,'buckingham'),(32035,11,4,'bus'),(30186,11,4,'campanile'),(29995,11,4,'capitale'),(30926,11,4,'capolavoro'),(14217,11,4,'caratteristiche'),(31851,11,4,'castelli'),(31101,11,4,'castle'),(30182,11,4,'chiesa'),(30174,11,4,'church'),(30000,11,4,'cimentarti'),(30741,11,4,'circostante'),(30733,11,4,'citta'),(14228,11,4,'collezionare'),(32594,11,4,'colosseo'),(32587,11,4,'colosseum'),(32952,11,4,'complete'),(14165,11,4,'completi'),(14175,11,4,'confezione'),(30924,11,4,'contenuti'),(14176,11,4,'contiene'),(14181,11,4,'costruire'),(29992,11,4,'costruisci'),(14186,11,4,'costruzione'),(14170,11,4,'costruzioni'),(31107,11,4,'cura'),(30185,11,4,'dal'),(30537,11,4,'dame'),(14219,11,4,'dando'),(14341,11,4,'dedicata'),(15048,11,4,'dedicato'),(14161,11,4,'dei'),(14706,11,4,'dell'),(14169,11,4,'delle'),(33126,11,4,'deluxe'),(14349,11,4,'dettagli'),(14171,11,4,'dettagliate'),(30184,11,4,'dettaglio'),(14184,11,4,'dimensioni'),(14182,11,4,'disegnata'),(14199,11,4,'distanziare'),(14878,11,4,'divertiti'),(14196,11,4,'doppia'),(14691,11,4,'easter'),(33127,11,4,'edition'),(15211,11,4,'elshout'),(14206,11,4,'esigenze'),(31106,11,4,'espressione'),(30187,11,4,'esterni'),(14237,11,4,'eta'),(14200,11,4,'facilita'),(30918,11,4,'familia'),(15389,11,4,'famosa'),(14704,11,4,'famose'),(14516,11,4,'famosi'),(29993,11,4,'famoso'),(14345,11,4,'fatto'),(29996,11,4,'francese'),(32414,11,4,'francisco'),(14225,11,4,'gamma'),(32407,11,4,'gate'),(30927,11,4,'gaudi'),(14183,11,4,'giappone'),(14211,11,4,'giapponese'),(14517,11,4,'giapponesi'),(32406,11,4,'golden'),(14351,11,4,'grande'),(14195,11,4,'grazie'),(30363,11,4,'guideranno'),(14236,11,4,'gusti'),(14697,11,4,'h009'),(31849,11,4,'h010'),(14874,11,4,'h029'),(15046,11,4,'h030'),(15386,11,4,'h052'),(29610,11,4,'h084'),(29798,11,4,'h085'),(29990,11,4,'h086'),(30178,11,4,'h087'),(30360,11,4,'h092'),(30542,11,4,'h093'),(30730,11,4,'h097'),(30922,11,4,'h098'),(31288,11,4,'h101'),(31480,11,4,'h102'),(31667,11,4,'h104'),(32039,11,4,'h113'),(32226,11,4,'h115'),(32411,11,4,'h116'),(32591,11,4,'h121'),(32775,11,4,'h133'),(31285,11,4,'harbour'),(31100,11,4,'himeji'),(14233,11,4,'hobby'),(15383,11,4,'house'),(31484,11,4,'icona'),(14701,11,4,'icone'),(14518,11,4,'ideale'),(30003,11,4,'inclusa'),(14692,11,4,'island'),(14707,11,4,'isola'),(29998,11,4,'istruzioni'),(32223,11,4,'kaminarimon'),(14208,11,4,'kawada'),(15210,11,4,'kinderduk'),(29606,11,4,'landing'),(14178,11,4,'linea'),(14154,11,4,'locomotive'),(32034,11,4,'london'),(14877,11,4,'londra'),(29987,11,4,'louvre'),(14209,11,4,'ltd'),(29802,11,4,'luna'),(29605,11,4,'lunar'),(14700,11,4,'luoghi'),(14159,11,4,'m001'),(14338,11,4,'m005'),(14514,11,4,'m006'),(14223,11,4,'mania'),(30181,11,4,'massima'),(31486,11,4,'massimo'),(14180,11,4,'mattoncini'),(14173,11,4,'mattoncino'),(14185,11,4,'mattoni'),(31475,11,4,'melbourne'),(14344,11,4,'mezzi'),(14179,11,4,'micro'),(31488,11,4,'minimi'),(14188,11,4,'misura'),(14689,11,4,'moai'),(15209,11,4,'molen'),(14216,11,4,'mondo'),(30732,11,4,'monumento'),(14510,11,4,'motorcycle'),(15215,11,4,'mulino'),(29986,11,4,'musee'),(29994,11,4,'museo'),(14333,11,4,'mustang'),(14157,11,4,'nan'),(14163,11,4,'nanoblock'),(14693,11,4,'nbh'),(14334,11,4,'nbm'),(14191,11,4,'nel'),(31846,11,4,'neuschwanstein'),(32229,11,4,'nipponica'),(30536,11,4,'notre'),(14201,11,4,'ogni'),(15217,11,4,'olandese'),(15382,11,4,'opera'),(14332,11,4,'p51'),(33125,11,4,'pagoda'),(31664,11,4,'palace'),(30734,11,4,'parigi'),(30538,11,4,'paris'),(14189,11,4,'particolarita'),(14708,11,4,'pasqua'),(14232,11,4,'passioni'),(30364,11,4,'passo'),(14156,11,4,'pcs'),(14166,11,4,'per'),(14703,11,4,'perfezione'),(14198,11,4,'permette'),(30738,11,4,'permetteranno'),(14347,11,4,'permettono'),(14177,11,4,'pezzi'),(14203,11,4,'pezzo'),(14172,11,4,'piccole'),(30737,11,4,'piccoli'),(14187,11,4,'piccolo'),(32770,11,4,'pine'),(30002,11,4,'piramide'),(15042,11,4,'pisa'),(14164,11,4,'piu'),(31290,11,4,'ponte'),(31291,11,4,'porto'),(29999,11,4,'potrai'),(29997,11,4,'precise'),(14352,11,4,'precisione'),(14227,11,4,'proposti'),(14222,11,4,'propria'),(15388,11,4,'puoi'),(30001,11,4,'questa'),(30925,11,4,'realizzare'),(14207,11,4,'realizzati'),(31112,11,4,'realizzazione'),(14229,11,4,'regalare'),(14348,11,4,'replicare'),(14194,11,4,'retro'),(14699,11,4,'ricrea'),(32953,11,4,'ricreare'),(31109,11,4,'riproduci'),(31487,11,4,'riprodurre'),(14190,11,4,'risiede'),(30725,11,4,'rives'),(32593,11,4,'roma'),(29794,11,4,'rover'),(14520,11,4,'ruote'),(30917,11,4,'sagrada'),(32413,11,4,'san'),(15390,11,4,'scala'),(14197,11,4,'scanalatura'),(14340,11,4,'scatola'),(29612,11,4,'scatole'),(14212,11,4,'sede'),(30726,11,4,'seine'),(30736,11,4,'senna'),(14162,11,4,'set'),(31292,11,4,'sidney'),(14709,11,4,'sights'),(14876,11,4,'simboli'),(14231,11,4,'simbolo'),(14202,11,4,'singolo'),(14192,11,4,'sistema'),(32954,11,4,'skyline'),(14230,11,4,'soggetti'),(29613,11,4,'spaziali'),(29614,11,4,'spazio'),(14174,11,4,'standard'),(14705,11,4,'statue'),(14690,11,4,'statues'),(14153,11,4,'steam'),(14346,11,4,'storia'),(30739,11,4,'struttura'),(31110,11,4,'strutture'),(31111,11,4,'sua'),(15381,11,4,'sydney'),(14226,11,4,'temi'),(31108,11,4,'tipica'),(15214,11,4,'tipico'),(14213,11,4,'tokyo'),(15041,11,4,'torre'),(32228,11,4,'tradizione'),(31476,11,4,'tram'),(14235,11,4,'tutti'),(14215,11,4,'tutto'),(14218,11,4,'uniche'),(30183,11,4,'usa'),(14224,11,4,'vasta'),(29800,11,4,'veicolo'),(14350,11,4,'velivolo'),(30356,11,4,'venezia'),(15216,11,4,'vento'),(14221,11,4,'vera'),(31482,11,4,'verde'),(14167,11,4,'veri'),(31489,11,4,'vettura'),(14220,11,4,'via'),(29801,11,4,'viaggiato'),(12629,12,4,'000806'),(12775,12,4,'000807'),(12925,12,4,'000808'),(13072,12,4,'000809'),(13228,12,4,'000810'),(13396,12,4,'000842'),(13557,12,4,'000846'),(13702,12,4,'000848'),(13848,12,4,'000849'),(13996,12,4,'000856'),(12625,12,4,'0806'),(12773,12,4,'0807'),(12924,12,4,'0808'),(13070,12,4,'0809'),(13227,12,4,'0810'),(13394,12,4,'0842'),(13555,12,4,'0846'),(13700,12,4,'0848'),(13846,12,4,'0849'),(13994,12,4,'0856'),(13847,12,4,'11400'),(13701,12,4,'11600'),(13071,12,4,'14800'),(12694,12,4,'1953'),(13395,12,4,'25200'),(13556,12,4,'5400'),(13995,12,4,'5600'),(12774,12,4,'6000'),(12626,12,4,'6600'),(12630,12,4,'8007905008065'),(12776,12,4,'8007905008072'),(12926,12,4,'8007905008089'),(13073,12,4,'8007905008096'),(13229,12,4,'8007905008102'),(13397,12,4,'8007905008423'),(13558,12,4,'8007905008461'),(13703,12,4,'8007905008485'),(13849,12,4,'8007905008492'),(13997,12,4,'8007905008560'),(12781,12,4,'amati'),(12637,12,4,'anna'),(12652,12,4,'anni'),(12661,12,4,'ansie'),(12655,12,4,'anti'),(12622,12,4,'art'),(12654,12,4,'attivita'),(12638,12,4,'attraverso'),(12688,12,4,'azienda'),(12650,12,4,'bambini'),(13239,12,4,'caricare'),(12666,12,4,'certa'),(12627,12,4,'chiodini'),(12686,12,4,'citta'),(13235,12,4,'collegarti'),(12645,12,4,'colori'),(12675,12,4,'come'),(12663,12,4,'concentrazione'),(12643,12,4,'contiene'),(13079,12,4,'cornice'),(12634,12,4,'creare'),(13074,12,4,'creativo'),(12660,12,4,'dalle'),(12777,12,4,'dei'),(12669,12,4,'delle'),(13234,12,4,'devi'),(12779,12,4,'disney'),(12667,12,4,'distanza'),(12644,12,4,'diversi'),(12636,12,4,'elsa'),(12690,12,4,'famosi'),(12662,12,4,'favorisce'),(13233,12,4,'foto'),(12672,12,4,'fotografie'),(12624,12,4,'frozen'),(12682,12,4,'giochi'),(12631,12,4,'gioco'),(12639,12,4,'gli'),(12664,12,4,'guardano'),(12783,12,4,'guida'),(12665,12,4,'immagini'),(13246,12,4,'infine'),(12640,12,4,'ingegnosi'),(13230,12,4,'innovativo'),(13247,12,4,'inserire'),(12632,12,4,'intelligente'),(12684,12,4,'interamente'),(13242,12,4,'istruzioni'),(12685,12,4,'italia'),(12658,12,4,'libera'),(12647,12,4,'linea'),(12676,12,4,'magia'),(12659,12,4,'mente'),(12772,12,4,'mickey'),(12677,12,4,'migliaia'),(12674,12,4,'miscelano'),(12687,12,4,'nata'),(12693,12,4,'nel'),(13076,12,4,'opere'),(12653,12,4,'oppure'),(12681,12,4,'ottocento'),(12651,12,4,'partire'),(12649,12,4,'per'),(12673,12,4,'perche'),(12778,12,4,'personaggi'),(13560,12,4,'personaggio'),(12623,12,4,'photo'),(12679,12,4,'pittura'),(12780,12,4,'piu'),(12621,12,4,'pixel'),(13244,12,4,'posizionandole'),(12633,12,4,'potrai'),(12691,12,4,'prima'),(12923,12,4,'princess'),(12927,12,4,'principesse'),(12678,12,4,'principio'),(12648,12,4,'prodotti'),(12671,12,4,'proprie'),(12680,12,4,'puntinista'),(12628,12,4,'qrc'),(13077,12,4,'quale'),(12641,12,4,'quercetti'),(13238,12,4,'quercettiart'),(13078,12,4,'ricreare'),(12657,12,4,'rigenerante'),(13231,12,4,'riprodurre'),(13075,12,4,'scegliere'),(13240,12,4,'scelta'),(12782,12,4,'schede'),(13241,12,4,'seguire'),(12668,12,4,'sembrano'),(12642,12,4,'set'),(13236,12,4,'sito'),(13243,12,4,'stampare'),(13552,12,4,'star'),(13559,12,4,'stoormtrooper'),(13554,12,4,'stormtrooper'),(12656,12,4,'stress'),(13245,12,4,'tavoletta'),(12646,12,4,'tavolette'),(12689,12,4,'torino'),(13232,12,4,'tua'),(12683,12,4,'vengono'),(12670,12,4,'vere'),(12692,12,4,'volta'),(12635,12,4,'volti'),(13553,12,4,'wars'),(13237,12,4,'www'),(13993,12,4,'yoda'),(78902,13,4,'adult'),(78907,13,4,'crea'),(78905,13,4,'custom'),(78916,13,4,'kids'),(78903,13,4,'shirt'),(78904,13,4,'tag'),(78906,13,4,'thsirt'),(78908,13,4,'tua');

--
-- Table structure for table `ps_sekeyword`
--

CREATE TABLE `ps_sekeyword` (
  `id_sekeyword` int(10) unsigned NOT NULL AUTO_INCREMENT,
  `id_shop` int(10) unsigned NOT NULL DEFAULT '1',
  `id_shop_group` int(10) unsigned NOT NULL DEFAULT '1',
  `keyword` varchar(256) NOT NULL,
  `date_add` datetime NOT NULL,
  PRIMARY KEY (`id_sekeyword`)
) ENGINE=InnoDB DEFAULT CHARSET=utf8;

--
-- Dumping data for table `ps_sekeyword`
--


--
-- Table structure for table `ps_shippinginfo`
--

CREATE TABLE `ps_shippinginfo` (
  `id_shippinginfo` int(10) unsigned NOT NULL AUTO_INCREMENT,
  `id_shop` int(10) unsigned DEFAULT NULL,
  PRIMARY KEY (`id_shippinginfo`)
) ENGINE=InnoDB DEFAULT CHARSET=utf8;

--
-- Dumping data for table `ps_shippinginfo`
--


--
-- Table structure for table `ps_shippinginfo_lang`
--

CREATE TABLE `ps_shippinginfo_lang` (
  `id_shippinginfo` int(10) unsigned NOT NULL,
  `id_lang` int(10) unsigned NOT NULL,
  `text` text NOT NULL,
  PRIMARY KEY (`id_shippinginfo`,`id_lang`)
) ENGINE=InnoDB DEFAULT CHARSET=utf8;

--
-- Dumping data for table `ps_shippinginfo_lang`
--


--
-- Table structure for table `ps_shop`
--

CREATE TABLE `ps_shop` (
  `id_shop` int(11) NOT NULL AUTO_INCREMENT,
  `id_shop_group` int(11) NOT NULL,
  `name` varchar(64) CHARACTER SET utf8 NOT NULL,
  `id_category` int(11) NOT NULL,
  `theme_name` varchar(255) CHARACTER SET utf8 NOT NULL,
  `active` tinyint(1) NOT NULL,
  `deleted` tinyint(1) NOT NULL,
  PRIMARY KEY (`id_shop`),
  KEY `IDX_CBDFBB9EF5C9E40` (`id_shop_group`)
) ENGINE=InnoDB AUTO_INCREMENT=14 DEFAULT CHARSET=utf8 COLLATE=utf8_unicode_ci;

--
-- Dumping data for table `ps_shop`
--

INSERT INTO `ps_shop` VALUES (1,3,'Toys And Games',2,'PRS033',1,0),(3,3,'Geomag',2,'PRS033',1,0),(4,3,'Quercetti',2,'PRS033',1,0),(5,3,'Carioca',2,'PRS033',1,0),(6,3,'NanoBlock',2,'PRS033',1,0),(7,3,'T-Shirts',2,'PRS033',1,0),(8,4,'Carioca',2,'PRS033',1,0),(9,4,'Toys And Games',2,'PRS033',1,0),(10,4,'Geomag',2,'PRS033',1,0),(11,4,'NanoBlock',2,'PRS033',1,0),(12,4,'Quercetti',2,'PRS033',1,0),(13,4,'T-Shirts',2,'PRS033',1,0);

--
-- Table structure for table `ps_shop_group`
--

CREATE TABLE `ps_shop_group` (
  `id_shop_group` int(11) NOT NULL AUTO_INCREMENT,
  `name` varchar(64) CHARACTER SET utf8 NOT NULL,
  `share_customer` tinyint(1) NOT NULL,
  `share_order` tinyint(1) NOT NULL,
  `share_stock` tinyint(1) NOT NULL,
  `active` tinyint(1) NOT NULL,
  `deleted` tinyint(1) NOT NULL,
  PRIMARY KEY (`id_shop_group`)
) ENGINE=InnoDB AUTO_INCREMENT=5 DEFAULT CHARSET=utf8 COLLATE=utf8_unicode_ci;

--
-- Dumping data for table `ps_shop_group`
--

INSERT INTO `ps_shop_group` VALUES (3,'Toys And Games CH',1,1,1,1,0),(4,'Toys And Games EU',1,1,1,1,0);

--
-- Table structure for table `ps_shop_url`
--

CREATE TABLE `ps_shop_url` (
  `id_shop_url` int(11) unsigned NOT NULL AUTO_INCREMENT,
  `id_shop` int(11) unsigned NOT NULL,
  `domain` varchar(150) NOT NULL,
  `domain_ssl` varchar(150) NOT NULL,
  `physical_uri` varchar(64) NOT NULL,
  `virtual_uri` varchar(64) NOT NULL,
  `main` tinyint(1) NOT NULL,
  `active` tinyint(1) NOT NULL,
  PRIMARY KEY (`id_shop_url`),
  UNIQUE KEY `full_shop_url` (`domain`,`physical_uri`,`virtual_uri`),
  UNIQUE KEY `full_shop_url_ssl` (`domain_ssl`,`physical_uri`,`virtual_uri`),
  KEY `id_shop` (`id_shop`,`main`)
) ENGINE=InnoDB AUTO_INCREMENT=13 DEFAULT CHARSET=utf8;

--
-- Dumping data for table `ps_shop_url`
--

INSERT INTO `ps_shop_url` VALUES (1,1,'ch.toys-and-games.com','ch.toys-and-games.com','/','',1,1),(2,3,'ch.toys-and-games.com','ch.toys-and-games.com','/','geomag/',1,1),(3,4,'ch.toys-and-games.com','ch.toys-and-games.com','/','quercetti/',1,1),(4,5,'ch.toys-and-games.com','ch.toys-and-games.com','/','carioca/',1,1),(5,6,'ch.toys-and-games.com','ch.toys-and-games.com','/','nanoblock/',1,1),(6,7,'ch.toys-and-games.com','ch.toys-and-games.com','/','tshirts/',1,1),(7,8,'eu.toys-and-games.com','eu.toys-and-games.com','/','carioca/',1,1),(8,9,'eu.toys-and-games.com','eu.toys-and-games.com','/','',1,1),(9,10,'eu.toys-and-games.com','eu.toys-and-games.com','/','geomag/',1,1),(10,11,'eu.toys-and-games.com','eu.toys-and-games.com','/','nanoblock/',1,1),(11,12,'eu.toys-and-games.com','eu.toys-and-games.com','/','quercetti/',1,1),(12,13,'eu.toys-and-games.com','eu.toys-and-games.com','/','t-shirts/',1,1);

--
-- Table structure for table `ps_smarty_cache`
--

CREATE TABLE `ps_smarty_cache` (
  `id_smarty_cache` char(40) NOT NULL,
  `name` char(40) NOT NULL,
  `cache_id` varchar(254) DEFAULT NULL,
  `modified` timestamp NOT NULL DEFAULT CURRENT_TIMESTAMP,
  `content` longtext NOT NULL,
  PRIMARY KEY (`id_smarty_cache`),
  KEY `name` (`name`),
  KEY `cache_id` (`cache_id`),
  KEY `modified` (`modified`)
) ENGINE=InnoDB DEFAULT CHARSET=utf8;

--
-- Dumping data for table `ps_smarty_cache`
--


--
-- Table structure for table `ps_smarty_last_flush`
--

CREATE TABLE `ps_smarty_last_flush` (
  `type` enum('compile','template') NOT NULL,
  `last_flush` datetime NOT NULL DEFAULT '0000-00-00 00:00:00',
  PRIMARY KEY (`type`)
) ENGINE=InnoDB DEFAULT CHARSET=utf8;

--
-- Dumping data for table `ps_smarty_last_flush`
--


--
-- Table structure for table `ps_smarty_lazy_cache`
--

CREATE TABLE `ps_smarty_lazy_cache` (
  `template_hash` varchar(32) NOT NULL DEFAULT '',
  `cache_id` varchar(255) NOT NULL DEFAULT '',
  `compile_id` varchar(32) NOT NULL DEFAULT '',
  `filepath` varchar(255) NOT NULL DEFAULT '',
  `last_update` datetime NOT NULL DEFAULT '0000-00-00 00:00:00',
  PRIMARY KEY (`template_hash`,`cache_id`,`compile_id`)
) ENGINE=InnoDB DEFAULT CHARSET=utf8;

--
-- Dumping data for table `ps_smarty_lazy_cache`
--


--
-- Table structure for table `ps_specific_price`
--

CREATE TABLE `ps_specific_price` (
  `id_specific_price` int(10) unsigned NOT NULL AUTO_INCREMENT,
  `id_specific_price_rule` int(11) unsigned NOT NULL,
  `id_cart` int(11) unsigned NOT NULL,
  `id_product` int(10) unsigned NOT NULL,
  `id_shop` int(11) unsigned NOT NULL DEFAULT '1',
  `id_shop_group` int(11) unsigned NOT NULL,
  `id_currency` int(10) unsigned NOT NULL,
  `id_country` int(10) unsigned NOT NULL,
  `id_group` int(10) unsigned NOT NULL,
  `id_customer` int(10) unsigned NOT NULL,
  `id_product_attribute` int(10) unsigned NOT NULL,
  `price` decimal(20,6) NOT NULL,
  `from_quantity` mediumint(8) unsigned NOT NULL,
  `reduction` decimal(20,6) NOT NULL,
  `reduction_tax` tinyint(1) NOT NULL DEFAULT '1',
  `reduction_type` enum('amount','percentage') NOT NULL,
  `from` datetime NOT NULL,
  `to` datetime NOT NULL,
  PRIMARY KEY (`id_specific_price`),
  UNIQUE KEY `id_product_2` (`id_product`,`id_product_attribute`,`id_customer`,`id_cart`,`from`,`to`,`id_shop`,`id_shop_group`,`id_currency`,`id_country`,`id_group`,`from_quantity`,`id_specific_price_rule`),
  KEY `id_product` (`id_product`,`id_shop`,`id_currency`,`id_country`,`id_group`,`id_customer`,`from_quantity`,`from`,`to`),
  KEY `from_quantity` (`from_quantity`),
  KEY `id_specific_price_rule` (`id_specific_price_rule`),
  KEY `id_cart` (`id_cart`),
  KEY `id_product_attribute` (`id_product_attribute`),
  KEY `id_shop` (`id_shop`),
  KEY `id_customer` (`id_customer`),
  KEY `from` (`from`),
  KEY `to` (`to`)
) ENGINE=InnoDB DEFAULT CHARSET=utf8;

--
-- Dumping data for table `ps_specific_price`
--


--
-- Table structure for table `ps_specific_price_priority`
--

CREATE TABLE `ps_specific_price_priority` (
  `id_specific_price_priority` int(11) NOT NULL AUTO_INCREMENT,
  `id_product` int(11) NOT NULL,
  `priority` varchar(80) NOT NULL,
  PRIMARY KEY (`id_specific_price_priority`,`id_product`),
  UNIQUE KEY `id_product` (`id_product`)
) ENGINE=InnoDB AUTO_INCREMENT=191 DEFAULT CHARSET=utf8;

--
-- Dumping data for table `ps_specific_price_priority`
--

INSERT INTO `ps_specific_price_priority` VALUES (1,25,'id_shop;id_currency;id_country;id_group'),(7,26,'id_shop;id_currency;id_country;id_group'),(8,48,'id_shop;id_currency;id_country;id_group'),(9,49,'id_shop;id_currency;id_country;id_group'),(10,50,'id_shop;id_currency;id_country;id_group'),(11,129,'id_shop;id_currency;id_country;id_group'),(12,128,'id_shop;id_currency;id_country;id_group'),(13,127,'id_shop;id_currency;id_country;id_group'),(14,126,'id_shop;id_currency;id_country;id_group'),(16,125,'id_shop;id_currency;id_country;id_group'),(17,124,'id_shop;id_currency;id_country;id_group'),(18,114,'id_shop;id_currency;id_country;id_group'),(19,113,'id_shop;id_currency;id_country;id_group'),(20,112,'id_shop;id_currency;id_country;id_group'),(21,123,'id_shop;id_currency;id_country;id_group'),(22,122,'id_shop;id_currency;id_country;id_group'),(23,121,'id_shop;id_currency;id_country;id_group'),(24,120,'id_shop;id_currency;id_country;id_group'),(25,118,'id_shop;id_currency;id_country;id_group'),(26,117,'id_shop;id_currency;id_country;id_group'),(27,116,'id_shop;id_currency;id_country;id_group'),(29,115,'id_shop;id_currency;id_country;id_group'),(30,111,'id_shop;id_currency;id_country;id_group'),(31,110,'id_shop;id_currency;id_country;id_group'),(32,109,'id_shop;id_currency;id_country;id_group'),(33,108,'id_shop;id_currency;id_country;id_group'),(34,107,'id_shop;id_currency;id_country;id_group'),(35,106,'id_shop;id_currency;id_country;id_group'),(36,105,'id_shop;id_currency;id_country;id_group'),(38,104,'id_shop;id_currency;id_country;id_group'),(39,103,'id_shop;id_currency;id_country;id_group'),(40,102,'id_shop;id_currency;id_country;id_group'),(41,101,'id_shop;id_currency;id_country;id_group'),(42,99,'id_shop;id_currency;id_country;id_group'),(43,98,'id_shop;id_currency;id_country;id_group'),(44,97,'id_shop;id_currency;id_country;id_group'),(47,93,'id_shop;id_currency;id_country;id_group'),(48,92,'id_shop;id_currency;id_country;id_group'),(49,91,'id_shop;id_currency;id_country;id_group'),(50,90,'id_shop;id_currency;id_country;id_group'),(51,89,'id_shop;id_currency;id_country;id_group'),(52,88,'id_shop;id_currency;id_country;id_group'),(53,87,'id_shop;id_currency;id_country;id_group'),(54,86,'id_shop;id_currency;id_country;id_group'),(55,85,'id_shop;id_currency;id_country;id_group'),(56,84,'id_shop;id_currency;id_country;id_group'),(57,83,'id_shop;id_currency;id_country;id_group'),(58,82,'id_shop;id_currency;id_country;id_group'),(60,119,'id_shop;id_currency;id_country;id_group'),(61,100,'id_shop;id_currency;id_country;id_group'),(62,96,'id_shop;id_currency;id_country;id_group'),(63,95,'id_shop;id_currency;id_country;id_group'),(64,94,'id_shop;id_currency;id_country;id_group'),(65,81,'id_shop;id_currency;id_country;id_group'),(66,80,'id_shop;id_currency;id_country;id_group'),(67,79,'id_shop;id_currency;id_country;id_group'),(68,78,'id_shop;id_currency;id_country;id_group'),(69,77,'id_shop;id_currency;id_country;id_group'),(115,69,'id_shop;id_currency;id_country;id_group'),(116,76,'id_shop;id_currency;id_country;id_group'),(117,28,'id_shop;id_currency;id_country;id_group'),(120,27,'id_shop;id_currency;id_country;id_group'),(122,29,'id_shop;id_currency;id_country;id_group'),(123,30,'id_shop;id_currency;id_country;id_group'),(124,31,'id_shop;id_currency;id_country;id_group'),(127,51,'id_shop;id_currency;id_country;id_group'),(128,52,'id_shop;id_currency;id_country;id_group'),(130,53,'id_shop;id_currency;id_country;id_group'),(131,54,'id_shop;id_currency;id_country;id_group'),(132,55,'id_shop;id_currency;id_country;id_group'),(133,56,'id_shop;id_currency;id_country;id_group'),(134,57,'id_shop;id_currency;id_country;id_group'),(135,58,'id_shop;id_currency;id_country;id_group'),(136,59,'id_shop;id_currency;id_country;id_group'),(137,60,'id_shop;id_currency;id_country;id_group'),(138,61,'id_shop;id_currency;id_country;id_group'),(139,62,'id_shop;id_currency;id_country;id_group'),(140,63,'id_shop;id_currency;id_country;id_group'),(141,64,'id_shop;id_currency;id_country;id_group'),(142,65,'id_shop;id_currency;id_country;id_group'),(143,66,'id_shop;id_currency;id_country;id_group'),(144,67,'id_shop;id_currency;id_country;id_group'),(145,68,'id_shop;id_currency;id_country;id_group'),(147,70,'id_shop;id_currency;id_country;id_group'),(148,71,'id_shop;id_currency;id_country;id_group'),(149,72,'id_shop;id_currency;id_country;id_group'),(150,73,'id_shop;id_currency;id_country;id_group'),(151,74,'id_shop;id_currency;id_country;id_group'),(152,75,'id_shop;id_currency;id_country;id_group'),(155,39,'id_shop;id_currency;id_country;id_group'),(156,40,'id_shop;id_currency;id_country;id_group'),(157,41,'id_shop;id_currency;id_country;id_group'),(158,42,'id_shop;id_currency;id_country;id_group'),(159,43,'id_shop;id_currency;id_country;id_group'),(160,44,'id_shop;id_currency;id_country;id_group'),(161,45,'id_shop;id_currency;id_country;id_group'),(162,46,'id_shop;id_currency;id_country;id_group'),(163,47,'id_shop;id_currency;id_country;id_group'),(167,130,'id_shop;id_currency;id_country;id_group'),(190,131,'id_shop;id_currency;id_country;id_group');

--
-- Table structure for table `ps_specific_price_rule`
--

CREATE TABLE `ps_specific_price_rule` (
  `id_specific_price_rule` int(10) unsigned NOT NULL AUTO_INCREMENT,
  `name` varchar(255) NOT NULL,
  `id_shop` int(11) unsigned NOT NULL DEFAULT '1',
  `id_currency` int(10) unsigned NOT NULL,
  `id_country` int(10) unsigned NOT NULL,
  `id_group` int(10) unsigned NOT NULL,
  `from_quantity` mediumint(8) unsigned NOT NULL,
  `price` decimal(20,6) DEFAULT NULL,
  `reduction` decimal(20,6) NOT NULL,
  `reduction_tax` tinyint(1) NOT NULL DEFAULT '1',
  `reduction_type` enum('amount','percentage') NOT NULL,
  `from` datetime NOT NULL,
  `to` datetime NOT NULL,
  PRIMARY KEY (`id_specific_price_rule`),
  KEY `id_product` (`id_shop`,`id_currency`,`id_country`,`id_group`,`from_quantity`,`from`,`to`)
) ENGINE=InnoDB DEFAULT CHARSET=utf8;

--
-- Dumping data for table `ps_specific_price_rule`
--


--
-- Table structure for table `ps_specific_price_rule_condition`
--

CREATE TABLE `ps_specific_price_rule_condition` (
  `id_specific_price_rule_condition` int(11) unsigned NOT NULL AUTO_INCREMENT,
  `id_specific_price_rule_condition_group` int(11) unsigned NOT NULL,
  `type` varchar(255) NOT NULL,
  `value` varchar(255) NOT NULL,
  PRIMARY KEY (`id_specific_price_rule_condition`),
  KEY `id_specific_price_rule_condition_group` (`id_specific_price_rule_condition_group`)
) ENGINE=InnoDB DEFAULT CHARSET=utf8;

--
-- Dumping data for table `ps_specific_price_rule_condition`
--


--
-- Table structure for table `ps_specific_price_rule_condition_group`
--

CREATE TABLE `ps_specific_price_rule_condition_group` (
  `id_specific_price_rule_condition_group` int(11) unsigned NOT NULL AUTO_INCREMENT,
  `id_specific_price_rule` int(11) unsigned NOT NULL,
  PRIMARY KEY (`id_specific_price_rule_condition_group`,`id_specific_price_rule`)
) ENGINE=InnoDB DEFAULT CHARSET=utf8;

--
-- Dumping data for table `ps_specific_price_rule_condition_group`
--


--
-- Table structure for table `ps_state`
--

CREATE TABLE `ps_state` (
  `id_state` int(10) unsigned NOT NULL AUTO_INCREMENT,
  `id_country` int(11) unsigned NOT NULL,
  `id_zone` int(11) unsigned NOT NULL,
  `name` varchar(64) NOT NULL,
  `iso_code` varchar(7) NOT NULL,
  `tax_behavior` smallint(1) NOT NULL DEFAULT '0',
  `active` tinyint(1) NOT NULL DEFAULT '0',
  PRIMARY KEY (`id_state`),
  KEY `id_country` (`id_country`),
  KEY `name` (`name`),
  KEY `id_zone` (`id_zone`)
) ENGINE=InnoDB AUTO_INCREMENT=325 DEFAULT CHARSET=utf8;

--
-- Dumping data for table `ps_state`
--

INSERT INTO `ps_state` VALUES (1,21,2,'AA','AA',0,1),(2,21,2,'AE','AE',0,1),(3,21,2,'AP','AP',0,1),(4,21,2,'Alabama','AL',0,1),(5,21,2,'Alaska','AK',0,1),(6,21,2,'Arizona','AZ',0,1),(7,21,2,'Arkansas','AR',0,1),(8,21,2,'California','CA',0,1),(9,21,2,'Colorado','CO',0,1),(10,21,2,'Connecticut','CT',0,1),(11,21,2,'Delaware','DE',0,1),(12,21,2,'Florida','FL',0,1),(13,21,2,'Georgia','GA',0,1),(14,21,2,'Hawaii','HI',0,1),(15,21,2,'Idaho','ID',0,1),(16,21,2,'Illinois','IL',0,1),(17,21,2,'Indiana','IN',0,1),(18,21,2,'Iowa','IA',0,1),(19,21,2,'Kansas','KS',0,1),(20,21,2,'Kentucky','KY',0,1),(21,21,2,'Louisiana','LA',0,1),(22,21,2,'Maine','ME',0,1),(23,21,2,'Maryland','MD',0,1),(24,21,2,'Massachusetts','MA',0,1),(25,21,2,'Michigan','MI',0,1),(26,21,2,'Minnesota','MN',0,1),(27,21,2,'Mississippi','MS',0,1),(28,21,2,'Missouri','MO',0,1),(29,21,2,'Montana','MT',0,1),(30,21,2,'Nebraska','NE',0,1),(31,21,2,'Nevada','NV',0,1),(32,21,2,'New Hampshire','NH',0,1),(33,21,2,'New Jersey','NJ',0,1),(34,21,2,'New Mexico','NM',0,1),(35,21,2,'New York','NY',0,1),(36,21,2,'North Carolina','NC',0,1),(37,21,2,'North Dakota','ND',0,1),(38,21,2,'Ohio','OH',0,1),(39,21,2,'Oklahoma','OK',0,1),(40,21,2,'Oregon','OR',0,1),(41,21,2,'Pennsylvania','PA',0,1),(42,21,2,'Rhode Island','RI',0,1),(43,21,2,'South Carolina','SC',0,1),(44,21,2,'South Dakota','SD',0,1),(45,21,2,'Tennessee','TN',0,1),(46,21,2,'Texas','TX',0,1),(47,21,2,'Utah','UT',0,1),(48,21,2,'Vermont','VT',0,1),(49,21,2,'Virginia','VA',0,1),(50,21,2,'Washington','WA',0,1),(51,21,2,'West Virginia','WV',0,1),(52,21,2,'Wisconsin','WI',0,1),(53,21,2,'Wyoming','WY',0,1),(54,21,2,'Puerto Rico','PR',0,1),(55,21,2,'US Virgin Islands','VI',0,1),(56,21,2,'District of Columbia','DC',0,1),(57,145,2,'Aguascalientes','AGS',0,1),(58,145,2,'Baja California','BCN',0,1),(59,145,2,'Baja California Sur','BCS',0,1),(60,145,2,'Campeche','CAM',0,1),(61,145,2,'Chiapas','CHP',0,1),(62,145,2,'Chihuahua','CHH',0,1),(63,145,2,'Coahuila','COA',0,1),(64,145,2,'Colima','COL',0,1),(65,145,2,'Distrito Federal','DIF',0,1),(66,145,2,'Durango','DUR',0,1),(67,145,2,'Guanajuato','GUA',0,1),(68,145,2,'Guerrero','GRO',0,1),(69,145,2,'Hidalgo','HID',0,1),(70,145,2,'Jalisco','JAL',0,1),(71,145,2,'Estado de México','MEX',0,1),(72,145,2,'Michoacán','MIC',0,1),(73,145,2,'Morelos','MOR',0,1),(74,145,2,'Nayarit','NAY',0,1),(75,145,2,'Nuevo León','NLE',0,1),(76,145,2,'Oaxaca','OAX',0,1),(77,145,2,'Puebla','PUE',0,1),(78,145,2,'Querétaro','QUE',0,1),(79,145,2,'Quintana Roo','ROO',0,1),(80,145,2,'San Luis Potosí','SLP',0,1),(81,145,2,'Sinaloa','SIN',0,1),(82,145,2,'Sonora','SON',0,1),(83,145,2,'Tabasco','TAB',0,1),(84,145,2,'Tamaulipas','TAM',0,1),(85,145,2,'Tlaxcala','TLA',0,1),(86,145,2,'Veracruz','VER',0,1),(87,145,2,'Yucatán','YUC',0,1),(88,145,2,'Zacatecas','ZAC',0,1),(89,4,2,'Ontario','ON',0,1),(90,4,2,'Quebec','QC',0,1),(91,4,2,'British Columbia','BC',0,1),(92,4,2,'Alberta','AB',0,1),(93,4,2,'Manitoba','MB',0,1),(94,4,2,'Saskatchewan','SK',0,1),(95,4,2,'Nova Scotia','NS',0,1),(96,4,2,'New Brunswick','NB',0,1),(97,4,2,'Newfoundland and Labrador','NL',0,1),(98,4,2,'Prince Edward Island','PE',0,1),(99,4,2,'Northwest Territories','NT',0,1),(100,4,2,'Yukon','YT',0,1),(101,4,2,'Nunavut','NU',0,1),(102,44,6,'Buenos Aires','B',0,1),(103,44,6,'Catamarca','K',0,1),(104,44,6,'Chaco','H',0,1),(105,44,6,'Chubut','U',0,1),(106,44,6,'Ciudad de Buenos Aires','C',0,1),(107,44,6,'Córdoba','X',0,1),(108,44,6,'Corrientes','W',0,1),(109,44,6,'Entre Ríos','E',0,1),(110,44,6,'Formosa','P',0,1),(111,44,6,'Jujuy','Y',0,1),(112,44,6,'La Pampa','L',0,1),(113,44,6,'La Rioja','F',0,1),(114,44,6,'Mendoza','M',0,1),(115,44,6,'Misiones','N',0,1),(116,44,6,'Neuquén','Q',0,1),(117,44,6,'Río Negro','R',0,1),(118,44,6,'Salta','A',0,1),(119,44,6,'San Juan','J',0,1),(120,44,6,'San Luis','D',0,1),(121,44,6,'Santa Cruz','Z',0,1),(122,44,6,'Santa Fe','S',0,1),(123,44,6,'Santiago del Estero','G',0,1),(124,44,6,'Tierra del Fuego','V',0,1),(125,44,6,'Tucumán','T',0,1),(126,10,1,'Agrigento','AG',0,1),(127,10,1,'Alessandria','AL',0,1),(128,10,1,'Ancona','AN',0,1),(129,10,1,'Aosta','AO',0,1),(130,10,1,'Arezzo','AR',0,1),(131,10,1,'Ascoli Piceno','AP',0,1),(132,10,1,'Asti','AT',0,1),(133,10,1,'Avellino','AV',0,1),(134,10,1,'Bari','BA',0,1),(135,10,1,'Barletta-Andria-Trani','BT',0,1),(136,10,1,'Belluno','BL',0,1),(137,10,1,'Benevento','BN',0,1),(138,10,1,'Bergamo','BG',0,1),(139,10,1,'Biella','BI',0,1),(140,10,1,'Bologna','BO',0,1),(141,10,1,'Bolzano','BZ',0,1),(142,10,1,'Brescia','BS',0,1),(143,10,1,'Brindisi','BR',0,1),(144,10,1,'Cagliari','CA',0,1),(145,10,1,'Caltanissetta','CL',0,1),(146,10,1,'Campobasso','CB',0,1),(147,10,1,'Carbonia-Iglesias','CI',0,1),(148,10,1,'Caserta','CE',0,1),(149,10,1,'Catania','CT',0,1),(150,10,1,'Catanzaro','CZ',0,1),(151,10,1,'Chieti','CH',0,1),(152,10,1,'Como','CO',0,1),(153,10,1,'Cosenza','CS',0,1),(154,10,1,'Cremona','CR',0,1),(155,10,1,'Crotone','KR',0,1),(156,10,1,'Cuneo','CN',0,1),(157,10,1,'Enna','EN',0,1),(158,10,1,'Fermo','FM',0,1),(159,10,1,'Ferrara','FE',0,1),(160,10,1,'Firenze','FI',0,1),(161,10,1,'Foggia','FG',0,1),(162,10,1,'Forlì-Cesena','FC',0,1),(163,10,1,'Frosinone','FR',0,1),(164,10,1,'Genova','GE',0,1),(165,10,1,'Gorizia','GO',0,1),(166,10,1,'Grosseto','GR',0,1),(167,10,1,'Imperia','IM',0,1),(168,10,1,'Isernia','IS',0,1),(169,10,1,'L\'Aquila','AQ',0,1),(170,10,1,'La Spezia','SP',0,1),(171,10,1,'Latina','LT',0,1),(172,10,1,'Lecce','LE',0,1),(173,10,1,'Lecco','LC',0,1),(174,10,1,'Livorno','LI',0,1),(175,10,1,'Lodi','LO',0,1),(176,10,1,'Lucca','LU',0,1),(177,10,1,'Macerata','MC',0,1),(178,10,1,'Mantova','MN',0,1),(179,10,1,'Massa','MS',0,1),(180,10,1,'Matera','MT',0,1),(181,10,1,'Medio Campidano','VS',0,1),(182,10,1,'Messina','ME',0,1),(183,10,1,'Milano','MI',0,1),(184,10,1,'Modena','MO',0,1),(185,10,1,'Monza e della Brianza','MB',0,1),(186,10,1,'Napoli','NA',0,1),(187,10,1,'Novara','NO',0,1),(188,10,1,'Nuoro','NU',0,1),(189,10,1,'Ogliastra','OG',0,1),(190,10,1,'Olbia-Tempio','OT',0,1),(191,10,1,'Oristano','OR',0,1),(192,10,1,'Padova','PD',0,1),(193,10,1,'Palermo','PA',0,1),(194,10,1,'Parma','PR',0,1),(195,10,1,'Pavia','PV',0,1),(196,10,1,'Perugia','PG',0,1),(197,10,1,'Pesaro-Urbino','PU',0,1),(198,10,1,'Pescara','PE',0,1),(199,10,1,'Piacenza','PC',0,1),(200,10,1,'Pisa','PI',0,1),(201,10,1,'Pistoia','PT',0,1),(202,10,1,'Pordenone','PN',0,1),(203,10,1,'Potenza','PZ',0,1),(204,10,1,'Prato','PO',0,1),(205,10,1,'Ragusa','RG',0,1),(206,10,1,'Ravenna','RA',0,1),(207,10,1,'Reggio Calabria','RC',0,1),(208,10,1,'Reggio Emilia','RE',0,1),(209,10,1,'Rieti','RI',0,1),(210,10,1,'Rimini','RN',0,1),(211,10,1,'Roma','RM',0,1),(212,10,1,'Rovigo','RO',0,1),(213,10,1,'Salerno','SA',0,1),(214,10,1,'Sassari','SS',0,1),(215,10,1,'Savona','SV',0,1),(216,10,1,'Siena','SI',0,1),(217,10,1,'Siracusa','SR',0,1),(218,10,1,'Sondrio','SO',0,1),(219,10,1,'Taranto','TA',0,1),(220,10,1,'Teramo','TE',0,1),(221,10,1,'Terni','TR',0,1),(222,10,1,'Torino','TO',0,1),(223,10,1,'Trapani','TP',0,1),(224,10,1,'Trento','TN',0,1),(225,10,1,'Treviso','TV',0,1),(226,10,1,'Trieste','TS',0,1),(227,10,1,'Udine','UD',0,1),(228,10,1,'Varese','VA',0,1),(229,10,1,'Venezia','VE',0,1),(230,10,1,'Verbano-Cusio-Ossola','VB',0,1),(231,10,1,'Vercelli','VC',0,1),(232,10,1,'Verona','VR',0,1),(233,10,1,'Vibo Valentia','VV',0,1),(234,10,1,'Vicenza','VI',0,1),(235,10,1,'Viterbo','VT',0,1),(236,111,3,'Aceh','ID-AC',0,1),(237,111,3,'Bali','ID-BA',0,1),(238,111,3,'Banten','ID-BT',0,1),(239,111,3,'Bengkulu','ID-BE',0,1),(240,111,3,'Gorontalo','ID-GO',0,1),(241,111,3,'Jakarta','ID-JK',0,1),(242,111,3,'Jambi','ID-JA',0,1),(243,111,3,'Jawa Barat','ID-JB',0,1),(244,111,3,'Jawa Tengah','ID-JT',0,1),(245,111,3,'Jawa Timur','ID-JI',0,1),(246,111,3,'Kalimantan Barat','ID-KB',0,1),(247,111,3,'Kalimantan Selatan','ID-KS',0,1),(248,111,3,'Kalimantan Tengah','ID-KT',0,1),(249,111,3,'Kalimantan Timur','ID-KI',0,1),(250,111,3,'Kalimantan Utara','ID-KU',0,1),(251,111,3,'Kepulauan Bangka Belitug','ID-BB',0,1),(252,111,3,'Kepulauan Riau','ID-KR',0,1),(253,111,3,'Lampung','ID-LA',0,1),(254,111,3,'Maluku','ID-MA',0,1),(255,111,3,'Maluku Utara','ID-MU',0,1),(256,111,3,'Nusa Tengara Barat','ID-NB',0,1),(257,111,3,'Nusa Tenggara Timur','ID-NT',0,1),(258,111,3,'Papua','ID-PA',0,1),(259,111,3,'Papua Barat','ID-PB',0,1),(260,111,3,'Riau','ID-RI',0,1),(261,111,3,'Sulawesi Barat','ID-SR',0,1),(262,111,3,'Sulawesi Selatan','ID-SN',0,1),(263,111,3,'Sulawesi Tengah','ID-ST',0,1),(264,111,3,'Sulawesi Tenggara','ID-SG',0,1),(265,111,3,'Sulawesi Utara','ID-SA',0,1),(266,111,3,'Sumatera Barat','ID-SB',0,1),(267,111,3,'Sumatera Selatan','ID-SS',0,1),(268,111,3,'Sumatera Utara','ID-SU',0,1),(269,111,3,'Yogyakarta','ID-YO',0,1),(270,11,3,'Aichi','23',0,1),(271,11,3,'Akita','05',0,1),(272,11,3,'Aomori','02',0,1),(273,11,3,'Chiba','12',0,1),(274,11,3,'Ehime','38',0,1),(275,11,3,'Fukui','18',0,1),(276,11,3,'Fukuoka','40',0,1),(277,11,3,'Fukushima','07',0,1),(278,11,3,'Gifu','21',0,1),(279,11,3,'Gunma','10',0,1),(280,11,3,'Hiroshima','34',0,1),(281,11,3,'Hokkaido','01',0,1),(282,11,3,'Hyogo','28',0,1),(283,11,3,'Ibaraki','08',0,1),(284,11,3,'Ishikawa','17',0,1),(285,11,3,'Iwate','03',0,1),(286,11,3,'Kagawa','37',0,1),(287,11,3,'Kagoshima','46',0,1),(288,11,3,'Kanagawa','14',0,1),(289,11,3,'Kochi','39',0,1),(290,11,3,'Kumamoto','43',0,1),(291,11,3,'Kyoto','26',0,1),(292,11,3,'Mie','24',0,1),(293,11,3,'Miyagi','04',0,1),(294,11,3,'Miyazaki','45',0,1),(295,11,3,'Nagano','20',0,1),(296,11,3,'Nagasaki','42',0,1),(297,11,3,'Nara','29',0,1),(298,11,3,'Niigata','15',0,1),(299,11,3,'Oita','44',0,1),(300,11,3,'Okayama','33',0,1),(301,11,3,'Okinawa','47',0,1),(302,11,3,'Osaka','27',0,1),(303,11,3,'Saga','41',0,1),(304,11,3,'Saitama','11',0,1),(305,11,3,'Shiga','25',0,1),(306,11,3,'Shimane','32',0,1),(307,11,3,'Shizuoka','22',0,1),(308,11,3,'Tochigi','09',0,1),(309,11,3,'Tokushima','36',0,1),(310,11,3,'Tokyo','13',0,1),(311,11,3,'Tottori','31',0,1),(312,11,3,'Toyama','16',0,1),(313,11,3,'Wakayama','30',0,1),(314,11,3,'Yamagata','06',0,1),(315,11,3,'Yamaguchi','35',0,1),(316,11,3,'Yamanashi','19',0,1),(317,24,5,'Australian Capital Territory','ACT',0,1),(318,24,5,'New South Wales','NSW',0,1),(319,24,5,'Northern Territory','NT',0,1),(320,24,5,'Queensland','QLD',0,1),(321,24,5,'South Australia','SA',0,1),(322,24,5,'Tasmania','TAS',0,1),(323,24,5,'Victoria','VIC',0,1),(324,24,5,'Western Australia','WA',0,1);

--
-- Table structure for table `ps_statssearch`
--

CREATE TABLE `ps_statssearch` (
  `id_statssearch` int(10) unsigned NOT NULL AUTO_INCREMENT,
  `id_shop` int(10) unsigned NOT NULL DEFAULT '1',
  `id_shop_group` int(10) unsigned NOT NULL DEFAULT '1',
  `keywords` varchar(255) NOT NULL,
  `results` int(6) NOT NULL DEFAULT '0',
  `date_add` datetime NOT NULL,
  PRIMARY KEY (`id_statssearch`)
) ENGINE=InnoDB AUTO_INCREMENT=162 DEFAULT CHARSET=utf8;

--
-- Dumping data for table `ps_statssearch`
--

INSERT INTO `ps_statssearch` VALUES (1,5,3,'K',0,'2018-07-05 08:59:17'),(2,5,3,'Ki',0,'2018-07-05 08:59:18'),(3,5,3,'Kit',0,'2018-07-05 08:59:18'),(4,5,3,'Kit',0,'2018-07-05 08:59:22'),(5,1,3,'nano¨',0,'2018-07-06 14:13:15'),(6,1,3,'nano',0,'2018-07-06 14:13:19'),(7,1,3,'wa',0,'2018-07-06 14:13:24'),(8,1,3,'war',0,'2018-07-06 14:13:25'),(9,1,3,'war',0,'2018-07-06 14:13:25'),(10,4,3,'wars',0,'2018-07-06 14:13:32'),(11,4,3,'wars',0,'2018-07-06 14:13:32'),(12,4,3,'wars',0,'2018-07-06 14:13:37'),(13,1,3,'pi',0,'2018-07-06 14:13:50'),(14,1,3,'pixe',0,'2018-07-06 14:13:50'),(15,1,3,'pixel',0,'2018-07-06 14:13:51'),(16,1,3,'pixel',0,'2018-07-06 14:13:51'),(17,1,3,'geomag',0,'2018-07-12 12:23:51'),(18,1,3,'geomag',0,'2018-07-12 12:23:51'),(19,1,3,'m',0,'2018-07-13 09:35:39'),(20,1,3,'man',0,'2018-07-13 09:35:39'),(21,1,3,'manga',0,'2018-07-13 09:35:40'),(22,1,3,'ma',0,'2018-07-13 09:35:40'),(23,1,3,'m',0,'2018-07-13 09:35:41'),(24,1,3,'ma',0,'2018-07-13 09:35:41'),(25,1,3,'man',0,'2018-07-13 09:35:43'),(26,1,3,'manga ',0,'2018-07-13 09:35:44'),(27,1,3,'manga an',0,'2018-07-13 09:35:44'),(28,1,3,'manga ani',0,'2018-07-13 09:35:45'),(29,1,3,'manga ',0,'2018-07-13 09:35:47'),(30,1,3,'manga an',0,'2018-07-13 09:35:49'),(31,1,3,'manga anim',0,'2018-07-13 09:35:50'),(32,1,3,'manga anime',0,'2018-07-13 09:35:50'),(33,1,3,'manga ani',0,'2018-07-13 09:35:50'),(34,1,3,'manga anime',0,'2018-07-13 09:35:51'),(35,1,3,'Mon',0,'2018-07-13 09:36:03'),(36,1,3,'Mons',0,'2018-07-13 09:36:04'),(37,1,3,'Monster',0,'2018-07-13 09:36:05'),(38,1,3,'Monster ',0,'2018-07-13 09:36:06'),(39,1,3,'Monster h',0,'2018-07-13 09:36:07'),(40,1,3,'Monster High',0,'2018-07-13 09:36:09'),(41,1,3,'Monster High',0,'2018-07-13 09:36:10'),(42,3,3,'kor',0,'2018-07-16 16:01:18'),(43,3,3,'kor',0,'2018-07-16 16:01:19'),(44,3,3,'kor',0,'2018-07-16 16:01:21'),(45,3,3,'kor',0,'2018-07-16 16:01:24'),(46,3,3,'Col',0,'2018-07-16 16:01:30'),(47,3,3,'Colo',0,'2018-07-16 16:01:31'),(48,3,3,'Color',0,'2018-07-16 16:01:31'),(49,3,3,'Color',18,'2018-07-16 16:03:27'),(50,3,3,'ColorKor',0,'2018-07-16 16:03:34'),(51,3,3,'Kor',18,'2018-07-16 16:03:36'),(52,1,3,'Kor',0,'2018-07-16 16:03:41'),(53,1,3,'Kor',0,'2018-07-16 16:03:42'),(54,1,3,'Kor',0,'2018-07-16 16:07:43'),(55,1,3,'Kor',0,'2018-07-16 16:08:10'),(56,4,3,'Ko',0,'2018-07-16 16:08:14'),(57,4,3,'Kor',0,'2018-07-16 16:08:15'),(58,4,3,'C',0,'2018-07-16 16:08:17'),(59,4,3,'Co',0,'2018-07-16 16:08:18'),(60,4,3,'Col',10,'2018-07-16 16:08:19'),(61,4,3,'Yod',1,'2018-07-16 16:08:22'),(62,1,3,'P',0,'2018-07-19 17:38:36'),(63,1,3,'Pa',0,'2018-07-19 17:38:37'),(64,1,3,'Pal',0,'2018-07-19 17:38:37'),(65,1,3,'Palestra',0,'2018-07-19 17:38:39'),(66,1,3,'Palestra',0,'2018-07-19 17:38:40'),(67,1,3,'Le',0,'2018-07-20 08:21:15'),(68,1,3,'Lego',0,'2018-07-20 08:21:16'),(69,1,3,'Lego',0,'2018-07-20 08:21:16'),(70,1,3,'Lego',0,'2018-07-20 08:21:24'),(71,1,3,'Lego',0,'2018-07-20 08:21:48'),(72,1,3,'Lego',0,'2018-07-20 08:21:59'),(73,1,3,'Titanic',0,'2018-07-27 16:55:41'),(74,1,3,'Nano Block Titanic ',0,'2018-07-27 16:56:05'),(75,1,3,'Nano Block',0,'2018-07-27 16:56:13'),(76,1,3,'Nano Block',0,'2018-07-27 16:56:21'),(77,1,3,'Nano nlovk',0,'2018-07-27 16:56:41'),(78,1,3,'Nano block',0,'2018-07-27 16:56:50'),(79,1,3,'Nano nlovk',0,'2018-07-27 16:56:52'),(80,5,3,'ba',0,'2018-07-31 05:00:36'),(81,5,3,'bab',0,'2018-07-31 05:00:37'),(82,5,3,'baby',0,'2018-07-31 05:00:38'),(83,5,3,'b',0,'2018-07-31 05:00:39'),(84,5,3,'baby',0,'2018-07-31 05:00:44'),(85,5,3,'bab',0,'2018-07-31 05:01:07'),(86,5,3,'b',0,'2018-07-31 05:01:07'),(87,5,3,'to',0,'2018-07-31 05:01:22'),(88,5,3,'toy ',0,'2018-07-31 05:01:23'),(89,5,3,'toy fo',0,'2018-07-31 05:01:23'),(90,5,3,'toy f',0,'2018-07-31 05:01:24'),(91,5,3,'toy for',0,'2018-07-31 05:01:24'),(92,5,3,'toy for ',0,'2018-07-31 05:01:25'),(93,5,3,'toy for b',0,'2018-07-31 05:01:25'),(94,5,3,'toy',0,'2018-07-31 05:01:25'),(95,5,3,'toy for ba',0,'2018-07-31 05:01:25'),(96,5,3,'toy for bab',0,'2018-07-31 05:01:26'),(97,5,3,'toy for baby',0,'2018-07-31 05:01:26'),(98,5,3,'toy for baby',0,'2018-07-31 05:01:27'),(99,5,3,'fisher price',0,'2018-07-31 05:04:21'),(100,5,3,'lego',0,'2018-07-31 09:43:48'),(101,5,3,'lego',0,'2018-07-31 09:43:48'),(102,1,3,'Lol',0,'2018-08-08 16:02:20'),(103,4,3,'q',0,'2018-08-10 13:43:58'),(104,4,3,'qrc ',10,'2018-08-10 13:43:59'),(105,4,3,'qrc 0',10,'2018-08-10 13:44:00'),(106,4,3,'qrc 000',10,'2018-08-10 13:44:01'),(107,4,3,'qrc 0008',10,'2018-08-10 13:44:02'),(108,4,3,'qrc 00084',10,'2018-08-10 13:44:03'),(109,4,3,'qrc 000849',10,'2018-08-10 13:44:04'),(110,1,3,'Rubik',0,'2018-08-13 11:41:50'),(111,1,3,'Rubik',0,'2018-08-13 11:41:59'),(112,1,3,'Rubik',0,'2018-08-13 11:42:31'),(113,1,3,'Dji',0,'2018-08-25 21:09:09'),(114,5,3,'D',0,'2018-08-25 21:09:41'),(115,5,3,'Dji',0,'2018-08-25 21:09:42'),(116,5,3,'Dji',0,'2018-08-25 21:09:42'),(117,5,3,'Dji',0,'2018-08-25 21:09:44'),(118,5,3,'Dji',0,'2018-08-25 21:09:46'),(119,1,3,'Dji',0,'2018-08-25 21:09:58'),(120,5,3,'Plush',0,'2018-08-27 18:35:19'),(121,5,3,'Plush ',0,'2018-08-27 18:35:19'),(122,5,3,'Plush to',0,'2018-08-27 18:35:20'),(123,5,3,'Plush toy ',0,'2018-08-27 18:35:20'),(124,5,3,'Plush toy teddy',0,'2018-08-27 18:35:22'),(125,5,3,'Plush toy teddy',0,'2018-08-27 18:35:23'),(126,5,3,'Plush toy teddy',0,'2018-08-27 18:35:26'),(127,5,3,'Soft',0,'2018-08-27 18:35:32'),(128,5,3,'Soft ',0,'2018-08-27 18:35:32'),(129,5,3,'Soft toy',0,'2018-08-27 18:35:33'),(130,5,3,'Soft toy',0,'2018-08-27 18:35:34'),(131,1,3,'Teddy',0,'2018-08-27 18:36:46'),(132,3,3,'C',0,'2018-08-29 11:36:49'),(133,3,3,'X',0,'2018-08-29 11:36:50'),(134,3,3,'Xb',0,'2018-08-29 11:36:51'),(135,3,3,'Xbo',0,'2018-08-29 11:36:51'),(136,3,3,'Xbox ',0,'2018-08-29 11:36:52'),(137,3,3,'Xbox ',0,'2018-08-29 11:36:52'),(138,1,3,'thrustmaster',0,'2018-08-31 16:19:38'),(139,1,3,'xbox',0,'2018-08-31 16:19:44'),(140,1,3,'thrustmaster',0,'2018-08-31 16:19:48'),(141,5,3,'lego',0,'2018-09-08 05:57:25'),(142,3,3,'ge',0,'2018-09-08 06:00:41'),(143,3,3,'geom',53,'2018-09-08 06:00:42'),(144,3,3,'geoma',53,'2018-09-08 06:00:42'),(145,3,3,'geomag',53,'2018-09-08 06:00:43'),(146,3,3,'geomag',53,'2018-09-08 06:00:43'),(147,3,3,'geomag',53,'2018-09-08 06:00:59'),(148,3,3,'geoma',53,'2018-09-08 06:01:04'),(149,1,3,'Lego',0,'2018-09-12 10:32:43'),(150,1,3,'tea set',0,'2018-09-12 15:45:50'),(151,6,3,'sam',0,'2018-09-16 10:32:52'),(152,6,3,'samsun',0,'2018-09-16 10:32:53'),(153,6,3,'samsung',0,'2018-09-16 10:32:53'),(154,6,3,'sma',28,'2018-09-16 10:33:03'),(155,6,3,'smarhom',0,'2018-09-16 10:33:06'),(156,6,3,'smarho',0,'2018-09-16 10:33:06'),(157,6,3,'smarhone',0,'2018-09-16 10:33:07'),(158,6,3,'smarhone',0,'2018-09-16 10:33:07'),(159,6,3,'smarhone',0,'2018-09-16 10:39:23'),(160,6,3,'samsung',0,'2018-09-16 10:39:25'),(161,1,3,'Batman',0,'2018-09-24 15:28:45');

--
-- Table structure for table `ps_stock`
--

CREATE TABLE `ps_stock` (
  `id_stock` int(11) unsigned NOT NULL AUTO_INCREMENT,
  `id_warehouse` int(11) unsigned NOT NULL,
  `id_product` int(11) unsigned NOT NULL,
  `id_product_attribute` int(11) unsigned NOT NULL,
  `reference` varchar(32) NOT NULL,
  `ean13` varchar(13) DEFAULT NULL,
  `isbn` varchar(32) DEFAULT NULL,
  `upc` varchar(12) DEFAULT NULL,
  `physical_quantity` int(11) unsigned NOT NULL,
  `usable_quantity` int(11) unsigned NOT NULL,
  `price_te` decimal(20,6) DEFAULT '0.000000',
  PRIMARY KEY (`id_stock`),
  KEY `id_warehouse` (`id_warehouse`),
  KEY `id_product` (`id_product`),
  KEY `id_product_attribute` (`id_product_attribute`)
) ENGINE=InnoDB DEFAULT CHARSET=utf8;

--
-- Dumping data for table `ps_stock`
--


--
-- Table structure for table `ps_stock_available`
--

CREATE TABLE `ps_stock_available` (
  `id_stock_available` int(11) unsigned NOT NULL AUTO_INCREMENT,
  `id_product` int(11) unsigned NOT NULL,
  `id_product_attribute` int(11) unsigned NOT NULL,
  `id_shop` int(11) unsigned NOT NULL,
  `id_shop_group` int(11) unsigned NOT NULL,
  `quantity` int(10) NOT NULL DEFAULT '0',
  `physical_quantity` int(11) NOT NULL DEFAULT '0',
  `reserved_quantity` int(11) NOT NULL DEFAULT '0',
  `depends_on_stock` tinyint(1) unsigned NOT NULL DEFAULT '0',
  `out_of_stock` tinyint(1) unsigned NOT NULL DEFAULT '0',
  PRIMARY KEY (`id_stock_available`),
  UNIQUE KEY `product_sqlstock` (`id_product`,`id_product_attribute`,`id_shop`,`id_shop_group`),
  KEY `id_shop` (`id_shop`),
  KEY `id_shop_group` (`id_shop_group`),
  KEY `id_product` (`id_product`),
  KEY `id_product_attribute` (`id_product_attribute`)
) ENGINE=InnoDB AUTO_INCREMENT=189 DEFAULT CHARSET=utf8;

--
-- Dumping data for table `ps_stock_available`
--

INSERT INTO `ps_stock_available` VALUES (59,18,0,1,0,0,0,0,0,0),(60,17,0,1,0,0,0,0,0,0),(61,16,0,1,0,0,0,0,0,0),(62,11,0,1,0,0,0,0,0,0),(63,10,0,1,0,0,0,0,0,0),(64,9,0,1,0,0,0,0,0,0),(65,5,0,1,0,0,0,0,0,0),(66,4,0,1,0,0,0,0,0,0),(67,3,0,1,0,0,0,0,0,0),(68,2,0,1,0,0,0,0,0,0),(69,1,0,1,0,0,0,0,0,0),(72,21,0,0,3,0,0,0,0,2),(74,23,0,0,3,0,0,0,0,2),(76,25,0,0,3,10,0,0,0,2),(77,26,0,0,3,10,0,0,0,0),(78,27,0,0,3,10,0,0,0,0),(79,28,0,0,3,10,0,0,0,0),(80,29,0,0,3,10,0,0,0,0),(81,30,0,0,3,10,0,0,0,0),(82,31,0,0,3,10,0,0,0,0),(90,39,0,0,3,10,0,0,0,0),(91,40,0,0,3,10,0,0,0,0),(92,41,0,0,3,10,0,0,0,0),(93,42,0,0,3,10,0,0,0,0),(94,43,0,0,3,10,0,0,0,0),(95,44,0,0,3,10,0,0,0,0),(96,45,0,0,3,10,0,0,0,0),(97,46,0,0,3,10,0,0,0,0),(98,47,0,0,3,10,0,0,0,0),(99,48,0,0,3,10,0,0,0,0),(100,49,0,0,3,10,0,0,0,0),(101,50,0,0,3,10,0,0,0,0),(102,51,0,0,3,10,0,0,0,0),(103,52,0,0,3,10,0,0,0,0),(104,53,0,0,3,10,0,0,0,0),(105,54,0,0,3,10,0,0,0,0),(106,55,0,0,3,10,0,0,0,0),(107,56,0,0,3,10,0,0,0,0),(108,57,0,0,3,10,0,0,0,0),(109,58,0,0,3,10,0,0,0,0),(110,59,0,0,3,10,0,0,0,0),(111,60,0,0,3,10,0,0,0,0),(112,61,0,0,3,10,0,0,0,0),(113,62,0,0,3,10,0,0,0,0),(114,63,0,0,3,10,0,0,0,0),(115,64,0,0,3,10,0,0,0,0),(116,65,0,0,3,10,0,0,0,0),(117,66,0,0,3,10,0,0,0,0),(118,67,0,0,3,10,0,0,0,0),(119,68,0,0,3,10,0,0,0,0),(120,69,0,0,3,10,0,0,0,0),(121,70,0,0,3,10,0,0,0,0),(122,71,0,0,3,10,0,0,0,0),(123,72,0,0,3,10,0,0,0,0),(124,73,0,0,3,10,0,0,0,0),(125,74,0,0,3,10,0,0,0,0),(126,75,0,0,3,10,0,0,0,0),(127,76,0,0,3,10,0,0,0,0),(128,77,0,0,3,0,0,0,0,0),(129,78,0,0,3,0,0,0,0,0),(130,79,0,0,3,0,0,0,0,0),(131,80,0,0,3,0,0,0,0,0),(132,81,0,0,3,0,0,0,0,0),(133,82,0,0,3,0,0,0,0,0),(134,83,0,0,3,0,0,0,0,0),(135,84,0,0,3,0,0,0,0,0),(136,85,0,0,3,0,0,0,0,0),(137,86,0,0,3,0,0,0,0,0),(138,87,0,0,3,0,0,0,0,0),(139,88,0,0,3,0,0,0,0,0),(140,89,0,0,3,0,0,0,0,0),(141,90,0,0,3,0,0,0,0,0),(142,91,0,0,3,0,0,0,0,0),(143,92,0,0,3,0,0,0,0,0),(144,93,0,0,3,0,0,0,0,0),(145,94,0,0,3,0,0,0,0,0),(146,95,0,0,3,0,0,0,0,0),(147,96,0,0,3,0,0,0,0,0),(148,97,0,0,3,0,0,0,0,0),(149,98,0,0,3,0,0,0,0,0),(150,99,0,0,3,0,0,0,0,0),(151,100,0,0,3,10,0,0,0,0),(152,101,0,0,3,10,0,0,0,0),(153,102,0,0,3,10,0,0,0,0),(154,103,0,0,3,10,0,0,0,0),(155,104,0,0,3,10,0,0,0,0),(156,105,0,0,3,10,0,0,0,0),(157,106,0,0,3,10,0,0,0,0),(158,107,0,0,3,10,0,0,0,0),(159,108,0,0,3,10,0,0,0,0),(160,109,0,0,3,10,0,0,0,0),(161,110,0,0,3,10,0,0,0,0),(162,111,0,0,3,10,0,0,0,0),(163,112,0,0,3,10,0,0,0,0),(164,113,0,0,3,10,0,0,0,0),(165,114,0,0,3,10,0,0,0,0),(166,115,0,0,3,10,0,0,0,0),(167,116,0,0,3,10,0,0,0,0),(168,117,0,0,3,10,0,0,0,0),(169,118,0,0,3,10,0,0,0,0),(170,119,0,0,3,10,0,0,0,0),(171,120,0,0,3,10,0,0,0,0),(172,121,0,0,3,10,0,0,0,0),(173,122,0,0,3,10,0,0,0,0),(174,123,0,0,3,10,0,0,0,0),(175,124,0,0,3,10,0,0,0,0),(176,125,0,0,3,10,0,0,0,0),(177,126,0,0,3,10,0,0,0,0),(178,127,0,0,3,10,0,0,0,0),(179,128,0,0,3,10,0,0,0,0),(180,129,0,0,3,10,0,0,0,0),(181,130,0,0,3,30,0,0,0,2),(182,130,1,0,3,10,0,0,0,2),(183,130,2,0,3,10,0,0,0,2),(184,130,3,0,3,10,0,0,0,2),(185,131,0,0,3,30,0,0,0,2),(186,131,4,0,3,10,0,0,0,2),(187,131,5,0,3,10,0,0,0,2),(188,131,6,0,3,10,0,0,0,2);

--
-- Table structure for table `ps_stock_mvt`
--

CREATE TABLE `ps_stock_mvt` (
  `id_stock_mvt` bigint(20) NOT NULL AUTO_INCREMENT,
  `id_stock` int(11) NOT NULL,
  `id_order` int(11) DEFAULT NULL,
  `id_supply_order` int(11) DEFAULT NULL,
  `id_stock_mvt_reason` int(11) NOT NULL,
  `id_employee` int(11) NOT NULL,
  `employee_lastname` varchar(32) CHARACTER SET utf8 DEFAULT NULL,
  `employee_firstname` varchar(32) CHARACTER SET utf8 DEFAULT NULL,
  `physical_quantity` int(11) NOT NULL,
  `date_add` datetime NOT NULL,
  `sign` smallint(6) NOT NULL DEFAULT '1',
  `price_te` decimal(20,6) DEFAULT '0.000000',
  `last_wa` decimal(20,6) DEFAULT '0.000000',
  `current_wa` decimal(20,6) DEFAULT '0.000000',
  `referer` bigint(20) DEFAULT NULL,
  PRIMARY KEY (`id_stock_mvt`),
  KEY `id_stock` (`id_stock`),
  KEY `id_stock_mvt_reason` (`id_stock_mvt_reason`)
) ENGINE=InnoDB AUTO_INCREMENT=239 DEFAULT CHARSET=utf8 COLLATE=utf8_unicode_ci;

--
-- Dumping data for table `ps_stock_mvt`
--

INSERT INTO `ps_stock_mvt` VALUES (1,77,NULL,NULL,11,1,'Briccola','Jacopo Maria',10,'2018-05-15 16:23:21',1,0.000000,0.000000,0.000000,NULL),(2,78,NULL,NULL,11,1,'Briccola','Jacopo Maria',10,'2018-05-15 16:23:22',1,0.000000,0.000000,0.000000,NULL),(3,79,NULL,NULL,11,1,'Briccola','Jacopo Maria',10,'2018-05-15 16:23:22',1,0.000000,0.000000,0.000000,NULL),(4,80,NULL,NULL,11,1,'Briccola','Jacopo Maria',10,'2018-05-15 16:23:22',1,0.000000,0.000000,0.000000,NULL),(5,81,NULL,NULL,11,1,'Briccola','Jacopo Maria',10,'2018-05-15 16:23:22',1,0.000000,0.000000,0.000000,NULL),(6,82,NULL,NULL,11,1,'Briccola','Jacopo Maria',10,'2018-05-15 16:23:23',1,0.000000,0.000000,0.000000,NULL),(7,182,NULL,NULL,11,1,'Briccola','Jacopo Maria',10,'2018-06-12 18:58:15',1,0.000000,0.000000,0.000000,NULL),(8,183,NULL,NULL,11,1,'Briccola','Jacopo Maria',10,'2018-06-12 18:58:15',1,0.000000,0.000000,0.000000,NULL),(9,184,NULL,NULL,11,1,'Briccola','Jacopo Maria',1,'2018-06-12 18:58:15',1,0.000000,0.000000,0.000000,NULL),(10,76,NULL,NULL,11,1,'Briccola','Jacopo Maria',10,'2018-06-21 18:14:01',1,0.000000,0.000000,0.000000,NULL),(11,180,NULL,NULL,11,1,'Briccola','Jacopo Maria',10,'2018-06-21 18:15:38',1,0.000000,0.000000,0.000000,NULL),(12,179,NULL,NULL,11,1,'Briccola','Jacopo Maria',10,'2018-06-21 18:15:42',1,0.000000,0.000000,0.000000,NULL),(13,178,NULL,NULL,11,1,'Briccola','Jacopo Maria',10,'2018-06-21 18:15:47',1,0.000000,0.000000,0.000000,NULL),(14,177,NULL,NULL,11,1,'Briccola','Jacopo Maria',10,'2018-06-21 18:15:56',1,0.000000,0.000000,0.000000,NULL),(15,176,NULL,NULL,11,1,'Briccola','Jacopo Maria',10,'2018-06-21 18:16:00',1,0.000000,0.000000,0.000000,NULL),(16,180,NULL,NULL,11,1,'Briccola','Jacopo Maria',10,'2018-06-21 18:16:23',1,0.000000,0.000000,0.000000,NULL),(17,179,NULL,NULL,11,1,'Briccola','Jacopo Maria',10,'2018-06-21 18:16:23',1,0.000000,0.000000,0.000000,NULL),(18,178,NULL,NULL,11,1,'Briccola','Jacopo Maria',10,'2018-06-21 18:16:23',1,0.000000,0.000000,0.000000,NULL),(19,177,NULL,NULL,11,1,'Briccola','Jacopo Maria',10,'2018-06-21 18:16:23',1,0.000000,0.000000,0.000000,NULL),(20,176,NULL,NULL,11,1,'Briccola','Jacopo Maria',10,'2018-06-21 18:16:23',1,0.000000,0.000000,0.000000,NULL),(21,175,NULL,NULL,11,1,'Briccola','Jacopo Maria',10,'2018-06-21 18:16:23',1,0.000000,0.000000,0.000000,NULL),(22,174,NULL,NULL,11,1,'Briccola','Jacopo Maria',10,'2018-06-21 18:16:23',1,0.000000,0.000000,0.000000,NULL),(23,173,NULL,NULL,11,1,'Briccola','Jacopo Maria',10,'2018-06-21 18:16:23',1,0.000000,0.000000,0.000000,NULL),(24,172,NULL,NULL,11,1,'Briccola','Jacopo Maria',10,'2018-06-21 18:16:23',1,0.000000,0.000000,0.000000,NULL),(25,171,NULL,NULL,11,1,'Briccola','Jacopo Maria',10,'2018-06-21 18:16:23',1,0.000000,0.000000,0.000000,NULL),(26,170,NULL,NULL,11,1,'Briccola','Jacopo Maria',10,'2018-06-21 18:16:23',1,0.000000,0.000000,0.000000,NULL),(27,169,NULL,NULL,11,1,'Briccola','Jacopo Maria',10,'2018-06-21 18:16:23',1,0.000000,0.000000,0.000000,NULL),(28,168,NULL,NULL,11,1,'Briccola','Jacopo Maria',10,'2018-06-21 18:16:23',1,0.000000,0.000000,0.000000,NULL),(29,167,NULL,NULL,11,1,'Briccola','Jacopo Maria',10,'2018-06-21 18:16:23',1,0.000000,0.000000,0.000000,NULL),(30,166,NULL,NULL,11,1,'Briccola','Jacopo Maria',10,'2018-06-21 18:16:23',1,0.000000,0.000000,0.000000,NULL),(31,165,NULL,NULL,11,1,'Briccola','Jacopo Maria',10,'2018-06-21 18:16:23',1,0.000000,0.000000,0.000000,NULL),(32,164,NULL,NULL,11,1,'Briccola','Jacopo Maria',10,'2018-06-21 18:16:23',1,0.000000,0.000000,0.000000,NULL),(33,163,NULL,NULL,11,1,'Briccola','Jacopo Maria',10,'2018-06-21 18:16:23',1,0.000000,0.000000,0.000000,NULL),(34,162,NULL,NULL,11,1,'Briccola','Jacopo Maria',10,'2018-06-21 18:16:23',1,0.000000,0.000000,0.000000,NULL),(35,161,NULL,NULL,11,1,'Briccola','Jacopo Maria',10,'2018-06-21 18:16:23',1,0.000000,0.000000,0.000000,NULL),(36,160,NULL,NULL,11,1,'Briccola','Jacopo Maria',10,'2018-06-21 18:16:24',1,0.000000,0.000000,0.000000,NULL),(37,159,NULL,NULL,11,1,'Briccola','Jacopo Maria',10,'2018-06-21 18:16:24',1,0.000000,0.000000,0.000000,NULL),(38,158,NULL,NULL,11,1,'Briccola','Jacopo Maria',10,'2018-06-21 18:16:24',1,0.000000,0.000000,0.000000,NULL),(39,157,NULL,NULL,11,1,'Briccola','Jacopo Maria',10,'2018-06-21 18:16:24',1,0.000000,0.000000,0.000000,NULL),(40,156,NULL,NULL,11,1,'Briccola','Jacopo Maria',10,'2018-06-21 18:16:24',1,0.000000,0.000000,0.000000,NULL),(41,155,NULL,NULL,11,1,'Briccola','Jacopo Maria',10,'2018-06-21 18:16:24',1,0.000000,0.000000,0.000000,NULL),(42,154,NULL,NULL,11,1,'Briccola','Jacopo Maria',10,'2018-06-21 18:16:24',1,0.000000,0.000000,0.000000,NULL),(43,153,NULL,NULL,11,1,'Briccola','Jacopo Maria',10,'2018-06-21 18:16:24',1,0.000000,0.000000,0.000000,NULL),(44,152,NULL,NULL,11,1,'Briccola','Jacopo Maria',10,'2018-06-21 18:16:24',1,0.000000,0.000000,0.000000,NULL),(45,151,NULL,NULL,11,1,'Briccola','Jacopo Maria',10,'2018-06-21 18:16:24',1,0.000000,0.000000,0.000000,NULL),(46,180,NULL,NULL,11,1,'Briccola','Jacopo Maria',10,'2018-06-21 18:18:15',-1,0.000000,0.000000,0.000000,NULL),(47,179,NULL,NULL,11,1,'Briccola','Jacopo Maria',10,'2018-06-21 18:18:15',-1,0.000000,0.000000,0.000000,NULL),(48,178,NULL,NULL,11,1,'Briccola','Jacopo Maria',10,'2018-06-21 18:18:15',-1,0.000000,0.000000,0.000000,NULL),(49,177,NULL,NULL,11,1,'Briccola','Jacopo Maria',10,'2018-06-21 18:18:15',-1,0.000000,0.000000,0.000000,NULL),(50,176,NULL,NULL,11,1,'Briccola','Jacopo Maria',10,'2018-06-21 18:18:16',-1,0.000000,0.000000,0.000000,NULL),(51,150,NULL,NULL,11,1,'Briccola','Jacopo Maria',10,'2018-06-21 18:18:24',1,0.000000,0.000000,0.000000,NULL),(52,149,NULL,NULL,11,1,'Briccola','Jacopo Maria',10,'2018-06-21 18:18:24',1,0.000000,0.000000,0.000000,NULL),(53,148,NULL,NULL,11,1,'Briccola','Jacopo Maria',10,'2018-06-21 18:18:24',1,0.000000,0.000000,0.000000,NULL),(54,147,NULL,NULL,11,1,'Briccola','Jacopo Maria',10,'2018-06-21 18:18:25',1,0.000000,0.000000,0.000000,NULL),(55,146,NULL,NULL,11,1,'Briccola','Jacopo Maria',10,'2018-06-21 18:18:26',1,0.000000,0.000000,0.000000,NULL),(56,145,NULL,NULL,11,1,'Briccola','Jacopo Maria',10,'2018-06-21 18:18:26',1,0.000000,0.000000,0.000000,NULL),(57,144,NULL,NULL,11,1,'Briccola','Jacopo Maria',10,'2018-06-21 18:18:26',1,0.000000,0.000000,0.000000,NULL),(58,143,NULL,NULL,11,1,'Briccola','Jacopo Maria',10,'2018-06-21 18:18:26',1,0.000000,0.000000,0.000000,NULL),(59,142,NULL,NULL,11,1,'Briccola','Jacopo Maria',10,'2018-06-21 18:18:27',1,0.000000,0.000000,0.000000,NULL),(60,141,NULL,NULL,11,1,'Briccola','Jacopo Maria',10,'2018-06-21 18:18:27',1,0.000000,0.000000,0.000000,NULL),(61,140,NULL,NULL,11,1,'Briccola','Jacopo Maria',10,'2018-06-21 18:18:27',1,0.000000,0.000000,0.000000,NULL),(62,139,NULL,NULL,11,1,'Briccola','Jacopo Maria',10,'2018-06-21 18:18:28',1,0.000000,0.000000,0.000000,NULL),(63,138,NULL,NULL,11,1,'Briccola','Jacopo Maria',10,'2018-06-21 18:18:28',1,0.000000,0.000000,0.000000,NULL),(64,137,NULL,NULL,11,1,'Briccola','Jacopo Maria',10,'2018-06-21 18:18:28',1,0.000000,0.000000,0.000000,NULL),(65,136,NULL,NULL,11,1,'Briccola','Jacopo Maria',10,'2018-06-21 18:18:28',1,0.000000,0.000000,0.000000,NULL),(66,135,NULL,NULL,11,1,'Briccola','Jacopo Maria',10,'2018-06-21 18:18:29',1,0.000000,0.000000,0.000000,NULL),(67,134,NULL,NULL,11,1,'Briccola','Jacopo Maria',10,'2018-06-21 18:18:29',1,0.000000,0.000000,0.000000,NULL),(68,133,NULL,NULL,11,1,'Briccola','Jacopo Maria',10,'2018-06-21 18:18:29',1,0.000000,0.000000,0.000000,NULL),(69,132,NULL,NULL,11,1,'Briccola','Jacopo Maria',10,'2018-06-21 18:18:30',1,0.000000,0.000000,0.000000,NULL),(70,131,NULL,NULL,11,1,'Briccola','Jacopo Maria',10,'2018-06-21 18:18:30',1,0.000000,0.000000,0.000000,NULL),(71,130,NULL,NULL,11,1,'Briccola','Jacopo Maria',10,'2018-06-21 18:18:31',1,0.000000,0.000000,0.000000,NULL),(72,129,NULL,NULL,11,1,'Briccola','Jacopo Maria',10,'2018-06-21 18:18:31',1,0.000000,0.000000,0.000000,NULL),(73,128,NULL,NULL,11,1,'Briccola','Jacopo Maria',10,'2018-06-21 18:18:31',1,0.000000,0.000000,0.000000,NULL),(74,186,NULL,NULL,11,1,'Briccola','Jacopo Maria',10,'2018-07-05 09:09:44',1,0.000000,0.000000,0.000000,NULL),(75,187,NULL,NULL,11,1,'Briccola','Jacopo Maria',10,'2018-07-05 09:09:44',1,0.000000,0.000000,0.000000,NULL),(76,188,NULL,NULL,11,1,'Briccola','Jacopo Maria',10,'2018-07-05 09:09:44',1,0.000000,0.000000,0.000000,NULL),(77,82,NULL,NULL,11,1,'Briccola','Jacopo Maria',10,'2018-07-16 12:12:49',1,0.000000,0.000000,0.000000,NULL),(78,81,NULL,NULL,11,1,'Briccola','Jacopo Maria',10,'2018-07-16 12:12:49',1,0.000000,0.000000,0.000000,NULL),(79,80,NULL,NULL,11,1,'Briccola','Jacopo Maria',10,'2018-07-16 12:12:49',1,0.000000,0.000000,0.000000,NULL),(80,79,NULL,NULL,11,1,'Briccola','Jacopo Maria',10,'2018-07-16 12:12:49',1,0.000000,0.000000,0.000000,NULL),(81,78,NULL,NULL,11,1,'Briccola','Jacopo Maria',10,'2018-07-16 12:12:49',1,0.000000,0.000000,0.000000,NULL),(82,77,NULL,NULL,11,1,'Briccola','Jacopo Maria',10,'2018-07-16 12:12:49',1,0.000000,0.000000,0.000000,NULL),(83,76,NULL,NULL,11,1,'Briccola','Jacopo Maria',10,'2018-07-16 12:12:49',1,0.000000,0.000000,0.000000,NULL),(84,180,NULL,NULL,11,1,'Briccola','Jacopo Maria',10,'2018-07-16 12:13:16',1,0.000000,0.000000,0.000000,NULL),(85,179,NULL,NULL,11,1,'Briccola','Jacopo Maria',10,'2018-07-16 12:13:16',1,0.000000,0.000000,0.000000,NULL),(86,178,NULL,NULL,11,1,'Briccola','Jacopo Maria',10,'2018-07-16 12:13:16',1,0.000000,0.000000,0.000000,NULL),(87,177,NULL,NULL,11,1,'Briccola','Jacopo Maria',10,'2018-07-16 12:13:16',1,0.000000,0.000000,0.000000,NULL),(88,176,NULL,NULL,11,1,'Briccola','Jacopo Maria',10,'2018-07-16 12:13:16',1,0.000000,0.000000,0.000000,NULL),(89,175,NULL,NULL,11,1,'Briccola','Jacopo Maria',10,'2018-07-16 12:13:16',1,0.000000,0.000000,0.000000,NULL),(90,174,NULL,NULL,11,1,'Briccola','Jacopo Maria',10,'2018-07-16 12:13:16',1,0.000000,0.000000,0.000000,NULL),(91,173,NULL,NULL,11,1,'Briccola','Jacopo Maria',10,'2018-07-16 12:13:16',1,0.000000,0.000000,0.000000,NULL),(92,172,NULL,NULL,11,1,'Briccola','Jacopo Maria',10,'2018-07-16 12:13:16',1,0.000000,0.000000,0.000000,NULL),(93,171,NULL,NULL,11,1,'Briccola','Jacopo Maria',10,'2018-07-16 12:13:16',1,0.000000,0.000000,0.000000,NULL),(94,170,NULL,NULL,11,1,'Briccola','Jacopo Maria',10,'2018-07-16 12:13:16',1,0.000000,0.000000,0.000000,NULL),(95,169,NULL,NULL,11,1,'Briccola','Jacopo Maria',10,'2018-07-16 12:13:16',1,0.000000,0.000000,0.000000,NULL),(96,168,NULL,NULL,11,1,'Briccola','Jacopo Maria',10,'2018-07-16 12:13:16',1,0.000000,0.000000,0.000000,NULL),(97,167,NULL,NULL,11,1,'Briccola','Jacopo Maria',10,'2018-07-16 12:13:16',1,0.000000,0.000000,0.000000,NULL),(98,166,NULL,NULL,11,1,'Briccola','Jacopo Maria',10,'2018-07-16 12:13:16',1,0.000000,0.000000,0.000000,NULL),(99,165,NULL,NULL,11,1,'Briccola','Jacopo Maria',10,'2018-07-16 12:13:16',1,0.000000,0.000000,0.000000,NULL),(100,164,NULL,NULL,11,1,'Briccola','Jacopo Maria',10,'2018-07-16 12:13:16',1,0.000000,0.000000,0.000000,NULL),(101,163,NULL,NULL,11,1,'Briccola','Jacopo Maria',10,'2018-07-16 12:13:16',1,0.000000,0.000000,0.000000,NULL),(102,162,NULL,NULL,11,1,'Briccola','Jacopo Maria',10,'2018-07-16 12:13:16',1,0.000000,0.000000,0.000000,NULL),(103,161,NULL,NULL,11,1,'Briccola','Jacopo Maria',10,'2018-07-16 12:13:16',1,0.000000,0.000000,0.000000,NULL),(104,160,NULL,NULL,11,1,'Briccola','Jacopo Maria',10,'2018-07-16 12:13:16',1,0.000000,0.000000,0.000000,NULL),(105,159,NULL,NULL,11,1,'Briccola','Jacopo Maria',10,'2018-07-16 12:13:16',1,0.000000,0.000000,0.000000,NULL),(106,158,NULL,NULL,11,1,'Briccola','Jacopo Maria',10,'2018-07-16 12:13:16',1,0.000000,0.000000,0.000000,NULL),(107,157,NULL,NULL,11,1,'Briccola','Jacopo Maria',10,'2018-07-16 12:13:16',1,0.000000,0.000000,0.000000,NULL),(108,156,NULL,NULL,11,1,'Briccola','Jacopo Maria',10,'2018-07-16 12:13:16',1,0.000000,0.000000,0.000000,NULL),(109,155,NULL,NULL,11,1,'Briccola','Jacopo Maria',10,'2018-07-16 12:13:16',1,0.000000,0.000000,0.000000,NULL),(110,154,NULL,NULL,11,1,'Briccola','Jacopo Maria',10,'2018-07-16 12:13:16',1,0.000000,0.000000,0.000000,NULL),(111,153,NULL,NULL,11,1,'Briccola','Jacopo Maria',10,'2018-07-16 12:13:16',1,0.000000,0.000000,0.000000,NULL),(112,152,NULL,NULL,11,1,'Briccola','Jacopo Maria',10,'2018-07-16 12:13:16',1,0.000000,0.000000,0.000000,NULL),(113,151,NULL,NULL,11,1,'Briccola','Jacopo Maria',10,'2018-07-16 12:13:16',1,0.000000,0.000000,0.000000,NULL),(114,127,NULL,NULL,11,1,'Briccola','Jacopo Maria',10,'2018-07-16 12:13:23',1,0.000000,0.000000,0.000000,NULL),(115,126,NULL,NULL,11,1,'Briccola','Jacopo Maria',10,'2018-07-16 12:13:23',1,0.000000,0.000000,0.000000,NULL),(116,125,NULL,NULL,11,1,'Briccola','Jacopo Maria',10,'2018-07-16 12:13:23',1,0.000000,0.000000,0.000000,NULL),(117,124,NULL,NULL,11,1,'Briccola','Jacopo Maria',10,'2018-07-16 12:13:23',1,0.000000,0.000000,0.000000,NULL),(118,123,NULL,NULL,11,1,'Briccola','Jacopo Maria',10,'2018-07-16 12:13:23',1,0.000000,0.000000,0.000000,NULL),(119,122,NULL,NULL,11,1,'Briccola','Jacopo Maria',10,'2018-07-16 12:13:23',1,0.000000,0.000000,0.000000,NULL),(120,121,NULL,NULL,11,1,'Briccola','Jacopo Maria',10,'2018-07-16 12:13:23',1,0.000000,0.000000,0.000000,NULL),(121,120,NULL,NULL,11,1,'Briccola','Jacopo Maria',10,'2018-07-16 12:13:23',1,0.000000,0.000000,0.000000,NULL),(122,119,NULL,NULL,11,1,'Briccola','Jacopo Maria',10,'2018-07-16 12:13:23',1,0.000000,0.000000,0.000000,NULL),(123,118,NULL,NULL,11,1,'Briccola','Jacopo Maria',10,'2018-07-16 12:13:23',1,0.000000,0.000000,0.000000,NULL),(124,117,NULL,NULL,11,1,'Briccola','Jacopo Maria',10,'2018-07-16 12:13:23',1,0.000000,0.000000,0.000000,NULL),(125,116,NULL,NULL,11,1,'Briccola','Jacopo Maria',10,'2018-07-16 12:13:23',1,0.000000,0.000000,0.000000,NULL),(126,115,NULL,NULL,11,1,'Briccola','Jacopo Maria',10,'2018-07-16 12:13:23',1,0.000000,0.000000,0.000000,NULL),(127,114,NULL,NULL,11,1,'Briccola','Jacopo Maria',10,'2018-07-16 12:13:23',1,0.000000,0.000000,0.000000,NULL),(128,113,NULL,NULL,11,1,'Briccola','Jacopo Maria',10,'2018-07-16 12:13:23',1,0.000000,0.000000,0.000000,NULL),(129,112,NULL,NULL,11,1,'Briccola','Jacopo Maria',10,'2018-07-16 12:13:23',1,0.000000,0.000000,0.000000,NULL),(130,111,NULL,NULL,11,1,'Briccola','Jacopo Maria',10,'2018-07-16 12:13:23',1,0.000000,0.000000,0.000000,NULL),(131,110,NULL,NULL,11,1,'Briccola','Jacopo Maria',10,'2018-07-16 12:13:23',1,0.000000,0.000000,0.000000,NULL),(132,109,NULL,NULL,11,1,'Briccola','Jacopo Maria',10,'2018-07-16 12:13:23',1,0.000000,0.000000,0.000000,NULL),(133,108,NULL,NULL,11,1,'Briccola','Jacopo Maria',10,'2018-07-16 12:13:23',1,0.000000,0.000000,0.000000,NULL),(134,107,NULL,NULL,11,1,'Briccola','Jacopo Maria',10,'2018-07-16 12:13:23',1,0.000000,0.000000,0.000000,NULL),(135,106,NULL,NULL,11,1,'Briccola','Jacopo Maria',10,'2018-07-16 12:13:23',1,0.000000,0.000000,0.000000,NULL),(136,105,NULL,NULL,11,1,'Briccola','Jacopo Maria',10,'2018-07-16 12:13:23',1,0.000000,0.000000,0.000000,NULL),(137,104,NULL,NULL,11,1,'Briccola','Jacopo Maria',10,'2018-07-16 12:13:23',1,0.000000,0.000000,0.000000,NULL),(138,103,NULL,NULL,11,1,'Briccola','Jacopo Maria',10,'2018-07-16 12:13:23',1,0.000000,0.000000,0.000000,NULL),(139,102,NULL,NULL,11,1,'Briccola','Jacopo Maria',10,'2018-07-16 12:13:24',1,0.000000,0.000000,0.000000,NULL),(140,101,NULL,NULL,11,1,'Briccola','Jacopo Maria',10,'2018-07-16 12:13:24',1,0.000000,0.000000,0.000000,NULL),(141,100,NULL,NULL,11,1,'Briccola','Jacopo Maria',10,'2018-07-16 12:13:24',1,0.000000,0.000000,0.000000,NULL),(142,99,NULL,NULL,11,1,'Briccola','Jacopo Maria',10,'2018-07-16 12:13:30',1,0.000000,0.000000,0.000000,NULL),(143,98,NULL,NULL,11,1,'Briccola','Jacopo Maria',10,'2018-07-16 12:13:30',1,0.000000,0.000000,0.000000,NULL),(144,97,NULL,NULL,11,1,'Briccola','Jacopo Maria',10,'2018-07-16 12:13:30',1,0.000000,0.000000,0.000000,NULL),(145,96,NULL,NULL,11,1,'Briccola','Jacopo Maria',10,'2018-07-16 12:13:30',1,0.000000,0.000000,0.000000,NULL),(146,95,NULL,NULL,11,1,'Briccola','Jacopo Maria',10,'2018-07-16 12:13:30',1,0.000000,0.000000,0.000000,NULL),(147,94,NULL,NULL,11,1,'Briccola','Jacopo Maria',10,'2018-07-16 12:13:30',1,0.000000,0.000000,0.000000,NULL),(148,93,NULL,NULL,11,1,'Briccola','Jacopo Maria',10,'2018-07-16 12:13:30',1,0.000000,0.000000,0.000000,NULL),(149,92,NULL,NULL,11,1,'Briccola','Jacopo Maria',10,'2018-07-16 12:13:30',1,0.000000,0.000000,0.000000,NULL),(150,91,NULL,NULL,11,1,'Briccola','Jacopo Maria',10,'2018-07-16 12:13:30',1,0.000000,0.000000,0.000000,NULL),(151,90,NULL,NULL,11,1,'Briccola','Jacopo Maria',10,'2018-07-16 12:13:30',1,0.000000,0.000000,0.000000,NULL),(152,188,NULL,NULL,11,1,'Briccola','Jacopo Maria',10,'2018-07-16 12:13:37',1,0.000000,0.000000,0.000000,NULL),(153,187,NULL,NULL,11,1,'Briccola','Jacopo Maria',10,'2018-07-16 12:13:37',1,0.000000,0.000000,0.000000,NULL),(154,186,NULL,NULL,11,1,'Briccola','Jacopo Maria',10,'2018-07-16 12:13:37',1,0.000000,0.000000,0.000000,NULL),(155,184,NULL,NULL,11,1,'Briccola','Jacopo Maria',10,'2018-07-16 12:13:37',1,0.000000,0.000000,0.000000,NULL),(156,183,NULL,NULL,11,1,'Briccola','Jacopo Maria',10,'2018-07-16 12:13:37',1,0.000000,0.000000,0.000000,NULL),(157,182,NULL,NULL,11,1,'Briccola','Jacopo Maria',10,'2018-07-16 12:13:37',1,0.000000,0.000000,0.000000,NULL),(158,82,NULL,NULL,11,1,'Briccola','Jacopo Maria',10,'2018-07-16 18:10:49',1,0.000000,0.000000,0.000000,NULL),(159,81,NULL,NULL,11,1,'Briccola','Jacopo Maria',10,'2018-07-16 18:10:50',1,0.000000,0.000000,0.000000,NULL),(160,80,NULL,NULL,11,1,'Briccola','Jacopo Maria',10,'2018-07-16 18:10:50',1,0.000000,0.000000,0.000000,NULL),(161,79,NULL,NULL,11,1,'Briccola','Jacopo Maria',10,'2018-07-16 18:10:50',1,0.000000,0.000000,0.000000,NULL),(162,78,NULL,NULL,11,1,'Briccola','Jacopo Maria',10,'2018-07-16 18:10:50',1,0.000000,0.000000,0.000000,NULL),(163,77,NULL,NULL,11,1,'Briccola','Jacopo Maria',10,'2018-07-16 18:10:50',1,0.000000,0.000000,0.000000,NULL),(164,76,NULL,NULL,11,1,'Briccola','Jacopo Maria',10,'2018-07-16 18:10:50',1,0.000000,0.000000,0.000000,NULL),(165,180,NULL,NULL,11,1,'Briccola','Jacopo Maria',10,'2018-07-16 18:10:57',1,0.000000,0.000000,0.000000,NULL),(166,179,NULL,NULL,11,1,'Briccola','Jacopo Maria',10,'2018-07-16 18:10:57',1,0.000000,0.000000,0.000000,NULL),(167,178,NULL,NULL,11,1,'Briccola','Jacopo Maria',10,'2018-07-16 18:10:57',1,0.000000,0.000000,0.000000,NULL),(168,177,NULL,NULL,11,1,'Briccola','Jacopo Maria',10,'2018-07-16 18:10:57',1,0.000000,0.000000,0.000000,NULL),(169,176,NULL,NULL,11,1,'Briccola','Jacopo Maria',10,'2018-07-16 18:10:57',1,0.000000,0.000000,0.000000,NULL),(170,175,NULL,NULL,11,1,'Briccola','Jacopo Maria',10,'2018-07-16 18:10:57',1,0.000000,0.000000,0.000000,NULL),(171,174,NULL,NULL,11,1,'Briccola','Jacopo Maria',10,'2018-07-16 18:10:57',1,0.000000,0.000000,0.000000,NULL),(172,173,NULL,NULL,11,1,'Briccola','Jacopo Maria',10,'2018-07-16 18:10:57',1,0.000000,0.000000,0.000000,NULL),(173,172,NULL,NULL,11,1,'Briccola','Jacopo Maria',10,'2018-07-16 18:10:57',1,0.000000,0.000000,0.000000,NULL),(174,171,NULL,NULL,11,1,'Briccola','Jacopo Maria',10,'2018-07-16 18:10:57',1,0.000000,0.000000,0.000000,NULL),(175,170,NULL,NULL,11,1,'Briccola','Jacopo Maria',10,'2018-07-16 18:10:57',1,0.000000,0.000000,0.000000,NULL),(176,169,NULL,NULL,11,1,'Briccola','Jacopo Maria',10,'2018-07-16 18:10:57',1,0.000000,0.000000,0.000000,NULL),(177,168,NULL,NULL,11,1,'Briccola','Jacopo Maria',10,'2018-07-16 18:10:57',1,0.000000,0.000000,0.000000,NULL),(178,167,NULL,NULL,11,1,'Briccola','Jacopo Maria',10,'2018-07-16 18:10:57',1,0.000000,0.000000,0.000000,NULL),(179,166,NULL,NULL,11,1,'Briccola','Jacopo Maria',10,'2018-07-16 18:10:57',1,0.000000,0.000000,0.000000,NULL),(180,165,NULL,NULL,11,1,'Briccola','Jacopo Maria',10,'2018-07-16 18:10:57',1,0.000000,0.000000,0.000000,NULL),(181,164,NULL,NULL,11,1,'Briccola','Jacopo Maria',10,'2018-07-16 18:10:57',1,0.000000,0.000000,0.000000,NULL),(182,163,NULL,NULL,11,1,'Briccola','Jacopo Maria',10,'2018-07-16 18:10:57',1,0.000000,0.000000,0.000000,NULL),(183,162,NULL,NULL,11,1,'Briccola','Jacopo Maria',10,'2018-07-16 18:10:57',1,0.000000,0.000000,0.000000,NULL),(184,161,NULL,NULL,11,1,'Briccola','Jacopo Maria',10,'2018-07-16 18:10:57',1,0.000000,0.000000,0.000000,NULL),(185,160,NULL,NULL,11,1,'Briccola','Jacopo Maria',10,'2018-07-16 18:10:57',1,0.000000,0.000000,0.000000,NULL),(186,159,NULL,NULL,11,1,'Briccola','Jacopo Maria',10,'2018-07-16 18:10:57',1,0.000000,0.000000,0.000000,NULL),(187,158,NULL,NULL,11,1,'Briccola','Jacopo Maria',10,'2018-07-16 18:10:57',1,0.000000,0.000000,0.000000,NULL),(188,157,NULL,NULL,11,1,'Briccola','Jacopo Maria',10,'2018-07-16 18:10:57',1,0.000000,0.000000,0.000000,NULL),(189,156,NULL,NULL,11,1,'Briccola','Jacopo Maria',10,'2018-07-16 18:10:57',1,0.000000,0.000000,0.000000,NULL),(190,155,NULL,NULL,11,1,'Briccola','Jacopo Maria',10,'2018-07-16 18:10:57',1,0.000000,0.000000,0.000000,NULL),(191,154,NULL,NULL,11,1,'Briccola','Jacopo Maria',10,'2018-07-16 18:10:57',1,0.000000,0.000000,0.000000,NULL),(192,153,NULL,NULL,11,1,'Briccola','Jacopo Maria',10,'2018-07-16 18:10:57',1,0.000000,0.000000,0.000000,NULL),(193,152,NULL,NULL,11,1,'Briccola','Jacopo Maria',10,'2018-07-16 18:10:57',1,0.000000,0.000000,0.000000,NULL),(194,151,NULL,NULL,11,1,'Briccola','Jacopo Maria',10,'2018-07-16 18:10:57',1,0.000000,0.000000,0.000000,NULL),(195,127,NULL,NULL,11,1,'Briccola','Jacopo Maria',10,'2018-07-16 18:11:04',1,0.000000,0.000000,0.000000,NULL),(196,126,NULL,NULL,11,1,'Briccola','Jacopo Maria',10,'2018-07-16 18:11:04',1,0.000000,0.000000,0.000000,NULL),(197,125,NULL,NULL,11,1,'Briccola','Jacopo Maria',10,'2018-07-16 18:11:04',1,0.000000,0.000000,0.000000,NULL),(198,124,NULL,NULL,11,1,'Briccola','Jacopo Maria',10,'2018-07-16 18:11:04',1,0.000000,0.000000,0.000000,NULL),(199,123,NULL,NULL,11,1,'Briccola','Jacopo Maria',10,'2018-07-16 18:11:04',1,0.000000,0.000000,0.000000,NULL),(200,122,NULL,NULL,11,1,'Briccola','Jacopo Maria',10,'2018-07-16 18:11:04',1,0.000000,0.000000,0.000000,NULL),(201,121,NULL,NULL,11,1,'Briccola','Jacopo Maria',10,'2018-07-16 18:11:04',1,0.000000,0.000000,0.000000,NULL),(202,120,NULL,NULL,11,1,'Briccola','Jacopo Maria',10,'2018-07-16 18:11:04',1,0.000000,0.000000,0.000000,NULL),(203,119,NULL,NULL,11,1,'Briccola','Jacopo Maria',10,'2018-07-16 18:11:04',1,0.000000,0.000000,0.000000,NULL),(204,118,NULL,NULL,11,1,'Briccola','Jacopo Maria',10,'2018-07-16 18:11:04',1,0.000000,0.000000,0.000000,NULL),(205,117,NULL,NULL,11,1,'Briccola','Jacopo Maria',10,'2018-07-16 18:11:04',1,0.000000,0.000000,0.000000,NULL),(206,116,NULL,NULL,11,1,'Briccola','Jacopo Maria',10,'2018-07-16 18:11:04',1,0.000000,0.000000,0.000000,NULL),(207,115,NULL,NULL,11,1,'Briccola','Jacopo Maria',10,'2018-07-16 18:11:04',1,0.000000,0.000000,0.000000,NULL),(208,114,NULL,NULL,11,1,'Briccola','Jacopo Maria',10,'2018-07-16 18:11:05',1,0.000000,0.000000,0.000000,NULL),(209,113,NULL,NULL,11,1,'Briccola','Jacopo Maria',10,'2018-07-16 18:11:05',1,0.000000,0.000000,0.000000,NULL),(210,112,NULL,NULL,11,1,'Briccola','Jacopo Maria',10,'2018-07-16 18:11:05',1,0.000000,0.000000,0.000000,NULL),(211,111,NULL,NULL,11,1,'Briccola','Jacopo Maria',10,'2018-07-16 18:11:05',1,0.000000,0.000000,0.000000,NULL),(212,110,NULL,NULL,11,1,'Briccola','Jacopo Maria',10,'2018-07-16 18:11:05',1,0.000000,0.000000,0.000000,NULL),(213,109,NULL,NULL,11,1,'Briccola','Jacopo Maria',10,'2018-07-16 18:11:05',1,0.000000,0.000000,0.000000,NULL),(214,108,NULL,NULL,11,1,'Briccola','Jacopo Maria',10,'2018-07-16 18:11:05',1,0.000000,0.000000,0.000000,NULL),(215,107,NULL,NULL,11,1,'Briccola','Jacopo Maria',10,'2018-07-16 18:11:05',1,0.000000,0.000000,0.000000,NULL),(216,106,NULL,NULL,11,1,'Briccola','Jacopo Maria',10,'2018-07-16 18:11:05',1,0.000000,0.000000,0.000000,NULL),(217,105,NULL,NULL,11,1,'Briccola','Jacopo Maria',10,'2018-07-16 18:11:05',1,0.000000,0.000000,0.000000,NULL),(218,104,NULL,NULL,11,1,'Briccola','Jacopo Maria',10,'2018-07-16 18:11:05',1,0.000000,0.000000,0.000000,NULL),(219,103,NULL,NULL,11,1,'Briccola','Jacopo Maria',10,'2018-07-16 18:11:05',1,0.000000,0.000000,0.000000,NULL),(220,102,NULL,NULL,11,1,'Briccola','Jacopo Maria',10,'2018-07-16 18:11:05',1,0.000000,0.000000,0.000000,NULL),(221,101,NULL,NULL,11,1,'Briccola','Jacopo Maria',10,'2018-07-16 18:11:05',1,0.000000,0.000000,0.000000,NULL),(222,100,NULL,NULL,11,1,'Briccola','Jacopo Maria',10,'2018-07-16 18:11:05',1,0.000000,0.000000,0.000000,NULL),(223,99,NULL,NULL,11,1,'Briccola','Jacopo Maria',10,'2018-07-16 18:11:10',1,0.000000,0.000000,0.000000,NULL),(224,98,NULL,NULL,11,1,'Briccola','Jacopo Maria',10,'2018-07-16 18:11:10',1,0.000000,0.000000,0.000000,NULL),(225,97,NULL,NULL,11,1,'Briccola','Jacopo Maria',10,'2018-07-16 18:11:10',1,0.000000,0.000000,0.000000,NULL),(226,96,NULL,NULL,11,1,'Briccola','Jacopo Maria',10,'2018-07-16 18:11:10',1,0.000000,0.000000,0.000000,NULL),(227,95,NULL,NULL,11,1,'Briccola','Jacopo Maria',10,'2018-07-16 18:11:10',1,0.000000,0.000000,0.000000,NULL),(228,94,NULL,NULL,11,1,'Briccola','Jacopo Maria',10,'2018-07-16 18:11:10',1,0.000000,0.000000,0.000000,NULL),(229,93,NULL,NULL,11,1,'Briccola','Jacopo Maria',10,'2018-07-16 18:11:10',1,0.000000,0.000000,0.000000,NULL),(230,92,NULL,NULL,11,1,'Briccola','Jacopo Maria',10,'2018-07-16 18:11:10',1,0.000000,0.000000,0.000000,NULL),(231,91,NULL,NULL,11,1,'Briccola','Jacopo Maria',10,'2018-07-16 18:11:10',1,0.000000,0.000000,0.000000,NULL),(232,90,NULL,NULL,11,1,'Briccola','Jacopo Maria',10,'2018-07-16 18:11:10',1,0.000000,0.000000,0.000000,NULL),(233,188,NULL,NULL,11,1,'Briccola','Jacopo Maria',10,'2018-07-16 18:11:16',1,0.000000,0.000000,0.000000,NULL),(234,187,NULL,NULL,11,1,'Briccola','Jacopo Maria',10,'2018-07-16 18:11:16',1,0.000000,0.000000,0.000000,NULL),(235,186,NULL,NULL,11,1,'Briccola','Jacopo Maria',10,'2018-07-16 18:11:16',1,0.000000,0.000000,0.000000,NULL),(236,184,NULL,NULL,11,1,'Briccola','Jacopo Maria',10,'2018-07-16 18:11:16',1,0.000000,0.000000,0.000000,NULL),(237,183,NULL,NULL,11,1,'Briccola','Jacopo Maria',10,'2018-07-16 18:11:16',1,0.000000,0.000000,0.000000,NULL),(238,182,NULL,NULL,11,1,'Briccola','Jacopo Maria',10,'2018-07-16 18:11:16',1,0.000000,0.000000,0.000000,NULL);

--
-- Table structure for table `ps_stock_mvt_reason`
--

CREATE TABLE `ps_stock_mvt_reason` (
  `id_stock_mvt_reason` int(11) unsigned NOT NULL AUTO_INCREMENT,
  `sign` tinyint(1) NOT NULL DEFAULT '1',
  `date_add` datetime NOT NULL,
  `date_upd` datetime NOT NULL,
  `deleted` tinyint(1) unsigned NOT NULL DEFAULT '0',
  PRIMARY KEY (`id_stock_mvt_reason`)
) ENGINE=InnoDB AUTO_INCREMENT=13 DEFAULT CHARSET=utf8;

--
-- Dumping data for table `ps_stock_mvt_reason`
--

INSERT INTO `ps_stock_mvt_reason` VALUES (1,1,'2018-05-11 14:38:06','2018-05-11 14:38:06',0),(2,-1,'2018-05-11 14:38:06','2018-05-11 14:38:06',0),(3,-1,'2018-05-11 14:38:06','2018-05-11 14:38:06',0),(4,-1,'2018-05-11 14:38:06','2018-05-11 14:38:06',0),(5,1,'2018-05-11 14:38:06','2018-05-11 14:38:06',0),(6,-1,'2018-05-11 14:38:06','2018-05-11 14:38:06',0),(7,1,'2018-05-11 14:38:06','2018-05-11 14:38:06',0),(8,1,'2018-05-11 14:38:06','2018-05-11 14:38:06',0),(9,1,'2018-05-11 14:38:06','2018-05-11 14:38:06',0),(10,1,'2018-05-11 14:38:06','2018-05-11 14:38:06',0),(11,1,'2018-05-11 14:38:06','2018-05-11 14:38:06',0),(12,-1,'2018-05-11 14:38:06','2018-05-11 14:38:06',0);

--
-- Table structure for table `ps_stock_mvt_reason_lang`
--

CREATE TABLE `ps_stock_mvt_reason_lang` (
  `id_stock_mvt_reason` int(11) unsigned NOT NULL,
  `id_lang` int(11) unsigned NOT NULL,
  `name` varchar(255) NOT NULL,
  PRIMARY KEY (`id_stock_mvt_reason`,`id_lang`)
) ENGINE=InnoDB DEFAULT CHARSET=utf8;

--
-- Dumping data for table `ps_stock_mvt_reason_lang`
--

INSERT INTO `ps_stock_mvt_reason_lang` VALUES (1,1,'Increase'),(1,2,'Erhöhung'),(1,3,'Augmentation'),(1,4,'Aumento'),(2,1,'Decrease'),(2,2,'Reduzierung'),(2,3,'Diminution'),(2,4,'Diminuisci'),(3,1,'Customer Order'),(3,2,'Bestellung'),(3,3,'Commande client'),(3,4,'Ordine Cliente'),(4,1,'Regulation following an inventory of stock'),(4,2,'Regulation following an inventory of stock'),(4,3,'Regulation following an inventory of stock'),(4,4,'Regulation following an inventory of stock'),(5,1,'Regulation following an inventory of stock'),(5,2,'Regulation following an inventory of stock'),(5,3,'Regulation following an inventory of stock'),(5,4,'Regulation following an inventory of stock'),(6,1,'Transfer to another warehouse'),(6,2,'Übertragung in anderes Lager'),(6,3,'Transfert vers un autre entrepôt'),(6,4,'Trasferimento a un altro magazzino'),(7,1,'Transfer from another warehouse'),(7,2,'Übertragung von anderem Lager'),(7,3,'Transfert depuis un autre entrepôt'),(7,4,'Trasferimento da un altro magazzino'),(8,1,'Supply Order'),(8,2,'Lieferbestellung'),(8,3,'Commande fournisseur'),(8,4,'Ordine di Fornitura'),(9,1,'Customer Order'),(9,2,'Bestellung'),(9,3,'Commande client'),(9,4,'Ordine Cliente'),(10,1,'Product return'),(10,2,'Warenrücksendung'),(10,3,'Retour produit'),(10,4,'Reso di un Prodotto'),(11,1,'Employee Edition'),(11,2,'Employee Edition'),(11,3,'Employee Edition'),(11,4,'Employee Edition'),(12,1,'Employee Edition'),(12,2,'Employee Edition'),(12,3,'Employee Edition'),(12,4,'Employee Edition');

--
-- Table structure for table `ps_store`
--

CREATE TABLE `ps_store` (
  `id_store` int(10) unsigned NOT NULL AUTO_INCREMENT,
  `id_country` int(10) unsigned NOT NULL,
  `id_state` int(10) unsigned DEFAULT NULL,
  `city` varchar(64) NOT NULL,
  `postcode` varchar(12) NOT NULL,
  `latitude` decimal(13,8) DEFAULT NULL,
  `longitude` decimal(13,8) DEFAULT NULL,
  `phone` varchar(16) DEFAULT NULL,
  `fax` varchar(16) DEFAULT NULL,
  `email` varchar(128) DEFAULT NULL,
  `active` tinyint(1) unsigned NOT NULL DEFAULT '0',
  `date_add` datetime NOT NULL,
  `date_upd` datetime NOT NULL,
  PRIMARY KEY (`id_store`)
) ENGINE=InnoDB AUTO_INCREMENT=2 DEFAULT CHARSET=utf8;

--
-- Dumping data for table `ps_store`
--

INSERT INTO `ps_store` VALUES (1,19,12,'Mendrisio','6850',45.87440900,8.97921200,'0041916961700','','info@tandg.quicklysa.ch',1,'2018-05-11 14:38:17','2018-06-26 18:15:59');

--
-- Table structure for table `ps_store_lang`
--

CREATE TABLE `ps_store_lang` (
  `id_store` int(11) unsigned NOT NULL,
  `id_lang` int(11) unsigned NOT NULL,
  `name` varchar(255) NOT NULL,
  `address1` varchar(255) NOT NULL,
  `address2` varchar(255) DEFAULT NULL,
  `hours` text,
  `note` text,
  PRIMARY KEY (`id_store`,`id_lang`)
) ENGINE=InnoDB DEFAULT CHARSET=utf8;

--
-- Dumping data for table `ps_store_lang`
--

INSERT INTO `ps_store_lang` VALUES (1,1,'Toys And Games','Fox Town','Via Angelo Maspoli 18','[[\"11:00AM - 07:00PM\"],[\"11:00AM - 07:00PM\"],[\"11:00AM - 07:00PM\"],[\"11:00AM - 07:00PM\"],[\"11:00AM - 07:00PM\"],[\"11:00AM - 07:00PM\"],[\"11:00AM - 07:00PM\"]]',''),(1,2,'Toys And Games','Fox Town','Via Angelo Maspoli 18','[[\"11:00AM - 07:00PM\"],[\"11:00AM - 07:00PM\"],[\"11:00AM - 07:00PM\"],[\"11:00AM - 07:00PM\"],[\"11:00AM - 07:00PM\"],[\"11:00AM - 07:00PM\"],[\"11:00AM - 07:00PM\"]]',''),(1,3,'Toys And Games','Fox Town','Via Angelo Maspoli 18','[[\"11:00AM - 07:00PM\"],[\"11:00AM - 07:00PM\"],[\"11:00AM - 07:00PM\"],[\"11:00AM - 07:00PM\"],[\"11:00AM - 07:00PM\"],[\"11:00AM - 07:00PM\"],[\"11:00AM - 07:00PM\"]]',''),(1,4,'Toys And Games','Fox Town','Via Angelo Maspoli 18','[[\"11:00AM - 07:00PM\"],[\"11:00AM - 07:00PM\"],[\"11:00AM - 07:00PM\"],[\"11:00AM - 07:00PM\"],[\"11:00AM - 07:00PM\"],[\"11:00AM - 07:00PM\"],[\"11:00AM - 07:00PM\"]]','');

--
-- Table structure for table `ps_store_shop`
--

CREATE TABLE `ps_store_shop` (
  `id_store` int(11) unsigned NOT NULL,
  `id_shop` int(11) unsigned NOT NULL,
  PRIMARY KEY (`id_store`,`id_shop`),
  KEY `id_shop` (`id_shop`)
) ENGINE=InnoDB DEFAULT CHARSET=utf8;

--
-- Dumping data for table `ps_store_shop`
--

INSERT INTO `ps_store_shop` VALUES (1,1),(1,3),(1,4),(1,5),(1,6),(1,7),(1,8),(1,9),(1,10),(1,11),(1,12),(1,13);

--
-- Table structure for table `ps_supplier`
--

CREATE TABLE `ps_supplier` (
  `id_supplier` int(10) unsigned NOT NULL AUTO_INCREMENT,
  `name` varchar(64) NOT NULL,
  `date_add` datetime NOT NULL,
  `date_upd` datetime NOT NULL,
  `active` tinyint(1) NOT NULL DEFAULT '0',
  PRIMARY KEY (`id_supplier`)
) ENGINE=InnoDB AUTO_INCREMENT=5 DEFAULT CHARSET=utf8;

--
-- Dumping data for table `ps_supplier`
--

INSERT INTO `ps_supplier` VALUES (1,'Carioca','2018-05-15 11:13:58','2018-05-15 11:13:58',1),(2,'Quercetti','2018-05-16 09:57:02','2018-05-16 09:57:02',1),(3,'NanoBlock','2018-05-16 17:49:00','2018-05-16 17:49:00',1),(4,'Geomag','2018-05-16 17:59:50','2018-05-16 17:59:50',1);

--
-- Table structure for table `ps_supplier_lang`
--

CREATE TABLE `ps_supplier_lang` (
  `id_supplier` int(10) unsigned NOT NULL,
  `id_lang` int(10) unsigned NOT NULL,
  `description` text,
  `meta_title` varchar(128) DEFAULT NULL,
  `meta_keywords` varchar(255) DEFAULT NULL,
  `meta_description` varchar(255) DEFAULT NULL,
  PRIMARY KEY (`id_supplier`,`id_lang`)
) ENGINE=InnoDB DEFAULT CHARSET=utf8;

--
-- Dumping data for table `ps_supplier_lang`
--

INSERT INTO `ps_supplier_lang` VALUES (1,1,'','','',''),(1,2,'','','',''),(1,3,'','','',''),(1,4,'','','',''),(2,1,'','','',''),(2,2,'','','',''),(2,3,'','','',''),(2,4,'','','',''),(3,1,'','','',''),(3,2,'','','',''),(3,3,'','','',''),(3,4,'','','',''),(4,1,'','','',''),(4,2,'','','',''),(4,3,'','','',''),(4,4,'','','','');

--
-- Table structure for table `ps_supplier_shop`
--

CREATE TABLE `ps_supplier_shop` (
  `id_supplier` int(11) unsigned NOT NULL,
  `id_shop` int(11) unsigned NOT NULL,
  PRIMARY KEY (`id_supplier`,`id_shop`),
  KEY `id_shop` (`id_shop`)
) ENGINE=InnoDB DEFAULT CHARSET=utf8;

--
-- Dumping data for table `ps_supplier_shop`
--

INSERT INTO `ps_supplier_shop` VALUES (1,1),(1,3),(4,3),(1,4),(2,4),(1,5),(1,6),(3,6),(1,7),(1,8),(1,9),(1,10),(4,10),(1,11),(3,11),(1,12),(2,12),(1,13);

--
-- Table structure for table `ps_supply_order`
--

CREATE TABLE `ps_supply_order` (
  `id_supply_order` int(11) unsigned NOT NULL AUTO_INCREMENT,
  `id_supplier` int(11) unsigned NOT NULL,
  `supplier_name` varchar(64) NOT NULL,
  `id_lang` int(11) unsigned NOT NULL,
  `id_warehouse` int(11) unsigned NOT NULL,
  `id_supply_order_state` int(11) unsigned NOT NULL,
  `id_currency` int(11) unsigned NOT NULL,
  `id_ref_currency` int(11) unsigned NOT NULL,
  `reference` varchar(64) NOT NULL,
  `date_add` datetime NOT NULL,
  `date_upd` datetime NOT NULL,
  `date_delivery_expected` datetime DEFAULT NULL,
  `total_te` decimal(20,6) DEFAULT '0.000000',
  `total_with_discount_te` decimal(20,6) DEFAULT '0.000000',
  `total_tax` decimal(20,6) DEFAULT '0.000000',
  `total_ti` decimal(20,6) DEFAULT '0.000000',
  `discount_rate` decimal(20,6) DEFAULT '0.000000',
  `discount_value_te` decimal(20,6) DEFAULT '0.000000',
  `is_template` tinyint(1) DEFAULT '0',
  PRIMARY KEY (`id_supply_order`),
  KEY `id_supplier` (`id_supplier`),
  KEY `id_warehouse` (`id_warehouse`),
  KEY `reference` (`reference`)
) ENGINE=InnoDB DEFAULT CHARSET=utf8;

--
-- Dumping data for table `ps_supply_order`
--


--
-- Table structure for table `ps_supply_order_detail`
--

CREATE TABLE `ps_supply_order_detail` (
  `id_supply_order_detail` int(11) unsigned NOT NULL AUTO_INCREMENT,
  `id_supply_order` int(11) unsigned NOT NULL,
  `id_currency` int(11) unsigned NOT NULL,
  `id_product` int(11) unsigned NOT NULL,
  `id_product_attribute` int(11) unsigned NOT NULL,
  `reference` varchar(32) NOT NULL,
  `supplier_reference` varchar(32) NOT NULL,
  `name` varchar(128) NOT NULL,
  `ean13` varchar(13) DEFAULT NULL,
  `isbn` varchar(32) DEFAULT NULL,
  `upc` varchar(12) DEFAULT NULL,
  `exchange_rate` decimal(20,6) DEFAULT '0.000000',
  `unit_price_te` decimal(20,6) DEFAULT '0.000000',
  `quantity_expected` int(11) unsigned NOT NULL,
  `quantity_received` int(11) unsigned NOT NULL,
  `price_te` decimal(20,6) DEFAULT '0.000000',
  `discount_rate` decimal(20,6) DEFAULT '0.000000',
  `discount_value_te` decimal(20,6) DEFAULT '0.000000',
  `price_with_discount_te` decimal(20,6) DEFAULT '0.000000',
  `tax_rate` decimal(20,6) DEFAULT '0.000000',
  `tax_value` decimal(20,6) DEFAULT '0.000000',
  `price_ti` decimal(20,6) DEFAULT '0.000000',
  `tax_value_with_order_discount` decimal(20,6) DEFAULT '0.000000',
  `price_with_order_discount_te` decimal(20,6) DEFAULT '0.000000',
  PRIMARY KEY (`id_supply_order_detail`),
  KEY `id_supply_order` (`id_supply_order`,`id_product`),
  KEY `id_product_attribute` (`id_product_attribute`),
  KEY `id_product_product_attribute` (`id_product`,`id_product_attribute`)
) ENGINE=InnoDB DEFAULT CHARSET=utf8;

--
-- Dumping data for table `ps_supply_order_detail`
--


--
-- Table structure for table `ps_supply_order_history`
--

CREATE TABLE `ps_supply_order_history` (
  `id_supply_order_history` int(11) unsigned NOT NULL AUTO_INCREMENT,
  `id_supply_order` int(11) unsigned NOT NULL,
  `id_employee` int(11) unsigned NOT NULL,
  `employee_lastname` varchar(32) DEFAULT '',
  `employee_firstname` varchar(32) DEFAULT '',
  `id_state` int(11) unsigned NOT NULL,
  `date_add` datetime NOT NULL,
  PRIMARY KEY (`id_supply_order_history`),
  KEY `id_supply_order` (`id_supply_order`),
  KEY `id_employee` (`id_employee`),
  KEY `id_state` (`id_state`)
) ENGINE=InnoDB DEFAULT CHARSET=utf8;

--
-- Dumping data for table `ps_supply_order_history`
--


--
-- Table structure for table `ps_supply_order_receipt_history`
--

CREATE TABLE `ps_supply_order_receipt_history` (
  `id_supply_order_receipt_history` int(11) unsigned NOT NULL AUTO_INCREMENT,
  `id_supply_order_detail` int(11) unsigned NOT NULL,
  `id_employee` int(11) unsigned NOT NULL,
  `employee_lastname` varchar(32) DEFAULT '',
  `employee_firstname` varchar(32) DEFAULT '',
  `id_supply_order_state` int(11) unsigned NOT NULL,
  `quantity` int(11) unsigned NOT NULL,
  `date_add` datetime NOT NULL,
  PRIMARY KEY (`id_supply_order_receipt_history`),
  KEY `id_supply_order_detail` (`id_supply_order_detail`),
  KEY `id_supply_order_state` (`id_supply_order_state`)
) ENGINE=InnoDB DEFAULT CHARSET=utf8;

--
-- Dumping data for table `ps_supply_order_receipt_history`
--


--
-- Table structure for table `ps_supply_order_state`
--

CREATE TABLE `ps_supply_order_state` (
  `id_supply_order_state` int(11) unsigned NOT NULL AUTO_INCREMENT,
  `delivery_note` tinyint(1) NOT NULL DEFAULT '0',
  `editable` tinyint(1) NOT NULL DEFAULT '0',
  `receipt_state` tinyint(1) NOT NULL DEFAULT '0',
  `pending_receipt` tinyint(1) NOT NULL DEFAULT '0',
  `enclosed` tinyint(1) NOT NULL DEFAULT '0',
  `color` varchar(32) DEFAULT NULL,
  PRIMARY KEY (`id_supply_order_state`)
) ENGINE=InnoDB AUTO_INCREMENT=7 DEFAULT CHARSET=utf8;

--
-- Dumping data for table `ps_supply_order_state`
--

INSERT INTO `ps_supply_order_state` VALUES (1,0,1,0,0,0,'#faab00'),(2,1,0,0,0,0,'#273cff'),(3,0,0,0,1,0,'#ff37f5'),(4,0,0,1,1,0,'#ff3e33'),(5,0,0,1,0,1,'#00d60c'),(6,0,0,0,0,1,'#666666');

--
-- Table structure for table `ps_supply_order_state_lang`
--

CREATE TABLE `ps_supply_order_state_lang` (
  `id_supply_order_state` int(11) unsigned NOT NULL,
  `id_lang` int(11) unsigned NOT NULL,
  `name` varchar(128) DEFAULT NULL,
  PRIMARY KEY (`id_supply_order_state`,`id_lang`)
) ENGINE=InnoDB DEFAULT CHARSET=utf8;

--
-- Dumping data for table `ps_supply_order_state_lang`
--

INSERT INTO `ps_supply_order_state_lang` VALUES (1,1,'1 - Creation in progress'),(1,2,'1 - In Bearbeitung'),(1,3,'1 - En cours de création'),(1,4,'1 - Creazione in corso'),(2,1,'2 - Order validated'),(2,2,'2 - Bestellung geprüft'),(2,3,'2 - Commande validée'),(2,4,'2 - Ordine convalidato'),(3,1,'3 - Pending receipt'),(3,2,'3 - Warten auf Rechnung'),(3,3,'3 - En attente de réception'),(3,4,'3 - In attesa di ricevimento'),(4,1,'4 - Order received in part'),(4,2,'4 - Teillieferung erhalten'),(4,3,'4 - Commande reçue partiellement'),(4,4,'4 - Ordine ricevuto in parte'),(5,1,'5 - Order received completely'),(5,2,'5 - Lieferung erhalten'),(5,3,'5 - Commande reçue intégralement'),(5,4,'5 - Ordine ricevuto completamente'),(6,1,'6 - Order canceled'),(6,2,'6 - Bestellung storniert'),(6,3,'6 - Commande annulée'),(6,4,'6 - Ordine annullato');

--
-- Table structure for table `ps_tab`
--

CREATE TABLE `ps_tab` (
  `id_tab` int(11) NOT NULL AUTO_INCREMENT,
  `id_parent` int(11) NOT NULL,
  `position` int(11) NOT NULL,
  `module` varchar(64) CHARACTER SET utf8 DEFAULT NULL,
  `class_name` varchar(64) CHARACTER SET utf8 DEFAULT NULL,
  `active` tinyint(1) NOT NULL,
  `hide_host_mode` tinyint(1) NOT NULL,
  `icon` varchar(32) CHARACTER SET utf8 DEFAULT NULL,
  PRIMARY KEY (`id_tab`)
) ENGINE=InnoDB AUTO_INCREMENT=127 DEFAULT CHARSET=utf8 COLLATE=utf8_unicode_ci;

--
-- Dumping data for table `ps_tab`
--

INSERT INTO `ps_tab` VALUES (1,0,0,NULL,'AdminDashboard',1,0,'trending_up'),(2,0,1,NULL,'SELL',1,0,''),(3,2,0,NULL,'AdminParentOrders',1,0,'shopping_basket'),(4,3,0,NULL,'AdminOrders',1,0,''),(5,3,1,NULL,'AdminInvoices',1,0,''),(6,3,2,NULL,'AdminSlip',1,0,''),(7,3,3,NULL,'AdminDeliverySlip',1,0,''),(8,3,4,NULL,'AdminCarts',1,0,''),(9,2,1,NULL,'AdminCatalog',1,0,'store'),(10,9,0,NULL,'AdminProducts',1,0,''),(11,9,1,NULL,'AdminCategories',1,0,''),(12,9,2,NULL,'AdminTracking',1,0,''),(13,9,3,NULL,'AdminParentAttributesGroups',1,0,''),(14,13,0,NULL,'AdminAttributesGroups',1,0,''),(15,13,1,NULL,'AdminFeatures',1,0,''),(16,9,4,NULL,'AdminParentManufacturers',1,0,''),(17,16,0,NULL,'AdminManufacturers',1,0,''),(18,16,1,NULL,'AdminSuppliers',1,0,''),(19,9,5,NULL,'AdminAttachments',1,0,''),(20,9,6,NULL,'AdminParentCartRules',1,0,''),(21,20,0,NULL,'AdminCartRules',1,0,''),(22,20,1,NULL,'AdminSpecificPriceRule',1,0,''),(23,9,7,NULL,'AdminStockManagement',1,0,''),(24,2,2,NULL,'AdminParentCustomer',1,0,'account_circle'),(25,24,0,NULL,'AdminCustomers',1,0,''),(26,24,1,NULL,'AdminAddresses',1,0,''),(27,24,2,'','AdminOutstanding',0,0,''),(28,2,3,NULL,'AdminParentCustomerThreads',1,0,'chat'),(29,28,0,NULL,'AdminCustomerThreads',1,0,''),(30,28,1,NULL,'AdminOrderMessage',1,0,''),(31,28,2,NULL,'AdminReturn',1,0,''),(32,2,4,NULL,'AdminStats',1,0,'assessment'),(33,2,5,NULL,'AdminStock',1,0,'store'),(34,33,0,NULL,'AdminWarehouses',1,0,''),(35,33,1,NULL,'AdminParentStockManagement',1,0,''),(36,35,0,NULL,'AdminStockManagement',1,0,''),(37,36,0,NULL,'AdminStockMvt',1,0,''),(38,36,1,NULL,'AdminStockInstantState',1,0,''),(39,36,2,NULL,'AdminStockCover',1,0,''),(40,33,2,NULL,'AdminSupplyOrders',1,0,''),(41,33,3,NULL,'AdminStockConfiguration',1,0,''),(42,0,2,NULL,'IMPROVE',1,0,''),(43,42,0,NULL,'AdminParentModulesSf',1,0,'extension'),(44,43,0,NULL,'AdminModulesSf',1,0,''),(45,43,1,NULL,'AdminModules',0,0,''),(46,43,2,NULL,'AdminAddonsCatalog',1,0,''),(47,42,1,NULL,'AdminParentThemes',1,0,'desktop_mac'),(48,47,0,NULL,'AdminThemes',1,0,''),(49,47,1,NULL,'AdminThemesCatalog',1,0,''),(50,47,2,NULL,'AdminCmsContent',1,0,''),(51,47,3,NULL,'AdminModulesPositions',1,0,''),(52,47,4,NULL,'AdminImages',1,0,''),(53,42,2,NULL,'AdminParentShipping',1,0,'local_shipping'),(54,53,0,NULL,'AdminCarriers',1,0,''),(55,53,1,NULL,'AdminShipping',1,0,''),(56,42,3,NULL,'AdminParentPayment',1,0,'payment'),(57,56,0,NULL,'AdminPayment',1,0,''),(58,56,1,NULL,'AdminPaymentPreferences',1,0,''),(59,42,4,NULL,'AdminInternational',1,0,'language'),(60,59,0,NULL,'AdminParentLocalization',1,0,''),(61,60,0,NULL,'AdminLocalization',1,0,''),(62,60,1,NULL,'AdminLanguages',1,0,''),(63,60,2,NULL,'AdminCurrencies',1,0,''),(64,60,3,NULL,'AdminGeolocation',1,0,''),(65,59,1,NULL,'AdminParentCountries',1,0,''),(66,65,0,NULL,'AdminZones',1,0,''),(67,65,1,NULL,'AdminCountries',1,0,''),(68,65,2,NULL,'AdminStates',1,0,''),(69,59,2,NULL,'AdminParentTaxes',1,0,''),(70,69,0,NULL,'AdminTaxes',1,0,''),(71,69,1,NULL,'AdminTaxRulesGroup',1,0,''),(72,59,3,NULL,'AdminTranslations',1,0,''),(73,0,3,NULL,'CONFIGURE',1,0,''),(74,73,0,NULL,'ShopParameters',1,0,'settings'),(75,74,0,NULL,'AdminParentPreferences',1,0,''),(76,75,0,NULL,'AdminPreferences',1,0,''),(77,75,1,NULL,'AdminMaintenance',1,0,''),(78,74,1,NULL,'AdminParentOrderPreferences',1,0,''),(79,78,0,NULL,'AdminOrderPreferences',1,0,''),(80,78,1,NULL,'AdminStatuses',1,0,''),(81,74,2,NULL,'AdminPPreferences',1,0,''),(82,74,3,NULL,'AdminParentCustomerPreferences',1,0,''),(83,82,0,NULL,'AdminCustomerPreferences',1,0,''),(84,82,1,NULL,'AdminGroups',1,0,''),(85,82,2,NULL,'AdminGenders',1,0,''),(86,74,4,NULL,'AdminParentStores',1,0,''),(87,86,0,NULL,'AdminContacts',1,0,''),(88,86,1,NULL,'AdminStores',1,0,''),(89,74,5,NULL,'AdminParentMeta',1,0,''),(90,89,1,NULL,'AdminMeta',1,0,''),(91,89,2,NULL,'AdminSearchEngines',1,0,''),(92,89,3,NULL,'AdminReferrers',1,0,''),(93,74,6,NULL,'AdminParentSearchConf',1,0,''),(94,93,0,NULL,'AdminSearchConf',1,0,''),(95,93,1,NULL,'AdminTags',1,0,''),(96,73,1,NULL,'AdminAdvancedParameters',1,0,'settings_applications'),(97,96,0,NULL,'AdminInformation',1,0,''),(98,96,1,NULL,'AdminPerformance',1,0,''),(99,96,2,NULL,'AdminAdminPreferences',1,0,''),(100,96,3,NULL,'AdminEmails',1,0,''),(101,96,4,NULL,'AdminImport',1,0,''),(102,96,5,NULL,'AdminParentEmployees',1,0,''),(103,102,0,NULL,'AdminEmployees',1,0,''),(104,102,1,NULL,'AdminProfiles',1,0,''),(105,102,2,NULL,'AdminAccess',1,0,''),(106,96,6,NULL,'AdminParentRequestSql',1,0,''),(107,106,0,NULL,'AdminRequestSql',1,0,''),(108,106,1,NULL,'AdminBackup',1,0,''),(109,96,7,NULL,'AdminLogs',1,0,''),(110,96,8,NULL,'AdminWebservice',1,0,''),(111,96,9,'','AdminShopGroup',1,0,''),(112,96,10,NULL,'AdminShopUrl',0,0,''),(113,-1,0,NULL,'AdminQuickAccesses',1,0,''),(114,0,4,NULL,'DEFAULT',1,0,''),(115,-1,1,NULL,'AdminPatterns',1,0,''),(116,-1,2,'dashgoals','AdminDashgoals',1,0,''),(117,47,5,'ps_linklist','AdminLinkWidget',1,0,''),(118,0,5,'welcome','AdminWelcome',1,0,''),(119,74,7,'gamification','AdminGamification',1,0,''),(120,-1,3,'cronjobs','AdminCronJobs',1,0,''),(121,-1,4,'customtextdesign','AdminPdfOutput',1,0,''),(122,-1,5,'customtextdesign','AdminSvgOutput',1,0,''),(123,-1,6,'customtextdesign','AdminAjaxModule',1,0,''),(124,-1,7,'customtextdesign','AdminUploadModule',1,0,''),(125,-1,8,'psgdpr','AdminAjaxPsgdpr',1,0,''),(126,-1,9,'psgdpr','AdminDownloadInvoicesPsgdpr',1,0,'');

--
-- Table structure for table `ps_tab_advice`
--

CREATE TABLE `ps_tab_advice` (
  `id_tab` int(11) NOT NULL,
  `id_advice` int(11) NOT NULL,
  PRIMARY KEY (`id_tab`,`id_advice`)
) ENGINE=InnoDB DEFAULT CHARSET=utf8;

--
-- Dumping data for table `ps_tab_advice`
--

INSERT INTO `ps_tab_advice` VALUES (0,3),(0,29),(0,55),(0,81),(0,107),(0,133),(0,160),(0,187),(0,215),(0,243),(0,271),(0,299),(0,326),(0,353),(0,380),(0,407),(0,434),(0,461),(0,488),(0,515),(0,542),(0,569),(0,596),(0,623),(0,650),(0,680),(1,2),(1,5),(1,6),(1,7),(1,8),(1,9),(1,10),(1,11),(1,12),(1,13),(1,14),(1,15),(1,16),(1,17),(1,18),(1,19),(1,20),(1,21),(1,22),(1,23),(1,24),(1,25),(1,26),(1,28),(1,31),(1,32),(1,33),(1,34),(1,35),(1,36),(1,37),(1,38),(1,39),(1,40),(1,41),(1,42),(1,43),(1,44),(1,45),(1,46),(1,47),(1,48),(1,49),(1,50),(1,51),(1,52),(1,54),(1,57),(1,58),(1,59),(1,60),(1,61),(1,62),(1,63),(1,64),(1,65),(1,66),(1,67),(1,68),(1,69),(1,70),(1,71),(1,72),(1,73),(1,74),(1,75),(1,76),(1,77),(1,78),(1,80),(1,83),(1,84),(1,85),(1,86),(1,87),(1,88),(1,89),(1,90),(1,91),(1,92),(1,93),(1,94),(1,95),(1,96),(1,97),(1,98),(1,99),(1,100),(1,101),(1,102),(1,103),(1,104),(1,106),(1,109),(1,110),(1,111),(1,112),(1,113),(1,114),(1,115),(1,116),(1,117),(1,118),(1,119),(1,120),(1,121),(1,122),(1,123),(1,124),(1,125),(1,126),(1,127),(1,128),(1,129),(1,130),(1,132),(1,135),(1,136),(1,137),(1,138),(1,139),(1,140),(1,141),(1,142),(1,143),(1,144),(1,145),(1,146),(1,147),(1,148),(1,149),(1,150),(1,151),(1,152),(1,153),(1,154),(1,155),(1,156),(1,157),(1,159),(1,162),(1,163),(1,164),(1,165),(1,166),(1,167),(1,168),(1,169),(1,170),(1,171),(1,172),(1,173),(1,174),(1,175),(1,176),(1,177),(1,178),(1,179),(1,180),(1,181),(1,182),(1,183),(1,184),(1,186),(1,189),(1,190),(1,191),(1,192),(1,193),(1,194),(1,195),(1,196),(1,197),(1,198),(1,199),(1,200),(1,201),(1,202),(1,203),(1,204),(1,205),(1,206),(1,207),(1,208),(1,209),(1,210),(1,211),(1,212),(1,214),(1,217),(1,218),(1,219),(1,220),(1,221),(1,222),(1,223),(1,224),(1,225),(1,226),(1,227),(1,228),(1,229),(1,230),(1,231),(1,232),(1,233),(1,234),(1,235),(1,236),(1,237),(1,238),(1,239),(1,240),(1,242),(1,245),(1,246),(1,247),(1,248),(1,249),(1,250),(1,251),(1,252),(1,253),(1,254),(1,255),(1,256),(1,257),(1,258),(1,259),(1,260),(1,261),(1,262),(1,263),(1,264),(1,265),(1,266),(1,267),(1,268),(1,270),(1,273),(1,274),(1,275),(1,276),(1,277),(1,278),(1,279),(1,280),(1,281),(1,282),(1,283),(1,284),(1,285),(1,286),(1,287),(1,288),(1,289),(1,290),(1,291),(1,292),(1,293),(1,294),(1,295),(1,296),(1,298),(1,301),(1,302),(1,303),(1,304),(1,305),(1,306),(1,307),(1,308),(1,309),(1,310),(1,311),(1,312),(1,313),(1,314),(1,315),(1,316),(1,317),(1,318),(1,319),(1,320),(1,321),(1,322),(1,323),(1,325),(1,328),(1,329),(1,330),(1,331),(1,332),(1,333),(1,334),(1,335),(1,336),(1,337),(1,338),(1,339),(1,340),(1,341),(1,342),(1,343),(1,344),(1,345),(1,346),(1,347),(1,348),(1,349),(1,350),(1,352),(1,355),(1,356),(1,357),(1,358),(1,359),(1,360),(1,361),(1,362),(1,363),(1,364),(1,365),(1,366),(1,367),(1,368),(1,369),(1,370),(1,371),(1,372),(1,373),(1,374),(1,375),(1,376),(1,377),(1,379),(1,382),(1,383),(1,384),(1,385),(1,386),(1,387),(1,388),(1,389),(1,390),(1,391),(1,392),(1,393),(1,394),(1,395),(1,396),(1,397),(1,398),(1,399),(1,400),(1,401),(1,402),(1,403),(1,404),(1,406),(1,409),(1,410),(1,411),(1,412),(1,413),(1,414),(1,415),(1,416),(1,417),(1,418),(1,419),(1,420),(1,421),(1,422),(1,423),(1,424),(1,425),(1,426),(1,427),(1,428),(1,429),(1,430),(1,431),(1,433),(1,436),(1,437),(1,438),(1,439),(1,440),(1,441),(1,442),(1,443),(1,444),(1,445),(1,446),(1,447),(1,448),(1,449),(1,450),(1,451),(1,452),(1,453),(1,454),(1,455),(1,456),(1,457),(1,458),(1,460),(1,463),(1,464),(1,465),(1,466),(1,467),(1,468),(1,469),(1,470),(1,471),(1,472),(1,473),(1,474),(1,475),(1,476),(1,477),(1,478),(1,479),(1,480),(1,481),(1,482),(1,483),(1,484),(1,485),(1,487),(1,490),(1,491),(1,492),(1,493),(1,494),(1,495),(1,496),(1,497),(1,498),(1,499),(1,500),(1,501),(1,502),(1,503),(1,504),(1,505),(1,506),(1,507),(1,508),(1,509),(1,510),(1,511),(1,512),(1,514),(1,517),(1,518),(1,519),(1,520),(1,521),(1,522),(1,523),(1,524),(1,525),(1,526),(1,527),(1,528),(1,529),(1,530),(1,531),(1,532),(1,533),(1,534),(1,535),(1,536),(1,537),(1,538),(1,539),(1,541),(1,544),(1,545),(1,546),(1,547),(1,548),(1,549),(1,550),(1,551),(1,552),(1,553),(1,554),(1,555),(1,556),(1,557),(1,558),(1,559),(1,560),(1,561),(1,562),(1,563),(1,564),(1,565),(1,566),(1,568),(1,571),(1,572),(1,573),(1,574),(1,575),(1,576),(1,577),(1,578),(1,579),(1,580),(1,581),(1,582),(1,583),(1,584),(1,585),(1,586),(1,587),(1,588),(1,589),(1,590),(1,591),(1,592),(1,593),(1,595),(1,598),(1,599),(1,600),(1,601),(1,602),(1,603),(1,604),(1,605),(1,606),(1,607),(1,608),(1,609),(1,610),(1,611),(1,612),(1,613),(1,614),(1,615),(1,616),(1,617),(1,618),(1,619),(1,620),(1,622),(1,625),(1,626),(1,627),(1,628),(1,629),(1,630),(1,631),(1,632),(1,633),(1,634),(1,635),(1,636),(1,637),(1,638),(1,639),(1,640),(1,641),(1,642),(1,643),(1,644),(1,645),(1,646),(1,647),(1,649),(1,652),(1,653),(1,654),(1,655),(1,656),(1,657),(1,658),(1,659),(1,660),(1,661),(1,662),(1,663),(1,664),(1,665),(1,666),(1,667),(1,668),(1,669),(1,670),(1,671),(1,672),(1,673),(1,674),(1,676),(1,683),(1,684),(1,685),(1,686),(1,687),(1,688),(1,689),(1,690),(1,691),(1,692),(1,693),(1,694),(1,695),(1,696),(1,697),(1,698),(1,699),(1,700),(1,701),(1,702),(1,703),(1,704),(1,705),(1,706),(1,707),(1,708),(1,709),(1,710),(1,711),(1,712),(1,713),(1,714),(1,715),(10,682),(25,4),(25,30),(25,56),(25,82),(25,108),(25,134),(25,161),(25,188),(25,216),(25,244),(25,272),(25,300),(25,327),(25,354),(25,381),(25,408),(25,435),(25,462),(25,489),(25,516),(25,543),(25,570),(25,597),(25,624),(25,651),(25,681),(29,4),(29,30),(29,56),(29,82),(29,108),(29,134),(29,161),(29,188),(29,216),(29,244),(29,272),(29,300),(29,327),(29,354),(29,381),(29,408),(29,435),(29,462),(29,489),(29,516),(29,543),(29,570),(29,597),(29,624),(29,651),(29,681),(57,678),(66,677),(72,1),(72,27),(72,53),(72,79),(72,105),(72,131),(72,158),(72,185),(72,213),(72,241),(72,269),(72,297),(72,324),(72,351),(72,378),(72,405),(72,432),(72,459),(72,486),(72,513),(72,540),(72,567),(72,594),(72,621),(72,648),(72,675),(79,679);

--
-- Table structure for table `ps_tab_lang`
--

CREATE TABLE `ps_tab_lang` (
  `id_tab` int(11) NOT NULL,
  `id_lang` int(11) NOT NULL,
  `name` varchar(128) CHARACTER SET utf8 NOT NULL,
  PRIMARY KEY (`id_tab`,`id_lang`),
  KEY `IDX_CFD9262DED47AB56` (`id_tab`)
) ENGINE=InnoDB DEFAULT CHARSET=utf8 COLLATE=utf8_unicode_ci;

--
-- Dumping data for table `ps_tab_lang`
--

INSERT INTO `ps_tab_lang` VALUES (1,1,'Dashboard'),(1,2,'Übersicht'),(1,3,'Tableau de bord'),(1,4,'Pannello di controllo'),(2,1,'Sell'),(2,2,'Verkauf'),(2,3,'Vendre'),(2,4,'Vendi'),(3,1,'Orders'),(3,2,'Bestellungen'),(3,3,'Commandes'),(3,4,'Ordini'),(4,1,'Orders'),(4,2,'Bestellungen'),(4,3,'Commandes'),(4,4,'Ordini'),(5,1,'Invoices'),(5,2,'Rechnungen'),(5,3,'Factures'),(5,4,'Fatture'),(6,1,'Credit Slips'),(6,2,'Rückvergütungen'),(6,3,'Avoirs'),(6,4,'Buoni sconto'),(7,1,'Delivery Slips'),(7,2,'Lieferscheine'),(7,3,'Bons de livraison'),(7,4,'Bolle di consegna'),(8,1,'Shopping Carts'),(8,2,'Warenkörbe'),(8,3,'Paniers'),(8,4,'Carrello della spesa'),(9,1,'Catalog'),(9,2,'Katalog'),(9,3,'Catalogue'),(9,4,'Catalogo'),(10,1,'Products'),(10,2,'Artikel'),(10,3,'Produits'),(10,4,'Prodotti'),(11,1,'Categories'),(11,2,'Kategorien'),(11,3,'Catégories'),(11,4,'Categorie'),(12,1,'Monitoring'),(12,2,'Kontrollübersicht'),(12,3,'Suivi'),(12,4,'Monitoraggio'),(13,1,'Attributes & Features'),(13,2,'Varianten & Eigenschaften'),(13,3,'Attributs & caractéristiques'),(13,4,'Attributi e Funzionalità'),(14,1,'Attributes'),(14,2,'Varianten'),(14,3,'Attributs'),(14,4,'Attributi'),(15,1,'Features'),(15,2,'Maßnahmen'),(15,3,'Caractéristiques'),(15,4,'Funzioni'),(16,1,'Brands & Suppliers'),(16,2,'Marken & Lieferanten'),(16,3,'Marques et fournisseurs'),(16,4,'Marche & Fornitori'),(17,1,'Brands'),(17,2,'Marken'),(17,3,'Marques'),(17,4,'Marchi'),(18,1,'Suppliers'),(18,2,'Lieferanten'),(18,3,'Fournisseurs'),(18,4,'Fornitori'),(19,1,'Files'),(19,2,'Dateien'),(19,3,'Fichiers'),(19,4,'File'),(20,1,'Discounts'),(20,2,'Rabatt'),(20,3,'Réductions'),(20,4,'Buoni sconto'),(21,1,'Cart Rules'),(21,2,'Warenkorb Preisregeln'),(21,3,'Règles panier'),(21,4,'Regole Carrello'),(22,1,'Catalog Price Rules'),(22,2,'Katalog Preisregeln'),(22,3,'Règles de prix catalogue'),(22,4,'Regole Catalogo Prezzi'),(23,1,'Stocks'),(23,2,'Stocks'),(23,3,'Stocks'),(23,4,'Stocks'),(24,1,'Customers'),(24,2,'Kunden'),(24,3,'Clients'),(24,4,'Clienti'),(25,1,'Customers'),(25,2,'Kunden'),(25,3,'Clients'),(25,4,'Clienti'),(26,1,'Addresses'),(26,2,'Adressen'),(26,3,'Adresses'),(26,4,'Indirizzi'),(27,1,'Outstanding'),(27,2,'Offene Posten'),(27,3,'Encours autorisés'),(27,4,'In sospeso'),(28,1,'Customer Service'),(28,2,'Kundenservice'),(28,3,'SAV'),(28,4,'Servizio clienti'),(29,1,'Customer Service'),(29,2,'Kundenservice'),(29,3,'SAV'),(29,4,'Servizio clienti'),(30,1,'Order Messages'),(30,2,'Bestellnachrichten'),(30,3,'Messages prédéfinis'),(30,4,'Messaggi d\'ordine'),(31,1,'Merchandise Returns'),(31,2,'Warenrücksendungen'),(31,3,'Retours produits'),(31,4,'Restituzione Prodotto'),(32,1,'Stats'),(32,2,'Statistiken'),(32,3,'Statistiques'),(32,4,'Statistiche'),(34,1,'Warehouses'),(34,2,'Lager'),(34,3,'Entrepôts'),(34,4,'Magazzini'),(35,1,'Stock Management'),(35,2,'Lagerverwaltung'),(35,3,'Gestion du stock'),(35,4,'Gestione del Magazzino'),(36,1,'Stock Management'),(36,2,'Lagerverwaltung'),(36,3,'Gestion du stock'),(36,4,'Gestione del Magazzino'),(37,1,'Stock Movement'),(37,2,'Lagerbewegung'),(37,3,'Mouvements de stock'),(37,4,'Movimenti di magazzino'),(38,1,'Instant Stock Status'),(38,2,'Aktueller Lagerbestand'),(38,3,'État instantané du stock'),(38,4,'Stato dello Stock Istantaneo'),(39,1,'Stock Coverage'),(39,2,'Lagerbestand'),(39,3,'Couverture du stock'),(39,4,'Disponibilità di magazzino'),(40,1,'Supply orders'),(40,2,'Bestellaufträge'),(40,3,'Commandes fournisseurs'),(40,4,'Ordini fornitura'),(41,1,'Configuration'),(41,2,'Einstellungen'),(41,3,'Paramètres'),(41,4,'Configurazione'),(42,1,'Improve'),(42,2,'Optimierung'),(42,3,'Personnaliser'),(42,4,'Migliora'),(43,1,'Modules'),(43,2,'Module'),(43,3,'Modules'),(43,4,'Moduli'),(44,1,'Modules & Services'),(44,2,'Module und Dienste'),(44,3,'Modules et services'),(44,4,'Moduli & Servizi'),(46,1,'Modules Catalog'),(46,2,'Versanddienst'),(46,3,'Catalogue de modules'),(46,4,'Strumenti di Compra-Vendita'),(47,1,'Design'),(47,2,'Design'),(47,3,'Apparence'),(47,4,'Design'),(48,1,'Theme & Logo'),(48,2,'Template und Logo'),(48,3,'Thème et logo'),(48,4,'Tema & Logo'),(49,1,'Theme Catalog'),(49,2,'Templates'),(49,3,'Catalogue de thèmes'),(49,4,'Catalogo dei Temi'),(50,1,'Pages'),(50,2,'Seiten'),(50,3,'Pages CMS'),(50,4,'Pagine'),(51,1,'Positions'),(51,2,'Positionen'),(51,3,'Positions'),(51,4,'Posizioni'),(52,1,'Image Settings'),(52,2,'Bilder'),(52,3,'Images'),(52,4,'Impostazioni immagine'),(53,1,'Shipping'),(53,2,'Versand'),(53,3,'Livraison'),(53,4,'Spedizione'),(54,1,'Carriers'),(54,2,'Versanddienste'),(54,3,'Transporteurs'),(54,4,'Mezzi di spedizione'),(55,1,'Preferences'),(55,2,'Voreinstellungen'),(55,3,'Préférences'),(55,4,'Impostazioni'),(56,1,'Payment'),(56,2,'Zahlungsart'),(56,3,'Paiement'),(56,4,'Pagamento'),(57,1,'Payment Methods'),(57,2,'Zahlungsarten'),(57,3,'Modes de paiement'),(57,4,'Metodi di Pagamento'),(58,1,'Preferences'),(58,2,'Voreinstellungen'),(58,3,'Préférences'),(58,4,'Impostazioni'),(59,1,'International'),(59,2,'international'),(59,3,'International'),(59,4,'Internazionale'),(60,1,'Localization'),(60,2,'Lokalisierung'),(60,3,'Localisation'),(60,4,'Localizzazione'),(61,1,'Localization'),(61,2,'Lokalisierung'),(61,3,'Localisation'),(61,4,'Localizzazione'),(62,1,'Languages'),(62,2,'Sprachen'),(62,3,'Langues'),(62,4,'Lingue'),(63,1,'Currencies'),(63,2,'Währungen'),(63,3,'Devises'),(63,4,'Valute'),(64,1,'Geolocation'),(64,2,'Geotargeting'),(64,3,'Géolocalisation'),(64,4,'Geolocalizzazione'),(65,1,'Locations'),(65,2,'Länder & Gebiete'),(65,3,'Zones géographiques'),(65,4,'Località'),(66,1,'Zones'),(66,2,'Gebiete'),(66,3,'Zones'),(66,4,'Zone'),(67,1,'Countries'),(67,2,'Länder'),(67,3,'Pays'),(67,4,'Nazione'),(68,1,'States'),(68,2,'Bundesländer'),(68,3,'États'),(68,4,'Province'),(69,1,'Taxes'),(69,2,'Steuersätze'),(69,3,'Taxes'),(69,4,'Tasse'),(70,1,'Taxes'),(70,2,'Steuersätze'),(70,3,'Taxes'),(70,4,'Tasse'),(71,1,'Tax Rules'),(71,2,'Steuerregeln'),(71,3,'Règles de taxes'),(71,4,'Aliquote Iva'),(72,1,'Translations'),(72,2,'Übersetzungen'),(72,3,'Traductions'),(72,4,'Traduzioni'),(73,1,'Configure'),(73,2,'Einstellungen'),(73,3,'Configurer'),(73,4,'Configura'),(74,1,'Shop Parameters'),(74,2,'Shop-Einstellungen'),(74,3,'Paramètres de la boutique'),(74,4,'Parametri Negozio'),(75,1,'General'),(75,2,'Allgemein'),(75,3,'Paramètres généraux'),(75,4,'Generale'),(76,1,'General'),(76,2,'Allgemein'),(76,3,'Paramètres généraux'),(76,4,'Generale'),(77,1,'Maintenance'),(77,2,'Wartung'),(77,3,'Maintenance'),(77,4,'Manutenzione'),(78,1,'Order Settings'),(78,2,'Bestellungen'),(78,3,'Commandes'),(78,4,'Impostazioni Ordine'),(79,1,'Order Settings'),(79,2,'Bestellungen'),(79,3,'Commandes'),(79,4,'Impostazioni Ordine'),(80,1,'Statuses'),(80,2,'Status'),(80,3,'États de commandes'),(80,4,'Stati'),(81,1,'Product Settings'),(81,2,'Artikel'),(81,3,'Produits'),(81,4,'Prodotti'),(82,1,'Customer Settings'),(82,2,'Benutzerdefinierte Einstellungen'),(82,3,'Clients'),(82,4,'Impostazioni clienti'),(83,1,'Customers'),(83,2,'Kunden'),(83,3,'Clients'),(83,4,'Clienti'),(84,1,'Groups'),(84,2,'Gruppen'),(84,3,'Groupes'),(84,4,'Gruppi'),(85,1,'Titles'),(85,2,'Anreden'),(85,3,'Titres de civilité'),(85,4,'Titoli'),(86,1,'Contact'),(86,2,'Kontakt'),(86,3,'Contact'),(86,4,'Contatto'),(87,1,'Contacts'),(87,2,'Kontakte'),(87,3,'Contacts'),(87,4,'Contatti'),(88,1,'Stores'),(88,2,'Shops'),(88,3,'Magasins'),(88,4,'Negozi'),(89,1,'Traffic & SEO'),(89,2,'Traffic & SEO'),(89,3,'Trafic et SEO'),(89,4,'Traffico & SEO'),(90,1,'SEO & URLs'),(90,2,'SEO & URLs'),(90,3,'SEO & URL'),(90,4,'SEO & URLs'),(91,1,'Search Engines'),(91,2,'Suchmaschinen'),(91,3,'Moteurs de recherche'),(91,4,'Motori di ricerca'),(92,1,'Referrers'),(92,2,'Referrer'),(92,3,'Affiliés'),(92,4,'Affiliati'),(93,1,'Search'),(93,2,'Suche'),(93,3,'Rechercher'),(93,4,'Cerca'),(94,1,'Search'),(94,2,'Suche'),(94,3,'Rechercher'),(94,4,'Cerca'),(95,1,'Tags'),(95,2,'Stichwörter'),(95,3,'Mots-clés'),(95,4,'Tags'),(96,1,'Advanced Parameters'),(96,2,'Erweiterte Einstellungen'),(96,3,'Paramètres avancés'),(96,4,'Parametri Avanzati'),(97,1,'Information'),(97,2,'Informationen'),(97,3,'Informations'),(97,4,'Informazioni'),(98,1,'Performance'),(98,2,'Leistung'),(98,3,'Performances'),(98,4,'Prestazioni'),(99,1,'Administration'),(99,2,'Verwaltung'),(99,3,'Administration'),(99,4,'Amministrazione'),(100,1,'E-mail'),(100,2,'E-Mail'),(100,3,'Email'),(100,4,'Email'),(101,1,'Import'),(101,2,'Importieren'),(101,3,'Importer'),(101,4,'Importa'),(102,1,'Team'),(102,2,'Benutzerrechte'),(102,3,'Équipe'),(102,4,'Dipendenti'),(103,1,'Employees'),(103,2,'Mitarbeiter'),(103,3,'Employés'),(103,4,'Dipendenti'),(104,1,'Profiles'),(104,2,'Profile'),(104,3,'Profils'),(104,4,'Profili'),(105,1,'Permissions'),(105,2,'Berechtigungen'),(105,3,'Permissions'),(105,4,'Permessi'),(106,1,'Database'),(106,2,'Datenbank'),(106,3,'Base de données'),(106,4,'Database'),(107,1,'SQL Manager'),(107,2,'SQL-Abfragen'),(107,3,'Gestionnaire SQL'),(107,4,'Manager SQL'),(108,1,'DB Backup'),(108,2,'Datenbank-Backup'),(108,3,'Sauvegarde BDD'),(108,4,'Backup DB'),(109,1,'Logs'),(109,2,'Log-Dateien'),(109,3,'Logs'),(109,4,'Logs'),(110,1,'Webservice'),(110,2,'Webservice'),(110,3,'Webservice'),(110,4,'Webservice'),(111,1,'Multistore'),(111,2,'Multishop'),(111,3,'Multiboutique'),(111,4,'Multinegozio'),(112,1,'Multistore'),(112,2,'Multishop'),(112,3,'Multiboutique'),(112,4,'Multinegozio'),(113,1,'Quick Access'),(113,2,'Schnellzugriff'),(113,3,'Accès rapide'),(113,4,'Accesso Veloce'),(114,1,'More'),(114,2,'Mehr'),(114,3,'Détails'),(114,4,'Più'),(116,1,'Dashgoals'),(116,2,'Dashgoals'),(116,3,'Dashgoals'),(116,4,'Dashgoals'),(117,1,'Link Widget'),(117,2,'Link Widget'),(117,3,'Link Widget'),(117,4,'Link Widget'),(118,1,'Welcome'),(118,2,'Welcome'),(118,3,'Welcome'),(118,4,'Welcome'),(119,1,'Merchant Expertise'),(119,2,'Merchant Expertise'),(119,3,'Merchant Expertise'),(119,4,'Merchant Expertise'),(120,1,'Cron Jobs'),(120,2,'Cron Jobs'),(120,3,'Cron Jobs'),(120,4,'Cron Jobs'),(121,1,'Admin Pdf Output'),(121,2,'Admin Pdf Output'),(121,3,'Admin Pdf Output'),(121,4,'Admin Pdf Output'),(122,1,'Admin Svg Output'),(122,2,'Admin Svg Output'),(122,3,'Admin Svg Output'),(122,4,'Admin Svg Output'),(123,1,'Admin Ajax Module'),(123,2,'Admin Ajax Module'),(123,3,'Admin Ajax Module'),(123,4,'Admin Ajax Module'),(124,1,'Admin Upload Module'),(124,2,'Admin Upload Module'),(124,3,'Admin Upload Module'),(124,4,'Admin Upload Module'),(125,1,'psgdpr'),(125,2,'psgdpr'),(125,3,'psgdpr'),(125,4,'psgdpr'),(126,1,'psgdpr'),(126,2,'psgdpr'),(126,3,'psgdpr'),(126,4,'psgdpr');

--
-- Table structure for table `ps_tab_module_preference`
--

CREATE TABLE `ps_tab_module_preference` (
  `id_tab_module_preference` int(11) NOT NULL AUTO_INCREMENT,
  `id_employee` int(11) NOT NULL,
  `id_tab` int(11) NOT NULL,
  `module` varchar(255) NOT NULL,
  PRIMARY KEY (`id_tab_module_preference`),
  UNIQUE KEY `employee_module` (`id_employee`,`id_tab`,`module`)
) ENGINE=InnoDB DEFAULT CHARSET=utf8;

--
-- Dumping data for table `ps_tab_module_preference`
--


--
-- Table structure for table `ps_tag`
--

CREATE TABLE `ps_tag` (
  `id_tag` int(10) unsigned NOT NULL AUTO_INCREMENT,
  `id_lang` int(10) unsigned NOT NULL,
  `name` varchar(32) NOT NULL,
  PRIMARY KEY (`id_tag`),
  KEY `tag_name` (`name`),
  KEY `id_lang` (`id_lang`)
) ENGINE=InnoDB DEFAULT CHARSET=utf8;

--
-- Dumping data for table `ps_tag`
--


--
-- Table structure for table `ps_tag_count`
--

CREATE TABLE `ps_tag_count` (
  `id_group` int(10) unsigned NOT NULL DEFAULT '0',
  `id_tag` int(10) unsigned NOT NULL DEFAULT '0',
  `id_lang` int(10) unsigned NOT NULL DEFAULT '0',
  `id_shop` int(11) unsigned NOT NULL DEFAULT '0',
  `counter` int(10) unsigned NOT NULL DEFAULT '0',
  PRIMARY KEY (`id_group`,`id_tag`),
  KEY `id_group` (`id_group`,`id_lang`,`id_shop`,`counter`)
) ENGINE=InnoDB DEFAULT CHARSET=utf8;

--
-- Dumping data for table `ps_tag_count`
--


--
-- Table structure for table `ps_tax`
--

CREATE TABLE `ps_tax` (
  `id_tax` int(10) unsigned NOT NULL AUTO_INCREMENT,
  `rate` decimal(10,3) NOT NULL,
  `active` tinyint(1) unsigned NOT NULL DEFAULT '1',
  `deleted` tinyint(1) unsigned NOT NULL DEFAULT '0',
  PRIMARY KEY (`id_tax`)
) ENGINE=InnoDB AUTO_INCREMENT=4 DEFAULT CHARSET=utf8;

--
-- Dumping data for table `ps_tax`
--

INSERT INTO `ps_tax` VALUES (1,7.700,1,0),(2,3.800,1,0),(3,2.500,1,0);

--
-- Table structure for table `ps_tax_lang`
--

CREATE TABLE `ps_tax_lang` (
  `id_tax` int(10) unsigned NOT NULL,
  `id_lang` int(10) unsigned NOT NULL,
  `name` varchar(32) NOT NULL,
  PRIMARY KEY (`id_tax`,`id_lang`)
) ENGINE=InnoDB DEFAULT CHARSET=utf8;

--
-- Dumping data for table `ps_tax_lang`
--

INSERT INTO `ps_tax_lang` VALUES (1,1,'TVA CH 7.7%'),(1,2,'TVA CH 7.7%'),(1,3,'TVA CH 7.7%'),(1,4,'IVA CH 7.7%'),(2,1,'TVA CH 3.8%'),(2,2,'TVA CH 3.8%'),(2,3,'TVA CH 3.8%'),(2,4,'TVA CH 3.8%'),(3,1,'TVA CH 2.5%'),(3,2,'TVA CH 2.5%'),(3,3,'TVA CH 2.5%'),(3,4,'TVA CH 2.5%');

--
-- Table structure for table `ps_tax_rule`
--

CREATE TABLE `ps_tax_rule` (
  `id_tax_rule` int(11) NOT NULL AUTO_INCREMENT,
  `id_tax_rules_group` int(11) NOT NULL,
  `id_country` int(11) NOT NULL,
  `id_state` int(11) NOT NULL,
  `zipcode_from` varchar(12) NOT NULL,
  `zipcode_to` varchar(12) NOT NULL,
  `id_tax` int(11) NOT NULL,
  `behavior` int(11) NOT NULL,
  `description` varchar(100) NOT NULL,
  PRIMARY KEY (`id_tax_rule`),
  KEY `id_tax_rules_group` (`id_tax_rules_group`),
  KEY `id_tax` (`id_tax`),
  KEY `category_getproducts` (`id_tax_rules_group`,`id_country`,`id_state`,`zipcode_from`)
) ENGINE=InnoDB AUTO_INCREMENT=4 DEFAULT CHARSET=utf8;

--
-- Dumping data for table `ps_tax_rule`
--

INSERT INTO `ps_tax_rule` VALUES (1,1,19,0,'0','0',1,0,''),(2,2,19,0,'0','0',2,0,''),(3,3,19,0,'0','0',3,0,'');

--
-- Table structure for table `ps_tax_rules_group`
--

CREATE TABLE `ps_tax_rules_group` (
  `id_tax_rules_group` int(11) NOT NULL AUTO_INCREMENT,
  `name` varchar(50) NOT NULL,
  `active` int(11) NOT NULL,
  `deleted` tinyint(1) unsigned NOT NULL,
  `date_add` datetime NOT NULL,
  `date_upd` datetime NOT NULL,
  PRIMARY KEY (`id_tax_rules_group`)
) ENGINE=InnoDB AUTO_INCREMENT=4 DEFAULT CHARSET=utf8;

--
-- Dumping data for table `ps_tax_rules_group`
--

INSERT INTO `ps_tax_rules_group` VALUES (1,'CH Standard Rate (7.7%)',1,0,'2018-05-11 14:38:10','2018-05-15 10:36:13'),(2,'CH Reduced Rate (3.8%)',1,0,'2018-05-11 14:38:10','2018-05-11 14:38:10'),(3,'CH Super Reduced Rate (2.5%)',1,0,'2018-05-11 14:38:10','2018-05-11 14:38:10');

--
-- Table structure for table `ps_tax_rules_group_shop`
--

CREATE TABLE `ps_tax_rules_group_shop` (
  `id_tax_rules_group` int(11) unsigned NOT NULL,
  `id_shop` int(11) unsigned NOT NULL,
  PRIMARY KEY (`id_tax_rules_group`,`id_shop`),
  KEY `id_shop` (`id_shop`)
) ENGINE=InnoDB DEFAULT CHARSET=utf8;

--
-- Dumping data for table `ps_tax_rules_group_shop`
--

INSERT INTO `ps_tax_rules_group_shop` VALUES (1,1),(2,1),(3,1),(1,3),(2,3),(3,3),(1,4),(2,4),(3,4),(1,5),(2,5),(3,5),(1,6),(2,6),(3,6),(1,7),(2,7),(3,7),(1,8),(2,8),(3,8),(1,9),(2,9),(3,9),(1,10),(2,10),(3,10),(1,11),(2,11),(3,11),(1,12),(2,12),(3,12),(1,13),(2,13),(3,13);

--
-- Table structure for table `ps_testimonialinfo`
--

CREATE TABLE `ps_testimonialinfo` (
  `id_testimonialinfo` int(10) unsigned NOT NULL AUTO_INCREMENT,
  `id_shop` int(10) unsigned DEFAULT NULL,
  PRIMARY KEY (`id_testimonialinfo`)
) ENGINE=InnoDB DEFAULT CHARSET=utf8;

--
-- Dumping data for table `ps_testimonialinfo`
--


--
-- Table structure for table `ps_testimonialinfo_lang`
--

CREATE TABLE `ps_testimonialinfo_lang` (
  `id_testimonialinfo` int(10) unsigned NOT NULL,
  `id_lang` int(10) unsigned NOT NULL,
  `text` text NOT NULL,
  PRIMARY KEY (`id_testimonialinfo`,`id_lang`)
) ENGINE=InnoDB DEFAULT CHARSET=utf8;

--
-- Dumping data for table `ps_testimonialinfo_lang`
--


--
-- Table structure for table `ps_timezone`
--

CREATE TABLE `ps_timezone` (
  `id_timezone` int(10) unsigned NOT NULL AUTO_INCREMENT,
  `name` varchar(32) NOT NULL,
  PRIMARY KEY (`id_timezone`)
) ENGINE=InnoDB AUTO_INCREMENT=561 DEFAULT CHARSET=utf8;

--
-- Dumping data for table `ps_timezone`
--

INSERT INTO `ps_timezone` VALUES (1,'Africa/Abidjan'),(2,'Africa/Accra'),(3,'Africa/Addis_Ababa'),(4,'Africa/Algiers'),(5,'Africa/Asmara'),(6,'Africa/Asmera'),(7,'Africa/Bamako'),(8,'Africa/Bangui'),(9,'Africa/Banjul'),(10,'Africa/Bissau'),(11,'Africa/Blantyre'),(12,'Africa/Brazzaville'),(13,'Africa/Bujumbura'),(14,'Africa/Cairo'),(15,'Africa/Casablanca'),(16,'Africa/Ceuta'),(17,'Africa/Conakry'),(18,'Africa/Dakar'),(19,'Africa/Dar_es_Salaam'),(20,'Africa/Djibouti'),(21,'Africa/Douala'),(22,'Africa/El_Aaiun'),(23,'Africa/Freetown'),(24,'Africa/Gaborone'),(25,'Africa/Harare'),(26,'Africa/Johannesburg'),(27,'Africa/Kampala'),(28,'Africa/Khartoum'),(29,'Africa/Kigali'),(30,'Africa/Kinshasa'),(31,'Africa/Lagos'),(32,'Africa/Libreville'),(33,'Africa/Lome'),(34,'Africa/Luanda'),(35,'Africa/Lubumbashi'),(36,'Africa/Lusaka'),(37,'Africa/Malabo'),(38,'Africa/Maputo'),(39,'Africa/Maseru'),(40,'Africa/Mbabane'),(41,'Africa/Mogadishu'),(42,'Africa/Monrovia'),(43,'Africa/Nairobi'),(44,'Africa/Ndjamena'),(45,'Africa/Niamey'),(46,'Africa/Nouakchott'),(47,'Africa/Ouagadougou'),(48,'Africa/Porto-Novo'),(49,'Africa/Sao_Tome'),(50,'Africa/Timbuktu'),(51,'Africa/Tripoli'),(52,'Africa/Tunis'),(53,'Africa/Windhoek'),(54,'America/Adak'),(55,'America/Anchorage '),(56,'America/Anguilla'),(57,'America/Antigua'),(58,'America/Araguaina'),(59,'America/Argentina/Buenos_Aires'),(60,'America/Argentina/Catamarca'),(61,'America/Argentina/ComodRivadavia'),(62,'America/Argentina/Cordoba'),(63,'America/Argentina/Jujuy'),(64,'America/Argentina/La_Rioja'),(65,'America/Argentina/Mendoza'),(66,'America/Argentina/Rio_Gallegos'),(67,'America/Argentina/Salta'),(68,'America/Argentina/San_Juan'),(69,'America/Argentina/San_Luis'),(70,'America/Argentina/Tucuman'),(71,'America/Argentina/Ushuaia'),(72,'America/Aruba'),(73,'America/Asuncion'),(74,'America/Atikokan'),(75,'America/Atka'),(76,'America/Bahia'),(77,'America/Barbados'),(78,'America/Belem'),(79,'America/Belize'),(80,'America/Blanc-Sablon'),(81,'America/Boa_Vista'),(82,'America/Bogota'),(83,'America/Boise'),(84,'America/Buenos_Aires'),(85,'America/Cambridge_Bay'),(86,'America/Campo_Grande'),(87,'America/Cancun'),(88,'America/Caracas'),(89,'America/Catamarca'),(90,'America/Cayenne'),(91,'America/Cayman'),(92,'America/Chicago'),(93,'America/Chihuahua'),(94,'America/Coral_Harbour'),(95,'America/Cordoba'),(96,'America/Costa_Rica'),(97,'America/Cuiaba'),(98,'America/Curacao'),(99,'America/Danmarkshavn'),(100,'America/Dawson'),(101,'America/Dawson_Creek'),(102,'America/Denver'),(103,'America/Detroit'),(104,'America/Dominica'),(105,'America/Edmonton'),(106,'America/Eirunepe'),(107,'America/El_Salvador'),(108,'America/Ensenada'),(109,'America/Fort_Wayne'),(110,'America/Fortaleza'),(111,'America/Glace_Bay'),(112,'America/Godthab'),(113,'America/Goose_Bay'),(114,'America/Grand_Turk'),(115,'America/Grenada'),(116,'America/Guadeloupe'),(117,'America/Guatemala'),(118,'America/Guayaquil'),(119,'America/Guyana'),(120,'America/Halifax'),(121,'America/Havana'),(122,'America/Hermosillo'),(123,'America/Indiana/Indianapolis'),(124,'America/Indiana/Knox'),(125,'America/Indiana/Marengo'),(126,'America/Indiana/Petersburg'),(127,'America/Indiana/Tell_City'),(128,'America/Indiana/Vevay'),(129,'America/Indiana/Vincennes'),(130,'America/Indiana/Winamac'),(131,'America/Indianapolis'),(132,'America/Inuvik'),(133,'America/Iqaluit'),(134,'America/Jamaica'),(135,'America/Jujuy'),(136,'America/Juneau'),(137,'America/Kentucky/Louisville'),(138,'America/Kentucky/Monticello'),(139,'America/Knox_IN'),(140,'America/La_Paz'),(141,'America/Lima'),(142,'America/Los_Angeles'),(143,'America/Louisville'),(144,'America/Maceio'),(145,'America/Managua'),(146,'America/Manaus'),(147,'America/Marigot'),(148,'America/Martinique'),(149,'America/Mazatlan'),(150,'America/Mendoza'),(151,'America/Menominee'),(152,'America/Merida'),(153,'America/Mexico_City'),(154,'America/Miquelon'),(155,'America/Moncton'),(156,'America/Monterrey'),(157,'America/Montevideo'),(158,'America/Montreal'),(159,'America/Montserrat'),(160,'America/Nassau'),(161,'America/New_York'),(162,'America/Nipigon'),(163,'America/Nome'),(164,'America/Noronha'),(165,'America/North_Dakota/Center'),(166,'America/North_Dakota/New_Salem'),(167,'America/Panama'),(168,'America/Pangnirtung'),(169,'America/Paramaribo'),(170,'America/Phoenix'),(171,'America/Port-au-Prince'),(172,'America/Port_of_Spain'),(173,'America/Porto_Acre'),(174,'America/Porto_Velho'),(175,'America/Puerto_Rico'),(176,'America/Rainy_River'),(177,'America/Rankin_Inlet'),(178,'America/Recife'),(179,'America/Regina'),(180,'America/Resolute'),(181,'America/Rio_Branco'),(182,'America/Rosario'),(183,'America/Santarem'),(184,'America/Santiago'),(185,'America/Santo_Domingo'),(186,'America/Sao_Paulo'),(187,'America/Scoresbysund'),(188,'America/Shiprock'),(189,'America/St_Barthelemy'),(190,'America/St_Johns'),(191,'America/St_Kitts'),(192,'America/St_Lucia'),(193,'America/St_Thomas'),(194,'America/St_Vincent'),(195,'America/Swift_Current'),(196,'America/Tegucigalpa'),(197,'America/Thule'),(198,'America/Thunder_Bay'),(199,'America/Tijuana'),(200,'America/Toronto'),(201,'America/Tortola'),(202,'America/Vancouver'),(203,'America/Virgin'),(204,'America/Whitehorse'),(205,'America/Winnipeg'),(206,'America/Yakutat'),(207,'America/Yellowknife'),(208,'Antarctica/Casey'),(209,'Antarctica/Davis'),(210,'Antarctica/DumontDUrville'),(211,'Antarctica/Mawson'),(212,'Antarctica/McMurdo'),(213,'Antarctica/Palmer'),(214,'Antarctica/Rothera'),(215,'Antarctica/South_Pole'),(216,'Antarctica/Syowa'),(217,'Antarctica/Vostok'),(218,'Arctic/Longyearbyen'),(219,'Asia/Aden'),(220,'Asia/Almaty'),(221,'Asia/Amman'),(222,'Asia/Anadyr'),(223,'Asia/Aqtau'),(224,'Asia/Aqtobe'),(225,'Asia/Ashgabat'),(226,'Asia/Ashkhabad'),(227,'Asia/Baghdad'),(228,'Asia/Bahrain'),(229,'Asia/Baku'),(230,'Asia/Bangkok'),(231,'Asia/Beirut'),(232,'Asia/Bishkek'),(233,'Asia/Brunei'),(234,'Asia/Calcutta'),(235,'Asia/Choibalsan'),(236,'Asia/Chongqing'),(237,'Asia/Chungking'),(238,'Asia/Colombo'),(239,'Asia/Dacca'),(240,'Asia/Damascus'),(241,'Asia/Dhaka'),(242,'Asia/Dili'),(243,'Asia/Dubai'),(244,'Asia/Dushanbe'),(245,'Asia/Gaza'),(246,'Asia/Harbin'),(247,'Asia/Ho_Chi_Minh'),(248,'Asia/Hong_Kong'),(249,'Asia/Hovd'),(250,'Asia/Irkutsk'),(251,'Asia/Istanbul'),(252,'Asia/Jakarta'),(253,'Asia/Jayapura'),(254,'Asia/Jerusalem'),(255,'Asia/Kabul'),(256,'Asia/Kamchatka'),(257,'Asia/Karachi'),(258,'Asia/Kashgar'),(259,'Asia/Kathmandu'),(260,'Asia/Katmandu'),(261,'Asia/Kolkata'),(262,'Asia/Krasnoyarsk'),(263,'Asia/Kuala_Lumpur'),(264,'Asia/Kuching'),(265,'Asia/Kuwait'),(266,'Asia/Macao'),(267,'Asia/Macau'),(268,'Asia/Magadan'),(269,'Asia/Makassar'),(270,'Asia/Manila'),(271,'Asia/Muscat'),(272,'Asia/Nicosia'),(273,'Asia/Novosibirsk'),(274,'Asia/Omsk'),(275,'Asia/Oral'),(276,'Asia/Phnom_Penh'),(277,'Asia/Pontianak'),(278,'Asia/Pyongyang'),(279,'Asia/Qatar'),(280,'Asia/Qyzylorda'),(281,'Asia/Rangoon'),(282,'Asia/Riyadh'),(283,'Asia/Saigon'),(284,'Asia/Sakhalin'),(285,'Asia/Samarkand'),(286,'Asia/Seoul'),(287,'Asia/Shanghai'),(288,'Asia/Singapore'),(289,'Asia/Taipei'),(290,'Asia/Tashkent'),(291,'Asia/Tbilisi'),(292,'Asia/Tehran'),(293,'Asia/Tel_Aviv'),(294,'Asia/Thimbu'),(295,'Asia/Thimphu'),(296,'Asia/Tokyo'),(297,'Asia/Ujung_Pandang'),(298,'Asia/Ulaanbaatar'),(299,'Asia/Ulan_Bator'),(300,'Asia/Urumqi'),(301,'Asia/Vientiane'),(302,'Asia/Vladivostok'),(303,'Asia/Yakutsk'),(304,'Asia/Yekaterinburg'),(305,'Asia/Yerevan'),(306,'Atlantic/Azores'),(307,'Atlantic/Bermuda'),(308,'Atlantic/Canary'),(309,'Atlantic/Cape_Verde'),(310,'Atlantic/Faeroe'),(311,'Atlantic/Faroe'),(312,'Atlantic/Jan_Mayen'),(313,'Atlantic/Madeira'),(314,'Atlantic/Reykjavik'),(315,'Atlantic/South_Georgia'),(316,'Atlantic/St_Helena'),(317,'Atlantic/Stanley'),(318,'Australia/ACT'),(319,'Australia/Adelaide'),(320,'Australia/Brisbane'),(321,'Australia/Broken_Hill'),(322,'Australia/Canberra'),(323,'Australia/Currie'),(324,'Australia/Darwin'),(325,'Australia/Eucla'),(326,'Australia/Hobart'),(327,'Australia/LHI'),(328,'Australia/Lindeman'),(329,'Australia/Lord_Howe'),(330,'Australia/Melbourne'),(331,'Australia/North'),(332,'Australia/NSW'),(333,'Australia/Perth'),(334,'Australia/Queensland'),(335,'Australia/South'),(336,'Australia/Sydney'),(337,'Australia/Tasmania'),(338,'Australia/Victoria'),(339,'Australia/West'),(340,'Australia/Yancowinna'),(341,'Europe/Amsterdam'),(342,'Europe/Andorra'),(343,'Europe/Athens'),(344,'Europe/Belfast'),(345,'Europe/Belgrade'),(346,'Europe/Berlin'),(347,'Europe/Bratislava'),(348,'Europe/Brussels'),(349,'Europe/Bucharest'),(350,'Europe/Budapest'),(351,'Europe/Chisinau'),(352,'Europe/Copenhagen'),(353,'Europe/Dublin'),(354,'Europe/Gibraltar'),(355,'Europe/Guernsey'),(356,'Europe/Helsinki'),(357,'Europe/Isle_of_Man'),(358,'Europe/Istanbul'),(359,'Europe/Jersey'),(360,'Europe/Kaliningrad'),(361,'Europe/Kiev'),(362,'Europe/Lisbon'),(363,'Europe/Ljubljana'),(364,'Europe/London'),(365,'Europe/Luxembourg'),(366,'Europe/Madrid'),(367,'Europe/Malta'),(368,'Europe/Mariehamn'),(369,'Europe/Minsk'),(370,'Europe/Monaco'),(371,'Europe/Moscow'),(372,'Europe/Nicosia'),(373,'Europe/Oslo'),(374,'Europe/Paris'),(375,'Europe/Podgorica'),(376,'Europe/Prague'),(377,'Europe/Riga'),(378,'Europe/Rome'),(379,'Europe/Samara'),(380,'Europe/San_Marino'),(381,'Europe/Sarajevo'),(382,'Europe/Simferopol'),(383,'Europe/Skopje'),(384,'Europe/Sofia'),(385,'Europe/Stockholm'),(386,'Europe/Tallinn'),(387,'Europe/Tirane'),(388,'Europe/Tiraspol'),(389,'Europe/Uzhgorod'),(390,'Europe/Vaduz'),(391,'Europe/Vatican'),(392,'Europe/Vienna'),(393,'Europe/Vilnius'),(394,'Europe/Volgograd'),(395,'Europe/Warsaw'),(396,'Europe/Zagreb'),(397,'Europe/Zaporozhye'),(398,'Europe/Zurich'),(399,'Indian/Antananarivo'),(400,'Indian/Chagos'),(401,'Indian/Christmas'),(402,'Indian/Cocos'),(403,'Indian/Comoro'),(404,'Indian/Kerguelen'),(405,'Indian/Mahe'),(406,'Indian/Maldives'),(407,'Indian/Mauritius'),(408,'Indian/Mayotte'),(409,'Indian/Reunion'),(410,'Pacific/Apia'),(411,'Pacific/Auckland'),(412,'Pacific/Chatham'),(413,'Pacific/Easter'),(414,'Pacific/Efate'),(415,'Pacific/Enderbury'),(416,'Pacific/Fakaofo'),(417,'Pacific/Fiji'),(418,'Pacific/Funafuti'),(419,'Pacific/Galapagos'),(420,'Pacific/Gambier'),(421,'Pacific/Guadalcanal'),(422,'Pacific/Guam'),(423,'Pacific/Honolulu'),(424,'Pacific/Johnston'),(425,'Pacific/Kiritimati'),(426,'Pacific/Kosrae'),(427,'Pacific/Kwajalein'),(428,'Pacific/Majuro'),(429,'Pacific/Marquesas'),(430,'Pacific/Midway'),(431,'Pacific/Nauru'),(432,'Pacific/Niue'),(433,'Pacific/Norfolk'),(434,'Pacific/Noumea'),(435,'Pacific/Pago_Pago'),(436,'Pacific/Palau'),(437,'Pacific/Pitcairn'),(438,'Pacific/Ponape'),(439,'Pacific/Port_Moresby'),(440,'Pacific/Rarotonga'),(441,'Pacific/Saipan'),(442,'Pacific/Samoa'),(443,'Pacific/Tahiti'),(444,'Pacific/Tarawa'),(445,'Pacific/Tongatapu'),(446,'Pacific/Truk'),(447,'Pacific/Wake'),(448,'Pacific/Wallis'),(449,'Pacific/Yap'),(450,'Brazil/Acre'),(451,'Brazil/DeNoronha'),(452,'Brazil/East'),(453,'Brazil/West'),(454,'Canada/Atlantic'),(455,'Canada/Central'),(456,'Canada/East-Saskatchewan'),(457,'Canada/Eastern'),(458,'Canada/Mountain'),(459,'Canada/Newfoundland'),(460,'Canada/Pacific'),(461,'Canada/Saskatchewan'),(462,'Canada/Yukon'),(463,'CET'),(464,'Chile/Continental'),(465,'Chile/EasterIsland'),(466,'CST6CDT'),(467,'Cuba'),(468,'EET'),(469,'Egypt'),(470,'Eire'),(471,'EST'),(472,'EST5EDT'),(473,'Etc/GMT'),(474,'Etc/GMT+0'),(475,'Etc/GMT+1'),(476,'Etc/GMT+10'),(477,'Etc/GMT+11'),(478,'Etc/GMT+12'),(479,'Etc/GMT+2'),(480,'Etc/GMT+3'),(481,'Etc/GMT+4'),(482,'Etc/GMT+5'),(483,'Etc/GMT+6'),(484,'Etc/GMT+7'),(485,'Etc/GMT+8'),(486,'Etc/GMT+9'),(487,'Etc/GMT-0'),(488,'Etc/GMT-1'),(489,'Etc/GMT-10'),(490,'Etc/GMT-11'),(491,'Etc/GMT-12'),(492,'Etc/GMT-13'),(493,'Etc/GMT-14'),(494,'Etc/GMT-2'),(495,'Etc/GMT-3'),(496,'Etc/GMT-4'),(497,'Etc/GMT-5'),(498,'Etc/GMT-6'),(499,'Etc/GMT-7'),(500,'Etc/GMT-8'),(501,'Etc/GMT-9'),(502,'Etc/GMT0'),(503,'Etc/Greenwich'),(504,'Etc/UCT'),(505,'Etc/Universal'),(506,'Etc/UTC'),(507,'Etc/Zulu'),(508,'Factory'),(509,'GB'),(510,'GB-Eire'),(511,'GMT'),(512,'GMT+0'),(513,'GMT-0'),(514,'GMT0'),(515,'Greenwich'),(516,'Hongkong'),(517,'HST'),(518,'Iceland'),(519,'Iran'),(520,'Israel'),(521,'Jamaica'),(522,'Japan'),(523,'Kwajalein'),(524,'Libya'),(525,'MET'),(526,'Mexico/BajaNorte'),(527,'Mexico/BajaSur'),(528,'Mexico/General'),(529,'MST'),(530,'MST7MDT'),(531,'Navajo'),(532,'NZ'),(533,'NZ-CHAT'),(534,'Poland'),(535,'Portugal'),(536,'PRC'),(537,'PST8PDT'),(538,'ROC'),(539,'ROK'),(540,'Singapore'),(541,'Turkey'),(542,'UCT'),(543,'Universal'),(544,'US/Alaska'),(545,'US/Aleutian'),(546,'US/Arizona'),(547,'US/Central'),(548,'US/East-Indiana'),(549,'US/Eastern'),(550,'US/Hawaii'),(551,'US/Indiana-Starke'),(552,'US/Michigan'),(553,'US/Mountain'),(554,'US/Pacific'),(555,'US/Pacific-New'),(556,'US/Samoa'),(557,'UTC'),(558,'W-SU'),(559,'WET'),(560,'Zulu');

--
-- Table structure for table `ps_translation`
--

CREATE TABLE `ps_translation` (
  `id_translation` int(11) NOT NULL AUTO_INCREMENT,
  `id_lang` int(11) NOT NULL,
  `key` text CHARACTER SET utf8 NOT NULL,
  `translation` text CHARACTER SET utf8 NOT NULL,
  `domain` varchar(80) CHARACTER SET utf8 NOT NULL,
  `theme` varchar(32) CHARACTER SET utf8 DEFAULT NULL,
  PRIMARY KEY (`id_translation`),
  KEY `IDX_ADEBEB36BA299860` (`id_lang`),
  KEY `key` (`domain`)
) ENGINE=InnoDB AUTO_INCREMENT=7 DEFAULT CHARSET=utf8 COLLATE=utf8_unicode_ci;

--
-- Dumping data for table `ps_translation`
--

INSERT INTO `ps_translation` VALUES (1,4,'%copyright% %year% - Ecommerce software by %prestashop%','%copyright% %year% - Toys and Games SA','ShopThemeGlobal','PRS033'),(2,2,'%copyright% %year% - Ecommerce software by %prestashop%','%copyright% %year% - Toys and Games SA','ShopThemeGlobal','PRS033'),(3,3,'%copyright% %year% - Ecommerce software by %prestashop%','%copyright% %year% - Toys and Games SA','ShopThemeGlobal','PRS033'),(4,4,'Sign up to receive','Iscriviti e ricevi uno sconto del','ShopTemplatetrend','PRS033'),(5,4,'your first order','sul tuo primo ordine','ShopTemplatetrend','PRS033'),(6,4,'10& off*','10%','ShopTemplatetrend','PRS033');

--
-- Table structure for table `ps_warehouse`
--

CREATE TABLE `ps_warehouse` (
  `id_warehouse` int(11) unsigned NOT NULL AUTO_INCREMENT,
  `id_currency` int(11) unsigned NOT NULL,
  `id_address` int(11) unsigned NOT NULL,
  `id_employee` int(11) unsigned NOT NULL,
  `reference` varchar(32) DEFAULT NULL,
  `name` varchar(45) NOT NULL,
  `management_type` enum('WA','FIFO','LIFO') NOT NULL DEFAULT 'WA',
  `deleted` tinyint(1) unsigned NOT NULL DEFAULT '0',
  PRIMARY KEY (`id_warehouse`)
) ENGINE=InnoDB DEFAULT CHARSET=utf8;

--
-- Dumping data for table `ps_warehouse`
--


--
-- Table structure for table `ps_warehouse_carrier`
--

CREATE TABLE `ps_warehouse_carrier` (
  `id_carrier` int(11) unsigned NOT NULL,
  `id_warehouse` int(11) unsigned NOT NULL,
  PRIMARY KEY (`id_warehouse`,`id_carrier`),
  KEY `id_warehouse` (`id_warehouse`),
  KEY `id_carrier` (`id_carrier`)
) ENGINE=InnoDB DEFAULT CHARSET=utf8;

--
-- Dumping data for table `ps_warehouse_carrier`
--


--
-- Table structure for table `ps_warehouse_product_location`
--

CREATE TABLE `ps_warehouse_product_location` (
  `id_warehouse_product_location` int(11) unsigned NOT NULL AUTO_INCREMENT,
  `id_product` int(11) unsigned NOT NULL,
  `id_product_attribute` int(11) unsigned NOT NULL,
  `id_warehouse` int(11) unsigned NOT NULL,
  `location` varchar(64) DEFAULT NULL,
  PRIMARY KEY (`id_warehouse_product_location`),
  UNIQUE KEY `id_product` (`id_product`,`id_product_attribute`,`id_warehouse`)
) ENGINE=InnoDB DEFAULT CHARSET=utf8;

--
-- Dumping data for table `ps_warehouse_product_location`
--


--
-- Table structure for table `ps_warehouse_shop`
--

CREATE TABLE `ps_warehouse_shop` (
  `id_shop` int(11) unsigned NOT NULL,
  `id_warehouse` int(11) unsigned NOT NULL,
  PRIMARY KEY (`id_warehouse`,`id_shop`),
  KEY `id_warehouse` (`id_warehouse`),
  KEY `id_shop` (`id_shop`)
) ENGINE=InnoDB DEFAULT CHARSET=utf8;

--
-- Dumping data for table `ps_warehouse_shop`
--


--
-- Table structure for table `ps_web_browser`
--

CREATE TABLE `ps_web_browser` (
  `id_web_browser` int(10) unsigned NOT NULL AUTO_INCREMENT,
  `name` varchar(64) DEFAULT NULL,
  PRIMARY KEY (`id_web_browser`)
) ENGINE=InnoDB AUTO_INCREMENT=12 DEFAULT CHARSET=utf8;

--
-- Dumping data for table `ps_web_browser`
--

INSERT INTO `ps_web_browser` VALUES (1,'Safari'),(2,'Safari iPad'),(3,'Firefox'),(4,'Opera'),(5,'IE 6'),(6,'IE 7'),(7,'IE 8'),(8,'IE 9'),(9,'IE 10'),(10,'IE 11'),(11,'Chrome');

--
-- Table structure for table `ps_webservice_account`
--

CREATE TABLE `ps_webservice_account` (
  `id_webservice_account` int(11) NOT NULL AUTO_INCREMENT,
  `key` varchar(32) NOT NULL,
  `description` text,
  `class_name` varchar(50) NOT NULL DEFAULT 'WebserviceRequest',
  `is_module` tinyint(2) NOT NULL DEFAULT '0',
  `module_name` varchar(50) DEFAULT NULL,
  `active` tinyint(2) NOT NULL,
  PRIMARY KEY (`id_webservice_account`),
  KEY `key` (`key`)
) ENGINE=InnoDB DEFAULT CHARSET=utf8;

--
-- Dumping data for table `ps_webservice_account`
--


--
-- Table structure for table `ps_webservice_account_shop`
--

CREATE TABLE `ps_webservice_account_shop` (
  `id_webservice_account` int(11) unsigned NOT NULL,
  `id_shop` int(11) unsigned NOT NULL,
  PRIMARY KEY (`id_webservice_account`,`id_shop`),
  KEY `id_shop` (`id_shop`)
) ENGINE=InnoDB DEFAULT CHARSET=utf8;

--
-- Dumping data for table `ps_webservice_account_shop`
--


--
-- Table structure for table `ps_webservice_permission`
--

CREATE TABLE `ps_webservice_permission` (
  `id_webservice_permission` int(11) NOT NULL AUTO_INCREMENT,
  `resource` varchar(50) NOT NULL,
  `method` enum('GET','POST','PUT','DELETE','HEAD') NOT NULL,
  `id_webservice_account` int(11) NOT NULL,
  PRIMARY KEY (`id_webservice_permission`),
  UNIQUE KEY `resource_2` (`resource`,`method`,`id_webservice_account`),
  KEY `resource` (`resource`),
  KEY `method` (`method`),
  KEY `id_webservice_account` (`id_webservice_account`)
) ENGINE=InnoDB DEFAULT CHARSET=utf8;

--
-- Dumping data for table `ps_webservice_permission`
--


--
-- Table structure for table `ps_ws_wishlist_email`
--

CREATE TABLE `ps_ws_wishlist_email` (
  `id_wishlist` int(10) unsigned NOT NULL,
  `email` varchar(128) NOT NULL,
  `date_add` datetime NOT NULL
) ENGINE=InnoDB DEFAULT CHARSET=utf8;

--
-- Dumping data for table `ps_ws_wishlist_email`
--


--
-- Table structure for table `ps_ws_wishlist_product`
--

CREATE TABLE `ps_ws_wishlist_product` (
  `id_wishlist_product` int(10) NOT NULL AUTO_INCREMENT,
  `id_wishlist` int(10) unsigned NOT NULL,
  `id_product` int(10) unsigned NOT NULL,
  `id_product_attribute` int(10) unsigned NOT NULL,
  `quantity` int(10) unsigned NOT NULL,
  `priority` int(10) unsigned NOT NULL,
  PRIMARY KEY (`id_wishlist_product`)
) ENGINE=InnoDB AUTO_INCREMENT=2 DEFAULT CHARSET=utf8;

--
-- Dumping data for table `ps_ws_wishlist_product`
--

INSERT INTO `ps_ws_wishlist_product` VALUES (1,1,77,0,1,1);

--
-- Table structure for table `ps_ws_wishlist_product_cart`
--

CREATE TABLE `ps_ws_wishlist_product_cart` (
  `id_wishlist_product` int(10) unsigned NOT NULL,
  `id_cart` int(10) unsigned NOT NULL,
  `quantity` int(10) unsigned NOT NULL,
  `date_add` datetime NOT NULL
) ENGINE=InnoDB DEFAULT CHARSET=utf8;

--
-- Dumping data for table `ps_ws_wishlist_product_cart`
--


--
-- Table structure for table `ps_zone`
--

CREATE TABLE `ps_zone` (
  `id_zone` int(10) unsigned NOT NULL AUTO_INCREMENT,
  `name` varchar(64) NOT NULL,
  `active` tinyint(1) unsigned NOT NULL DEFAULT '0',
  PRIMARY KEY (`id_zone`)
) ENGINE=InnoDB AUTO_INCREMENT=9 DEFAULT CHARSET=utf8;

--
-- Dumping data for table `ps_zone`
--

INSERT INTO `ps_zone` VALUES (1,'Europe',1),(2,'North America',1),(3,'Asia',1),(4,'Africa',1),(5,'Oceania',1),(6,'South America',1),(7,'Europe (non-EU)',1),(8,'Central America/Antilla',1);

--
-- Table structure for table `ps_zone_shop`
--

CREATE TABLE `ps_zone_shop` (
  `id_zone` int(11) unsigned NOT NULL,
  `id_shop` int(11) unsigned NOT NULL,
  PRIMARY KEY (`id_zone`,`id_shop`),
  KEY `id_shop` (`id_shop`)
) ENGINE=InnoDB DEFAULT CHARSET=utf8;

--
-- Dumping data for table `ps_zone_shop`
--

INSERT INTO `ps_zone_shop` VALUES (1,1),(2,1),(3,1),(4,1),(5,1),(6,1),(7,1),(8,1),(1,3),(2,3),(3,3),(4,3),(5,3),(6,3),(7,3),(8,3),(1,4),(2,4),(3,4),(4,4),(5,4),(6,4),(7,4),(8,4),(1,5),(2,5),(3,5),(4,5),(5,5),(6,5),(7,5),(8,5),(1,6),(2,6),(3,6),(4,6),(5,6),(6,6),(7,6),(8,6),(1,7),(2,7),(3,7),(4,7),(5,7),(6,7),(7,7),(8,7),(1,8),(2,8),(3,8),(4,8),(5,8),(6,8),(7,8),(8,8),(1,9),(2,9),(3,9),(4,9),(5,9),(6,9),(7,9),(8,9),(1,10),(2,10),(3,10),(4,10),(5,10),(6,10),(7,10),(8,10),(1,11),(2,11),(3,11),(4,11),(5,11),(6,11),(7,11),(8,11),(1,12),(2,12),(3,12),(4,12),(5,12),(6,12),(7,12),(8,12),(1,13),(2,13),(3,13),(4,13),(5,13),(6,13),(7,13),(8,13);


